-- Table structure for table `mgkz_indexer_state`
--

CREATE TABLE `mgkz_indexer_state` (
  `state_id` int(10) unsigned NOT NULL AUTO_INCREMENT COMMENT 'Indexer State ID',
  `indexer_id` varchar(255) DEFAULT NULL COMMENT 'Indexer ID',
  `status` varchar(16) DEFAULT 'invalid' COMMENT 'Indexer Status',
  `updated` datetime DEFAULT NULL COMMENT 'Indexer Status',
  `hash_config` varchar(32) NOT NULL COMMENT 'Hash of indexer config',
  PRIMARY KEY (`state_id`),
  KEY `MGKZ_INDEXER_STATE_INDEXER_ID` (`indexer_id`)
) ENGINE=InnoDB AUTO_INCREMENT=15 DEFAULT CHARSET=utf8mb4 COLLATE=utf8mb4_general_ci COMMENT='Indexer State';

--
-- Dumping data for table `mgkz_indexer_state`
--

INSERT INTO `mgkz_indexer_state` VALUES
(1,'cataloginventory_stock','valid','2025-04-18 09:44:09','eb13abc84eded2b49c5aa53e92f98047'),
(2,'design_config_grid','valid','2025-04-18 09:44:09','4241d80a01ed7e450098e2288ab149ac'),
(3,'customer_grid','invalid','2025-04-18 09:54:03','029277dde08f9e4f9cc551047d612e53'),
(4,'catalog_category_product','invalid','2025-04-18 09:44:09','bf7d1cb433680ce3689f49bd92144ac1'),
(5,'catalog_product_category','invalid','2025-04-18 09:44:10','153207391095e2540e6158e781efefe0'),
(6,'catalogrule_rule','working','2025-04-18 09:44:10','1b6d4d8688d7a573521438d973a58901'),
(7,'catalog_product_attribute','valid','2025-04-18 15:12:27','333ad276927df34d542011087018e383'),
(8,'inventory','valid','2025-04-18 15:12:27','36611c8a0b835168fb4aed7f456486d2'),
(9,'catalog_product_price','valid','2025-04-18 15:12:27','da90062bbc8b8a557514099a1e9fe013'),
(10,'catalogrule_product','valid','2025-04-18 15:12:27','4c44a4505be1d8b22e7a990b4b017b92'),
(11,'catalogsearch_fulltext','valid','2025-04-18 15:12:27','ba9abe0c108fcc8ac68ae703f7b27800'),
(12,'sales_order_data_exporter','valid','2025-04-18 15:12:27','6b5e6c43eac57189578e768890f7f7aa'),
(13,'sales_order_status_data_exporter','valid','2025-04-18 15:12:27','d604878a474038e4ef07400fb1011bc0'),
(14,'store_data_exporter','valid','2025-04-18 15:12:27','ff36df03d9f9612552e5dc30ff82a6cf');

--
-- Table structure for table `mgkz_integration`
--

CREATE TABLE `mgkz_integration` (
  `integration_id` int(10) unsigned NOT NULL AUTO_INCREMENT COMMENT 'Integration ID',
  `name` varchar(255) NOT NULL COMMENT 'Integration name is displayed in the admin interface',
  `email` varchar(255) NOT NULL COMMENT 'Email address of the contact person',
  `endpoint` varchar(255) DEFAULT NULL COMMENT 'Endpoint for posting consumer credentials',
  `status` smallint(5) unsigned NOT NULL COMMENT 'Integration status',
  `consumer_id` int(10) unsigned DEFAULT NULL COMMENT 'Oauth consumer',
  `created_at` timestamp NOT NULL DEFAULT current_timestamp() COMMENT 'Creation Time',
  `updated_at` timestamp NOT NULL DEFAULT current_timestamp() ON UPDATE current_timestamp() COMMENT 'Update Time',
  `setup_type` smallint(5) unsigned NOT NULL DEFAULT 0 COMMENT 'Integration type - manual or config file',
  `identity_link_url` varchar(255) DEFAULT NULL COMMENT 'Identity linking Url',
  PRIMARY KEY (`integration_id`),
  UNIQUE KEY `MGKZ_INTEGRATION_NAME` (`name`),
  UNIQUE KEY `MGKZ_INTEGRATION_CONSUMER_ID` (`consumer_id`),
  CONSTRAINT `MGKZ_INTEGRATION_CONSUMER_ID_MGKZ_OAUTH_CONSUMER_ENTITY_ID` FOREIGN KEY (`consumer_id`) REFERENCES `mgkz_oauth_consumer` (`entity_id`) ON DELETE CASCADE
) ENGINE=InnoDB DEFAULT CHARSET=utf8mb4 COLLATE=utf8mb4_general_ci COMMENT='integration';

--
-- Dumping data for table `mgkz_integration`
--


--
-- Table structure for table `mgkz_inventory_cl`
--

CREATE TABLE `mgkz_inventory_cl` (
  `version_id` int(10) unsigned NOT NULL AUTO_INCREMENT COMMENT 'Version ID',
  `entity_id` int(10) unsigned NOT NULL DEFAULT 0 COMMENT 'Entity ID',
  PRIMARY KEY (`version_id`)
) ENGINE=InnoDB AUTO_INCREMENT=2041 DEFAULT CHARSET=utf8mb4 COLLATE=utf8mb4_general_ci COMMENT='mgkz_inventory_cl';

--
-- Dumping data for table `mgkz_inventory_cl`
--

INSERT INTO `mgkz_inventory_cl` VALUES
(1,1),
(2,2),
(3,3),
(4,4),
(5,5),
(6,6),
(7,7),
(8,8),
(9,9),
(10,10),
(11,11),
(12,12),
(13,13),
(14,14),
(15,15),
(16,16),
(17,17),
(18,18),
(19,19),
(20,20),
(21,21),
(22,22),
(23,23),
(24,24),
(25,25),
(26,26),
(27,27),
(28,28),
(29,29),
(30,30),
(31,31),
(32,32),
(33,33),
(34,34),
(35,35),
(36,36),
(37,37),
(38,38),
(39,39),
(40,40),
(41,41),
(42,42),
(43,43),
(44,44),
(45,45),
(46,46),
(47,47),
(48,48),
(49,49),
(50,50),
(51,51),
(52,52),
(53,53),
(54,54),
(55,55),
(56,56),
(57,57),
(58,58),
(59,59),
(60,60),
(61,61),
(62,62),
(63,63),
(64,64),
(65,65),
(66,66),
(67,67),
(68,68),
(69,69),
(70,70),
(71,71),
(72,72),
(73,73),
(74,74),
(75,75),
(76,76),
(77,77),
(78,78),
(79,79),
(80,80),
(81,81),
(82,82),
(83,83),
(84,84),
(85,85),
(86,86),
(87,87),
(88,88),
(89,89),
(90,90),
(91,91),
(92,92),
(93,93),
(94,94),
(95,95),
(96,96),
(97,97),
(98,98),
(99,99),
(100,100),
(101,101),
(102,102),
(103,103),
(104,104),
(105,105),
(106,106),
(107,107),
(108,108),
(109,109),
(110,110),
(111,111),
(112,112),
(113,113),
(114,114),
(115,115),
(116,116),
(117,117),
(118,118),
(119,119),
(120,120),
(121,121),
(122,122),
(123,123),
(124,124),
(125,125),
(126,126),
(127,127),
(128,128),
(129,129),
(130,130),
(131,131),
(132,132),
(133,133),
(134,134),
(135,135),
(136,136),
(137,137),
(138,138),
(139,139),
(140,140),
(141,141),
(142,142),
(143,143),
(144,144),
(145,145),
(146,146),
(147,147),
(148,148),
(149,149),
(150,150),
(151,151),
(152,152),
(153,153),
(154,154),
(155,155),
(156,156),
(157,157),
(158,158),
(159,159),
(160,160),
(161,161),
(162,162),
(163,163),
(164,164),
(165,165),
(166,166),
(167,167),
(168,168),
(169,169),
(170,170),
(171,171),
(172,172),
(173,173),
(174,174),
(175,175),
(176,176),
(177,177),
(178,178),
(179,179),
(180,180),
(181,181),
(182,182),
(183,183),
(184,184),
(185,185),
(186,186),
(187,187),
(188,188),
(189,189),
(190,190),
(191,191),
(192,192),
(193,193),
(194,194),
(195,195),
(196,196),
(197,197),
(198,198),
(199,199),
(200,200),
(201,201),
(202,202),
(203,203),
(204,204),
(205,205),
(206,206),
(207,207),
(208,208),
(209,209),
(210,210),
(211,211),
(212,212),
(213,213),
(214,214),
(215,215),
(216,216),
(217,217),
(218,218),
(219,219),
(220,220),
(221,221),
(222,222),
(223,223),
(224,224),
(225,225),
(226,226),
(227,227),
(228,228),
(229,229),
(230,230),
(231,231),
(232,232),
(233,233),
(234,234),
(235,235),
(236,236),
(237,237),
(238,238),
(239,239),
(240,240),
(241,241),
(242,242),
(243,243),
(244,244),
(245,245),
(246,246),
(247,247),
(248,248),
(249,249),
(250,250),
(251,251),
(252,252),
(253,253),
(254,254),
(255,255),
(256,256),
(257,257),
(258,258),
(259,259),
(260,260),
(261,261),
(262,262),
(263,263),
(264,264),
(265,265),
(266,266),
(267,267),
(268,268),
(269,269),
(270,270),
(271,271),
(272,272),
(273,273),
(274,274),
(275,275),
(276,276),
(277,277),
(278,278),
(279,279),
(280,280),
(281,281),
(282,282),
(283,283),
(284,284),
(285,285),
(286,286),
(287,287),
(288,288),
(289,289),
(290,290),
(291,291),
(292,292),
(293,293),
(294,294),
(295,295),
(296,296),
(297,297),
(298,298),
(299,299),
(300,300),
(301,301),
(302,302),
(303,303),
(304,304),
(305,305),
(306,306),
(307,307),
(308,308),
(309,309),
(310,310),
(311,311),
(312,312),
(313,313),
(314,314),
(315,315),
(316,316),
(317,317),
(318,318),
(319,319),
(320,320),
(321,321),
(322,322),
(323,323),
(324,324),
(325,325),
(326,326),
(327,327),
(328,328),
(329,329),
(330,330),
(331,331),
(332,332),
(333,333),
(334,334),
(335,335),
(336,336),
(337,337),
(338,338),
(339,339),
(340,340),
(341,341),
(342,342),
(343,343),
(344,344),
(345,345),
(346,346),
(347,347),
(348,348),
(349,349),
(350,350),
(351,351),
(352,352),
(353,353),
(354,354),
(355,355),
(356,356),
(357,357),
(358,358),
(359,359),
(360,360),
(361,361),
(362,362),
(363,363),
(364,364),
(365,365),
(366,366),
(367,367),
(368,368),
(369,369),
(370,370),
(371,371),
(372,372),
(373,373),
(374,374),
(375,375),
(376,376),
(377,377),
(378,378),
(379,379),
(380,380),
(381,381),
(382,382),
(383,383),
(384,384),
(385,385),
(386,386),
(387,387),
(388,388),
(389,389),
(390,390),
(391,391),
(392,392),
(393,393),
(394,394),
(395,395),
(396,396),
(397,397),
(398,398),
(399,399),
(400,400),
(401,401),
(402,402),
(403,403),
(404,404),
(405,405),
(406,406),
(407,407),
(408,408),
(409,409),
(410,410),
(411,411),
(412,412),
(413,413),
(414,414),
(415,415),
(416,416),
(417,417),
(418,418),
(419,419),
(420,420),
(421,421),
(422,422),
(423,423),
(424,424),
(425,425),
(426,426),
(427,427),
(428,428),
(429,429),
(430,430),
(431,431),
(432,432),
(433,433),
(434,434),
(435,435),
(436,436),
(437,437),
(438,438),
(439,439),
(440,440),
(441,441),
(442,442),
(443,443),
(444,444),
(445,445),
(446,446),
(447,447),
(448,448),
(449,449),
(450,450),
(451,451),
(452,452),
(453,453),
(454,454),
(455,455),
(456,456),
(457,457),
(458,458),
(459,459),
(460,460),
(461,461),
(462,462),
(463,463),
(464,464),
(465,465),
(466,466),
(467,467),
(468,468),
(469,469),
(470,470),
(471,471),
(472,472),
(473,473),
(474,474),
(475,475),
(476,476),
(477,477),
(478,478),
(479,479),
(480,480),
(481,481),
(482,482),
(483,483),
(484,484),
(485,485),
(486,486),
(487,487),
(488,488),
(489,489),
(490,490),
(491,491),
(492,492),
(493,493),
(494,494),
(495,495),
(496,496),
(497,497),
(498,498),
(499,499),
(500,500),
(501,501),
(502,502),
(503,503),
(504,504),
(505,505),
(506,506),
(507,507),
(508,508),
(509,509),
(510,510),
(511,511),
(512,512),
(513,513),
(514,514),
(515,515),
(516,516),
(517,517),
(518,518),
(519,519),
(520,520),
(521,521),
(522,522),
(523,523),
(524,524),
(525,525),
(526,526),
(527,527),
(528,528),
(529,529),
(530,530),
(531,531),
(532,532),
(533,533),
(534,534),
(535,535),
(536,536),
(537,537),
(538,538),
(539,539),
(540,540),
(541,541),
(542,542),
(543,543),
(544,544),
(545,545),
(546,546),
(547,547),
(548,548),
(549,549),
(550,550),
(551,551),
(552,552),
(553,553),
(554,554),
(555,555),
(556,556),
(557,557),
(558,558),
(559,559),
(560,560),
(561,561),
(562,562),
(563,563),
(564,564),
(565,565),
(566,566),
(567,567),
(568,568),
(569,569),
(570,570),
(571,571),
(572,572),
(573,573),
(574,574),
(575,575),
(576,576),
(577,577),
(578,578),
(579,579),
(580,580),
(581,581),
(582,582),
(583,583),
(584,584),
(585,585),
(586,586),
(587,587),
(588,588),
(589,589),
(590,590),
(591,591),
(592,592),
(593,593),
(594,594),
(595,595),
(596,596),
(597,597),
(598,598),
(599,599),
(600,600),
(601,601),
(602,602),
(603,603),
(604,604),
(605,605),
(606,606),
(607,607),
(608,608),
(609,609),
(610,610),
(611,611),
(612,612),
(613,613),
(614,614),
(615,615),
(616,616),
(617,617),
(618,618),
(619,619),
(620,620),
(621,621),
(622,622),
(623,623),
(624,624),
(625,625),
(626,626),
(627,627),
(628,628),
(629,629),
(630,630),
(631,631),
(632,632),
(633,633),
(634,634),
(635,635),
(636,636),
(637,637),
(638,638),
(639,639),
(640,640),
(641,641),
(642,642),
(643,643),
(644,644),
(645,645),
(646,646),
(647,647),
(648,648),
(649,649),
(650,650),
(651,651),
(652,652),
(653,653),
(654,654),
(655,655),
(656,656),
(657,657),
(658,658),
(659,659),
(660,660),
(661,661),
(662,662),
(663,663),
(664,664),
(665,665),
(666,666),
(667,667),
(668,668),
(669,669),
(670,670),
(671,671),
(672,672),
(673,673),
(674,674),
(675,675),
(676,676),
(677,677),
(678,678),
(679,679),
(680,680),
(681,681),
(682,682),
(683,683),
(684,684),
(685,685),
(686,686),
(687,687),
(688,688),
(689,689),
(690,690),
(691,691),
(692,692),
(693,693),
(694,694),
(695,695),
(696,696),
(697,697),
(698,698),
(699,699),
(700,700),
(701,701),
(702,702),
(703,703),
(704,704),
(705,705),
(706,706),
(707,707),
(708,708),
(709,709),
(710,710),
(711,711),
(712,712),
(713,713),
(714,714),
(715,715),
(716,716),
(717,717),
(718,718),
(719,719),
(720,720),
(721,721),
(722,722),
(723,723),
(724,724),
(725,725),
(726,726),
(727,727),
(728,728),
(729,729),
(730,730),
(731,731),
(732,732),
(733,733),
(734,734),
(735,735),
(736,736),
(737,737),
(738,738),
(739,739),
(740,740),
(741,741),
(742,742),
(743,743),
(744,744),
(745,745),
(746,746),
(747,747),
(748,748),
(749,749),
(750,750),
(751,751),
(752,752),
(753,753),
(754,754),
(755,755),
(756,756),
(757,757),
(758,758),
(759,759),
(760,760),
(761,761),
(762,762),
(763,763),
(764,764),
(765,765),
(766,766),
(767,767),
(768,768),
(769,769),
(770,770),
(771,771),
(772,772),
(773,773),
(774,774),
(775,775),
(776,776),
(777,777),
(778,778),
(779,779),
(780,780),
(781,781),
(782,782),
(783,783),
(784,784),
(785,785),
(786,786),
(787,787),
(788,788),
(789,789),
(790,790),
(791,791),
(792,792),
(793,793),
(794,794),
(795,795),
(796,796),
(797,797),
(798,798),
(799,799),
(800,800),
(801,801),
(802,802),
(803,803),
(804,804),
(805,805),
(806,806),
(807,807),
(808,808),
(809,809),
(810,810),
(811,811),
(812,812),
(813,813),
(814,814),
(815,815),
(816,816),
(817,817),
(818,818),
(819,819),
(820,820),
(821,821),
(822,822),
(823,823),
(824,824),
(825,825),
(826,826),
(827,827),
(828,828),
(829,829),
(830,830),
(831,831),
(832,832),
(833,833),
(834,834),
(835,835),
(836,836),
(837,837),
(838,838),
(839,839),
(840,840),
(841,841),
(842,842),
(843,843),
(844,844),
(845,845),
(846,846),
(847,847),
(848,848),
(849,849),
(850,850),
(851,851),
(852,852),
(853,853),
(854,854),
(855,855),
(856,856),
(857,857),
(858,858),
(859,859),
(860,860),
(861,861),
(862,862),
(863,863),
(864,864),
(865,865),
(866,866),
(867,867),
(868,868),
(869,869),
(870,870),
(871,871),
(872,872),
(873,873),
(874,874),
(875,875),
(876,876),
(877,877),
(878,878),
(879,879),
(880,880),
(881,881),
(882,882),
(883,883),
(884,884),
(885,885),
(886,886),
(887,887),
(888,888),
(889,889),
(890,890),
(891,891),
(892,892),
(893,893),
(894,894),
(895,895),
(896,896),
(897,897),
(898,898),
(899,899),
(900,900),
(901,901),
(902,902),
(903,903),
(904,904),
(905,905),
(906,906),
(907,907),
(908,908),
(909,909),
(910,910),
(911,911),
(912,912),
(913,913),
(914,914),
(915,915),
(916,916),
(917,917),
(918,918),
(919,919),
(920,920),
(921,921),
(922,922),
(923,923),
(924,924),
(925,925),
(926,926),
(927,927),
(928,928),
(929,929),
(930,930),
(931,931),
(932,932),
(933,933),
(934,934),
(935,935),
(936,936),
(937,937),
(938,938),
(939,939),
(940,940),
(941,941),
(942,942),
(943,943),
(944,944),
(945,945),
(946,946),
(947,947),
(948,948),
(949,949),
(950,950),
(951,951),
(952,952),
(953,953),
(954,954),
(955,955),
(956,956),
(957,957),
(958,958),
(959,959),
(960,960),
(961,961),
(962,962),
(963,963),
(964,964),
(965,965),
(966,966),
(967,967),
(968,968),
(969,969),
(970,970),
(971,971),
(972,972),
(973,973),
(974,974),
(975,975),
(976,976),
(977,977),
(978,978),
(979,979),
(980,980),
(981,981),
(982,982),
(983,983),
(984,984),
(985,985),
(986,986),
(987,987),
(988,988),
(989,989),
(990,990),
(991,991),
(992,992),
(993,993),
(994,994),
(995,995),
(996,996),
(997,997),
(998,998),
(999,999),
(1000,1000),
(1001,1001),
(1002,1002),
(1003,1003),
(1004,1004),
(1005,1005),
(1006,1006),
(1007,1007),
(1008,1008),
(1009,1009),
(1010,1010),
(1011,1011),
(1012,1012),
(1013,1013),
(1014,1014),
(1015,1015),
(1016,1016),
(1017,1017),
(1018,1018),
(1019,1019),
(1020,1020),
(1021,1021),
(1022,1022),
(1023,1023),
(1024,1024),
(1025,1025),
(1026,1026),
(1027,1027),
(1028,1028),
(1029,1029),
(1030,1030),
(1031,1031),
(1032,1032),
(1033,1033),
(1034,1034),
(1035,1035),
(1036,1036),
(1037,1037),
(1038,1038),
(1039,1039),
(1040,1040),
(1041,1041),
(1042,1042),
(1043,1043),
(1044,1044),
(1045,1045),
(1046,1046),
(1047,1047),
(1048,1048),
(1049,1049),
(1050,1050),
(1051,1051),
(1052,1052),
(1053,1053),
(1054,1054),
(1055,1055),
(1056,1056),
(1057,1057),
(1058,1058),
(1059,1059),
(1060,1060),
(1061,1061),
(1062,1062),
(1063,1063),
(1064,1064),
(1065,1065),
(1066,1066),
(1067,1067),
(1068,1068),
(1069,1069),
(1070,1070),
(1071,1071),
(1072,1072),
(1073,1073),
(1074,1074),
(1075,1075),
(1076,1076),
(1077,1077),
(1078,1078),
(1079,1079),
(1080,1080),
(1081,1081),
(1082,1082),
(1083,1083),
(1084,1084),
(1085,1085),
(1086,1086),
(1087,1087),
(1088,1088),
(1089,1089),
(1090,1090),
(1091,1091),
(1092,1092),
(1093,1093),
(1094,1094),
(1095,1095),
(1096,1096),
(1097,1097),
(1098,1098),
(1099,1099),
(1100,1100),
(1101,1101),
(1102,1102),
(1103,1103),
(1104,1104),
(1105,1105),
(1106,1106),
(1107,1107),
(1108,1108),
(1109,1109),
(1110,1110),
(1111,1111),
(1112,1112),
(1113,1113),
(1114,1114),
(1115,1115),
(1116,1116),
(1117,1117),
(1118,1118),
(1119,1119),
(1120,1120),
(1121,1121),
(1122,1122),
(1123,1123),
(1124,1124),
(1125,1125),
(1126,1126),
(1127,1127),
(1128,1128),
(1129,1129),
(1130,1130),
(1131,1131),
(1132,1132),
(1133,1133),
(1134,1134),
(1135,1135),
(1136,1136),
(1137,1137),
(1138,1138),
(1139,1139),
(1140,1140),
(1141,1141),
(1142,1142),
(1143,1143),
(1144,1144),
(1145,1145),
(1146,1146),
(1147,1147),
(1148,1148),
(1149,1149),
(1150,1150),
(1151,1151),
(1152,1152),
(1153,1153),
(1154,1154),
(1155,1155),
(1156,1156),
(1157,1157),
(1158,1158),
(1159,1159),
(1160,1160),
(1161,1161),
(1162,1162),
(1163,1163),
(1164,1164),
(1165,1165),
(1166,1166),
(1167,1167),
(1168,1168),
(1169,1169),
(1170,1170),
(1171,1171),
(1172,1172),
(1173,1173),
(1174,1174),
(1175,1175),
(1176,1176),
(1177,1177),
(1178,1178),
(1179,1179),
(1180,1180),
(1181,1181),
(1182,1182),
(1183,1183),
(1184,1184),
(1185,1185),
(1186,1186),
(1187,1187),
(1188,1188),
(1189,1189),
(1190,1190),
(1191,1191),
(1192,1192),
(1193,1193),
(1194,1194),
(1195,1195),
(1196,1196),
(1197,1197),
(1198,1198),
(1199,1199),
(1200,1200),
(1201,1201),
(1202,1202),
(1203,1203),
(1204,1204),
(1205,1205),
(1206,1206),
(1207,1207),
(1208,1208),
(1209,1209),
(1210,1210),
(1211,1211),
(1212,1212),
(1213,1213),
(1214,1214),
(1215,1215),
(1216,1216),
(1217,1217),
(1218,1218),
(1219,1219),
(1220,1220),
(1221,1221),
(1222,1222),
(1223,1223),
(1224,1224),
(1225,1225),
(1226,1226),
(1227,1227),
(1228,1228),
(1229,1229),
(1230,1230),
(1231,1231),
(1232,1232),
(1233,1233),
(1234,1234),
(1235,1235),
(1236,1236),
(1237,1237),
(1238,1238),
(1239,1239),
(1240,1240),
(1241,1241),
(1242,1242),
(1243,1243),
(1244,1244),
(1245,1245),
(1246,1246),
(1247,1247),
(1248,1248),
(1249,1249),
(1250,1250),
(1251,1251),
(1252,1252),
(1253,1253),
(1254,1254),
(1255,1255),
(1256,1256),
(1257,1257),
(1258,1258),
(1259,1259),
(1260,1260),
(1261,1261),
(1262,1262),
(1263,1263),
(1264,1264),
(1265,1265),
(1266,1266),
(1267,1267),
(1268,1268),
(1269,1269),
(1270,1270),
(1271,1271),
(1272,1272),
(1273,1273),
(1274,1274),
(1275,1275),
(1276,1276),
(1277,1277),
(1278,1278),
(1279,1279),
(1280,1280),
(1281,1281),
(1282,1282),
(1283,1283),
(1284,1284),
(1285,1285),
(1286,1286),
(1287,1287),
(1288,1288),
(1289,1289),
(1290,1290),
(1291,1291),
(1292,1292),
(1293,1293),
(1294,1294),
(1295,1295),
(1296,1296),
(1297,1297),
(1298,1298),
(1299,1299),
(1300,1300),
(1301,1301),
(1302,1302),
(1303,1303),
(1304,1304),
(1305,1305),
(1306,1306),
(1307,1307),
(1308,1308),
(1309,1309),
(1310,1310),
(1311,1311),
(1312,1312),
(1313,1313),
(1314,1314),
(1315,1315),
(1316,1316),
(1317,1317),
(1318,1318),
(1319,1319),
(1320,1320),
(1321,1321),
(1322,1322),
(1323,1323),
(1324,1324),
(1325,1325),
(1326,1326),
(1327,1327),
(1328,1328),
(1329,1329),
(1330,1330),
(1331,1331),
(1332,1332),
(1333,1333),
(1334,1334),
(1335,1335),
(1336,1336),
(1337,1337),
(1338,1338),
(1339,1339),
(1340,1340),
(1341,1341),
(1342,1342),
(1343,1343),
(1344,1344),
(1345,1345),
(1346,1346),
(1347,1347),
(1348,1348),
(1349,1349),
(1350,1350),
(1351,1351),
(1352,1352),
(1353,1353),
(1354,1354),
(1355,1355),
(1356,1356),
(1357,1357),
(1358,1358),
(1359,1359),
(1360,1360),
(1361,1361),
(1362,1362),
(1363,1363),
(1364,1364),
(1365,1365),
(1366,1366),
(1367,1367),
(1368,1368),
(1369,1369),
(1370,1370),
(1371,1371),
(1372,1372),
(1373,1373),
(1374,1374),
(1375,1375),
(1376,1376),
(1377,1377),
(1378,1378),
(1379,1379),
(1380,1380),
(1381,1381),
(1382,1382),
(1383,1383),
(1384,1384),
(1385,1385),
(1386,1386),
(1387,1387),
(1388,1388),
(1389,1389),
(1390,1390),
(1391,1391),
(1392,1392),
(1393,1393),
(1394,1394),
(1395,1395),
(1396,1396),
(1397,1397),
(1398,1398),
(1399,1399),
(1400,1400),
(1401,1401),
(1402,1402),
(1403,1403),
(1404,1404),
(1405,1405),
(1406,1406),
(1407,1407),
(1408,1408),
(1409,1409),
(1410,1410),
(1411,1411),
(1412,1412),
(1413,1413),
(1414,1414),
(1415,1415),
(1416,1416),
(1417,1417),
(1418,1418),
(1419,1419),
(1420,1420),
(1421,1421),
(1422,1422),
(1423,1423),
(1424,1424),
(1425,1425),
(1426,1426),
(1427,1427),
(1428,1428),
(1429,1429),
(1430,1430),
(1431,1431),
(1432,1432),
(1433,1433),
(1434,1434),
(1435,1435),
(1436,1436),
(1437,1437),
(1438,1438),
(1439,1439),
(1440,1440),
(1441,1441),
(1442,1442),
(1443,1443),
(1444,1444),
(1445,1445),
(1446,1446),
(1447,1447),
(1448,1448),
(1449,1449),
(1450,1450),
(1451,1451),
(1452,1452),
(1453,1453),
(1454,1454),
(1455,1455),
(1456,1456),
(1457,1457),
(1458,1458),
(1459,1459),
(1460,1460),
(1461,1461),
(1462,1462),
(1463,1463),
(1464,1464),
(1465,1465),
(1466,1466),
(1467,1467),
(1468,1468),
(1469,1469),
(1470,1470),
(1471,1471),
(1472,1472),
(1473,1473),
(1474,1474),
(1475,1475),
(1476,1476),
(1477,1477),
(1478,1478),
(1479,1479),
(1480,1480),
(1481,1481),
(1482,1482),
(1483,1483),
(1484,1484),
(1485,1485),
(1486,1486),
(1487,1487),
(1488,1488),
(1489,1489),
(1490,1490),
(1491,1491),
(1492,1492),
(1493,1493),
(1494,1494),
(1495,1495),
(1496,1496),
(1497,1497),
(1498,1498),
(1499,1499),
(1500,1500),
(1501,1501),
(1502,1502),
(1503,1503),
(1504,1504),
(1505,1505),
(1506,1506),
(1507,1507),
(1508,1508),
(1509,1509),
(1510,1510),
(1511,1511),
(1512,1512),
(1513,1513),
(1514,1514),
(1515,1515),
(1516,1516),
(1517,1517),
(1518,1518),
(1519,1519),
(1520,1520),
(1521,1521),
(1522,1522),
(1523,1523),
(1524,1524),
(1525,1525),
(1526,1526),
(1527,1527),
(1528,1528),
(1529,1529),
(1530,1530),
(1531,1531),
(1532,1532),
(1533,1533),
(1534,1534),
(1535,1535),
(1536,1536),
(1537,1537),
(1538,1538),
(1539,1539),
(1540,1540),
(1541,1541),
(1542,1542),
(1543,1543),
(1544,1544),
(1545,1545),
(1546,1546),
(1547,1547),
(1548,1548),
(1549,1549),
(1550,1550),
(1551,1551),
(1552,1552),
(1553,1553),
(1554,1554),
(1555,1555),
(1556,1556),
(1557,1557),
(1558,1558),
(1559,1559),
(1560,1560),
(1561,1561),
(1562,1562),
(1563,1563),
(1564,1564),
(1565,1565),
(1566,1566),
(1567,1567),
(1568,1568),
(1569,1569),
(1570,1570),
(1571,1571),
(1572,1572),
(1573,1573),
(1574,1574),
(1575,1575),
(1576,1576),
(1577,1577),
(1578,1578),
(1579,1579),
(1580,1580),
(1581,1581),
(1582,1582),
(1583,1583),
(1584,1584),
(1585,1585),
(1586,1586),
(1587,1587),
(1588,1588),
(1589,1589),
(1590,1590),
(1591,1591),
(1592,1592),
(1593,1593),
(1594,1594),
(1595,1595),
(1596,1596),
(1597,1597),
(1598,1598),
(1599,1599),
(1600,1600),
(1601,1601),
(1602,1602),
(1603,1603),
(1604,1604),
(1605,1605),
(1606,1606),
(1607,1607),
(1608,1608),
(1609,1609),
(1610,1610),
(1611,1611),
(1612,1612),
(1613,1613),
(1614,1614),
(1615,1615),
(1616,1616),
(1617,1617),
(1618,1618),
(1619,1619),
(1620,1620),
(1621,1621),
(1622,1622),
(1623,1623),
(1624,1624),
(1625,1625),
(1626,1626),
(1627,1627),
(1628,1628),
(1629,1629),
(1630,1630),
(1631,1631),
(1632,1632),
(1633,1633),
(1634,1634),
(1635,1635),
(1636,1636),
(1637,1637),
(1638,1638),
(1639,1639),
(1640,1640),
(1641,1641),
(1642,1642),
(1643,1643),
(1644,1644),
(1645,1645),
(1646,1646),
(1647,1647),
(1648,1648),
(1649,1649),
(1650,1650),
(1651,1651),
(1652,1652),
(1653,1653),
(1654,1654),
(1655,1655),
(1656,1656),
(1657,1657),
(1658,1658),
(1659,1659),
(1660,1660),
(1661,1661),
(1662,1662),
(1663,1663),
(1664,1664),
(1665,1665),
(1666,1666),
(1667,1667),
(1668,1668),
(1669,1669),
(1670,1670),
(1671,1671),
(1672,1672),
(1673,1673),
(1674,1674),
(1675,1675),
(1676,1676),
(1677,1677),
(1678,1678),
(1679,1679),
(1680,1680),
(1681,1681),
(1682,1682),
(1683,1683),
(1684,1684),
(1685,1685),
(1686,1686),
(1687,1687),
(1688,1688),
(1689,1689),
(1690,1690),
(1691,1691),
(1692,1692),
(1693,1693),
(1694,1694),
(1695,1695),
(1696,1696),
(1697,1697),
(1698,1698),
(1699,1699),
(1700,1700),
(1701,1701),
(1702,1702),
(1703,1703),
(1704,1704),
(1705,1705),
(1706,1706),
(1707,1707),
(1708,1708),
(1709,1709),
(1710,1710),
(1711,1711),
(1712,1712),
(1713,1713),
(1714,1714),
(1715,1715),
(1716,1716),
(1717,1717),
(1718,1718),
(1719,1719),
(1720,1720),
(1721,1721),
(1722,1722),
(1723,1723),
(1724,1724),
(1725,1725),
(1726,1726),
(1727,1727),
(1728,1728),
(1729,1729),
(1730,1730),
(1731,1731),
(1732,1732),
(1733,1733),
(1734,1734),
(1735,1735),
(1736,1736),
(1737,1737),
(1738,1738),
(1739,1739),
(1740,1740),
(1741,1741),
(1742,1742),
(1743,1743),
(1744,1744),
(1745,1745),
(1746,1746),
(1747,1747),
(1748,1748),
(1749,1749),
(1750,1750),
(1751,1751),
(1752,1752),
(1753,1753),
(1754,1754),
(1755,1755),
(1756,1756),
(1757,1757),
(1758,1758),
(1759,1759),
(1760,1760),
(1761,1761),
(1762,1762),
(1763,1763),
(1764,1764),
(1765,1765),
(1766,1766),
(1767,1767),
(1768,1768),
(1769,1769),
(1770,1770),
(1771,1771),
(1772,1772),
(1773,1773),
(1774,1774),
(1775,1775),
(1776,1776),
(1777,1777),
(1778,1778),
(1779,1779),
(1780,1780),
(1781,1781),
(1782,1782),
(1783,1783),
(1784,1784),
(1785,1785),
(1786,1786),
(1787,1787),
(1788,1788),
(1789,1789),
(1790,1790),
(1791,1791),
(1792,1792),
(1793,1793),
(1794,1794),
(1795,1795),
(1796,1796),
(1797,1797),
(1798,1798),
(1799,1799),
(1800,1800),
(1801,1801),
(1802,1802),
(1803,1803),
(1804,1804),
(1805,1805),
(1806,1806),
(1807,1807),
(1808,1808),
(1809,1809),
(1810,1810),
(1811,1811),
(1812,1812),
(1813,1813),
(1814,1814),
(1815,1815),
(1816,1816),
(1817,1817),
(1818,1818),
(1819,1819),
(1820,1820),
(1821,1821),
(1822,1822),
(1823,1823),
(1824,1824),
(1825,1825),
(1826,1826),
(1827,1827),
(1828,1828),
(1829,1829),
(1830,1830),
(1831,1831),
(1832,1832),
(1833,1833),
(1834,1834),
(1835,1835),
(1836,1836),
(1837,1837),
(1838,1838),
(1839,1839),
(1840,1840),
(1841,1841),
(1842,1842),
(1843,1843),
(1844,1844),
(1845,1845),
(1846,1846),
(1847,1847),
(1848,1848),
(1849,1849),
(1850,1850),
(1851,1851),
(1852,1852),
(1853,1853),
(1854,1854),
(1855,1855),
(1856,1856),
(1857,1857),
(1858,1858),
(1859,1859),
(1860,1860),
(1861,1861),
(1862,1862),
(1863,1863),
(1864,1864),
(1865,1865),
(1866,1866),
(1867,1867),
(1868,1868),
(1869,1869),
(1870,1870),
(1871,1871),
(1872,1872),
(1873,1873),
(1874,1874),
(1875,1875),
(1876,1876),
(1877,1877),
(1878,1878),
(1879,1879),
(1880,1880),
(1881,1881),
(1882,1882),
(1883,1883),
(1884,1884),
(1885,1885),
(1886,1886),
(1887,1887),
(1888,1888),
(1889,1889),
(1890,1890),
(1891,1891),
(1892,1892),
(1893,1893),
(1894,1894),
(1895,1895),
(1896,1896),
(1897,1897),
(1898,1898),
(1899,1899),
(1900,1900),
(1901,1901),
(1902,1902),
(1903,1903),
(1904,1904),
(1905,1905),
(1906,1906),
(1907,1907),
(1908,1908),
(1909,1909),
(1910,1910),
(1911,1911),
(1912,1912),
(1913,1913),
(1914,1914),
(1915,1915),
(1916,1916),
(1917,1917),
(1918,1918),
(1919,1919),
(1920,1920),
(1921,1921),
(1922,1922),
(1923,1923),
(1924,1924),
(1925,1925),
(1926,1926),
(1927,1927),
(1928,1928),
(1929,1929),
(1930,1930),
(1931,1931),
(1932,1932),
(1933,1933),
(1934,1934),
(1935,1935),
(1936,1936),
(1937,1937),
(1938,1938),
(1939,1939),
(1940,1940),
(1941,1941),
(1942,1942),
(1943,1943),
(1944,1944),
(1945,1945),
(1946,1946),
(1947,1947),
(1948,1948),
(1949,1949),
(1950,1950),
(1951,1951),
(1952,1952),
(1953,1953),
(1954,1954),
(1955,1955),
(1956,1956),
(1957,1957),
(1958,1958),
(1959,1959),
(1960,1960),
(1961,1961),
(1962,1962),
(1963,1963),
(1964,1964),
(1965,1965),
(1966,1966),
(1967,1967),
(1968,1968),
(1969,1969),
(1970,1970),
(1971,1971),
(1972,1972),
(1973,1973),
(1974,1974),
(1975,1975),
(1976,1976),
(1977,1977),
(1978,1978),
(1979,1979),
(1980,1980),
(1981,1981),
(1982,1982),
(1983,1983),
(1984,1984),
(1985,1985),
(1986,1986),
(1987,1987),
(1988,1988),
(1989,1989),
(1990,1990),
(1991,1991),
(1992,1992),
(1993,1993),
(1994,1994),
(1995,1995),
(1996,1996),
(1997,1997),
(1998,1998),
(1999,1999),
(2000,2000),
(2001,2001),
(2002,2002),
(2003,2003),
(2004,2004),
(2005,2005),
(2006,2006),
(2007,2007),
(2008,2008),
(2009,2009),
(2010,2010),
(2011,2011),
(2012,2012),
(2013,2013),
(2014,2014),
(2015,2015),
(2016,2016),
(2017,2017),
(2018,2018),
(2019,2019),
(2020,2020),
(2021,2021),
(2022,2022),
(2023,2023),
(2024,2024),
(2025,2025),
(2026,2026),
(2027,2027),
(2028,2028),
(2029,2029),
(2030,2030),
(2031,2031),
(2032,2032),
(2033,2033),
(2034,2034),
(2035,2035),
(2036,2036),
(2037,2037),
(2038,2038),
(2039,1413),
(2040,1476);

--
-- Table structure for table `mgkz_inventory_geoname`
--

CREATE TABLE `mgkz_inventory_geoname` (
  `entity_id` int(10) unsigned NOT NULL AUTO_INCREMENT COMMENT 'entity id',
  `country_code` varchar(64) NOT NULL,
  `postcode` varchar(64) NOT NULL,
  `city` varchar(180) NOT NULL,
  `region` varchar(100) NOT NULL,
  `province` varchar(64) NOT NULL,
  `latitude` double NOT NULL,
  `longitude` double NOT NULL,
  PRIMARY KEY (`entity_id`)
) ENGINE=InnoDB DEFAULT CHARSET=utf8mb4 COLLATE=utf8mb4_general_ci;

--
-- Dumping data for table `mgkz_inventory_geoname`
--


--
-- Table structure for table `mgkz_inventory_low_stock_notification_configuration`
--

CREATE TABLE `mgkz_inventory_low_stock_notification_configuration` (
  `source_code` varchar(255) NOT NULL,
  `sku` varchar(64) NOT NULL,
  `notify_stock_qty` decimal(12,4) DEFAULT NULL,
  PRIMARY KEY (`source_code`,`sku`)
) ENGINE=InnoDB DEFAULT CHARSET=utf8mb4 COLLATE=utf8mb4_general_ci;

--
-- Dumping data for table `mgkz_inventory_low_stock_notification_configuration`
--


--
-- Table structure for table `mgkz_inventory_order_notification`
--

CREATE TABLE `mgkz_inventory_order_notification` (
  `order_id` int(10) unsigned NOT NULL AUTO_INCREMENT COMMENT 'Order ID',
  `notification_sent` smallint(6) NOT NULL COMMENT 'Has Notification Been Sent For Order',
  `send_notification` smallint(6) NOT NULL COMMENT 'Should Notification Be Send For Order',
  PRIMARY KEY (`order_id`),
  CONSTRAINT `MGKZ_INV_ORDER_NTFC_ORDER_ID_MGKZ_SALES_ORDER_ENTT_ID` FOREIGN KEY (`order_id`) REFERENCES `mgkz_sales_order` (`entity_id`) ON DELETE CASCADE
) ENGINE=InnoDB DEFAULT CHARSET=utf8mb4 COLLATE=utf8mb4_general_ci;

--
-- Dumping data for table `mgkz_inventory_order_notification`
--


--
-- Table structure for table `mgkz_inventory_pickup_location_order`
--

CREATE TABLE `mgkz_inventory_pickup_location_order` (
  `order_id` int(10) unsigned NOT NULL AUTO_INCREMENT COMMENT 'Order ID',
  `pickup_location_code` varchar(255) NOT NULL COMMENT 'Pickup Location Code',
  PRIMARY KEY (`order_id`),
  CONSTRAINT `MGKZ_INV_PICKUP_LOCATION_ORDER_ORDER_ID_MGKZ_SALES_ORDER_ENTT_ID` FOREIGN KEY (`order_id`) REFERENCES `mgkz_sales_order` (`entity_id`) ON DELETE CASCADE
) ENGINE=InnoDB DEFAULT CHARSET=utf8mb4 COLLATE=utf8mb4_general_ci;

--
-- Dumping data for table `mgkz_inventory_pickup_location_order`
--


--
-- Table structure for table `mgkz_inventory_pickup_location_quote_address`
--

CREATE TABLE `mgkz_inventory_pickup_location_quote_address` (
  `address_id` int(10) unsigned NOT NULL AUTO_INCREMENT COMMENT 'Quote Address ID',
  `pickup_location_code` varchar(255) NOT NULL COMMENT 'Pickup Location Code',
  PRIMARY KEY (`address_id`),
  CONSTRAINT `FK_453C43AC6463D44FB8D9AEE93F8D5368` FOREIGN KEY (`address_id`) REFERENCES `mgkz_quote_address` (`address_id`) ON DELETE CASCADE
) ENGINE=InnoDB DEFAULT CHARSET=utf8mb4 COLLATE=utf8mb4_general_ci;

--
-- Dumping data for table `mgkz_inventory_pickup_location_quote_address`
--


--
-- Table structure for table `mgkz_inventory_reservation`
--

CREATE TABLE `mgkz_inventory_reservation` (
  `reservation_id` int(10) unsigned NOT NULL AUTO_INCREMENT,
  `stock_id` int(10) unsigned NOT NULL,
  `sku` varchar(64) NOT NULL,
  `quantity` decimal(10,4) NOT NULL DEFAULT 0.0000,
  `metadata` varchar(255) DEFAULT NULL,
  PRIMARY KEY (`reservation_id`),
  KEY `MGKZ_INVENTORY_RESERVATION_STOCK_ID_SKU_QUANTITY` (`stock_id`,`sku`,`quantity`)
) ENGINE=InnoDB AUTO_INCREMENT=3 DEFAULT CHARSET=utf8mb4 COLLATE=utf8mb4_general_ci;

--
-- Dumping data for table `mgkz_inventory_reservation`
--

INSERT INTO `mgkz_inventory_reservation` VALUES
(1,1,'WS03-XS-Red',1.0000,'{\"event_type\":\"shipment_created\",\"object_type\":\"order\",\"object_id\":\"1\",\"object_increment_id\":\"000000001\"}'),
(2,1,'WS08-XS-Blue',1.0000,'{\"event_type\":\"shipment_created\",\"object_type\":\"order\",\"object_id\":\"2\",\"object_increment_id\":\"000000002\"}');

--
-- Table structure for table `mgkz_inventory_shipment_source`
--

CREATE TABLE `mgkz_inventory_shipment_source` (
  `shipment_id` int(10) unsigned NOT NULL,
  `source_code` varchar(255) NOT NULL,
  PRIMARY KEY (`shipment_id`)
) ENGINE=InnoDB DEFAULT CHARSET=utf8mb4 COLLATE=utf8mb4_general_ci;

--
-- Dumping data for table `mgkz_inventory_shipment_source`
--

INSERT INTO `mgkz_inventory_shipment_source` VALUES
(1,'default'),
(2,'default');

--
-- Table structure for table `mgkz_inventory_source`
--

CREATE TABLE `mgkz_inventory_source` (
  `source_code` varchar(255) NOT NULL,
  `name` varchar(255) NOT NULL,
  `enabled` smallint(5) unsigned NOT NULL DEFAULT 1,
  `description` text DEFAULT NULL,
  `latitude` decimal(8,6) DEFAULT NULL,
  `longitude` decimal(9,6) DEFAULT NULL,
  `country_id` varchar(2) NOT NULL,
  `region_id` int(10) unsigned DEFAULT NULL,
  `region` varchar(255) DEFAULT NULL,
  `city` varchar(255) DEFAULT NULL,
  `street` varchar(255) DEFAULT NULL,
  `postcode` varchar(255) NOT NULL,
  `contact_name` varchar(255) DEFAULT NULL,
  `email` varchar(255) DEFAULT NULL,
  `phone` varchar(255) DEFAULT NULL,
  `fax` varchar(255) DEFAULT NULL,
  `use_default_carrier_config` smallint(5) unsigned NOT NULL DEFAULT 1,
  `is_pickup_location_active` tinyint(1) NOT NULL DEFAULT 0,
  `frontend_name` varchar(255) DEFAULT '',
  `frontend_description` text DEFAULT NULL,
  PRIMARY KEY (`source_code`)
) ENGINE=InnoDB DEFAULT CHARSET=utf8mb4 COLLATE=utf8mb4_general_ci;

--
-- Dumping data for table `mgkz_inventory_source`
--

INSERT INTO `mgkz_inventory_source` VALUES
('default','Default Source',1,'Default Source',0.000000,0.000000,'US',NULL,NULL,NULL,NULL,'00000',NULL,NULL,NULL,NULL,1,0,'',NULL);

--
-- Table structure for table `mgkz_inventory_source_carrier_link`
--

CREATE TABLE `mgkz_inventory_source_carrier_link` (
  `link_id` int(10) unsigned NOT NULL AUTO_INCREMENT,
  `source_code` varchar(255) NOT NULL,
  `carrier_code` varchar(255) NOT NULL,
  `position` smallint(5) unsigned DEFAULT NULL,
  PRIMARY KEY (`link_id`),
  KEY `FK_895099EF516A80F7577B3E11E0D49D35` (`source_code`),
  CONSTRAINT `FK_895099EF516A80F7577B3E11E0D49D35` FOREIGN KEY (`source_code`) REFERENCES `mgkz_inventory_source` (`source_code`) ON DELETE CASCADE
) ENGINE=InnoDB DEFAULT CHARSET=utf8mb4 COLLATE=utf8mb4_general_ci;

--
-- Dumping data for table `mgkz_inventory_source_carrier_link`
--


--
-- Table structure for table `mgkz_inventory_source_item`
--

CREATE TABLE `mgkz_inventory_source_item` (
  `source_item_id` int(10) unsigned NOT NULL AUTO_INCREMENT,
  `source_code` varchar(255) NOT NULL,
  `sku` varchar(64) NOT NULL,
  `quantity` decimal(12,4) NOT NULL DEFAULT 0.0000,
  `status` smallint(5) unsigned NOT NULL DEFAULT 0,
  PRIMARY KEY (`source_item_id`),
  UNIQUE KEY `MGKZ_INVENTORY_SOURCE_ITEM_SOURCE_CODE_SKU` (`source_code`,`sku`),
  KEY `MGKZ_INVENTORY_SOURCE_ITEM_SKU_SOURCE_CODE_QUANTITY` (`sku`,`source_code`,`quantity`),
  CONSTRAINT `MGKZ_INV_SOURCE_ITEM_SOURCE_CODE_MGKZ_INV_SOURCE_SOURCE_CODE` FOREIGN KEY (`source_code`) REFERENCES `mgkz_inventory_source` (`source_code`) ON DELETE CASCADE
) ENGINE=InnoDB AUTO_INCREMENT=2039 DEFAULT CHARSET=utf8mb4 COLLATE=utf8mb4_general_ci;

--
-- Dumping data for table `mgkz_inventory_source_item`
--

INSERT INTO `mgkz_inventory_source_item` VALUES
(1,'default','24-MB01',100.0000,1),
(2,'default','24-MB04',100.0000,1),
(3,'default','24-MB03',100.0000,1),
(4,'default','24-MB05',100.0000,1),
(5,'default','24-MB06',100.0000,1),
(6,'default','24-MB02',100.0000,1),
(7,'default','24-UB02',100.0000,1),
(8,'default','24-WB01',100.0000,1),
(9,'default','24-WB02',100.0000,1),
(10,'default','24-WB05',100.0000,1),
(11,'default','24-WB06',100.0000,1),
(12,'default','24-WB03',100.0000,1),
(13,'default','24-WB07',100.0000,1),
(14,'default','24-WB04',100.0000,1),
(15,'default','24-UG06',100.0000,1),
(16,'default','24-UG07',100.0000,1),
(17,'default','24-UG04',100.0000,1),
(18,'default','24-UG02',100.0000,1),
(19,'default','24-UG05',100.0000,1),
(20,'default','24-UG01',100.0000,1),
(21,'default','24-WG084',100.0000,1),
(22,'default','24-WG088',100.0000,1),
(23,'default','24-UG03',100.0000,1),
(24,'default','24-WG081-gray',100.0000,1),
(25,'default','24-WG081-pink',100.0000,1),
(26,'default','24-WG081-blue',100.0000,1),
(27,'default','24-WG082-gray',100.0000,1),
(28,'default','24-WG082-pink',100.0000,1),
(29,'default','24-WG082-blue',100.0000,1),
(30,'default','24-WG083-gray',100.0000,1),
(31,'default','24-WG083-pink',100.0000,1),
(32,'default','24-WG083-blue',100.0000,1),
(33,'default','24-WG085',100.0000,1),
(34,'default','24-WG086',100.0000,1),
(35,'default','24-WG087',100.0000,1),
(36,'default','24-MG04',100.0000,1),
(37,'default','24-MG01',100.0000,1),
(38,'default','24-MG03',100.0000,1),
(39,'default','24-MG05',100.0000,1),
(40,'default','24-MG02',100.0000,1),
(41,'default','24-WG09',100.0000,1),
(42,'default','24-WG01',100.0000,1),
(43,'default','24-WG03',100.0000,1),
(44,'default','24-WG02',100.0000,1),
(45,'default','MH01-XS-Black',100.0000,1),
(46,'default','MH01-XS-Gray',100.0000,1),
(47,'default','MH01-XS-Orange',100.0000,1),
(48,'default','MH01-S-Black',100.0000,1),
(49,'default','MH01-S-Gray',100.0000,1),
(50,'default','MH01-S-Orange',100.0000,1),
(51,'default','MH01-M-Black',100.0000,1),
(52,'default','MH01-M-Gray',100.0000,1),
(53,'default','MH01-M-Orange',100.0000,1),
(54,'default','MH01-L-Black',100.0000,1),
(55,'default','MH01-L-Gray',100.0000,1),
(56,'default','MH01-L-Orange',100.0000,1),
(57,'default','MH01-XL-Black',100.0000,1),
(58,'default','MH01-XL-Gray',100.0000,1),
(59,'default','MH01-XL-Orange',100.0000,1),
(60,'default','MH01',0.0000,1),
(61,'default','MH02-XS-Black',100.0000,1),
(62,'default','MH02-XS-Purple',100.0000,1),
(63,'default','MH02-XS-Red',100.0000,1),
(64,'default','MH02-S-Black',100.0000,1),
(65,'default','MH02-S-Purple',100.0000,1),
(66,'default','MH02-S-Red',100.0000,1),
(67,'default','MH02-M-Black',100.0000,1),
(68,'default','MH02-M-Purple',100.0000,1),
(69,'default','MH02-M-Red',100.0000,1),
(70,'default','MH02-L-Black',100.0000,1),
(71,'default','MH02-L-Purple',100.0000,1),
(72,'default','MH02-L-Red',100.0000,1),
(73,'default','MH02-XL-Black',100.0000,1),
(74,'default','MH02-XL-Purple',100.0000,1),
(75,'default','MH02-XL-Red',100.0000,1),
(76,'default','MH02',0.0000,1),
(77,'default','MH03-XS-Black',100.0000,1),
(78,'default','MH03-XS-Blue',100.0000,1),
(79,'default','MH03-XS-Green',100.0000,1),
(80,'default','MH03-S-Black',100.0000,1),
(81,'default','MH03-S-Blue',100.0000,1),
(82,'default','MH03-S-Green',100.0000,1),
(83,'default','MH03-M-Black',100.0000,1),
(84,'default','MH03-M-Blue',100.0000,1),
(85,'default','MH03-M-Green',100.0000,1),
(86,'default','MH03-L-Black',100.0000,1),
(87,'default','MH03-L-Blue',100.0000,1),
(88,'default','MH03-L-Green',100.0000,1),
(89,'default','MH03-XL-Black',100.0000,1),
(90,'default','MH03-XL-Blue',100.0000,1),
(91,'default','MH03-XL-Green',100.0000,1),
(92,'default','MH03',0.0000,1),
(93,'default','MH04-XS-Green',100.0000,1),
(94,'default','MH04-XS-White',100.0000,1),
(95,'default','MH04-XS-Yellow',100.0000,1),
(96,'default','MH04-S-Green',100.0000,1),
(97,'default','MH04-S-White',100.0000,1),
(98,'default','MH04-S-Yellow',100.0000,1),
(99,'default','MH04-M-Green',100.0000,1),
(100,'default','MH04-M-White',100.0000,1),
(101,'default','MH04-M-Yellow',100.0000,1),
(102,'default','MH04-L-Green',100.0000,1),
(103,'default','MH04-L-White',100.0000,1),
(104,'default','MH04-L-Yellow',100.0000,1),
(105,'default','MH04-XL-Green',100.0000,1),
(106,'default','MH04-XL-White',100.0000,1),
(107,'default','MH04-XL-Yellow',100.0000,1),
(108,'default','MH04',0.0000,1),
(109,'default','MH05-XS-Green',100.0000,1),
(110,'default','MH05-XS-Red',100.0000,1),
(111,'default','MH05-XS-White',100.0000,1),
(112,'default','MH05-S-Green',100.0000,1),
(113,'default','MH05-S-Red',100.0000,1),
(114,'default','MH05-S-White',100.0000,1),
(115,'default','MH05-M-Green',100.0000,1),
(116,'default','MH05-M-Red',100.0000,1),
(117,'default','MH05-M-White',100.0000,1),
(118,'default','MH05-L-Green',100.0000,1),
(119,'default','MH05-L-Red',100.0000,1),
(120,'default','MH05-L-White',100.0000,1),
(121,'default','MH05-XL-Green',100.0000,1),
(122,'default','MH05-XL-Red',100.0000,1),
(123,'default','MH05-XL-White',100.0000,1),
(124,'default','MH05',0.0000,1),
(125,'default','MH06-XS-Black',100.0000,1),
(126,'default','MH06-XS-Blue',100.0000,1),
(127,'default','MH06-XS-Purple',100.0000,1),
(128,'default','MH06-S-Black',100.0000,1),
(129,'default','MH06-S-Blue',100.0000,1),
(130,'default','MH06-S-Purple',100.0000,1),
(131,'default','MH06-M-Black',100.0000,1),
(132,'default','MH06-M-Blue',100.0000,1),
(133,'default','MH06-M-Purple',100.0000,1),
(134,'default','MH06-L-Black',100.0000,1),
(135,'default','MH06-L-Blue',100.0000,1),
(136,'default','MH06-L-Purple',100.0000,1),
(137,'default','MH06-XL-Black',100.0000,1),
(138,'default','MH06-XL-Blue',100.0000,1),
(139,'default','MH06-XL-Purple',100.0000,1),
(140,'default','MH06',0.0000,1),
(141,'default','MH07-XS-Black',100.0000,1),
(142,'default','MH07-XS-Gray',100.0000,1),
(143,'default','MH07-XS-Green',100.0000,1),
(144,'default','MH07-S-Black',100.0000,1),
(145,'default','MH07-S-Gray',100.0000,1),
(146,'default','MH07-S-Green',100.0000,1),
(147,'default','MH07-M-Black',100.0000,1),
(148,'default','MH07-M-Gray',100.0000,1),
(149,'default','MH07-M-Green',100.0000,1),
(150,'default','MH07-L-Black',100.0000,1),
(151,'default','MH07-L-Gray',100.0000,1),
(152,'default','MH07-L-Green',100.0000,1),
(153,'default','MH07-XL-Black',100.0000,1),
(154,'default','MH07-XL-Gray',100.0000,1),
(155,'default','MH07-XL-Green',100.0000,1),
(156,'default','MH07',0.0000,1),
(157,'default','MH08-XS-Brown',100.0000,1),
(158,'default','MH08-XS-Purple',100.0000,1),
(159,'default','MH08-XS-Red',100.0000,1),
(160,'default','MH08-S-Brown',100.0000,1),
(161,'default','MH08-S-Purple',100.0000,1),
(162,'default','MH08-S-Red',100.0000,1),
(163,'default','MH08-M-Brown',100.0000,1),
(164,'default','MH08-M-Purple',100.0000,1),
(165,'default','MH08-M-Red',100.0000,1),
(166,'default','MH08-L-Brown',100.0000,1),
(167,'default','MH08-L-Purple',100.0000,1),
(168,'default','MH08-L-Red',100.0000,1),
(169,'default','MH08-XL-Brown',100.0000,1),
(170,'default','MH08-XL-Purple',100.0000,1),
(171,'default','MH08-XL-Red',100.0000,1),
(172,'default','MH08',0.0000,1),
(173,'default','MH09-XS-Blue',100.0000,1),
(174,'default','MH09-XS-Green',100.0000,1),
(175,'default','MH09-XS-Red',100.0000,1),
(176,'default','MH09-S-Blue',100.0000,1),
(177,'default','MH09-S-Green',100.0000,1),
(178,'default','MH09-S-Red',100.0000,1),
(179,'default','MH09-M-Blue',100.0000,1),
(180,'default','MH09-M-Green',100.0000,1),
(181,'default','MH09-M-Red',100.0000,1),
(182,'default','MH09-L-Blue',100.0000,1),
(183,'default','MH09-L-Green',100.0000,1),
(184,'default','MH09-L-Red',100.0000,1),
(185,'default','MH09-XL-Blue',100.0000,1),
(186,'default','MH09-XL-Green',100.0000,1),
(187,'default','MH09-XL-Red',100.0000,1),
(188,'default','MH09',0.0000,1),
(189,'default','MH10-XS-Black',100.0000,1),
(190,'default','MH10-XS-Blue',100.0000,1),
(191,'default','MH10-XS-Red',100.0000,1),
(192,'default','MH10-S-Black',100.0000,1),
(193,'default','MH10-S-Blue',100.0000,1),
(194,'default','MH10-S-Red',100.0000,1),
(195,'default','MH10-M-Black',100.0000,1),
(196,'default','MH10-M-Blue',100.0000,1),
(197,'default','MH10-M-Red',100.0000,1),
(198,'default','MH10-L-Black',100.0000,1),
(199,'default','MH10-L-Blue',100.0000,1),
(200,'default','MH10-L-Red',100.0000,1),
(201,'default','MH10-XL-Black',100.0000,1),
(202,'default','MH10-XL-Blue',100.0000,1),
(203,'default','MH10-XL-Red',100.0000,1),
(204,'default','MH10',0.0000,1),
(205,'default','MH11-XS-Orange',100.0000,1),
(206,'default','MH11-XS-Red',100.0000,1),
(207,'default','MH11-XS-White',100.0000,1),
(208,'default','MH11-S-Orange',100.0000,1),
(209,'default','MH11-S-Red',100.0000,1),
(210,'default','MH11-S-White',100.0000,1),
(211,'default','MH11-M-Orange',100.0000,1),
(212,'default','MH11-M-Red',100.0000,1),
(213,'default','MH11-M-White',100.0000,1),
(214,'default','MH11-L-Orange',100.0000,1),
(215,'default','MH11-L-Red',100.0000,1),
(216,'default','MH11-L-White',100.0000,1),
(217,'default','MH11-XL-Orange',100.0000,1),
(218,'default','MH11-XL-Red',100.0000,1),
(219,'default','MH11-XL-White',100.0000,1),
(220,'default','MH11',0.0000,1),
(221,'default','MH12-XS-Blue',100.0000,1),
(222,'default','MH12-XS-Green',100.0000,1),
(223,'default','MH12-XS-Red',100.0000,1),
(224,'default','MH12-S-Blue',100.0000,1),
(225,'default','MH12-S-Green',100.0000,1),
(226,'default','MH12-S-Red',100.0000,1),
(227,'default','MH12-M-Blue',100.0000,1),
(228,'default','MH12-M-Green',100.0000,1),
(229,'default','MH12-M-Red',100.0000,1),
(230,'default','MH12-L-Blue',100.0000,1),
(231,'default','MH12-L-Green',100.0000,1),
(232,'default','MH12-L-Red',100.0000,1),
(233,'default','MH12-XL-Blue',100.0000,1),
(234,'default','MH12-XL-Green',100.0000,1),
(235,'default','MH12-XL-Red',100.0000,1),
(236,'default','MH12',0.0000,1),
(237,'default','MH13-XS-Blue',100.0000,1),
(238,'default','MH13-XS-Green',100.0000,1),
(239,'default','MH13-XS-Lavender',100.0000,1),
(240,'default','MH13-S-Blue',100.0000,1),
(241,'default','MH13-S-Green',100.0000,1),
(242,'default','MH13-S-Lavender',100.0000,1),
(243,'default','MH13-M-Blue',100.0000,1),
(244,'default','MH13-M-Green',100.0000,1),
(245,'default','MH13-M-Lavender',100.0000,1),
(246,'default','MH13-L-Blue',100.0000,1),
(247,'default','MH13-L-Green',100.0000,1),
(248,'default','MH13-L-Lavender',100.0000,1),
(249,'default','MH13-XL-Blue',100.0000,1),
(250,'default','MH13-XL-Green',100.0000,1),
(251,'default','MH13-XL-Lavender',100.0000,1),
(252,'default','MH13',0.0000,1),
(253,'default','MJ01-XS-Orange',100.0000,1),
(254,'default','MJ01-XS-Red',100.0000,1),
(255,'default','MJ01-XS-Yellow',100.0000,1),
(256,'default','MJ01-S-Orange',100.0000,1),
(257,'default','MJ01-S-Red',100.0000,1),
(258,'default','MJ01-S-Yellow',100.0000,1),
(259,'default','MJ01-M-Orange',100.0000,1),
(260,'default','MJ01-M-Red',100.0000,1),
(261,'default','MJ01-M-Yellow',100.0000,1),
(262,'default','MJ01-L-Orange',100.0000,1),
(263,'default','MJ01-L-Red',100.0000,1),
(264,'default','MJ01-L-Yellow',100.0000,1),
(265,'default','MJ01-XL-Orange',100.0000,1),
(266,'default','MJ01-XL-Red',100.0000,1),
(267,'default','MJ01-XL-Yellow',100.0000,1),
(268,'default','MJ01',0.0000,1),
(269,'default','MJ02-XS-Green',100.0000,1),
(270,'default','MJ02-XS-Orange',100.0000,1),
(271,'default','MJ02-XS-Red',100.0000,1),
(272,'default','MJ02-S-Green',100.0000,1),
(273,'default','MJ02-S-Orange',100.0000,1),
(274,'default','MJ02-S-Red',100.0000,1),
(275,'default','MJ02-M-Green',100.0000,1),
(276,'default','MJ02-M-Orange',100.0000,1),
(277,'default','MJ02-M-Red',100.0000,1),
(278,'default','MJ02-L-Green',100.0000,1),
(279,'default','MJ02-L-Orange',100.0000,1),
(280,'default','MJ02-L-Red',100.0000,1),
(281,'default','MJ02-XL-Green',100.0000,1),
(282,'default','MJ02-XL-Orange',100.0000,1),
(283,'default','MJ02-XL-Red',100.0000,1),
(284,'default','MJ02',0.0000,1),
(285,'default','MJ04-XS-Black',100.0000,1),
(286,'default','MJ04-XS-Blue',100.0000,1),
(287,'default','MJ04-XS-Purple',100.0000,1),
(288,'default','MJ04-S-Black',100.0000,1),
(289,'default','MJ04-S-Blue',100.0000,1),
(290,'default','MJ04-S-Purple',100.0000,1),
(291,'default','MJ04-M-Black',100.0000,1),
(292,'default','MJ04-M-Blue',100.0000,1),
(293,'default','MJ04-M-Purple',100.0000,1),
(294,'default','MJ04-L-Black',100.0000,1),
(295,'default','MJ04-L-Blue',100.0000,1),
(296,'default','MJ04-L-Purple',100.0000,1),
(297,'default','MJ04-XL-Black',100.0000,1),
(298,'default','MJ04-XL-Blue',100.0000,1),
(299,'default','MJ04-XL-Purple',100.0000,1),
(300,'default','MJ04',0.0000,1),
(301,'default','MJ07-XS-Black',100.0000,1),
(302,'default','MJ07-XS-Red',100.0000,1),
(303,'default','MJ07-XS-Yellow',100.0000,1),
(304,'default','MJ07-S-Black',100.0000,1),
(305,'default','MJ07-S-Red',100.0000,1),
(306,'default','MJ07-S-Yellow',100.0000,1),
(307,'default','MJ07-M-Black',100.0000,1),
(308,'default','MJ07-M-Red',100.0000,1),
(309,'default','MJ07-M-Yellow',100.0000,1),
(310,'default','MJ07-L-Black',100.0000,1),
(311,'default','MJ07-L-Red',100.0000,1),
(312,'default','MJ07-L-Yellow',100.0000,1),
(313,'default','MJ07-XL-Black',100.0000,1),
(314,'default','MJ07-XL-Red',100.0000,1),
(315,'default','MJ07-XL-Yellow',100.0000,1),
(316,'default','MJ07',0.0000,1),
(317,'default','MJ08-XS-Blue',100.0000,1),
(318,'default','MJ08-XS-Gray',100.0000,1),
(319,'default','MJ08-XS-Green',100.0000,1),
(320,'default','MJ08-S-Blue',100.0000,1),
(321,'default','MJ08-S-Gray',100.0000,1),
(322,'default','MJ08-S-Green',100.0000,1),
(323,'default','MJ08-M-Blue',100.0000,1),
(324,'default','MJ08-M-Gray',100.0000,1),
(325,'default','MJ08-M-Green',100.0000,1),
(326,'default','MJ08-L-Blue',100.0000,1),
(327,'default','MJ08-L-Gray',100.0000,1),
(328,'default','MJ08-L-Green',100.0000,1),
(329,'default','MJ08-XL-Blue',100.0000,1),
(330,'default','MJ08-XL-Gray',100.0000,1),
(331,'default','MJ08-XL-Green',100.0000,1),
(332,'default','MJ08',0.0000,1),
(333,'default','MJ09-XS-Blue',100.0000,1),
(334,'default','MJ09-XS-White',100.0000,1),
(335,'default','MJ09-XS-Yellow',100.0000,1),
(336,'default','MJ09-S-Blue',100.0000,1),
(337,'default','MJ09-S-White',100.0000,1),
(338,'default','MJ09-S-Yellow',100.0000,1),
(339,'default','MJ09-M-Blue',100.0000,1),
(340,'default','MJ09-M-White',100.0000,1),
(341,'default','MJ09-M-Yellow',100.0000,1),
(342,'default','MJ09-L-Blue',100.0000,1),
(343,'default','MJ09-L-White',100.0000,1),
(344,'default','MJ09-L-Yellow',100.0000,1),
(345,'default','MJ09-XL-Blue',100.0000,1),
(346,'default','MJ09-XL-White',100.0000,1),
(347,'default','MJ09-XL-Yellow',100.0000,1),
(348,'default','MJ09',0.0000,1),
(349,'default','MJ10-XS-Black',100.0000,1),
(350,'default','MJ10-XS-Orange',100.0000,1),
(351,'default','MJ10-XS-Red',100.0000,1),
(352,'default','MJ10-S-Black',100.0000,1),
(353,'default','MJ10-S-Orange',100.0000,1),
(354,'default','MJ10-S-Red',100.0000,1),
(355,'default','MJ10-M-Black',100.0000,1),
(356,'default','MJ10-M-Orange',100.0000,1),
(357,'default','MJ10-M-Red',100.0000,1),
(358,'default','MJ10-L-Black',100.0000,1),
(359,'default','MJ10-L-Orange',100.0000,1),
(360,'default','MJ10-L-Red',100.0000,1),
(361,'default','MJ10-XL-Black',100.0000,1),
(362,'default','MJ10-XL-Orange',100.0000,1),
(363,'default','MJ10-XL-Red',100.0000,1),
(364,'default','MJ10',0.0000,1),
(365,'default','MJ11-XS-Black',100.0000,1),
(366,'default','MJ11-XS-Green',100.0000,1),
(367,'default','MJ11-XS-Red',100.0000,1),
(368,'default','MJ11-S-Black',100.0000,1),
(369,'default','MJ11-S-Green',100.0000,1),
(370,'default','MJ11-S-Red',100.0000,1),
(371,'default','MJ11-M-Black',100.0000,1),
(372,'default','MJ11-M-Green',100.0000,1),
(373,'default','MJ11-M-Red',100.0000,1),
(374,'default','MJ11-L-Black',100.0000,1),
(375,'default','MJ11-L-Green',100.0000,1),
(376,'default','MJ11-L-Red',100.0000,1),
(377,'default','MJ11-XL-Black',100.0000,1),
(378,'default','MJ11-XL-Green',100.0000,1),
(379,'default','MJ11-XL-Red',100.0000,1),
(380,'default','MJ11',0.0000,1),
(381,'default','MJ06-XS-Blue',100.0000,1),
(382,'default','MJ06-XS-Green',100.0000,1),
(383,'default','MJ06-XS-Purple',100.0000,1),
(384,'default','MJ06-S-Blue',100.0000,1),
(385,'default','MJ06-S-Green',100.0000,1),
(386,'default','MJ06-S-Purple',100.0000,1),
(387,'default','MJ06-M-Blue',100.0000,1),
(388,'default','MJ06-M-Green',100.0000,1),
(389,'default','MJ06-M-Purple',100.0000,1),
(390,'default','MJ06-L-Blue',100.0000,1),
(391,'default','MJ06-L-Green',100.0000,1),
(392,'default','MJ06-L-Purple',100.0000,1),
(393,'default','MJ06-XL-Blue',100.0000,1),
(394,'default','MJ06-XL-Green',100.0000,1),
(395,'default','MJ06-XL-Purple',100.0000,1),
(396,'default','MJ06',0.0000,1),
(397,'default','MJ03-XS-Black',100.0000,1),
(398,'default','MJ03-XS-Green',100.0000,1),
(399,'default','MJ03-XS-Red',100.0000,1),
(400,'default','MJ03-S-Black',100.0000,1),
(401,'default','MJ03-S-Green',100.0000,1),
(402,'default','MJ03-S-Red',100.0000,1),
(403,'default','MJ03-M-Black',100.0000,1),
(404,'default','MJ03-M-Green',100.0000,1),
(405,'default','MJ03-M-Red',100.0000,1),
(406,'default','MJ03-L-Black',100.0000,1),
(407,'default','MJ03-L-Green',100.0000,1),
(408,'default','MJ03-L-Red',100.0000,1),
(409,'default','MJ03-XL-Black',100.0000,1),
(410,'default','MJ03-XL-Green',100.0000,1),
(411,'default','MJ03-XL-Red',100.0000,1),
(412,'default','MJ03',0.0000,1),
(413,'default','MJ12-XS-Black',100.0000,1),
(414,'default','MJ12-XS-Blue',100.0000,1),
(415,'default','MJ12-XS-Orange',100.0000,1),
(416,'default','MJ12-S-Black',100.0000,1),
(417,'default','MJ12-S-Blue',100.0000,1),
(418,'default','MJ12-S-Orange',100.0000,1),
(419,'default','MJ12-M-Black',100.0000,1),
(420,'default','MJ12-M-Blue',100.0000,1),
(421,'default','MJ12-M-Orange',100.0000,1),
(422,'default','MJ12-L-Black',100.0000,1),
(423,'default','MJ12-L-Blue',100.0000,1),
(424,'default','MJ12-L-Orange',100.0000,1),
(425,'default','MJ12-XL-Black',100.0000,1),
(426,'default','MJ12-XL-Blue',100.0000,1),
(427,'default','MJ12-XL-Orange',100.0000,1),
(428,'default','MJ12',0.0000,1),
(429,'default','MS04-XS-Black',100.0000,1),
(430,'default','MS04-XS-Orange',100.0000,1),
(431,'default','MS04-XS-Red',100.0000,1),
(432,'default','MS04-S-Black',100.0000,1),
(433,'default','MS04-S-Orange',100.0000,1),
(434,'default','MS04-S-Red',100.0000,1),
(435,'default','MS04-M-Black',100.0000,1),
(436,'default','MS04-M-Orange',100.0000,1),
(437,'default','MS04-M-Red',100.0000,1),
(438,'default','MS04-L-Black',100.0000,1),
(439,'default','MS04-L-Orange',100.0000,1),
(440,'default','MS04-L-Red',100.0000,1),
(441,'default','MS04-XL-Black',100.0000,1),
(442,'default','MS04-XL-Orange',100.0000,1),
(443,'default','MS04-XL-Red',100.0000,1),
(444,'default','MS04',0.0000,1),
(445,'default','MS05-XS-Black',100.0000,1),
(446,'default','MS05-XS-Blue',100.0000,1),
(447,'default','MS05-XS-Purple',100.0000,1),
(448,'default','MS05-S-Black',100.0000,1),
(449,'default','MS05-S-Blue',100.0000,1),
(450,'default','MS05-S-Purple',100.0000,1),
(451,'default','MS05-M-Black',100.0000,1),
(452,'default','MS05-M-Blue',100.0000,1),
(453,'default','MS05-M-Purple',100.0000,1),
(454,'default','MS05-L-Black',100.0000,1),
(455,'default','MS05-L-Blue',100.0000,1),
(456,'default','MS05-L-Purple',100.0000,1),
(457,'default','MS05-XL-Black',100.0000,1),
(458,'default','MS05-XL-Blue',100.0000,1),
(459,'default','MS05-XL-Purple',100.0000,1),
(460,'default','MS05',0.0000,1),
(461,'default','MS09-XS-Black',100.0000,1),
(462,'default','MS09-XS-Blue',100.0000,1),
(463,'default','MS09-XS-Red',100.0000,1),
(464,'default','MS09-S-Black',100.0000,1),
(465,'default','MS09-S-Blue',100.0000,1),
(466,'default','MS09-S-Red',100.0000,1),
(467,'default','MS09-M-Black',100.0000,1),
(468,'default','MS09-M-Blue',100.0000,1),
(469,'default','MS09-M-Red',100.0000,1),
(470,'default','MS09-L-Black',100.0000,1),
(471,'default','MS09-L-Blue',100.0000,1),
(472,'default','MS09-L-Red',100.0000,1),
(473,'default','MS09-XL-Black',100.0000,1),
(474,'default','MS09-XL-Blue',100.0000,1),
(475,'default','MS09-XL-Red',100.0000,1),
(476,'default','MS09',0.0000,1),
(477,'default','MS11-XS-Blue',100.0000,1),
(478,'default','MS11-XS-Green',100.0000,1),
(479,'default','MS11-XS-Yellow',100.0000,1),
(480,'default','MS11-S-Blue',100.0000,1),
(481,'default','MS11-S-Green',100.0000,1),
(482,'default','MS11-S-Yellow',100.0000,1),
(483,'default','MS11-M-Blue',100.0000,1),
(484,'default','MS11-M-Green',100.0000,1),
(485,'default','MS11-M-Yellow',100.0000,1),
(486,'default','MS11-L-Blue',100.0000,1),
(487,'default','MS11-L-Green',100.0000,1),
(488,'default','MS11-L-Yellow',100.0000,1),
(489,'default','MS11-XL-Blue',100.0000,1),
(490,'default','MS11-XL-Green',100.0000,1),
(491,'default','MS11-XL-Yellow',100.0000,1),
(492,'default','MS11',0.0000,1),
(493,'default','MS12-XS-Black',100.0000,1),
(494,'default','MS12-XS-Blue',100.0000,1),
(495,'default','MS12-XS-Red',100.0000,1),
(496,'default','MS12-S-Black',100.0000,1),
(497,'default','MS12-S-Blue',100.0000,1),
(498,'default','MS12-S-Red',100.0000,1),
(499,'default','MS12-M-Black',100.0000,1),
(500,'default','MS12-M-Blue',100.0000,1),
(501,'default','MS12-M-Red',100.0000,1),
(502,'default','MS12-L-Black',100.0000,1),
(503,'default','MS12-L-Blue',100.0000,1),
(504,'default','MS12-L-Red',100.0000,1),
(505,'default','MS12-XL-Black',100.0000,1),
(506,'default','MS12-XL-Blue',100.0000,1),
(507,'default','MS12-XL-Red',100.0000,1),
(508,'default','MS12',0.0000,1),
(509,'default','MS03-XS-Gray',100.0000,1),
(510,'default','MS03-XS-Green',100.0000,1),
(511,'default','MS03-XS-Orange',100.0000,1),
(512,'default','MS03-S-Gray',100.0000,1),
(513,'default','MS03-S-Green',100.0000,1),
(514,'default','MS03-S-Orange',100.0000,1),
(515,'default','MS03-M-Gray',100.0000,1),
(516,'default','MS03-M-Green',100.0000,1),
(517,'default','MS03-M-Orange',100.0000,1),
(518,'default','MS03-L-Gray',100.0000,1),
(519,'default','MS03-L-Green',100.0000,1),
(520,'default','MS03-L-Orange',100.0000,1),
(521,'default','MS03-XL-Gray',100.0000,1),
(522,'default','MS03-XL-Green',100.0000,1),
(523,'default','MS03-XL-Orange',100.0000,1),
(524,'default','MS03',0.0000,1),
(525,'default','MS06-XS-Blue',100.0000,1),
(526,'default','MS06-XS-Green',100.0000,1),
(527,'default','MS06-XS-Yellow',100.0000,1),
(528,'default','MS06-S-Blue',100.0000,1),
(529,'default','MS06-S-Green',100.0000,1),
(530,'default','MS06-S-Yellow',100.0000,1),
(531,'default','MS06-M-Blue',100.0000,1),
(532,'default','MS06-M-Green',100.0000,1),
(533,'default','MS06-M-Yellow',100.0000,1),
(534,'default','MS06-L-Blue',100.0000,1),
(535,'default','MS06-L-Green',100.0000,1),
(536,'default','MS06-L-Yellow',100.0000,1),
(537,'default','MS06-XL-Blue',100.0000,1),
(538,'default','MS06-XL-Green',100.0000,1),
(539,'default','MS06-XL-Yellow',100.0000,1),
(540,'default','MS06',0.0000,1),
(541,'default','MS01-XS-Black',100.0000,1),
(542,'default','MS01-XS-Brown',100.0000,1),
(543,'default','MS01-XS-Yellow',100.0000,1),
(544,'default','MS01-S-Black',100.0000,1),
(545,'default','MS01-S-Brown',100.0000,1),
(546,'default','MS01-S-Yellow',100.0000,1),
(547,'default','MS01-M-Black',100.0000,1),
(548,'default','MS01-M-Brown',100.0000,1),
(549,'default','MS01-M-Yellow',100.0000,1),
(550,'default','MS01-L-Black',100.0000,1),
(551,'default','MS01-L-Brown',100.0000,1),
(552,'default','MS01-L-Yellow',100.0000,1),
(553,'default','MS01-XL-Black',100.0000,1),
(554,'default','MS01-XL-Brown',100.0000,1),
(555,'default','MS01-XL-Yellow',100.0000,1),
(556,'default','MS01',0.0000,1),
(557,'default','MS02-XS-Black',100.0000,1),
(558,'default','MS02-XS-Blue',100.0000,1),
(559,'default','MS02-XS-Gray',100.0000,1),
(560,'default','MS02-S-Black',100.0000,1),
(561,'default','MS02-S-Blue',100.0000,1),
(562,'default','MS02-S-Gray',100.0000,1),
(563,'default','MS02-M-Black',100.0000,1),
(564,'default','MS02-M-Blue',100.0000,1),
(565,'default','MS02-M-Gray',100.0000,1),
(566,'default','MS02-L-Black',100.0000,1),
(567,'default','MS02-L-Blue',100.0000,1),
(568,'default','MS02-L-Gray',100.0000,1),
(569,'default','MS02-XL-Black',100.0000,1),
(570,'default','MS02-XL-Blue',100.0000,1),
(571,'default','MS02-XL-Gray',100.0000,1),
(572,'default','MS02',0.0000,1),
(573,'default','MS10-XS-Black',100.0000,1),
(574,'default','MS10-XS-Blue',100.0000,1),
(575,'default','MS10-XS-Red',100.0000,1),
(576,'default','MS10-S-Black',100.0000,1),
(577,'default','MS10-S-Blue',100.0000,1),
(578,'default','MS10-S-Red',100.0000,1),
(579,'default','MS10-M-Black',100.0000,1),
(580,'default','MS10-M-Blue',100.0000,1),
(581,'default','MS10-M-Red',100.0000,1),
(582,'default','MS10-L-Black',100.0000,1),
(583,'default','MS10-L-Blue',100.0000,1),
(584,'default','MS10-L-Red',100.0000,1),
(585,'default','MS10-XL-Black',100.0000,1),
(586,'default','MS10-XL-Blue',100.0000,1),
(587,'default','MS10-XL-Red',100.0000,1),
(588,'default','MS10',0.0000,1),
(589,'default','MS07-XS-Black',100.0000,1),
(590,'default','MS07-XS-Green',100.0000,1),
(591,'default','MS07-XS-White',100.0000,1),
(592,'default','MS07-S-Black',100.0000,1),
(593,'default','MS07-S-Green',100.0000,1),
(594,'default','MS07-S-White',100.0000,1),
(595,'default','MS07-M-Black',100.0000,1),
(596,'default','MS07-M-Green',100.0000,1),
(597,'default','MS07-M-White',100.0000,1),
(598,'default','MS07-L-Black',100.0000,1),
(599,'default','MS07-L-Green',100.0000,1),
(600,'default','MS07-L-White',100.0000,1),
(601,'default','MS07-XL-Black',100.0000,1),
(602,'default','MS07-XL-Green',100.0000,1),
(603,'default','MS07-XL-White',100.0000,1),
(604,'default','MS07',0.0000,1),
(605,'default','MS08-XS-Black',100.0000,1),
(606,'default','MS08-XS-Blue',100.0000,1),
(607,'default','MS08-XS-Red',100.0000,1),
(608,'default','MS08-S-Black',100.0000,1),
(609,'default','MS08-S-Blue',100.0000,1),
(610,'default','MS08-S-Red',100.0000,1),
(611,'default','MS08-M-Black',100.0000,1),
(612,'default','MS08-M-Blue',100.0000,1),
(613,'default','MS08-M-Red',100.0000,1),
(614,'default','MS08-L-Black',100.0000,1),
(615,'default','MS08-L-Blue',100.0000,1),
(616,'default','MS08-L-Red',100.0000,1),
(617,'default','MS08-XL-Black',100.0000,1),
(618,'default','MS08-XL-Blue',100.0000,1),
(619,'default','MS08-XL-Red',100.0000,1),
(620,'default','MS08',0.0000,1),
(621,'default','MT01-XS-Gray',100.0000,1),
(622,'default','MT01-XS-Orange',100.0000,1),
(623,'default','MT01-XS-Red',100.0000,1),
(624,'default','MT01-S-Gray',100.0000,1),
(625,'default','MT01-S-Orange',100.0000,1),
(626,'default','MT01-S-Red',100.0000,1),
(627,'default','MT01-M-Gray',100.0000,1),
(628,'default','MT01-M-Orange',100.0000,1),
(629,'default','MT01-M-Red',100.0000,1),
(630,'default','MT01-L-Gray',100.0000,1),
(631,'default','MT01-L-Orange',100.0000,1),
(632,'default','MT01-L-Red',100.0000,1),
(633,'default','MT01-XL-Gray',100.0000,1),
(634,'default','MT01-XL-Orange',100.0000,1),
(635,'default','MT01-XL-Red',100.0000,1),
(636,'default','MT01',0.0000,1),
(637,'default','MT02-XS-Gray',100.0000,1),
(638,'default','MT02-XS-Red',100.0000,1),
(639,'default','MT02-XS-White',100.0000,1),
(640,'default','MT02-S-Gray',100.0000,1),
(641,'default','MT02-S-Red',100.0000,1),
(642,'default','MT02-S-White',100.0000,1),
(643,'default','MT02-M-Gray',100.0000,1),
(644,'default','MT02-M-Red',100.0000,1),
(645,'default','MT02-M-White',100.0000,1),
(646,'default','MT02-L-Gray',100.0000,1),
(647,'default','MT02-L-Red',100.0000,1),
(648,'default','MT02-L-White',100.0000,1),
(649,'default','MT02-XL-Gray',100.0000,1),
(650,'default','MT02-XL-Red',100.0000,1),
(651,'default','MT02-XL-White',100.0000,1),
(652,'default','MT02',0.0000,1),
(653,'default','MT03-XS-Blue',100.0000,1),
(654,'default','MT03-XS-Red',100.0000,1),
(655,'default','MT03-XS-Yellow',100.0000,1),
(656,'default','MT03-S-Blue',100.0000,1),
(657,'default','MT03-S-Red',100.0000,1),
(658,'default','MT03-S-Yellow',100.0000,1),
(659,'default','MT03-M-Blue',100.0000,1),
(660,'default','MT03-M-Red',100.0000,1),
(661,'default','MT03-M-Yellow',100.0000,1),
(662,'default','MT03-L-Blue',100.0000,1),
(663,'default','MT03-L-Red',100.0000,1),
(664,'default','MT03-L-Yellow',100.0000,1),
(665,'default','MT03-XL-Blue',100.0000,1),
(666,'default','MT03-XL-Red',100.0000,1),
(667,'default','MT03-XL-Yellow',100.0000,1),
(668,'default','MT03',0.0000,1),
(669,'default','MT04-XS-Blue',100.0000,1),
(670,'default','MT04-S-Blue',100.0000,1),
(671,'default','MT04-M-Blue',100.0000,1),
(672,'default','MT04-L-Blue',100.0000,1),
(673,'default','MT04-XL-Blue',100.0000,1),
(674,'default','MT04',0.0000,1),
(675,'default','MT05-XS-Blue',100.0000,1),
(676,'default','MT05-S-Blue',100.0000,1),
(677,'default','MT05-M-Blue',100.0000,1),
(678,'default','MT05-L-Blue',100.0000,1),
(679,'default','MT05-XL-Blue',100.0000,1),
(680,'default','MT05',0.0000,1),
(681,'default','MT06-XS-Black',100.0000,1),
(682,'default','MT06-S-Black',100.0000,1),
(683,'default','MT06-M-Black',100.0000,1),
(684,'default','MT06-L-Black',100.0000,1),
(685,'default','MT06-XL-Black',100.0000,1),
(686,'default','MT06',0.0000,1),
(687,'default','MT07-XS-Gray',100.0000,1),
(688,'default','MT07-S-Gray',100.0000,1),
(689,'default','MT07-M-Gray',100.0000,1),
(690,'default','MT07-L-Gray',100.0000,1),
(691,'default','MT07-XL-Gray',100.0000,1),
(692,'default','MT07',0.0000,1),
(693,'default','MT08-XS-Green',100.0000,1),
(694,'default','MT08-S-Green',100.0000,1),
(695,'default','MT08-M-Green',100.0000,1),
(696,'default','MT08-L-Green',100.0000,1),
(697,'default','MT08-XL-Green',100.0000,1),
(698,'default','MT08',0.0000,1),
(699,'default','MT09-XS-Blue',100.0000,1),
(700,'default','MT09-S-Blue',100.0000,1),
(701,'default','MT09-M-Blue',100.0000,1),
(702,'default','MT09-L-Blue',100.0000,1),
(703,'default','MT09-XL-Blue',100.0000,1),
(704,'default','MT09',0.0000,1),
(705,'default','MT10-XS-Yellow',100.0000,1),
(706,'default','MT10-S-Yellow',100.0000,1),
(707,'default','MT10-M-Yellow',100.0000,1),
(708,'default','MT10-L-Yellow',100.0000,1),
(709,'default','MT10-XL-Yellow',100.0000,1),
(710,'default','MT10',0.0000,1),
(711,'default','MT11-XS-Blue',100.0000,1),
(712,'default','MT11-S-Blue',100.0000,1),
(713,'default','MT11-M-Blue',100.0000,1),
(714,'default','MT11-L-Blue',100.0000,1),
(715,'default','MT11-XL-Blue',100.0000,1),
(716,'default','MT11',0.0000,1),
(717,'default','MT12-XS-Blue',100.0000,1),
(718,'default','MT12-S-Blue',100.0000,1),
(719,'default','MT12-M-Blue',100.0000,1),
(720,'default','MT12-L-Blue',100.0000,1),
(721,'default','MT12-XL-Blue',100.0000,1),
(722,'default','MT12',0.0000,1),
(723,'default','MP01-32-Black',100.0000,1),
(724,'default','MP01-32-Gray',100.0000,1),
(725,'default','MP01-32-Purple',100.0000,1),
(726,'default','MP01-33-Black',100.0000,1),
(727,'default','MP01-33-Gray',100.0000,1),
(728,'default','MP01-33-Purple',100.0000,1),
(729,'default','MP01-34-Black',100.0000,1),
(730,'default','MP01-34-Gray',100.0000,1),
(731,'default','MP01-34-Purple',100.0000,1),
(732,'default','MP01-36-Black',100.0000,1),
(733,'default','MP01-36-Gray',100.0000,1),
(734,'default','MP01-36-Purple',100.0000,1),
(735,'default','MP01',0.0000,1),
(736,'default','MP02-32-Blue',100.0000,1),
(737,'default','MP02-32-Gray',100.0000,1),
(738,'default','MP02-32-Red',100.0000,1),
(739,'default','MP02-33-Blue',100.0000,1),
(740,'default','MP02-33-Gray',100.0000,1),
(741,'default','MP02-33-Red',100.0000,1),
(742,'default','MP02-34-Blue',100.0000,1),
(743,'default','MP02-34-Gray',100.0000,1),
(744,'default','MP02-34-Red',100.0000,1),
(745,'default','MP02-36-Blue',100.0000,1),
(746,'default','MP02-36-Gray',100.0000,1),
(747,'default','MP02-36-Red',100.0000,1),
(748,'default','MP02',0.0000,1),
(749,'default','MP03-32-Blue',100.0000,1),
(750,'default','MP03-32-Green',100.0000,1),
(751,'default','MP03-32-Red',100.0000,1),
(752,'default','MP03-33-Blue',100.0000,1),
(753,'default','MP03-33-Green',100.0000,1),
(754,'default','MP03-33-Red',100.0000,1),
(755,'default','MP03-34-Blue',100.0000,1),
(756,'default','MP03-34-Green',100.0000,1),
(757,'default','MP03-34-Red',100.0000,1),
(758,'default','MP03-36-Blue',100.0000,1),
(759,'default','MP03-36-Green',100.0000,1),
(760,'default','MP03-36-Red',100.0000,1),
(761,'default','MP03',0.0000,1),
(762,'default','MP04-32-Black',100.0000,1),
(763,'default','MP04-32-Gray',100.0000,1),
(764,'default','MP04-32-Green',100.0000,1),
(765,'default','MP04-33-Black',100.0000,1),
(766,'default','MP04-33-Gray',100.0000,1),
(767,'default','MP04-33-Green',100.0000,1),
(768,'default','MP04-34-Black',100.0000,1),
(769,'default','MP04-34-Gray',100.0000,1),
(770,'default','MP04-34-Green',100.0000,1),
(771,'default','MP04-36-Black',100.0000,1),
(772,'default','MP04-36-Gray',100.0000,1),
(773,'default','MP04-36-Green',100.0000,1),
(774,'default','MP04',0.0000,1),
(775,'default','MP05-32-Black',100.0000,1),
(776,'default','MP05-32-Blue',100.0000,1),
(777,'default','MP05-32-Green',100.0000,1),
(778,'default','MP05-33-Black',100.0000,1),
(779,'default','MP05-33-Blue',100.0000,1),
(780,'default','MP05-33-Green',100.0000,1),
(781,'default','MP05-34-Black',100.0000,1),
(782,'default','MP05-34-Blue',100.0000,1),
(783,'default','MP05-34-Green',100.0000,1),
(784,'default','MP05-36-Black',100.0000,1),
(785,'default','MP05-36-Blue',100.0000,1),
(786,'default','MP05-36-Green',100.0000,1),
(787,'default','MP05',0.0000,1),
(788,'default','MP06-32-Gray',100.0000,1),
(789,'default','MP06-32-Green',100.0000,1),
(790,'default','MP06-32-Orange',100.0000,1),
(791,'default','MP06-33-Gray',100.0000,1),
(792,'default','MP06-33-Green',100.0000,1),
(793,'default','MP06-33-Orange',100.0000,1),
(794,'default','MP06-34-Gray',100.0000,1),
(795,'default','MP06-34-Green',100.0000,1),
(796,'default','MP06-34-Orange',100.0000,1),
(797,'default','MP06-36-Gray',100.0000,1),
(798,'default','MP06-36-Green',100.0000,1),
(799,'default','MP06-36-Orange',100.0000,1),
(800,'default','MP06',0.0000,1),
(801,'default','MP07-32-Black',100.0000,1),
(802,'default','MP07-32-Blue',100.0000,1),
(803,'default','MP07-32-Purple',100.0000,1),
(804,'default','MP07-33-Black',100.0000,1),
(805,'default','MP07-33-Blue',100.0000,1),
(806,'default','MP07-33-Purple',100.0000,1),
(807,'default','MP07-34-Black',100.0000,1),
(808,'default','MP07-34-Blue',100.0000,1),
(809,'default','MP07-34-Purple',100.0000,1),
(810,'default','MP07-36-Black',100.0000,1),
(811,'default','MP07-36-Blue',100.0000,1),
(812,'default','MP07-36-Purple',100.0000,1),
(813,'default','MP07',0.0000,1),
(814,'default','MP08-32-Blue',100.0000,1),
(815,'default','MP08-32-Green',100.0000,1),
(816,'default','MP08-32-Red',100.0000,1),
(817,'default','MP08-33-Blue',100.0000,1),
(818,'default','MP08-33-Green',100.0000,1),
(819,'default','MP08-33-Red',100.0000,1),
(820,'default','MP08-34-Blue',100.0000,1),
(821,'default','MP08-34-Green',100.0000,1),
(822,'default','MP08-34-Red',100.0000,1),
(823,'default','MP08-36-Blue',100.0000,1),
(824,'default','MP08-36-Green',100.0000,1),
(825,'default','MP08-36-Red',100.0000,1),
(826,'default','MP08',0.0000,1),
(827,'default','MP09-32-Black',100.0000,1),
(828,'default','MP09-32-Blue',100.0000,1),
(829,'default','MP09-32-Red',100.0000,1),
(830,'default','MP09-33-Black',100.0000,1),
(831,'default','MP09-33-Blue',100.0000,1),
(832,'default','MP09-33-Red',100.0000,1),
(833,'default','MP09-34-Black',100.0000,1),
(834,'default','MP09-34-Blue',100.0000,1),
(835,'default','MP09-34-Red',100.0000,1),
(836,'default','MP09-36-Black',100.0000,1),
(837,'default','MP09-36-Blue',100.0000,1),
(838,'default','MP09-36-Red',100.0000,1),
(839,'default','MP09',0.0000,1),
(840,'default','MP10-32-Black',100.0000,1),
(841,'default','MP10-32-Blue',100.0000,1),
(842,'default','MP10-32-Green',100.0000,1),
(843,'default','MP10-33-Black',100.0000,1),
(844,'default','MP10-33-Blue',100.0000,1),
(845,'default','MP10-33-Green',100.0000,1),
(846,'default','MP10-34-Black',100.0000,1),
(847,'default','MP10-34-Blue',100.0000,1),
(848,'default','MP10-34-Green',100.0000,1),
(849,'default','MP10-36-Black',100.0000,1),
(850,'default','MP10-36-Blue',100.0000,1),
(851,'default','MP10-36-Green',100.0000,1),
(852,'default','MP10',0.0000,1),
(853,'default','MP11-32-Blue',100.0000,1),
(854,'default','MP11-32-Brown',100.0000,1),
(855,'default','MP11-32-Green',100.0000,1),
(856,'default','MP11-33-Blue',100.0000,1),
(857,'default','MP11-33-Brown',100.0000,1),
(858,'default','MP11-33-Green',100.0000,1),
(859,'default','MP11-34-Blue',100.0000,1),
(860,'default','MP11-34-Brown',100.0000,1),
(861,'default','MP11-34-Green',100.0000,1),
(862,'default','MP11-36-Blue',100.0000,1),
(863,'default','MP11-36-Brown',100.0000,1),
(864,'default','MP11-36-Green',100.0000,1),
(865,'default','MP11',0.0000,1),
(866,'default','MP12-32-Black',100.0000,1),
(867,'default','MP12-32-Blue',100.0000,1),
(868,'default','MP12-32-Red',100.0000,1),
(869,'default','MP12-33-Black',100.0000,1),
(870,'default','MP12-33-Blue',100.0000,1),
(871,'default','MP12-33-Red',100.0000,1),
(872,'default','MP12-34-Black',100.0000,1),
(873,'default','MP12-34-Blue',100.0000,1),
(874,'default','MP12-34-Red',100.0000,1),
(875,'default','MP12-36-Black',100.0000,1),
(876,'default','MP12-36-Blue',100.0000,1),
(877,'default','MP12-36-Red',100.0000,1),
(878,'default','MP12',0.0000,1),
(879,'default','MSH01-32-Black',100.0000,1),
(880,'default','MSH01-32-Blue',100.0000,1),
(881,'default','MSH01-32-Red',100.0000,1),
(882,'default','MSH01-33-Black',100.0000,1),
(883,'default','MSH01-33-Blue',100.0000,1),
(884,'default','MSH01-33-Red',100.0000,1),
(885,'default','MSH01-34-Black',100.0000,1),
(886,'default','MSH01-34-Blue',100.0000,1),
(887,'default','MSH01-34-Red',100.0000,1),
(888,'default','MSH01-36-Black',100.0000,1),
(889,'default','MSH01-36-Blue',100.0000,1),
(890,'default','MSH01-36-Red',100.0000,1),
(891,'default','MSH01',0.0000,1),
(892,'default','MSH02-32-Black',100.0000,1),
(893,'default','MSH02-33-Black',100.0000,1),
(894,'default','MSH02-34-Black',100.0000,1),
(895,'default','MSH02-36-Black',100.0000,1),
(896,'default','MSH02',0.0000,1),
(897,'default','MSH03-32-Black',100.0000,1),
(898,'default','MSH03-32-Blue',100.0000,1),
(899,'default','MSH03-32-Green',100.0000,1),
(900,'default','MSH03-33-Black',100.0000,1),
(901,'default','MSH03-33-Blue',100.0000,1),
(902,'default','MSH03-33-Green',100.0000,1),
(903,'default','MSH03-34-Black',100.0000,1),
(904,'default','MSH03-34-Blue',100.0000,1),
(905,'default','MSH03-34-Green',100.0000,1),
(906,'default','MSH03-36-Black',100.0000,1),
(907,'default','MSH03-36-Blue',100.0000,1),
(908,'default','MSH03-36-Green',100.0000,1),
(909,'default','MSH03',0.0000,1),
(910,'default','MSH04-32-Gray',100.0000,1),
(911,'default','MSH04-32-Purple',100.0000,1),
(912,'default','MSH04-32-Yellow',100.0000,1),
(913,'default','MSH04-33-Gray',100.0000,1),
(914,'default','MSH04-33-Purple',100.0000,1),
(915,'default','MSH04-33-Yellow',100.0000,1),
(916,'default','MSH04-34-Gray',100.0000,1),
(917,'default','MSH04-34-Purple',100.0000,1),
(918,'default','MSH04-34-Yellow',100.0000,1),
(919,'default','MSH04-36-Gray',100.0000,1),
(920,'default','MSH04-36-Purple',100.0000,1),
(921,'default','MSH04-36-Yellow',100.0000,1),
(922,'default','MSH04',0.0000,1),
(923,'default','MSH05-32-Black',100.0000,1),
(924,'default','MSH05-32-Blue',100.0000,1),
(925,'default','MSH05-32-Gray',100.0000,1),
(926,'default','MSH05-33-Black',100.0000,1),
(927,'default','MSH05-33-Blue',100.0000,1),
(928,'default','MSH05-33-Gray',100.0000,1),
(929,'default','MSH05-34-Black',100.0000,1),
(930,'default','MSH05-34-Blue',100.0000,1),
(931,'default','MSH05-34-Gray',100.0000,1),
(932,'default','MSH05-36-Black',100.0000,1),
(933,'default','MSH05-36-Blue',100.0000,1),
(934,'default','MSH05-36-Gray',100.0000,1),
(935,'default','MSH05',0.0000,1),
(936,'default','MSH06-32-Blue',100.0000,1),
(937,'default','MSH06-32-Gray',100.0000,1),
(938,'default','MSH06-32-Red',100.0000,1),
(939,'default','MSH06-33-Blue',100.0000,1),
(940,'default','MSH06-33-Gray',100.0000,1),
(941,'default','MSH06-33-Red',100.0000,1),
(942,'default','MSH06-34-Blue',100.0000,1),
(943,'default','MSH06-34-Gray',100.0000,1),
(944,'default','MSH06-34-Red',100.0000,1),
(945,'default','MSH06-36-Blue',100.0000,1),
(946,'default','MSH06-36-Gray',100.0000,1),
(947,'default','MSH06-36-Red',100.0000,1),
(948,'default','MSH06',0.0000,1),
(949,'default','MSH07-32-Black',100.0000,1),
(950,'default','MSH07-32-Blue',100.0000,1),
(951,'default','MSH07-32-Purple',100.0000,1),
(952,'default','MSH07-33-Black',100.0000,1),
(953,'default','MSH07-33-Blue',100.0000,1),
(954,'default','MSH07-33-Purple',100.0000,1),
(955,'default','MSH07-34-Black',100.0000,1),
(956,'default','MSH07-34-Blue',100.0000,1),
(957,'default','MSH07-34-Purple',100.0000,1),
(958,'default','MSH07-36-Black',100.0000,1),
(959,'default','MSH07-36-Blue',100.0000,1),
(960,'default','MSH07-36-Purple',100.0000,1),
(961,'default','MSH07',0.0000,1),
(962,'default','MSH08-32-Black',100.0000,1),
(963,'default','MSH08-32-Blue',100.0000,1),
(964,'default','MSH08-32-Green',100.0000,1),
(965,'default','MSH08-33-Black',100.0000,1),
(966,'default','MSH08-33-Blue',100.0000,1),
(967,'default','MSH08-33-Green',100.0000,1),
(968,'default','MSH08-34-Black',100.0000,1),
(969,'default','MSH08-34-Blue',100.0000,1),
(970,'default','MSH08-34-Green',100.0000,1),
(971,'default','MSH08-36-Black',100.0000,1),
(972,'default','MSH08-36-Blue',100.0000,1),
(973,'default','MSH08-36-Green',100.0000,1),
(974,'default','MSH08',0.0000,1),
(975,'default','MSH09-32-Black',100.0000,1),
(976,'default','MSH09-32-Blue',100.0000,1),
(977,'default','MSH09-32-Green',100.0000,1),
(978,'default','MSH09-33-Black',100.0000,1),
(979,'default','MSH09-33-Blue',100.0000,1),
(980,'default','MSH09-33-Green',100.0000,1),
(981,'default','MSH09-34-Black',100.0000,1),
(982,'default','MSH09-34-Blue',100.0000,1),
(983,'default','MSH09-34-Green',100.0000,1),
(984,'default','MSH09-36-Black',100.0000,1),
(985,'default','MSH09-36-Blue',100.0000,1),
(986,'default','MSH09-36-Green',100.0000,1),
(987,'default','MSH09',0.0000,1),
(988,'default','MSH10-32-Blue',100.0000,1),
(989,'default','MSH10-32-Green',100.0000,1),
(990,'default','MSH10-32-Purple',100.0000,1),
(991,'default','MSH10-33-Blue',100.0000,1),
(992,'default','MSH10-33-Green',100.0000,1),
(993,'default','MSH10-33-Purple',100.0000,1),
(994,'default','MSH10-34-Blue',100.0000,1),
(995,'default','MSH10-34-Green',100.0000,1),
(996,'default','MSH10-34-Purple',100.0000,1),
(997,'default','MSH10-36-Blue',100.0000,1),
(998,'default','MSH10-36-Green',100.0000,1),
(999,'default','MSH10-36-Purple',100.0000,1),
(1000,'default','MSH10',0.0000,1),
(1001,'default','MSH11-32-Black',100.0000,1),
(1002,'default','MSH11-32-Blue',100.0000,1),
(1003,'default','MSH11-32-Red',100.0000,1),
(1004,'default','MSH11-33-Black',100.0000,1),
(1005,'default','MSH11-33-Blue',100.0000,1),
(1006,'default','MSH11-33-Red',100.0000,1),
(1007,'default','MSH11-34-Black',100.0000,1),
(1008,'default','MSH11-34-Blue',100.0000,1),
(1009,'default','MSH11-34-Red',100.0000,1),
(1010,'default','MSH11-36-Black',100.0000,1),
(1011,'default','MSH11-36-Blue',100.0000,1),
(1012,'default','MSH11-36-Red',100.0000,1),
(1013,'default','MSH11',0.0000,1),
(1014,'default','MSH12-32-Black',100.0000,1),
(1015,'default','MSH12-32-Gray',100.0000,1),
(1016,'default','MSH12-32-Red',100.0000,1),
(1017,'default','MSH12-33-Black',100.0000,1),
(1018,'default','MSH12-33-Gray',100.0000,1),
(1019,'default','MSH12-33-Red',100.0000,1),
(1020,'default','MSH12-34-Black',100.0000,1),
(1021,'default','MSH12-34-Gray',100.0000,1),
(1022,'default','MSH12-34-Red',100.0000,1),
(1023,'default','MSH12-36-Black',100.0000,1),
(1024,'default','MSH12-36-Gray',100.0000,1),
(1025,'default','MSH12-36-Red',100.0000,1),
(1026,'default','MSH12',0.0000,1),
(1027,'default','WH01-XS-Green',100.0000,1),
(1028,'default','WH01-XS-Orange',100.0000,1),
(1029,'default','WH01-XS-Purple',100.0000,1),
(1030,'default','WH01-S-Green',100.0000,1),
(1031,'default','WH01-S-Orange',100.0000,1),
(1032,'default','WH01-S-Purple',100.0000,1),
(1033,'default','WH01-M-Green',100.0000,1),
(1034,'default','WH01-M-Orange',100.0000,1),
(1035,'default','WH01-M-Purple',100.0000,1),
(1036,'default','WH01-L-Green',100.0000,1),
(1037,'default','WH01-L-Orange',100.0000,1),
(1038,'default','WH01-L-Purple',100.0000,1),
(1039,'default','WH01-XL-Green',100.0000,1),
(1040,'default','WH01-XL-Orange',100.0000,1),
(1041,'default','WH01-XL-Purple',100.0000,1),
(1042,'default','WH01',0.0000,1),
(1043,'default','WH02-XS-Blue',100.0000,1),
(1044,'default','WH02-XS-Green',100.0000,1),
(1045,'default','WH02-XS-Orange',100.0000,1),
(1046,'default','WH02-S-Blue',100.0000,1),
(1047,'default','WH02-S-Green',100.0000,1),
(1048,'default','WH02-S-Orange',100.0000,1),
(1049,'default','WH02-M-Blue',100.0000,1),
(1050,'default','WH02-M-Green',100.0000,1),
(1051,'default','WH02-M-Orange',100.0000,1),
(1052,'default','WH02-L-Blue',100.0000,1),
(1053,'default','WH02-L-Green',100.0000,1),
(1054,'default','WH02-L-Orange',100.0000,1),
(1055,'default','WH02-XL-Blue',100.0000,1),
(1056,'default','WH02-XL-Green',100.0000,1),
(1057,'default','WH02-XL-Orange',100.0000,1),
(1058,'default','WH02',0.0000,1),
(1059,'default','WH03-XS-Green',100.0000,1),
(1060,'default','WH03-XS-Purple',100.0000,1),
(1061,'default','WH03-XS-Red',100.0000,1),
(1062,'default','WH03-S-Green',100.0000,1),
(1063,'default','WH03-S-Purple',100.0000,1),
(1064,'default','WH03-S-Red',100.0000,1),
(1065,'default','WH03-M-Green',100.0000,1),
(1066,'default','WH03-M-Purple',100.0000,1),
(1067,'default','WH03-M-Red',100.0000,1),
(1068,'default','WH03-L-Green',100.0000,1),
(1069,'default','WH03-L-Purple',100.0000,1),
(1070,'default','WH03-L-Red',100.0000,1),
(1071,'default','WH03-XL-Green',100.0000,1),
(1072,'default','WH03-XL-Purple',100.0000,1),
(1073,'default','WH03-XL-Red',100.0000,1),
(1074,'default','WH03',0.0000,1),
(1075,'default','WH04-XS-Blue',100.0000,1),
(1076,'default','WH04-XS-Orange',100.0000,1),
(1077,'default','WH04-XS-Purple',100.0000,1),
(1078,'default','WH04-S-Blue',100.0000,1),
(1079,'default','WH04-S-Orange',100.0000,1),
(1080,'default','WH04-S-Purple',100.0000,1),
(1081,'default','WH04-M-Blue',100.0000,1),
(1082,'default','WH04-M-Orange',100.0000,1),
(1083,'default','WH04-M-Purple',100.0000,1),
(1084,'default','WH04-L-Blue',100.0000,1),
(1085,'default','WH04-L-Orange',100.0000,1),
(1086,'default','WH04-L-Purple',100.0000,1),
(1087,'default','WH04-XL-Blue',100.0000,1),
(1088,'default','WH04-XL-Orange',100.0000,1),
(1089,'default','WH04-XL-Purple',100.0000,1),
(1090,'default','WH04',0.0000,1),
(1091,'default','WH05-XS-Orange',100.0000,1),
(1092,'default','WH05-XS-Purple',100.0000,1),
(1093,'default','WH05-XS-White',100.0000,1),
(1094,'default','WH05-S-Orange',100.0000,1),
(1095,'default','WH05-S-Purple',100.0000,1),
(1096,'default','WH05-S-White',100.0000,1),
(1097,'default','WH05-M-Orange',100.0000,1),
(1098,'default','WH05-M-Purple',100.0000,1),
(1099,'default','WH05-M-White',100.0000,1),
(1100,'default','WH05-L-Orange',100.0000,1),
(1101,'default','WH05-L-Purple',100.0000,1),
(1102,'default','WH05-L-White',100.0000,1),
(1103,'default','WH05-XL-Orange',100.0000,1),
(1104,'default','WH05-XL-Purple',100.0000,1),
(1105,'default','WH05-XL-White',100.0000,1),
(1106,'default','WH05',0.0000,1),
(1107,'default','WH06-XS-Purple',100.0000,1),
(1108,'default','WH06-S-Purple',100.0000,1),
(1109,'default','WH06-M-Purple',100.0000,1),
(1110,'default','WH06-L-Purple',100.0000,1),
(1111,'default','WH06-XL-Purple',100.0000,1),
(1112,'default','WH06',0.0000,1),
(1113,'default','WH07-XS-Gray',100.0000,1),
(1114,'default','WH07-XS-Purple',100.0000,1),
(1115,'default','WH07-XS-White',100.0000,1),
(1116,'default','WH07-S-Gray',100.0000,1),
(1117,'default','WH07-S-Purple',100.0000,1),
(1118,'default','WH07-S-White',100.0000,1),
(1119,'default','WH07-M-Gray',100.0000,1),
(1120,'default','WH07-M-Purple',100.0000,1),
(1121,'default','WH07-M-White',100.0000,1),
(1122,'default','WH07-L-Gray',100.0000,1),
(1123,'default','WH07-L-Purple',100.0000,1),
(1124,'default','WH07-L-White',100.0000,1),
(1125,'default','WH07-XL-Gray',100.0000,1),
(1126,'default','WH07-XL-Purple',100.0000,1),
(1127,'default','WH07-XL-White',100.0000,1),
(1128,'default','WH07',0.0000,1),
(1129,'default','WH08-XS-Orange',100.0000,1),
(1130,'default','WH08-XS-Purple',100.0000,1),
(1131,'default','WH08-XS-White',100.0000,1),
(1132,'default','WH08-S-Orange',100.0000,1),
(1133,'default','WH08-S-Purple',100.0000,1),
(1134,'default','WH08-S-White',100.0000,1),
(1135,'default','WH08-M-Orange',100.0000,1),
(1136,'default','WH08-M-Purple',100.0000,1),
(1137,'default','WH08-M-White',100.0000,1),
(1138,'default','WH08-L-Orange',100.0000,1),
(1139,'default','WH08-L-Purple',100.0000,1),
(1140,'default','WH08-L-White',100.0000,1),
(1141,'default','WH08-XL-Orange',100.0000,1),
(1142,'default','WH08-XL-Purple',100.0000,1),
(1143,'default','WH08-XL-White',100.0000,1),
(1144,'default','WH08',0.0000,1),
(1145,'default','WH09-XS-Green',100.0000,1),
(1146,'default','WH09-XS-Purple',100.0000,1),
(1147,'default','WH09-XS-Red',100.0000,1),
(1148,'default','WH09-S-Green',100.0000,1),
(1149,'default','WH09-S-Purple',100.0000,1),
(1150,'default','WH09-S-Red',100.0000,1),
(1151,'default','WH09-M-Green',100.0000,1),
(1152,'default','WH09-M-Purple',100.0000,1),
(1153,'default','WH09-M-Red',100.0000,1),
(1154,'default','WH09-L-Green',100.0000,1),
(1155,'default','WH09-L-Purple',100.0000,1),
(1156,'default','WH09-L-Red',100.0000,1),
(1157,'default','WH09-XL-Green',100.0000,1),
(1158,'default','WH09-XL-Purple',100.0000,1),
(1159,'default','WH09-XL-Red',100.0000,1),
(1160,'default','WH09',0.0000,1),
(1161,'default','WH10-XS-Blue',100.0000,1),
(1162,'default','WH10-XS-Gray',100.0000,1),
(1163,'default','WH10-XS-Yellow',100.0000,1),
(1164,'default','WH10-S-Blue',100.0000,1),
(1165,'default','WH10-S-Gray',100.0000,1),
(1166,'default','WH10-S-Yellow',100.0000,1),
(1167,'default','WH10-M-Blue',100.0000,1),
(1168,'default','WH10-M-Gray',100.0000,1),
(1169,'default','WH10-M-Yellow',100.0000,1),
(1170,'default','WH10-L-Blue',100.0000,1),
(1171,'default','WH10-L-Gray',100.0000,1),
(1172,'default','WH10-L-Yellow',100.0000,1),
(1173,'default','WH10-XL-Blue',100.0000,1),
(1174,'default','WH10-XL-Gray',100.0000,1),
(1175,'default','WH10-XL-Yellow',100.0000,1),
(1176,'default','WH10',0.0000,1),
(1177,'default','WH11-XS-Blue',100.0000,1),
(1178,'default','WH11-XS-Green',100.0000,1),
(1179,'default','WH11-XS-Orange',100.0000,1),
(1180,'default','WH11-S-Blue',100.0000,1),
(1181,'default','WH11-S-Green',100.0000,1),
(1182,'default','WH11-S-Orange',100.0000,1),
(1183,'default','WH11-M-Blue',100.0000,1),
(1184,'default','WH11-M-Green',100.0000,1),
(1185,'default','WH11-M-Orange',100.0000,1),
(1186,'default','WH11-L-Blue',100.0000,1),
(1187,'default','WH11-L-Green',100.0000,1),
(1188,'default','WH11-L-Orange',100.0000,1),
(1189,'default','WH11-XL-Blue',100.0000,1),
(1190,'default','WH11-XL-Green',100.0000,1),
(1191,'default','WH11-XL-Orange',100.0000,1),
(1192,'default','WH11',0.0000,1),
(1193,'default','WH12-XS-Gray',100.0000,1),
(1194,'default','WH12-XS-Green',100.0000,1),
(1195,'default','WH12-XS-Purple',100.0000,1),
(1196,'default','WH12-S-Gray',100.0000,1),
(1197,'default','WH12-S-Green',100.0000,1),
(1198,'default','WH12-S-Purple',100.0000,1),
(1199,'default','WH12-M-Gray',100.0000,1),
(1200,'default','WH12-M-Green',100.0000,1),
(1201,'default','WH12-M-Purple',100.0000,1),
(1202,'default','WH12-L-Gray',100.0000,1),
(1203,'default','WH12-L-Green',100.0000,1),
(1204,'default','WH12-L-Purple',100.0000,1),
(1205,'default','WH12-XL-Gray',100.0000,1),
(1206,'default','WH12-XL-Green',100.0000,1),
(1207,'default','WH12-XL-Purple',100.0000,1),
(1208,'default','WH12',0.0000,1),
(1209,'default','WJ01-S-Blue',100.0000,1),
(1210,'default','WJ01-S-Red',100.0000,1),
(1211,'default','WJ01-S-Yellow',100.0000,1),
(1212,'default','WJ01-M-Blue',100.0000,1),
(1213,'default','WJ01-M-Red',100.0000,1),
(1214,'default','WJ01-M-Yellow',100.0000,1),
(1215,'default','WJ01-L-Blue',100.0000,1),
(1216,'default','WJ01-L-Red',100.0000,1),
(1217,'default','WJ01-L-Yellow',100.0000,1),
(1218,'default','WJ01',0.0000,1),
(1219,'default','WJ02-XS-Black',100.0000,1),
(1220,'default','WJ02-XS-Blue',100.0000,1),
(1221,'default','WJ02-XS-Gray',100.0000,1),
(1222,'default','WJ02-S-Black',100.0000,1),
(1223,'default','WJ02-S-Blue',100.0000,1),
(1224,'default','WJ02-S-Gray',100.0000,1),
(1225,'default','WJ02-M-Black',100.0000,1),
(1226,'default','WJ02-M-Blue',100.0000,1),
(1227,'default','WJ02-M-Gray',100.0000,1),
(1228,'default','WJ02-L-Black',100.0000,1),
(1229,'default','WJ02-L-Blue',100.0000,1),
(1230,'default','WJ02-L-Gray',100.0000,1),
(1231,'default','WJ02-XL-Black',100.0000,1),
(1232,'default','WJ02-XL-Blue',100.0000,1),
(1233,'default','WJ02-XL-Gray',100.0000,1),
(1234,'default','WJ02',0.0000,1),
(1235,'default','WJ03-XS-Blue',100.0000,1),
(1236,'default','WJ03-XS-Orange',100.0000,1),
(1237,'default','WJ03-XS-Red',100.0000,1),
(1238,'default','WJ03-S-Blue',100.0000,1),
(1239,'default','WJ03-S-Orange',100.0000,1),
(1240,'default','WJ03-S-Red',100.0000,1),
(1241,'default','WJ03-M-Blue',100.0000,1),
(1242,'default','WJ03-M-Orange',100.0000,1),
(1243,'default','WJ03-M-Red',100.0000,1),
(1244,'default','WJ03-L-Blue',100.0000,1),
(1245,'default','WJ03-L-Orange',100.0000,1),
(1246,'default','WJ03-L-Red',100.0000,1),
(1247,'default','WJ03-XL-Blue',100.0000,1),
(1248,'default','WJ03-XL-Orange',100.0000,1),
(1249,'default','WJ03-XL-Red',100.0000,1),
(1250,'default','WJ03',0.0000,1),
(1251,'default','WJ04-XS-Orange',100.0000,1),
(1252,'default','WJ04-XS-Red',100.0000,1),
(1253,'default','WJ04-XS-White',100.0000,1),
(1254,'default','WJ04-S-Orange',100.0000,1),
(1255,'default','WJ04-S-Red',100.0000,1),
(1256,'default','WJ04-S-White',100.0000,1),
(1257,'default','WJ04-M-Orange',100.0000,1),
(1258,'default','WJ04-M-Red',100.0000,1),
(1259,'default','WJ04-M-White',100.0000,1),
(1260,'default','WJ04-L-Orange',100.0000,1),
(1261,'default','WJ04-L-Red',100.0000,1),
(1262,'default','WJ04-L-White',100.0000,1),
(1263,'default','WJ04-XL-Orange',100.0000,1),
(1264,'default','WJ04-XL-Red',100.0000,1),
(1265,'default','WJ04-XL-White',100.0000,1),
(1266,'default','WJ04',0.0000,1),
(1267,'default','WJ05-XS-Brown',100.0000,1),
(1268,'default','WJ05-XS-Green',100.0000,1),
(1269,'default','WJ05-XS-Red',100.0000,1),
(1270,'default','WJ05-S-Brown',100.0000,1),
(1271,'default','WJ05-S-Green',100.0000,1),
(1272,'default','WJ05-S-Red',100.0000,1),
(1273,'default','WJ05-M-Brown',100.0000,1),
(1274,'default','WJ05-M-Green',100.0000,1),
(1275,'default','WJ05-M-Red',100.0000,1),
(1276,'default','WJ05-L-Brown',100.0000,1),
(1277,'default','WJ05-L-Green',100.0000,1),
(1278,'default','WJ05-L-Red',100.0000,1),
(1279,'default','WJ05-XL-Brown',100.0000,1),
(1280,'default','WJ05-XL-Green',100.0000,1),
(1281,'default','WJ05-XL-Red',100.0000,1),
(1282,'default','WJ05',0.0000,1),
(1283,'default','WJ07-XS-Orange',100.0000,1),
(1284,'default','WJ07-XS-Purple',100.0000,1),
(1285,'default','WJ07-XS-Red',100.0000,1),
(1286,'default','WJ07-S-Orange',100.0000,1),
(1287,'default','WJ07-S-Purple',100.0000,1),
(1288,'default','WJ07-S-Red',100.0000,1),
(1289,'default','WJ07-M-Orange',100.0000,1),
(1290,'default','WJ07-M-Purple',100.0000,1),
(1291,'default','WJ07-M-Red',100.0000,1),
(1292,'default','WJ07-L-Orange',100.0000,1),
(1293,'default','WJ07-L-Purple',100.0000,1),
(1294,'default','WJ07-L-Red',100.0000,1),
(1295,'default','WJ07-XL-Orange',100.0000,1),
(1296,'default','WJ07-XL-Purple',100.0000,1),
(1297,'default','WJ07-XL-Red',100.0000,1),
(1298,'default','WJ07',0.0000,1),
(1299,'default','WJ08-XS-Gray',100.0000,1),
(1300,'default','WJ08-XS-Orange',100.0000,1),
(1301,'default','WJ08-XS-Purple',100.0000,1),
(1302,'default','WJ08-S-Gray',100.0000,1),
(1303,'default','WJ08-S-Orange',100.0000,1),
(1304,'default','WJ08-S-Purple',100.0000,1),
(1305,'default','WJ08-M-Gray',100.0000,1),
(1306,'default','WJ08-M-Orange',100.0000,1),
(1307,'default','WJ08-M-Purple',100.0000,1),
(1308,'default','WJ08-L-Gray',100.0000,1),
(1309,'default','WJ08-L-Orange',100.0000,1),
(1310,'default','WJ08-L-Purple',100.0000,1),
(1311,'default','WJ08-XL-Gray',100.0000,1),
(1312,'default','WJ08-XL-Orange',100.0000,1),
(1313,'default','WJ08-XL-Purple',100.0000,1),
(1314,'default','WJ08',0.0000,1),
(1315,'default','WJ09-XS-Blue',100.0000,1),
(1316,'default','WJ09-XS-Gray',100.0000,1),
(1317,'default','WJ09-XS-Green',100.0000,1),
(1318,'default','WJ09-S-Blue',100.0000,1),
(1319,'default','WJ09-S-Gray',100.0000,1),
(1320,'default','WJ09-S-Green',100.0000,1),
(1321,'default','WJ09-M-Blue',100.0000,1),
(1322,'default','WJ09-M-Gray',100.0000,1),
(1323,'default','WJ09-M-Green',100.0000,1),
(1324,'default','WJ09-L-Blue',100.0000,1),
(1325,'default','WJ09-L-Gray',100.0000,1),
(1326,'default','WJ09-L-Green',100.0000,1),
(1327,'default','WJ09-XL-Blue',100.0000,1),
(1328,'default','WJ09-XL-Gray',100.0000,1),
(1329,'default','WJ09-XL-Green',100.0000,1),
(1330,'default','WJ09',0.0000,1),
(1331,'default','WJ10-XS-Black',100.0000,1),
(1332,'default','WJ10-XS-Orange',100.0000,1),
(1333,'default','WJ10-XS-Yellow',100.0000,1),
(1334,'default','WJ10-S-Black',100.0000,1),
(1335,'default','WJ10-S-Orange',100.0000,1),
(1336,'default','WJ10-S-Yellow',100.0000,1),
(1337,'default','WJ10-M-Black',100.0000,1),
(1338,'default','WJ10-M-Orange',100.0000,1),
(1339,'default','WJ10-M-Yellow',100.0000,1),
(1340,'default','WJ10-L-Black',100.0000,1),
(1341,'default','WJ10-L-Orange',100.0000,1),
(1342,'default','WJ10-L-Yellow',100.0000,1),
(1343,'default','WJ10-XL-Black',100.0000,1),
(1344,'default','WJ10-XL-Orange',100.0000,1),
(1345,'default','WJ10-XL-Yellow',100.0000,1),
(1346,'default','WJ10',0.0000,1),
(1347,'default','WJ11-XS-Black',100.0000,1),
(1348,'default','WJ11-XS-Blue',100.0000,1),
(1349,'default','WJ11-XS-Orange',100.0000,1),
(1350,'default','WJ11-S-Black',100.0000,1),
(1351,'default','WJ11-S-Blue',100.0000,1),
(1352,'default','WJ11-S-Orange',100.0000,1),
(1353,'default','WJ11-M-Black',100.0000,1),
(1354,'default','WJ11-M-Blue',100.0000,1),
(1355,'default','WJ11-M-Orange',100.0000,1),
(1356,'default','WJ11-L-Black',100.0000,1),
(1357,'default','WJ11-L-Blue',100.0000,1),
(1358,'default','WJ11-L-Orange',100.0000,1),
(1359,'default','WJ11-XL-Black',100.0000,1),
(1360,'default','WJ11-XL-Blue',100.0000,1),
(1361,'default','WJ11-XL-Orange',100.0000,1),
(1362,'default','WJ11',0.0000,1),
(1363,'default','WJ06-XS-Blue',100.0000,1),
(1364,'default','WJ06-XS-Green',100.0000,1),
(1365,'default','WJ06-XS-Purple',100.0000,1),
(1366,'default','WJ06-S-Blue',100.0000,1),
(1367,'default','WJ06-S-Green',100.0000,1),
(1368,'default','WJ06-S-Purple',100.0000,1),
(1369,'default','WJ06-M-Blue',100.0000,1),
(1370,'default','WJ06-M-Green',100.0000,1),
(1371,'default','WJ06-M-Purple',100.0000,1),
(1372,'default','WJ06-L-Blue',100.0000,1),
(1373,'default','WJ06-L-Green',100.0000,1),
(1374,'default','WJ06-L-Purple',100.0000,1),
(1375,'default','WJ06-XL-Blue',100.0000,1),
(1376,'default','WJ06-XL-Green',100.0000,1),
(1377,'default','WJ06-XL-Purple',100.0000,1),
(1378,'default','WJ06',0.0000,1),
(1379,'default','WJ12-XS-Black',100.0000,1),
(1380,'default','WJ12-XS-Blue',100.0000,1),
(1381,'default','WJ12-XS-Purple',100.0000,1),
(1382,'default','WJ12-S-Black',100.0000,1),
(1383,'default','WJ12-S-Blue',100.0000,1),
(1384,'default','WJ12-S-Purple',100.0000,1),
(1385,'default','WJ12-M-Black',100.0000,1),
(1386,'default','WJ12-M-Blue',100.0000,1),
(1387,'default','WJ12-M-Purple',100.0000,1),
(1388,'default','WJ12-L-Black',100.0000,1),
(1389,'default','WJ12-L-Blue',100.0000,1),
(1390,'default','WJ12-L-Purple',100.0000,1),
(1391,'default','WJ12-XL-Black',100.0000,1),
(1392,'default','WJ12-XL-Blue',100.0000,1),
(1393,'default','WJ12-XL-Purple',100.0000,1),
(1394,'default','WJ12',0.0000,1),
(1395,'default','WS02-XS-Blue',100.0000,1),
(1396,'default','WS02-XS-Green',100.0000,1),
(1397,'default','WS02-XS-Red',100.0000,1),
(1398,'default','WS02-S-Blue',100.0000,1),
(1399,'default','WS02-S-Green',100.0000,1),
(1400,'default','WS02-S-Red',100.0000,1),
(1401,'default','WS02-M-Blue',100.0000,1),
(1402,'default','WS02-M-Green',100.0000,1),
(1403,'default','WS02-M-Red',100.0000,1),
(1404,'default','WS02-L-Blue',100.0000,1),
(1405,'default','WS02-L-Green',100.0000,1),
(1406,'default','WS02-L-Red',100.0000,1),
(1407,'default','WS02-XL-Blue',100.0000,1),
(1408,'default','WS02-XL-Green',100.0000,1),
(1409,'default','WS02-XL-Red',100.0000,1),
(1410,'default','WS02',0.0000,1),
(1411,'default','WS03-XS-Blue',100.0000,1),
(1412,'default','WS03-XS-Green',100.0000,1),
(1413,'default','WS03-XS-Red',99.0000,1),
(1414,'default','WS03-S-Blue',100.0000,1),
(1415,'default','WS03-S-Green',100.0000,1),
(1416,'default','WS03-S-Red',100.0000,1),
(1417,'default','WS03-M-Blue',100.0000,1),
(1418,'default','WS03-M-Green',100.0000,1),
(1419,'default','WS03-M-Red',100.0000,1),
(1420,'default','WS03-L-Blue',100.0000,1),
(1421,'default','WS03-L-Green',100.0000,1),
(1422,'default','WS03-L-Red',100.0000,1),
(1423,'default','WS03-XL-Blue',100.0000,1),
(1424,'default','WS03-XL-Green',100.0000,1),
(1425,'default','WS03-XL-Red',100.0000,1),
(1426,'default','WS03',0.0000,1),
(1427,'default','WS04-XS-Blue',100.0000,1),
(1428,'default','WS04-XS-Green',100.0000,1),
(1429,'default','WS04-XS-Red',100.0000,1),
(1430,'default','WS04-S-Blue',100.0000,1),
(1431,'default','WS04-S-Green',100.0000,1),
(1432,'default','WS04-S-Red',100.0000,1),
(1433,'default','WS04-M-Blue',100.0000,1),
(1434,'default','WS04-M-Green',100.0000,1),
(1435,'default','WS04-M-Red',100.0000,1),
(1436,'default','WS04-L-Blue',100.0000,1),
(1437,'default','WS04-L-Green',100.0000,1),
(1438,'default','WS04-L-Red',100.0000,1),
(1439,'default','WS04-XL-Blue',100.0000,1),
(1440,'default','WS04-XL-Green',100.0000,1),
(1441,'default','WS04-XL-Red',100.0000,1),
(1442,'default','WS04',0.0000,1),
(1443,'default','WS06-XS-Gray',100.0000,1),
(1444,'default','WS06-XS-Purple',100.0000,1),
(1445,'default','WS06-XS-Red',100.0000,1),
(1446,'default','WS06-S-Gray',100.0000,1),
(1447,'default','WS06-S-Purple',100.0000,1),
(1448,'default','WS06-S-Red',100.0000,1),
(1449,'default','WS06-M-Gray',100.0000,1),
(1450,'default','WS06-M-Purple',100.0000,1),
(1451,'default','WS06-M-Red',100.0000,1),
(1452,'default','WS06-L-Gray',100.0000,1),
(1453,'default','WS06-L-Purple',100.0000,1),
(1454,'default','WS06-L-Red',100.0000,1),
(1455,'default','WS06-XL-Gray',100.0000,1),
(1456,'default','WS06-XL-Purple',100.0000,1),
(1457,'default','WS06-XL-Red',100.0000,1),
(1458,'default','WS06',0.0000,1),
(1459,'default','WS07-XS-Black',100.0000,1),
(1460,'default','WS07-XS-White',100.0000,1),
(1461,'default','WS07-XS-Yellow',100.0000,1),
(1462,'default','WS07-S-Black',100.0000,1),
(1463,'default','WS07-S-White',100.0000,1),
(1464,'default','WS07-S-Yellow',100.0000,1),
(1465,'default','WS07-M-Black',100.0000,1),
(1466,'default','WS07-M-White',100.0000,1),
(1467,'default','WS07-M-Yellow',100.0000,1),
(1468,'default','WS07-L-Black',100.0000,1),
(1469,'default','WS07-L-White',100.0000,1),
(1470,'default','WS07-L-Yellow',100.0000,1),
(1471,'default','WS07-XL-Black',100.0000,1),
(1472,'default','WS07-XL-White',100.0000,1),
(1473,'default','WS07-XL-Yellow',100.0000,1),
(1474,'default','WS07',0.0000,1),
(1475,'default','WS08-XS-Black',100.0000,1),
(1476,'default','WS08-XS-Blue',99.0000,1),
(1477,'default','WS08-XS-Red',100.0000,1),
(1478,'default','WS08-S-Black',100.0000,1),
(1479,'default','WS08-S-Blue',100.0000,1),
(1480,'default','WS08-S-Red',100.0000,1),
(1481,'default','WS08-M-Black',100.0000,1),
(1482,'default','WS08-M-Blue',100.0000,1),
(1483,'default','WS08-M-Red',100.0000,1),
(1484,'default','WS08-L-Black',100.0000,1),
(1485,'default','WS08-L-Blue',100.0000,1),
(1486,'default','WS08-L-Red',100.0000,1),
(1487,'default','WS08-XL-Black',100.0000,1),
(1488,'default','WS08-XL-Blue',100.0000,1),
(1489,'default','WS08-XL-Red',100.0000,1),
(1490,'default','WS08',0.0000,1),
(1491,'default','WS09-XS-Blue',100.0000,1),
(1492,'default','WS09-XS-Red',100.0000,1),
(1493,'default','WS09-XS-White',100.0000,1),
(1494,'default','WS09-S-Blue',100.0000,1),
(1495,'default','WS09-S-Red',100.0000,1),
(1496,'default','WS09-S-White',100.0000,1),
(1497,'default','WS09-M-Blue',100.0000,1),
(1498,'default','WS09-M-Red',100.0000,1),
(1499,'default','WS09-M-White',100.0000,1),
(1500,'default','WS09-L-Blue',100.0000,1),
(1501,'default','WS09-L-Red',100.0000,1),
(1502,'default','WS09-L-White',100.0000,1),
(1503,'default','WS09-XL-Blue',100.0000,1),
(1504,'default','WS09-XL-Red',100.0000,1),
(1505,'default','WS09-XL-White',100.0000,1),
(1506,'default','WS09',0.0000,1),
(1507,'default','WS10-XS-Green',100.0000,1),
(1508,'default','WS10-XS-Red',100.0000,1),
(1509,'default','WS10-XS-Yellow',100.0000,1),
(1510,'default','WS10-S-Green',100.0000,1),
(1511,'default','WS10-S-Red',100.0000,1),
(1512,'default','WS10-S-Yellow',100.0000,1),
(1513,'default','WS10-M-Green',100.0000,1),
(1514,'default','WS10-M-Red',100.0000,1),
(1515,'default','WS10-M-Yellow',100.0000,1),
(1516,'default','WS10-L-Green',100.0000,1),
(1517,'default','WS10-L-Red',100.0000,1),
(1518,'default','WS10-L-Yellow',100.0000,1),
(1519,'default','WS10-XL-Green',100.0000,1),
(1520,'default','WS10-XL-Red',100.0000,1),
(1521,'default','WS10-XL-Yellow',100.0000,1),
(1522,'default','WS10',0.0000,1),
(1523,'default','WS11-XS-Green',100.0000,1),
(1524,'default','WS11-XS-Orange',100.0000,1),
(1525,'default','WS11-XS-Yellow',100.0000,1),
(1526,'default','WS11-S-Green',100.0000,1),
(1527,'default','WS11-S-Orange',100.0000,1),
(1528,'default','WS11-S-Yellow',100.0000,1),
(1529,'default','WS11-M-Green',100.0000,1),
(1530,'default','WS11-M-Orange',100.0000,1),
(1531,'default','WS11-M-Yellow',100.0000,1),
(1532,'default','WS11-L-Green',100.0000,1),
(1533,'default','WS11-L-Orange',100.0000,1),
(1534,'default','WS11-L-Yellow',100.0000,1),
(1535,'default','WS11-XL-Green',100.0000,1),
(1536,'default','WS11-XL-Orange',100.0000,1),
(1537,'default','WS11-XL-Yellow',100.0000,1),
(1538,'default','WS11',0.0000,1),
(1539,'default','WS12-XS-Blue',100.0000,1),
(1540,'default','WS12-XS-Orange',100.0000,1),
(1541,'default','WS12-XS-Purple',100.0000,1),
(1542,'default','WS12-S-Blue',100.0000,1),
(1543,'default','WS12-S-Orange',100.0000,1),
(1544,'default','WS12-S-Purple',100.0000,1),
(1545,'default','WS12-M-Blue',100.0000,1),
(1546,'default','WS12-M-Orange',100.0000,1),
(1547,'default','WS12-M-Purple',100.0000,1),
(1548,'default','WS12-L-Blue',100.0000,1),
(1549,'default','WS12-L-Orange',100.0000,1),
(1550,'default','WS12-L-Purple',100.0000,1),
(1551,'default','WS12-XL-Blue',100.0000,1),
(1552,'default','WS12-XL-Orange',100.0000,1),
(1553,'default','WS12-XL-Purple',100.0000,1),
(1554,'default','WS12',0.0000,1),
(1555,'default','WS01-XS-Black',100.0000,1),
(1556,'default','WS01-XS-Green',100.0000,1),
(1557,'default','WS01-XS-Yellow',100.0000,1),
(1558,'default','WS01-S-Black',100.0000,1),
(1559,'default','WS01-S-Green',100.0000,1),
(1560,'default','WS01-S-Yellow',100.0000,1),
(1561,'default','WS01-M-Black',100.0000,1),
(1562,'default','WS01-M-Green',100.0000,1),
(1563,'default','WS01-M-Yellow',100.0000,1),
(1564,'default','WS01-L-Black',100.0000,1),
(1565,'default','WS01-L-Green',100.0000,1),
(1566,'default','WS01-L-Yellow',100.0000,1),
(1567,'default','WS01-XL-Black',100.0000,1),
(1568,'default','WS01-XL-Green',100.0000,1),
(1569,'default','WS01-XL-Yellow',100.0000,1),
(1570,'default','WS01',0.0000,1),
(1571,'default','WS05-XS-Black',100.0000,1),
(1572,'default','WS05-XS-Orange',100.0000,1),
(1573,'default','WS05-XS-Yellow',100.0000,1),
(1574,'default','WS05-S-Black',100.0000,1),
(1575,'default','WS05-S-Orange',100.0000,1),
(1576,'default','WS05-S-Yellow',100.0000,1),
(1577,'default','WS05-M-Black',100.0000,1),
(1578,'default','WS05-M-Orange',100.0000,1),
(1579,'default','WS05-M-Yellow',100.0000,1),
(1580,'default','WS05-L-Black',100.0000,1),
(1581,'default','WS05-L-Orange',100.0000,1),
(1582,'default','WS05-L-Yellow',100.0000,1),
(1583,'default','WS05-XL-Black',100.0000,1),
(1584,'default','WS05-XL-Orange',100.0000,1),
(1585,'default','WS05-XL-Yellow',100.0000,1),
(1586,'default','WS05',0.0000,1),
(1587,'default','WB01-XS-Black',100.0000,1),
(1588,'default','WB01-XS-Gray',100.0000,1),
(1589,'default','WB01-XS-Purple',100.0000,1),
(1590,'default','WB01-S-Black',100.0000,1),
(1591,'default','WB01-S-Gray',100.0000,1),
(1592,'default','WB01-S-Purple',100.0000,1),
(1593,'default','WB01-M-Black',100.0000,1),
(1594,'default','WB01-M-Gray',100.0000,1),
(1595,'default','WB01-M-Purple',100.0000,1),
(1596,'default','WB01-L-Black',100.0000,1),
(1597,'default','WB01-L-Gray',100.0000,1),
(1598,'default','WB01-L-Purple',100.0000,1),
(1599,'default','WB01-XL-Black',100.0000,1),
(1600,'default','WB01-XL-Gray',100.0000,1),
(1601,'default','WB01-XL-Purple',100.0000,1),
(1602,'default','WB01',0.0000,1),
(1603,'default','WB02-XS-Blue',100.0000,1),
(1604,'default','WB02-XS-Orange',100.0000,1),
(1605,'default','WB02-XS-Yellow',100.0000,1),
(1606,'default','WB02-S-Blue',100.0000,1),
(1607,'default','WB02-S-Orange',100.0000,1),
(1608,'default','WB02-S-Yellow',100.0000,1),
(1609,'default','WB02-M-Blue',100.0000,1),
(1610,'default','WB02-M-Orange',100.0000,1),
(1611,'default','WB02-M-Yellow',100.0000,1),
(1612,'default','WB02-L-Blue',100.0000,1),
(1613,'default','WB02-L-Orange',100.0000,1),
(1614,'default','WB02-L-Yellow',100.0000,1),
(1615,'default','WB02-XL-Blue',100.0000,1),
(1616,'default','WB02-XL-Orange',100.0000,1),
(1617,'default','WB02-XL-Yellow',100.0000,1),
(1618,'default','WB02',0.0000,1),
(1619,'default','WB03-XS-Green',100.0000,1),
(1620,'default','WB03-XS-Red',100.0000,1),
(1621,'default','WB03-XS-Yellow',100.0000,1),
(1622,'default','WB03-S-Green',100.0000,1),
(1623,'default','WB03-S-Red',100.0000,1),
(1624,'default','WB03-S-Yellow',100.0000,1),
(1625,'default','WB03-M-Green',100.0000,1),
(1626,'default','WB03-M-Red',100.0000,1),
(1627,'default','WB03-M-Yellow',100.0000,1),
(1628,'default','WB03-L-Green',100.0000,1),
(1629,'default','WB03-L-Red',100.0000,1),
(1630,'default','WB03-L-Yellow',100.0000,1),
(1631,'default','WB03-XL-Green',100.0000,1),
(1632,'default','WB03-XL-Red',100.0000,1),
(1633,'default','WB03-XL-Yellow',100.0000,1),
(1634,'default','WB03',0.0000,1),
(1635,'default','WB04-XS-Blue',100.0000,1),
(1636,'default','WB04-XS-Purple',100.0000,1),
(1637,'default','WB04-XS-Yellow',100.0000,1),
(1638,'default','WB04-S-Blue',100.0000,1),
(1639,'default','WB04-S-Purple',100.0000,1),
(1640,'default','WB04-S-Yellow',100.0000,1),
(1641,'default','WB04-M-Blue',100.0000,1),
(1642,'default','WB04-M-Purple',100.0000,1),
(1643,'default','WB04-M-Yellow',100.0000,1),
(1644,'default','WB04-L-Blue',100.0000,1),
(1645,'default','WB04-L-Purple',100.0000,1),
(1646,'default','WB04-L-Yellow',100.0000,1),
(1647,'default','WB04-XL-Blue',100.0000,1),
(1648,'default','WB04-XL-Purple',100.0000,1),
(1649,'default','WB04-XL-Yellow',100.0000,1),
(1650,'default','WB04',0.0000,1),
(1651,'default','WB05-XS-Black',100.0000,1),
(1652,'default','WB05-XS-Orange',100.0000,1),
(1653,'default','WB05-XS-Purple',100.0000,1),
(1654,'default','WB05-S-Black',100.0000,1),
(1655,'default','WB05-S-Orange',100.0000,1),
(1656,'default','WB05-S-Purple',100.0000,1),
(1657,'default','WB05-M-Black',100.0000,1),
(1658,'default','WB05-M-Orange',100.0000,1),
(1659,'default','WB05-M-Purple',100.0000,1),
(1660,'default','WB05-L-Black',100.0000,1),
(1661,'default','WB05-L-Orange',100.0000,1),
(1662,'default','WB05-L-Purple',100.0000,1),
(1663,'default','WB05-XL-Black',100.0000,1),
(1664,'default','WB05-XL-Orange',100.0000,1),
(1665,'default','WB05-XL-Purple',100.0000,1),
(1666,'default','WB05',0.0000,1),
(1667,'default','WT01-XS-Black',100.0000,1),
(1668,'default','WT01-XS-Blue',100.0000,1),
(1669,'default','WT01-XS-Orange',100.0000,1),
(1670,'default','WT01-S-Black',100.0000,1),
(1671,'default','WT01-S-Blue',100.0000,1),
(1672,'default','WT01-S-Orange',100.0000,1),
(1673,'default','WT01-M-Black',100.0000,1),
(1674,'default','WT01-M-Blue',100.0000,1),
(1675,'default','WT01-M-Orange',100.0000,1),
(1676,'default','WT01-L-Black',100.0000,1),
(1677,'default','WT01-L-Blue',100.0000,1),
(1678,'default','WT01-L-Orange',100.0000,1),
(1679,'default','WT01-XL-Black',100.0000,1),
(1680,'default','WT01-XL-Blue',100.0000,1),
(1681,'default','WT01-XL-Orange',100.0000,1),
(1682,'default','WT01',0.0000,1),
(1683,'default','WT02-XS-Green',100.0000,1),
(1684,'default','WT02-XS-Orange',100.0000,1),
(1685,'default','WT02-XS-Yellow',100.0000,1),
(1686,'default','WT02-S-Green',100.0000,1),
(1687,'default','WT02-S-Orange',100.0000,1),
(1688,'default','WT02-S-Yellow',100.0000,1),
(1689,'default','WT02-M-Green',100.0000,1),
(1690,'default','WT02-M-Orange',100.0000,1),
(1691,'default','WT02-M-Yellow',100.0000,1),
(1692,'default','WT02-L-Green',100.0000,1),
(1693,'default','WT02-L-Orange',100.0000,1),
(1694,'default','WT02-L-Yellow',100.0000,1),
(1695,'default','WT02-XL-Green',100.0000,1),
(1696,'default','WT02-XL-Orange',100.0000,1),
(1697,'default','WT02-XL-Yellow',100.0000,1),
(1698,'default','WT02',0.0000,1),
(1699,'default','WT03-XS-Orange',100.0000,1),
(1700,'default','WT03-XS-Purple',100.0000,1),
(1701,'default','WT03-XS-Red',100.0000,1),
(1702,'default','WT03-S-Orange',100.0000,1),
(1703,'default','WT03-S-Purple',100.0000,1),
(1704,'default','WT03-S-Red',100.0000,1),
(1705,'default','WT03-M-Orange',100.0000,1),
(1706,'default','WT03-M-Purple',100.0000,1),
(1707,'default','WT03-M-Red',100.0000,1),
(1708,'default','WT03-L-Orange',100.0000,1),
(1709,'default','WT03-L-Purple',100.0000,1),
(1710,'default','WT03-L-Red',100.0000,1),
(1711,'default','WT03-XL-Orange',100.0000,1),
(1712,'default','WT03-XL-Purple',100.0000,1),
(1713,'default','WT03-XL-Red',100.0000,1),
(1714,'default','WT03',0.0000,1),
(1715,'default','WT04-XS-Blue',100.0000,1),
(1716,'default','WT04-XS-Purple',100.0000,1),
(1717,'default','WT04-XS-Red',100.0000,1),
(1718,'default','WT04-S-Blue',100.0000,1),
(1719,'default','WT04-S-Purple',100.0000,1),
(1720,'default','WT04-S-Red',100.0000,1),
(1721,'default','WT04-M-Blue',100.0000,1),
(1722,'default','WT04-M-Purple',100.0000,1),
(1723,'default','WT04-M-Red',100.0000,1),
(1724,'default','WT04-L-Blue',100.0000,1),
(1725,'default','WT04-L-Purple',100.0000,1),
(1726,'default','WT04-L-Red',100.0000,1),
(1727,'default','WT04-XL-Blue',100.0000,1),
(1728,'default','WT04-XL-Purple',100.0000,1),
(1729,'default','WT04-XL-Red',100.0000,1),
(1730,'default','WT04',0.0000,1),
(1731,'default','WT05-XS-Orange',100.0000,1),
(1732,'default','WT05-XS-Purple',100.0000,1),
(1733,'default','WT05-XS-White',100.0000,1),
(1734,'default','WT05-S-Orange',100.0000,1),
(1735,'default','WT05-S-Purple',100.0000,1),
(1736,'default','WT05-S-White',100.0000,1),
(1737,'default','WT05-M-Orange',100.0000,1),
(1738,'default','WT05-M-Purple',100.0000,1),
(1739,'default','WT05-M-White',100.0000,1),
(1740,'default','WT05-L-Orange',100.0000,1),
(1741,'default','WT05-L-Purple',100.0000,1),
(1742,'default','WT05-L-White',100.0000,1),
(1743,'default','WT05-XL-Orange',100.0000,1),
(1744,'default','WT05-XL-Purple',100.0000,1),
(1745,'default','WT05-XL-White',100.0000,1),
(1746,'default','WT05',0.0000,1),
(1747,'default','WT06-XS-Blue',100.0000,1),
(1748,'default','WT06-XS-Red',100.0000,1),
(1749,'default','WT06-XS-Yellow',100.0000,1),
(1750,'default','WT06-S-Blue',100.0000,1),
(1751,'default','WT06-S-Red',100.0000,1),
(1752,'default','WT06-S-Yellow',100.0000,1),
(1753,'default','WT06-M-Blue',100.0000,1),
(1754,'default','WT06-M-Red',100.0000,1),
(1755,'default','WT06-M-Yellow',100.0000,1),
(1756,'default','WT06-L-Blue',100.0000,1),
(1757,'default','WT06-L-Red',100.0000,1),
(1758,'default','WT06-L-Yellow',100.0000,1),
(1759,'default','WT06-XL-Blue',100.0000,1),
(1760,'default','WT06-XL-Red',100.0000,1),
(1761,'default','WT06-XL-Yellow',100.0000,1),
(1762,'default','WT06',0.0000,1),
(1763,'default','WT07-XS-Green',100.0000,1),
(1764,'default','WT07-XS-White',100.0000,1),
(1765,'default','WT07-XS-Yellow',100.0000,1),
(1766,'default','WT07-S-Green',100.0000,1),
(1767,'default','WT07-S-White',100.0000,1),
(1768,'default','WT07-S-Yellow',100.0000,1),
(1769,'default','WT07-M-Green',100.0000,1),
(1770,'default','WT07-M-White',100.0000,1),
(1771,'default','WT07-M-Yellow',100.0000,1),
(1772,'default','WT07-L-Green',100.0000,1),
(1773,'default','WT07-L-White',100.0000,1),
(1774,'default','WT07-L-Yellow',100.0000,1),
(1775,'default','WT07-XL-Green',100.0000,1),
(1776,'default','WT07-XL-White',100.0000,1),
(1777,'default','WT07-XL-Yellow',100.0000,1),
(1778,'default','WT07',0.0000,1),
(1779,'default','WT08-XS-Black',100.0000,1),
(1780,'default','WT08-XS-Purple',100.0000,1),
(1781,'default','WT08-XS-Yellow',100.0000,1),
(1782,'default','WT08-S-Black',100.0000,1),
(1783,'default','WT08-S-Purple',100.0000,1),
(1784,'default','WT08-S-Yellow',100.0000,1),
(1785,'default','WT08-M-Black',100.0000,1),
(1786,'default','WT08-M-Purple',100.0000,1),
(1787,'default','WT08-M-Yellow',100.0000,1),
(1788,'default','WT08-L-Black',100.0000,1),
(1789,'default','WT08-L-Purple',100.0000,1),
(1790,'default','WT08-L-Yellow',100.0000,1),
(1791,'default','WT08-XL-Black',100.0000,1),
(1792,'default','WT08-XL-Purple',100.0000,1),
(1793,'default','WT08-XL-Yellow',100.0000,1),
(1794,'default','WT08',0.0000,1),
(1795,'default','WT09-XS-Purple',100.0000,1),
(1796,'default','WT09-XS-White',100.0000,1),
(1797,'default','WT09-XS-Yellow',100.0000,1),
(1798,'default','WT09-S-Purple',100.0000,1),
(1799,'default','WT09-S-White',100.0000,1),
(1800,'default','WT09-S-Yellow',100.0000,1),
(1801,'default','WT09-M-Purple',100.0000,1),
(1802,'default','WT09-M-White',100.0000,1),
(1803,'default','WT09-M-Yellow',100.0000,1),
(1804,'default','WT09-L-Purple',100.0000,1),
(1805,'default','WT09-L-White',100.0000,1),
(1806,'default','WT09-L-Yellow',100.0000,1),
(1807,'default','WT09-XL-Purple',100.0000,1),
(1808,'default','WT09-XL-White',100.0000,1),
(1809,'default','WT09-XL-Yellow',100.0000,1),
(1810,'default','WT09',0.0000,1),
(1811,'default','WP01-28-Black',100.0000,1),
(1812,'default','WP01-28-Gray',100.0000,1),
(1813,'default','WP01-28-White',100.0000,1),
(1814,'default','WP01-29-Black',100.0000,1),
(1815,'default','WP01-29-Gray',100.0000,1),
(1816,'default','WP01-29-White',100.0000,1),
(1817,'default','WP01',0.0000,1),
(1818,'default','WP02-28-Blue',100.0000,1),
(1819,'default','WP02-28-Purple',100.0000,1),
(1820,'default','WP02-28-Red',100.0000,1),
(1821,'default','WP02-29-Blue',100.0000,1),
(1822,'default','WP02-29-Purple',100.0000,1),
(1823,'default','WP02-29-Red',100.0000,1),
(1824,'default','WP02',0.0000,1),
(1825,'default','WP03-28-Black',100.0000,1),
(1826,'default','WP03-28-Blue',100.0000,1),
(1827,'default','WP03-28-Purple',100.0000,1),
(1828,'default','WP03-29-Black',100.0000,1),
(1829,'default','WP03-29-Blue',100.0000,1),
(1830,'default','WP03-29-Purple',100.0000,1),
(1831,'default','WP03',0.0000,1),
(1832,'default','WP04-28-Black',100.0000,1),
(1833,'default','WP04-28-Blue',100.0000,1),
(1834,'default','WP04-28-White',100.0000,1),
(1835,'default','WP04-29-Black',100.0000,1),
(1836,'default','WP04-29-Blue',100.0000,1),
(1837,'default','WP04-29-White',100.0000,1),
(1838,'default','WP04',0.0000,1),
(1839,'default','WP05-28-Blue',100.0000,1),
(1840,'default','WP05-28-Gray',100.0000,1),
(1841,'default','WP05-28-Red',100.0000,1),
(1842,'default','WP05-29-Blue',100.0000,1),
(1843,'default','WP05-29-Gray',100.0000,1),
(1844,'default','WP05-29-Red',100.0000,1),
(1845,'default','WP05',0.0000,1),
(1846,'default','WP06-28-Black',100.0000,1),
(1847,'default','WP06-28-Blue',100.0000,1),
(1848,'default','WP06-28-Orange',100.0000,1),
(1849,'default','WP06-29-Black',100.0000,1),
(1850,'default','WP06-29-Blue',100.0000,1),
(1851,'default','WP06-29-Orange',100.0000,1),
(1852,'default','WP06',0.0000,1),
(1853,'default','WP07-28-Black',100.0000,1),
(1854,'default','WP07-28-Blue',100.0000,1),
(1855,'default','WP07-28-Orange',100.0000,1),
(1856,'default','WP07-29-Black',100.0000,1),
(1857,'default','WP07-29-Blue',100.0000,1),
(1858,'default','WP07-29-Orange',100.0000,1),
(1859,'default','WP07',0.0000,1),
(1860,'default','WP08-28-Black',100.0000,1),
(1861,'default','WP08-28-Green',100.0000,1),
(1862,'default','WP08-28-Red',100.0000,1),
(1863,'default','WP08-29-Black',100.0000,1),
(1864,'default','WP08-29-Green',100.0000,1),
(1865,'default','WP08-29-Red',100.0000,1),
(1866,'default','WP08',0.0000,1),
(1867,'default','WP09-28-Black',100.0000,1),
(1868,'default','WP09-28-Blue',100.0000,1),
(1869,'default','WP09-28-Purple',100.0000,1),
(1870,'default','WP09-29-Black',100.0000,1),
(1871,'default','WP09-29-Blue',100.0000,1),
(1872,'default','WP09-29-Purple',100.0000,1),
(1873,'default','WP09',0.0000,1),
(1874,'default','WP10-28-Black',100.0000,1),
(1875,'default','WP10-28-Gray',100.0000,1),
(1876,'default','WP10-28-White',100.0000,1),
(1877,'default','WP10-29-Black',100.0000,1),
(1878,'default','WP10-29-Gray',100.0000,1),
(1879,'default','WP10-29-White',100.0000,1),
(1880,'default','WP10',0.0000,1),
(1881,'default','WP11-28-Blue',100.0000,1),
(1882,'default','WP11-28-Green',100.0000,1),
(1883,'default','WP11-28-Red',100.0000,1),
(1884,'default','WP11-29-Blue',100.0000,1),
(1885,'default','WP11-29-Green',100.0000,1),
(1886,'default','WP11-29-Red',100.0000,1),
(1887,'default','WP11',0.0000,1),
(1888,'default','WP12-28-Blue',100.0000,1),
(1889,'default','WP12-28-Gray',100.0000,1),
(1890,'default','WP12-28-Green',100.0000,1),
(1891,'default','WP12-29-Blue',100.0000,1),
(1892,'default','WP12-29-Gray',100.0000,1),
(1893,'default','WP12-29-Green',100.0000,1),
(1894,'default','WP12',0.0000,1),
(1895,'default','WP13-28-Blue',100.0000,1),
(1896,'default','WP13-28-Green',100.0000,1),
(1897,'default','WP13-28-Orange',100.0000,1),
(1898,'default','WP13-29-Blue',100.0000,1),
(1899,'default','WP13-29-Green',100.0000,1),
(1900,'default','WP13-29-Orange',100.0000,1),
(1901,'default','WP13',0.0000,1),
(1902,'default','WSH01-28-Black',100.0000,1),
(1903,'default','WSH01-28-Green',100.0000,1),
(1904,'default','WSH01-28-Red',100.0000,1),
(1905,'default','WSH01-29-Black',100.0000,1),
(1906,'default','WSH01-29-Green',100.0000,1),
(1907,'default','WSH01-29-Red',100.0000,1),
(1908,'default','WSH01-30-Black',100.0000,1),
(1909,'default','WSH01-30-Green',100.0000,1),
(1910,'default','WSH01-30-Red',100.0000,1),
(1911,'default','WSH01-31-Black',100.0000,1),
(1912,'default','WSH01-31-Green',100.0000,1),
(1913,'default','WSH01-31-Red',100.0000,1),
(1914,'default','WSH01-32-Black',100.0000,1),
(1915,'default','WSH01-32-Green',100.0000,1),
(1916,'default','WSH01-32-Red',100.0000,1),
(1917,'default','WSH01',0.0000,1),
(1918,'default','WSH02-28-Gray',100.0000,1),
(1919,'default','WSH02-28-Orange',100.0000,1),
(1920,'default','WSH02-28-Yellow',100.0000,1),
(1921,'default','WSH02-29-Gray',100.0000,1),
(1922,'default','WSH02-29-Orange',100.0000,1),
(1923,'default','WSH02-29-Yellow',100.0000,1),
(1924,'default','WSH02-30-Gray',100.0000,1),
(1925,'default','WSH02-30-Orange',100.0000,1),
(1926,'default','WSH02-30-Yellow',100.0000,1),
(1927,'default','WSH02-31-Gray',100.0000,1),
(1928,'default','WSH02-31-Orange',100.0000,1),
(1929,'default','WSH02-31-Yellow',100.0000,1),
(1930,'default','WSH02-32-Gray',100.0000,1),
(1931,'default','WSH02-32-Orange',100.0000,1),
(1932,'default','WSH02-32-Yellow',100.0000,1),
(1933,'default','WSH02',0.0000,1),
(1934,'default','WSH03-28-Blue',100.0000,1),
(1935,'default','WSH03-28-Gray',100.0000,1),
(1936,'default','WSH03-28-Orange',100.0000,1),
(1937,'default','WSH03-29-Blue',100.0000,1),
(1938,'default','WSH03-29-Gray',100.0000,1),
(1939,'default','WSH03-29-Orange',100.0000,1),
(1940,'default','WSH03-30-Blue',100.0000,1),
(1941,'default','WSH03-30-Gray',100.0000,1),
(1942,'default','WSH03-30-Orange',100.0000,1),
(1943,'default','WSH03-31-Blue',100.0000,1),
(1944,'default','WSH03-31-Gray',100.0000,1),
(1945,'default','WSH03-31-Orange',100.0000,1),
(1946,'default','WSH03-32-Blue',100.0000,1),
(1947,'default','WSH03-32-Gray',100.0000,1),
(1948,'default','WSH03-32-Orange',100.0000,1),
(1949,'default','WSH03',0.0000,1),
(1950,'default','WSH04-28-Black',100.0000,1),
(1951,'default','WSH04-28-Green',100.0000,1),
(1952,'default','WSH04-28-Orange',100.0000,1),
(1953,'default','WSH04-29-Black',100.0000,1),
(1954,'default','WSH04-29-Green',100.0000,1),
(1955,'default','WSH04-29-Orange',100.0000,1),
(1956,'default','WSH04-30-Black',100.0000,1),
(1957,'default','WSH04-30-Green',100.0000,1),
(1958,'default','WSH04-30-Orange',100.0000,1),
(1959,'default','WSH04-31-Black',100.0000,1),
(1960,'default','WSH04-31-Green',100.0000,1),
(1961,'default','WSH04-31-Orange',100.0000,1),
(1962,'default','WSH04-32-Black',100.0000,1),
(1963,'default','WSH04-32-Green',100.0000,1),
(1964,'default','WSH04-32-Orange',100.0000,1),
(1965,'default','WSH04',0.0000,1),
(1966,'default','WSH05-28-Blue',100.0000,1),
(1967,'default','WSH05-28-Purple',100.0000,1),
(1968,'default','WSH05-28-Yellow',100.0000,1),
(1969,'default','WSH05-29-Blue',100.0000,1),
(1970,'default','WSH05-29-Purple',100.0000,1),
(1971,'default','WSH05-29-Yellow',100.0000,1),
(1972,'default','WSH05-30-Blue',100.0000,1),
(1973,'default','WSH05-30-Purple',100.0000,1),
(1974,'default','WSH05-30-Yellow',100.0000,1),
(1975,'default','WSH05-31-Blue',100.0000,1),
(1976,'default','WSH05-31-Purple',100.0000,1),
(1977,'default','WSH05-31-Yellow',100.0000,1),
(1978,'default','WSH05-32-Blue',100.0000,1),
(1979,'default','WSH05-32-Purple',100.0000,1),
(1980,'default','WSH05-32-Yellow',100.0000,1),
(1981,'default','WSH05',0.0000,1),
(1982,'default','WSH06-28-Gray',100.0000,1),
(1983,'default','WSH06-28-Orange',100.0000,1),
(1984,'default','WSH06-28-Purple',100.0000,1),
(1985,'default','WSH06-29-Gray',100.0000,1),
(1986,'default','WSH06-29-Orange',100.0000,1),
(1987,'default','WSH06-29-Purple',100.0000,1),
(1988,'default','WSH06',0.0000,1),
(1989,'default','WSH07-28-Black',100.0000,1),
(1990,'default','WSH07-28-Blue',100.0000,1),
(1991,'default','WSH07-28-Purple',100.0000,1),
(1992,'default','WSH07-29-Black',100.0000,1),
(1993,'default','WSH07-29-Blue',100.0000,1),
(1994,'default','WSH07-29-Purple',100.0000,1),
(1995,'default','WSH07',0.0000,1),
(1996,'default','WSH08-28-Purple',100.0000,1),
(1997,'default','WSH08-29-Purple',100.0000,1),
(1998,'default','WSH08-30-Purple',100.0000,1),
(1999,'default','WSH08-31-Purple',100.0000,1),
(2000,'default','WSH08-32-Purple',100.0000,1),
(2001,'default','WSH08',0.0000,1),
(2002,'default','WSH09-28-Gray',100.0000,1),
(2003,'default','WSH09-28-Green',100.0000,1),
(2004,'default','WSH09-28-White',100.0000,1),
(2005,'default','WSH09-29-Gray',100.0000,1),
(2006,'default','WSH09-29-Green',100.0000,1),
(2007,'default','WSH09-29-White',100.0000,1),
(2008,'default','WSH09',0.0000,1),
(2009,'default','WSH10-28-Black',100.0000,1),
(2010,'default','WSH10-28-Orange',100.0000,1),
(2011,'default','WSH10-28-White',100.0000,1),
(2012,'default','WSH10-29-Black',100.0000,1),
(2013,'default','WSH10-29-Orange',100.0000,1),
(2014,'default','WSH10-29-White',100.0000,1),
(2015,'default','WSH10',0.0000,1),
(2016,'default','WSH11-28-Blue',100.0000,1),
(2017,'default','WSH11-28-Orange',100.0000,1),
(2018,'default','WSH11-28-Red',100.0000,1),
(2019,'default','WSH11-29-Blue',100.0000,1),
(2020,'default','WSH11-29-Orange',100.0000,1),
(2021,'default','WSH11-29-Red',100.0000,1),
(2022,'default','WSH11',0.0000,1),
(2023,'default','WSH12-28-Green',100.0000,1),
(2024,'default','WSH12-28-Purple',100.0000,1),
(2025,'default','WSH12-28-Red',100.0000,1),
(2026,'default','WSH12-29-Green',100.0000,1),
(2027,'default','WSH12-29-Purple',100.0000,1),
(2028,'default','WSH12-29-Red',100.0000,1),
(2029,'default','WSH12-30-Green',100.0000,1),
(2030,'default','WSH12-30-Purple',100.0000,1),
(2031,'default','WSH12-30-Red',100.0000,1),
(2032,'default','WSH12-31-Green',100.0000,1),
(2033,'default','WSH12-31-Purple',100.0000,1),
(2034,'default','WSH12-31-Red',100.0000,1),
(2035,'default','WSH12-32-Green',100.0000,1),
(2036,'default','WSH12-32-Purple',100.0000,1),
(2037,'default','WSH12-32-Red',100.0000,1),
(2038,'default','WSH12',0.0000,1);
DELIMITER ;;
/*!50003 CREATE*/ /*!50017 DEFINER=`softaculous_mage660`@`localhost`*/ /*!50003 TRIGGER `trg_mgkz_inventory_source_item_after_insert` AFTER INSERT ON `mgkz_inventory_source_item` FOR EACH ROW BEGIN
INSERT IGNORE INTO `mgkz_inventory_cl` (`entity_id`) VALUES (NEW.`source_item_id`);
END */;;
DELIMITER ;
DELIMITER ;;
/*!50003 CREATE*/ /*!50017 DEFINER=`softaculous_mage660`@`localhost`*/ /*!50003 TRIGGER `trg_mgkz_inventory_source_item_after_update` AFTER UPDATE ON `mgkz_inventory_source_item` FOR EACH ROW BEGIN
IF (NOT(NEW.`source_item_id` <=> OLD.`source_item_id`) OR NOT(NEW.`source_code` <=> OLD.`source_code`) OR NOT(NEW.`sku` <=> OLD.`sku`) OR NOT(NEW.`quantity` <=> OLD.`quantity`) OR NOT(NEW.`status` <=> OLD.`status`)) THEN INSERT IGNORE INTO `mgkz_inventory_cl` (`entity_id`) VALUES (NEW.`source_item_id`); END IF;
END */;;
DELIMITER ;
DELIMITER ;;
/*!50003 CREATE*/ /*!50017 DEFINER=`softaculous_mage660`@`localhost`*/ /*!50003 TRIGGER `trg_mgkz_inventory_source_item_after_delete` AFTER DELETE ON `mgkz_inventory_source_item` FOR EACH ROW BEGIN
INSERT IGNORE INTO `mgkz_inventory_cl` (`entity_id`) VALUES (OLD.`source_item_id`);
END */;;
DELIMITER ;

--
-- Table structure for table `mgkz_inventory_source_stock_link`
--

CREATE TABLE `mgkz_inventory_source_stock_link` (
  `link_id` int(10) unsigned NOT NULL AUTO_INCREMENT,
  `stock_id` int(10) unsigned NOT NULL,
  `source_code` varchar(255) NOT NULL,
  `priority` smallint(5) unsigned NOT NULL,
  PRIMARY KEY (`link_id`),
  UNIQUE KEY `MGKZ_INVENTORY_SOURCE_STOCK_LINK_STOCK_ID_SOURCE_CODE` (`stock_id`,`source_code`),
  KEY `FK_A7FCEDA59E4EE5A11A6AD98F0A9B364F` (`source_code`),
  KEY `MGKZ_INVENTORY_SOURCE_STOCK_LINK_STOCK_ID_PRIORITY` (`stock_id`,`priority`),
  CONSTRAINT `FK_A7FCEDA59E4EE5A11A6AD98F0A9B364F` FOREIGN KEY (`source_code`) REFERENCES `mgkz_inventory_source` (`source_code`) ON DELETE CASCADE,
  CONSTRAINT `MGKZ_INV_SOURCE_STOCK_LNK_STOCK_ID_MGKZ_INV_STOCK_STOCK_ID` FOREIGN KEY (`stock_id`) REFERENCES `mgkz_inventory_stock` (`stock_id`) ON DELETE CASCADE
) ENGINE=InnoDB AUTO_INCREMENT=2 DEFAULT CHARSET=utf8mb4 COLLATE=utf8mb4_general_ci;

--
-- Dumping data for table `mgkz_inventory_source_stock_link`
--

INSERT INTO `mgkz_inventory_source_stock_link` VALUES
(1,1,'default',1);

--
-- Table structure for table `mgkz_inventory_stock`
--

CREATE TABLE `mgkz_inventory_stock` (
  `stock_id` int(10) unsigned NOT NULL AUTO_INCREMENT,
  `name` varchar(255) NOT NULL,
  PRIMARY KEY (`stock_id`)
) ENGINE=InnoDB AUTO_INCREMENT=2 DEFAULT CHARSET=utf8mb4 COLLATE=utf8mb4_general_ci;

--
-- Dumping data for table `mgkz_inventory_stock`
--

INSERT INTO `mgkz_inventory_stock` VALUES
(1,'Default Stock');

--
-- Temporary table structure for view `mgkz_inventory_stock_1`
--

/*!50001 DROP VIEW IF EXISTS `mgkz_inventory_stock_1`*/;
/*!50001 CREATE VIEW `mgkz_inventory_stock_1` AS SELECT
 1 AS `product_id`,
  1 AS `website_id`,
  1 AS `stock_id`,
  1 AS `quantity`,
  1 AS `is_salable`,
  1 AS `sku` */;

--
-- Table structure for table `mgkz_inventory_stock_sales_channel`
--

CREATE TABLE `mgkz_inventory_stock_sales_channel` (
  `type` varchar(64) NOT NULL,
  `code` varchar(64) NOT NULL,
  `stock_id` int(10) unsigned NOT NULL,
  PRIMARY KEY (`type`,`code`),
  KEY `MGKZ_INV_STOCK_SALES_CHANNEL_STOCK_ID_MGKZ_INV_STOCK_STOCK_ID` (`stock_id`),
  CONSTRAINT `MGKZ_INV_STOCK_SALES_CHANNEL_STOCK_ID_MGKZ_INV_STOCK_STOCK_ID` FOREIGN KEY (`stock_id`) REFERENCES `mgkz_inventory_stock` (`stock_id`) ON DELETE CASCADE
) ENGINE=InnoDB DEFAULT CHARSET=utf8mb4 COLLATE=utf8mb4_general_ci;

--
-- Dumping data for table `mgkz_inventory_stock_sales_channel`
--

INSERT INTO `mgkz_inventory_stock_sales_channel` VALUES
('website','base',1);

--
-- Table structure for table `mgkz_jwt_auth_revoked`
--

CREATE TABLE `mgkz_jwt_auth_revoked` (
  `user_type_id` int(10) unsigned NOT NULL COMMENT 'User Type ID',
  `user_id` int(10) unsigned NOT NULL COMMENT 'User ID',
  `revoke_before` bigint(20) unsigned NOT NULL COMMENT 'Not accepting tokens issued before this timestamp',
  PRIMARY KEY (`user_type_id`,`user_id`)
) ENGINE=InnoDB DEFAULT CHARSET=utf8mb4 COLLATE=utf8mb4_general_ci COMMENT='Holds revoked JWT authentication data';

--
-- Dumping data for table `mgkz_jwt_auth_revoked`
--


--
-- Table structure for table `mgkz_layout_link`
--

CREATE TABLE `mgkz_layout_link` (
  `layout_link_id` int(10) unsigned NOT NULL AUTO_INCREMENT COMMENT 'Link ID',
  `store_id` smallint(5) unsigned NOT NULL DEFAULT 0 COMMENT 'Store ID',
  `theme_id` int(10) unsigned NOT NULL COMMENT 'Theme ID',
  `layout_update_id` int(10) unsigned NOT NULL DEFAULT 0 COMMENT 'Layout Update ID',
  `is_temporary` tinyint(1) NOT NULL DEFAULT 0 COMMENT 'Defines whether Layout Update is Temporary',
  PRIMARY KEY (`layout_link_id`),
  KEY `MGKZ_LAYOUT_LINK_THEME_ID_MGKZ_THEME_THEME_ID` (`theme_id`),
  KEY `MGKZ_LAYOUT_LINK_LAYOUT_UPDATE_ID` (`layout_update_id`),
  KEY `MGKZ_LAYOUT_LINK_STORE_ID_THEME_ID_LAYOUT_UPDATE_ID_IS_TEMPORARY` (`store_id`,`theme_id`,`layout_update_id`,`is_temporary`),
  CONSTRAINT `MGKZ_LAYOUT_LINK_STORE_ID_MGKZ_STORE_STORE_ID` FOREIGN KEY (`store_id`) REFERENCES `mgkz_store` (`store_id`) ON DELETE CASCADE,
  CONSTRAINT `MGKZ_LAYOUT_LINK_THEME_ID_MGKZ_THEME_THEME_ID` FOREIGN KEY (`theme_id`) REFERENCES `mgkz_theme` (`theme_id`) ON DELETE CASCADE,
  CONSTRAINT `MGKZ_LYT_LNK_LYT_UPDATE_ID_MGKZ_LYT_UPDATE_LYT_UPDATE_ID` FOREIGN KEY (`layout_update_id`) REFERENCES `mgkz_layout_update` (`layout_update_id`) ON DELETE CASCADE
) ENGINE=InnoDB AUTO_INCREMENT=18 DEFAULT CHARSET=utf8mb4 COLLATE=utf8mb4_general_ci COMMENT='Layout Link';

--
-- Dumping data for table `mgkz_layout_link`
--

INSERT INTO `mgkz_layout_link` VALUES
(1,0,3,1,0),
(2,0,3,2,0),
(3,0,3,3,0),
(4,0,3,4,0),
(5,0,3,5,0),
(6,0,3,6,0),
(7,0,3,7,0),
(8,0,3,8,0),
(9,0,3,9,0),
(10,0,3,10,0),
(11,0,3,11,0),
(12,0,3,12,0),
(13,0,3,13,0),
(14,0,3,14,0),
(15,0,3,15,0),
(16,0,3,16,0),
(17,0,3,17,0);

--
-- Table structure for table `mgkz_layout_update`
--

CREATE TABLE `mgkz_layout_update` (
  `layout_update_id` int(10) unsigned NOT NULL AUTO_INCREMENT COMMENT 'Layout Update ID',
  `handle` varchar(255) DEFAULT NULL COMMENT 'Handle',
  `xml` text DEFAULT NULL COMMENT 'Xml',
  `sort_order` smallint(6) NOT NULL DEFAULT 0 COMMENT 'Sort Order',
  `updated_at` timestamp NULL DEFAULT '0000-00-00 00:00:00' ON UPDATE current_timestamp() COMMENT 'Last Update Timestamp',
  PRIMARY KEY (`layout_update_id`),
  KEY `MGKZ_LAYOUT_UPDATE_HANDLE` (`handle`)
) ENGINE=InnoDB AUTO_INCREMENT=18 DEFAULT CHARSET=utf8mb4 COLLATE=utf8mb4_general_ci COMMENT='Layout Updates';

--
-- Dumping data for table `mgkz_layout_update`
--

INSERT INTO `mgkz_layout_update` VALUES
(1,'contact_index_index','<body><referenceContainer name=\"content.top\"><block class=\"Magento\\Cms\\Block\\Widget\\Block\" name=\"lRFf47CQocUd8QKpTBtD3TzulZseShF7\" template=\"widget/static_block/default.phtml\"><action method=\"setData\"><argument name=\"name\" xsi:type=\"string\">block_id</argument><argument name=\"value\" xsi:type=\"string\">2</argument></action></block></referenceContainer></body>',0,'0000-00-00 00:00:00'),
(2,'default','<body><referenceContainer name=\"cms_footer_links_container\"><block class=\"Magento\\Cms\\Block\\Widget\\Block\" name=\"Lew0LpxhuJa1RnvNq9x4FmhdYeosEdAu\" template=\"widget/static_block/default.phtml\"><action method=\"setData\"><argument name=\"name\" xsi:type=\"string\">block_id</argument><argument name=\"value\" xsi:type=\"string\">1</argument></action></block></referenceContainer></body>',0,'0000-00-00 00:00:00'),
(3,'catalog_category_view_id_37','<body><referenceContainer name=\"sidebar.main\"><block class=\"Magento\\Cms\\Block\\Widget\\Block\" name=\"dGkYPs3aa9drH2EwS2WlA708RIuFE0BW\" template=\"widget/static_block/default.phtml\"><action method=\"setData\"><argument name=\"name\" xsi:type=\"string\">block_id</argument><argument name=\"value\" xsi:type=\"string\">3</argument></action></block></referenceContainer></body>',0,'0000-00-00 00:00:00'),
(4,'catalog_category_view_id_3','<body><referenceContainer name=\"sidebar.main\"><block class=\"Magento\\Cms\\Block\\Widget\\Block\" name=\"oO6ZamAVG78vOpSxhUdLsvIOpGHVpa4f\" template=\"widget/static_block/default.phtml\"><action method=\"setData\"><argument name=\"name\" xsi:type=\"string\">block_id</argument><argument name=\"value\" xsi:type=\"string\">4</argument></action></block></referenceContainer></body>',0,'0000-00-00 00:00:00'),
(5,'catalog_category_view_id_11','<body><referenceContainer name=\"sidebar.main\"><block class=\"Magento\\Cms\\Block\\Widget\\Block\" name=\"z7Njthw4tf3RHRjwXR7pIxw7sKpXtsge\" template=\"widget/static_block/default.phtml\"><action method=\"setData\"><argument name=\"name\" xsi:type=\"string\">block_id</argument><argument name=\"value\" xsi:type=\"string\">5</argument></action></block></referenceContainer></body>',0,'0000-00-00 00:00:00'),
(6,'catalog_category_view_id_20','<body><referenceContainer name=\"sidebar.main\"><block class=\"Magento\\Cms\\Block\\Widget\\Block\" name=\"TLYaQ2m75OYWkAwWz7ci1kpJyw8TMqx2\" template=\"widget/static_block/default.phtml\"><action method=\"setData\"><argument name=\"name\" xsi:type=\"string\">block_id</argument><argument name=\"value\" xsi:type=\"string\">6</argument></action></block></referenceContainer></body>',0,'0000-00-00 00:00:00'),
(7,'catalog_category_view_id_38','<body><referenceContainer name=\"sidebar.main\"><block class=\"Magento\\Cms\\Block\\Widget\\Block\" name=\"cHJ9gGUmoeGLtbQy5I2CkFd0mWQmlMao\" template=\"widget/static_block/default.phtml\"><action method=\"setData\"><argument name=\"name\" xsi:type=\"string\">block_id</argument><argument name=\"value\" xsi:type=\"string\">7</argument></action></block></referenceContainer></body>',0,'0000-00-00 00:00:00'),
(8,'catalog_category_view_id_20','<body><referenceContainer name=\"content.top\"><block class=\"Magento\\Cms\\Block\\Widget\\Block\" name=\"SpG0HQ8UQo9FDa2E22gC0ulZ74eKxUZG\" template=\"widget/static_block/default.phtml\"><action method=\"setData\"><argument name=\"name\" xsi:type=\"string\">block_id</argument><argument name=\"value\" xsi:type=\"string\">8</argument></action></block></referenceContainer></body>',0,'0000-00-00 00:00:00'),
(9,'catalog_category_view_id_9','<body><referenceContainer name=\"content.top\"><block class=\"Magento\\Cms\\Block\\Widget\\Block\" name=\"5ptSninSVNq7f9QazIPACkRf5ojVyrgN\" template=\"widget/static_block/default.phtml\"><action method=\"setData\"><argument name=\"name\" xsi:type=\"string\">block_id</argument><argument name=\"value\" xsi:type=\"string\">9</argument></action></block></referenceContainer></body>',0,'0000-00-00 00:00:00'),
(10,'catalog_category_view_id_11','<body><referenceContainer name=\"content.top\"><block class=\"Magento\\Cms\\Block\\Widget\\Block\" name=\"6BgzOX1TCxCPuz0HaTdc6xWhZnU7hvNn\" template=\"widget/static_block/default.phtml\"><action method=\"setData\"><argument name=\"name\" xsi:type=\"string\">block_id</argument><argument name=\"value\" xsi:type=\"string\">10</argument></action></block></referenceContainer></body>',0,'0000-00-00 00:00:00'),
(11,'catalog_category_view_id_3','<body><referenceContainer name=\"content.top\"><block class=\"Magento\\Cms\\Block\\Widget\\Block\" name=\"bCbiMVIo8Y0SkLvKvvXz4q4q3OUbhZ5n\" template=\"widget/static_block/default.phtml\"><action method=\"setData\"><argument name=\"name\" xsi:type=\"string\">block_id</argument><argument name=\"value\" xsi:type=\"string\">11</argument></action></block></referenceContainer></body>',0,'0000-00-00 00:00:00'),
(12,'catalog_category_view_id_38','<body><referenceContainer name=\"content.top\"><block class=\"Magento\\Cms\\Block\\Widget\\Block\" name=\"IylA9sbgisF21lAqMVZ3cdvJwzTGTzJc\" template=\"widget/static_block/default.phtml\"><action method=\"setData\"><argument name=\"name\" xsi:type=\"string\">block_id</argument><argument name=\"value\" xsi:type=\"string\">13</argument></action></block></referenceContainer></body>',0,'0000-00-00 00:00:00'),
(13,'catalog_category_view_id_37','<body><referenceContainer name=\"content.top\"><block class=\"Magento\\Cms\\Block\\Widget\\Block\" name=\"9YaZOnqpOzJUBz7pgkwW9KfZfjr0Is8C\" template=\"widget/static_block/default.phtml\"><action method=\"setData\"><argument name=\"name\" xsi:type=\"string\">block_id</argument><argument name=\"value\" xsi:type=\"string\">12</argument></action></block></referenceContainer></body>',0,'0000-00-00 00:00:00'),
(14,'cms_index_index','<body><referenceContainer name=\"content\"><block class=\"Magento\\Cms\\Block\\Widget\\Block\" name=\"Ohpnzx7FD5D0yYaARsjtpRxg4Clm2lCN\" template=\"widget/static_block/default.phtml\"><action method=\"setData\"><argument name=\"name\" xsi:type=\"string\">block_id</argument><argument name=\"value\" xsi:type=\"string\">14</argument></action></block></referenceContainer></body>',0,'0000-00-00 00:00:00'),
(15,'catalog_category_view_id_39','<body><referenceContainer name=\"content.top\"><block class=\"Magento\\Cms\\Block\\Widget\\Block\" name=\"1pTc13sgRF2pRkhO5WQA39o5hPDBj5Xf\" template=\"widget/static_block/default.phtml\"><action method=\"setData\"><argument name=\"name\" xsi:type=\"string\">block_id</argument><argument name=\"value\" xsi:type=\"string\">15</argument></action></block></referenceContainer></body>',0,'0000-00-00 00:00:00'),
(16,'catalog_category_view_id_40','<body><referenceContainer name=\"content.top\"><block class=\"Magento\\Cms\\Block\\Widget\\Block\" name=\"Kykuo9EydRSU6ZDMxqoas1xlyYG28x2E\" template=\"widget/static_block/default.phtml\"><action method=\"setData\"><argument name=\"name\" xsi:type=\"string\">block_id</argument><argument name=\"value\" xsi:type=\"string\">16</argument></action></block></referenceContainer></body>',0,'0000-00-00 00:00:00'),
(17,'customer_account_login','<body><referenceContainer name=\"customer.login.container\"><block class=\"Magento\\Cms\\Block\\Widget\\Block\" name=\"UOx3qjLdCyY6BfU7LyyS9U1UFNkEeNdU\" template=\"widget/static_block/default.phtml\"><action method=\"setData\"><argument name=\"name\" xsi:type=\"string\">block_id</argument><argument name=\"value\" xsi:type=\"string\">17</argument></action></block></referenceContainer></body>',0,'0000-00-00 00:00:00');

--
-- Table structure for table `mgkz_login_as_customer`
--

CREATE TABLE `mgkz_login_as_customer` (
  `secret` varchar(64) NOT NULL COMMENT 'Login Secret',
  `customer_id` int(11) NOT NULL COMMENT 'Customer ID',
  `admin_id` int(11) NOT NULL COMMENT 'Admin ID',
  `created_at` timestamp NULL DEFAULT NULL COMMENT 'Creation Time',
  PRIMARY KEY (`secret`),
  KEY `MGKZ_LOGIN_AS_CUSTOMER_CREATED_AT` (`created_at`)
) ENGINE=InnoDB DEFAULT CHARSET=utf8mb4 COLLATE=utf8mb4_general_ci COMMENT='Magento Login as Customer Table';

--
-- Dumping data for table `mgkz_login_as_customer`
--


--
-- Table structure for table `mgkz_login_as_customer_assistance_allowed`
--

CREATE TABLE `mgkz_login_as_customer_assistance_allowed` (
  `customer_id` int(10) unsigned NOT NULL COMMENT 'Customer ID',
  PRIMARY KEY (`customer_id`),
  CONSTRAINT `FK_9A8E2AFC28B1513F453046DF7E9DBAFF` FOREIGN KEY (`customer_id`) REFERENCES `mgkz_customer_entity` (`entity_id`) ON DELETE CASCADE
) ENGINE=InnoDB DEFAULT CHARSET=utf8mb4 COLLATE=utf8mb4_general_ci COMMENT='Magento Login as Customer Assistance Allowed Table';

--
-- Dumping data for table `mgkz_login_as_customer_assistance_allowed`
--


--
-- Table structure for table `mgkz_magento_acknowledged_bulk`
--

CREATE TABLE `mgkz_magento_acknowledged_bulk` (
  `id` int(10) unsigned NOT NULL AUTO_INCREMENT COMMENT 'Internal ID',
  `bulk_uuid` varbinary(39) DEFAULT NULL COMMENT 'Related Bulk UUID',
  PRIMARY KEY (`id`),
  UNIQUE KEY `MGKZ_MAGENTO_ACKNOWLEDGED_BULK_BULK_UUID` (`bulk_uuid`),
  CONSTRAINT `MGKZ_MAGENTO_ACKNOWLEDGED_BULK_BULK_UUID_MGKZ_MAGENTO_BULK_UUID` FOREIGN KEY (`bulk_uuid`) REFERENCES `mgkz_magento_bulk` (`uuid`) ON DELETE CASCADE
) ENGINE=InnoDB DEFAULT CHARSET=utf8mb4 COLLATE=utf8mb4_general_ci COMMENT='Bulk that was viewed by user from notification area';

--
-- Dumping data for table `mgkz_magento_acknowledged_bulk`
--


--
-- Table structure for table `mgkz_magento_bulk`
--

CREATE TABLE `mgkz_magento_bulk` (
  `id` int(10) unsigned NOT NULL AUTO_INCREMENT COMMENT 'Bulk Internal ID (must not be exposed)',
  `uuid` varbinary(39) DEFAULT NULL COMMENT 'Bulk UUID (can be exposed to reference bulk entity)',
  `user_id` int(10) unsigned DEFAULT NULL COMMENT 'ID of the WebAPI user that performed an action',
  `user_type` int(11) DEFAULT NULL COMMENT 'Which type of user',
  `description` varchar(255) DEFAULT NULL COMMENT 'Bulk Description',
  `operation_count` int(10) unsigned NOT NULL COMMENT 'Total number of operations scheduled within this bulk',
  `start_time` timestamp NOT NULL DEFAULT current_timestamp() COMMENT 'Bulk start time',
  PRIMARY KEY (`id`),
  UNIQUE KEY `MGKZ_MAGENTO_BULK_UUID` (`uuid`),
  KEY `MGKZ_MAGENTO_BULK_USER_ID` (`user_id`),
  KEY `MGKZ_MAGENTO_BULK_START_TIME` (`start_time`)
) ENGINE=InnoDB DEFAULT CHARSET=utf8mb4 COLLATE=utf8mb4_general_ci COMMENT='Bulk entity that represents set of related asynchronous operations';

--
-- Dumping data for table `mgkz_magento_bulk`
--


--
-- Table structure for table `mgkz_magento_login_as_customer_log`
--

CREATE TABLE `mgkz_magento_login_as_customer_log` (
  `log_id` int(11) NOT NULL AUTO_INCREMENT COMMENT 'Log Id',
  `time` timestamp NULL DEFAULT NULL COMMENT 'Event Date',
  `user_id` int(10) unsigned DEFAULT NULL COMMENT 'User Id',
  `user_name` varchar(40) DEFAULT NULL COMMENT 'User Name',
  `customer_id` int(10) unsigned DEFAULT NULL COMMENT 'Customer Id',
  `customer_email` varchar(40) DEFAULT NULL COMMENT 'Customer email',
  PRIMARY KEY (`log_id`),
  KEY `MGKZ_MAGENTO_LOGIN_AS_CUSTOMER_LOG_USER_ID` (`user_id`)
) ENGINE=InnoDB DEFAULT CHARSET=utf8mb4 COLLATE=utf8mb4_general_ci COMMENT='Login as Customer Logging';

--
-- Dumping data for table `mgkz_magento_login_as_customer_log`
--


--
-- Table structure for table `mgkz_magento_operation`
--

CREATE TABLE `mgkz_magento_operation` (
  `id` int(10) unsigned NOT NULL AUTO_INCREMENT COMMENT 'Operation ID',
  `operation_key` int(10) unsigned DEFAULT NULL COMMENT 'Operation Key',
  `bulk_uuid` varbinary(39) DEFAULT NULL COMMENT 'Related Bulk UUID',
  `topic_name` varchar(255) DEFAULT NULL COMMENT 'Name of the related message queue topic',
  `serialized_data` blob DEFAULT NULL COMMENT 'Data (serialized) required to perform an operation',
  `result_serialized_data` blob DEFAULT NULL COMMENT 'Result data (serialized) after perform an operation',
  `status` smallint(6) DEFAULT 0 COMMENT 'Operation status (OPEN | COMPLETE | RETRIABLY_FAILED | NOT_RETRIABLY_FAILED)',
  `error_code` smallint(6) DEFAULT NULL COMMENT 'Code of the error that appeared during operation execution (used to aggregate related failed operations)',
  `result_message` varchar(255) DEFAULT NULL COMMENT 'Operation result message',
  `started_at` timestamp NULL DEFAULT NULL COMMENT 'Datetime the operation started processing',
  PRIMARY KEY (`id`),
  KEY `MGKZ_MAGENTO_OPERATION_BULK_UUID_ERROR_CODE` (`bulk_uuid`,`error_code`),
  KEY `MGKZ_MAGENTO_OPERATION_STATUS_STARTED_AT` (`status`,`started_at`),
  CONSTRAINT `MGKZ_MAGENTO_OPERATION_BULK_UUID_MGKZ_MAGENTO_BULK_UUID` FOREIGN KEY (`bulk_uuid`) REFERENCES `mgkz_magento_bulk` (`uuid`) ON DELETE CASCADE
) ENGINE=InnoDB DEFAULT CHARSET=utf8mb4 COLLATE=utf8mb4_general_ci COMMENT='Operation entity';

--
-- Dumping data for table `mgkz_magento_operation`
--


--
-- Table structure for table `mgkz_media_content_asset`
--

CREATE TABLE `mgkz_media_content_asset` (
  `asset_id` int(10) unsigned NOT NULL COMMENT 'Entity ID',
  `entity_type` varchar(255) NOT NULL COMMENT 'Content type',
  `entity_id` varchar(255) NOT NULL COMMENT 'Content entity id',
  `field` varchar(255) NOT NULL COMMENT 'Content field',
  PRIMARY KEY (`entity_type`,`entity_id`,`field`,`asset_id`),
  KEY `MGKZ_MEDIA_CONTENT_ASSET_ASSET_ID` (`asset_id`)
) ENGINE=InnoDB DEFAULT CHARSET=utf8mb4 COLLATE=utf8mb4_general_ci COMMENT='Relation between media content and media asset';

--
-- Dumping data for table `mgkz_media_content_asset`
--


--
-- Table structure for table `mgkz_media_gallery_asset`
--

CREATE TABLE `mgkz_media_gallery_asset` (
  `id` int(10) unsigned NOT NULL AUTO_INCREMENT COMMENT 'Entity ID',
  `path` text DEFAULT NULL COMMENT 'Path',
  `title` varchar(255) DEFAULT NULL COMMENT 'Title',
  `description` text DEFAULT NULL COMMENT 'Description',
  `source` varchar(255) DEFAULT NULL COMMENT 'Source',
  `hash` varchar(255) DEFAULT NULL COMMENT 'File hash',
  `content_type` varchar(255) DEFAULT NULL COMMENT 'Content Type',
  `width` int(10) unsigned NOT NULL DEFAULT 0 COMMENT 'Width',
  `height` int(10) unsigned NOT NULL DEFAULT 0 COMMENT 'Height',
  `size` int(10) unsigned NOT NULL COMMENT 'Asset file size in bytes',
  `created_at` timestamp NOT NULL DEFAULT current_timestamp() COMMENT 'Created At',
  `updated_at` timestamp NOT NULL DEFAULT current_timestamp() ON UPDATE current_timestamp() COMMENT 'Updated At',
  PRIMARY KEY (`id`),
  KEY `MGKZ_MEDIA_GALLERY_ASSET_ID` (`id`),
  FULLTEXT KEY `MGKZ_MEDIA_GALLERY_ASSET_TITLE` (`title`)
) ENGINE=InnoDB DEFAULT CHARSET=utf8mb4 COLLATE=utf8mb4_general_ci COMMENT='Media Gallery Asset';

--
-- Dumping data for table `mgkz_media_gallery_asset`
--


--
-- Table structure for table `mgkz_media_gallery_asset_keyword`
--

CREATE TABLE `mgkz_media_gallery_asset_keyword` (
  `keyword_id` int(10) unsigned NOT NULL COMMENT 'Keyword Id',
  `asset_id` int(10) unsigned NOT NULL COMMENT 'Asset ID',
  PRIMARY KEY (`keyword_id`,`asset_id`),
  KEY `MGKZ_MEDIA_GALLERY_ASSET_KEYWORD_ASSET_ID` (`asset_id`),
  KEY `MGKZ_MEDIA_GALLERY_ASSET_KEYWORD_KEYWORD_ID` (`keyword_id`),
  CONSTRAINT `MGKZ_MDA_GLR_ASSET_KEYWORD_ASSET_ID_MGKZ_MDA_GLR_ASSET_ID` FOREIGN KEY (`asset_id`) REFERENCES `mgkz_media_gallery_asset` (`id`) ON DELETE CASCADE,
  CONSTRAINT `MGKZ_MDA_GLR_ASSET_KEYWORD_KEYWORD_ID_MGKZ_MDA_GLR_KEYWORD_ID` FOREIGN KEY (`keyword_id`) REFERENCES `mgkz_media_gallery_keyword` (`id`) ON DELETE CASCADE
) ENGINE=InnoDB DEFAULT CHARSET=utf8mb4 COLLATE=utf8mb4_general_ci COMMENT='Media Gallery Asset Keyword';

--
-- Dumping data for table `mgkz_media_gallery_asset_keyword`
--


--
-- Table structure for table `mgkz_media_gallery_keyword`
--

CREATE TABLE `mgkz_media_gallery_keyword` (
  `id` int(10) unsigned NOT NULL AUTO_INCREMENT COMMENT 'Keyword ID',
  `keyword` varchar(255) NOT NULL COMMENT 'Keyword',
  PRIMARY KEY (`id`),
  UNIQUE KEY `MGKZ_MEDIA_GALLERY_KEYWORD_KEYWORD` (`keyword`),
  KEY `MGKZ_MEDIA_GALLERY_KEYWORD_ID` (`id`)
) ENGINE=InnoDB DEFAULT CHARSET=utf8mb4 COLLATE=utf8mb4_general_ci COMMENT='Media Gallery Keyword';

--
-- Dumping data for table `mgkz_media_gallery_keyword`
--


--
-- Table structure for table `mgkz_mview_state`
--

CREATE TABLE `mgkz_mview_state` (
  `state_id` int(10) unsigned NOT NULL AUTO_INCREMENT COMMENT 'View State ID',
  `view_id` varchar(255) DEFAULT NULL COMMENT 'View ID',
  `mode` varchar(16) DEFAULT 'disabled' COMMENT 'View Mode',
  `status` varchar(16) DEFAULT 'idle' COMMENT 'View Status',
  `updated` datetime DEFAULT NULL COMMENT 'View updated time',
  `version_id` int(10) unsigned DEFAULT NULL COMMENT 'View Version ID',
  PRIMARY KEY (`state_id`),
  KEY `MGKZ_MVIEW_STATE_VIEW_ID` (`view_id`),
  KEY `MGKZ_MVIEW_STATE_MODE` (`mode`)
) ENGINE=InnoDB AUTO_INCREMENT=15 DEFAULT CHARSET=utf8mb4 COLLATE=utf8mb4_general_ci COMMENT='View State';

--
-- Dumping data for table `mgkz_mview_state`
--

INSERT INTO `mgkz_mview_state` VALUES
(1,'cataloginventory_stock','enabled','idle','2025-04-18 09:44:09',17897),
(2,'design_config_dummy','enabled','idle','2025-04-18 09:44:09',0),
(3,'customer_dummy','enabled','idle','2025-04-18 09:54:03',4),
(4,'catalog_category_product','enabled','idle','2025-04-18 09:44:10',314),
(5,'catalog_product_category','enabled','idle','2025-04-18 09:44:10',19825),
(6,'catalogrule_rule','enabled','suspended','2025-04-18 09:44:10',1),
(7,'catalog_product_attribute','enabled','idle','2025-04-18 15:12:27',34053),
(8,'inventory','enabled','idle','2025-04-18 15:12:27',2040),
(9,'catalog_product_price','enabled','idle','2025-04-18 15:12:27',23880),
(10,'catalogrule_product','enabled','suspended','2025-04-18 09:44:10',44099),
(11,'catalogsearch_fulltext','enabled','idle','2025-04-18 15:12:27',47994),
(12,'sales_order_data_exporter','enabled','idle','2025-04-18 15:12:27',16),
(13,'sales_order_status_data_exporter','enabled','idle','2025-04-18 15:12:27',12),
(14,'store_data_exporter','enabled','idle','2025-04-18 15:12:27',2);

--
-- Table structure for table `mgkz_newsletter_problem`
--

CREATE TABLE `mgkz_newsletter_problem` (
  `problem_id` int(10) unsigned NOT NULL AUTO_INCREMENT COMMENT 'Problem ID',
  `subscriber_id` int(10) unsigned DEFAULT NULL COMMENT 'Subscriber ID',
  `queue_id` int(10) unsigned NOT NULL DEFAULT 0 COMMENT 'Queue ID',
  `problem_error_code` int(10) unsigned DEFAULT 0 COMMENT 'Problem Error Code',
  `problem_error_text` varchar(200) DEFAULT NULL COMMENT 'Problem Error Text',
  PRIMARY KEY (`problem_id`),
  KEY `MGKZ_NEWSLETTER_PROBLEM_SUBSCRIBER_ID` (`subscriber_id`),
  KEY `MGKZ_NEWSLETTER_PROBLEM_QUEUE_ID` (`queue_id`),
  CONSTRAINT `FK_9A0EF739131075541975180BD4666ABF` FOREIGN KEY (`subscriber_id`) REFERENCES `mgkz_newsletter_subscriber` (`subscriber_id`) ON DELETE CASCADE,
  CONSTRAINT `MGKZ_NEWSLETTER_PROBLEM_QUEUE_ID_MGKZ_NEWSLETTER_QUEUE_QUEUE_ID` FOREIGN KEY (`queue_id`) REFERENCES `mgkz_newsletter_queue` (`queue_id`) ON DELETE CASCADE
) ENGINE=InnoDB DEFAULT CHARSET=utf8mb4 COLLATE=utf8mb4_general_ci COMMENT='Newsletter Problems';

--
-- Dumping data for table `mgkz_newsletter_problem`
--


--
-- Table structure for table `mgkz_newsletter_queue`
--

CREATE TABLE `mgkz_newsletter_queue` (
  `queue_id` int(10) unsigned NOT NULL AUTO_INCREMENT COMMENT 'Queue ID',
  `template_id` int(10) unsigned NOT NULL DEFAULT 0 COMMENT 'Template ID',
  `newsletter_type` int(11) DEFAULT NULL COMMENT 'Newsletter Type',
  `newsletter_text` text DEFAULT NULL COMMENT 'Newsletter Text',
  `newsletter_styles` text DEFAULT NULL COMMENT 'Newsletter Styles',
  `newsletter_subject` varchar(200) DEFAULT NULL COMMENT 'Newsletter Subject',
  `newsletter_sender_name` varchar(200) DEFAULT NULL COMMENT 'Newsletter Sender Name',
  `newsletter_sender_email` varchar(200) DEFAULT NULL COMMENT 'Newsletter Sender Email',
  `queue_status` int(10) unsigned NOT NULL DEFAULT 0 COMMENT 'Queue Status',
  `queue_start_at` timestamp NULL DEFAULT NULL COMMENT 'Queue Start At',
  `queue_finish_at` timestamp NULL DEFAULT NULL COMMENT 'Queue Finish At',
  PRIMARY KEY (`queue_id`),
  KEY `MGKZ_NEWSLETTER_QUEUE_TEMPLATE_ID` (`template_id`),
  CONSTRAINT `MGKZ_NLTTR_QUEUE_TEMPLATE_ID_MGKZ_NLTTR_TEMPLATE_TEMPLATE_ID` FOREIGN KEY (`template_id`) REFERENCES `mgkz_newsletter_template` (`template_id`) ON DELETE CASCADE
) ENGINE=InnoDB DEFAULT CHARSET=utf8mb4 COLLATE=utf8mb4_general_ci COMMENT='Newsletter Queue';

--
-- Dumping data for table `mgkz_newsletter_queue`
--


--
-- Table structure for table `mgkz_newsletter_queue_link`
--

CREATE TABLE `mgkz_newsletter_queue_link` (
  `queue_link_id` int(10) unsigned NOT NULL AUTO_INCREMENT COMMENT 'Queue Link ID',
  `queue_id` int(10) unsigned NOT NULL DEFAULT 0 COMMENT 'Queue ID',
  `subscriber_id` int(10) unsigned NOT NULL DEFAULT 0 COMMENT 'Subscriber ID',
  `letter_sent_at` timestamp NULL DEFAULT NULL COMMENT 'Letter Sent At',
  PRIMARY KEY (`queue_link_id`),
  KEY `MGKZ_NEWSLETTER_QUEUE_LINK_SUBSCRIBER_ID` (`subscriber_id`),
  KEY `MGKZ_NEWSLETTER_QUEUE_LINK_QUEUE_ID_LETTER_SENT_AT` (`queue_id`,`letter_sent_at`),
  CONSTRAINT `FK_C036601298B8945332203F84525A00FC` FOREIGN KEY (`subscriber_id`) REFERENCES `mgkz_newsletter_subscriber` (`subscriber_id`) ON DELETE CASCADE,
  CONSTRAINT `MGKZ_NLTTR_QUEUE_LNK_QUEUE_ID_MGKZ_NLTTR_QUEUE_QUEUE_ID` FOREIGN KEY (`queue_id`) REFERENCES `mgkz_newsletter_queue` (`queue_id`) ON DELETE CASCADE
) ENGINE=InnoDB DEFAULT CHARSET=utf8mb4 COLLATE=utf8mb4_general_ci COMMENT='Newsletter Queue Link';

--
-- Dumping data for table `mgkz_newsletter_queue_link`
--


--
-- Table structure for table `mgkz_newsletter_queue_store_link`
--

CREATE TABLE `mgkz_newsletter_queue_store_link` (
  `queue_id` int(10) unsigned NOT NULL DEFAULT 0 COMMENT 'Queue ID',
  `store_id` smallint(5) unsigned NOT NULL DEFAULT 0 COMMENT 'Store ID',
  PRIMARY KEY (`queue_id`,`store_id`),
  KEY `MGKZ_NEWSLETTER_QUEUE_STORE_LINK_STORE_ID` (`store_id`),
  CONSTRAINT `MGKZ_NEWSLETTER_QUEUE_STORE_LINK_STORE_ID_MGKZ_STORE_STORE_ID` FOREIGN KEY (`store_id`) REFERENCES `mgkz_store` (`store_id`) ON DELETE CASCADE,
  CONSTRAINT `MGKZ_NLTTR_QUEUE_STORE_LNK_QUEUE_ID_MGKZ_NLTTR_QUEUE_QUEUE_ID` FOREIGN KEY (`queue_id`) REFERENCES `mgkz_newsletter_queue` (`queue_id`) ON DELETE CASCADE
) ENGINE=InnoDB DEFAULT CHARSET=utf8mb4 COLLATE=utf8mb4_general_ci COMMENT='Newsletter Queue Store Link';

--
-- Dumping data for table `mgkz_newsletter_queue_store_link`
--


--
-- Table structure for table `mgkz_newsletter_subscriber`
--

CREATE TABLE `mgkz_newsletter_subscriber` (
  `subscriber_id` int(10) unsigned NOT NULL AUTO_INCREMENT COMMENT 'Subscriber ID',
  `store_id` smallint(5) unsigned DEFAULT 0 COMMENT 'Store ID',
  `change_status_at` timestamp NULL DEFAULT NULL COMMENT 'Change Status At',
  `customer_id` int(10) unsigned NOT NULL DEFAULT 0 COMMENT 'Customer ID',
  `subscriber_email` varchar(150) DEFAULT NULL COMMENT 'Subscriber Email',
  `subscriber_status` int(11) NOT NULL DEFAULT 0 COMMENT 'Subscriber Status',
  `subscriber_confirm_code` varchar(32) DEFAULT 'NULL' COMMENT 'Subscriber Confirm Code',
  PRIMARY KEY (`subscriber_id`),
  KEY `MGKZ_NEWSLETTER_SUBSCRIBER_CUSTOMER_ID` (`customer_id`),
  KEY `MGKZ_NEWSLETTER_SUBSCRIBER_STORE_ID` (`store_id`),
  KEY `MGKZ_NEWSLETTER_SUBSCRIBER_SUBSCRIBER_EMAIL` (`subscriber_email`),
  CONSTRAINT `MGKZ_NEWSLETTER_SUBSCRIBER_STORE_ID_MGKZ_STORE_STORE_ID` FOREIGN KEY (`store_id`) REFERENCES `mgkz_store` (`store_id`) ON DELETE SET NULL
) ENGINE=InnoDB DEFAULT CHARSET=utf8mb4 COLLATE=utf8mb4_general_ci COMMENT='Newsletter Subscriber';

--
-- Dumping data for table `mgkz_newsletter_subscriber`
--


--
-- Table structure for table `mgkz_newsletter_template`
--

CREATE TABLE `mgkz_newsletter_template` (
  `template_id` int(10) unsigned NOT NULL AUTO_INCREMENT COMMENT 'Template ID',
  `template_code` varchar(150) DEFAULT NULL COMMENT 'Template Code',
  `template_text` text DEFAULT NULL COMMENT 'Template Text',
  `template_styles` text DEFAULT NULL COMMENT 'Template Styles',
  `template_type` int(10) unsigned DEFAULT NULL COMMENT 'Template Type',
  `template_subject` varchar(200) DEFAULT NULL COMMENT 'Template Subject',
  `template_sender_name` varchar(200) DEFAULT NULL COMMENT 'Template Sender Name',
  `template_sender_email` varchar(200) DEFAULT NULL COMMENT 'Template Sender Email',
  `template_actual` smallint(5) unsigned DEFAULT 1 COMMENT 'Template Actual',
  `added_at` timestamp NULL DEFAULT NULL COMMENT 'Added At',
  `modified_at` timestamp NULL DEFAULT NULL COMMENT 'Modified At',
  `is_legacy` tinyint(1) NOT NULL DEFAULT 0 COMMENT 'Should the template render in legacy mode',
  PRIMARY KEY (`template_id`),
  KEY `MGKZ_NEWSLETTER_TEMPLATE_TEMPLATE_ACTUAL` (`template_actual`),
  KEY `MGKZ_NEWSLETTER_TEMPLATE_ADDED_AT` (`added_at`),
  KEY `MGKZ_NEWSLETTER_TEMPLATE_MODIFIED_AT` (`modified_at`)
) ENGINE=InnoDB DEFAULT CHARSET=utf8mb4 COLLATE=utf8mb4_general_ci COMMENT='Newsletter Template';

--
-- Dumping data for table `mgkz_newsletter_template`
--


--
-- Table structure for table `mgkz_oauth_consumer`
--

CREATE TABLE `mgkz_oauth_consumer` (
  `entity_id` int(10) unsigned NOT NULL AUTO_INCREMENT COMMENT 'Entity ID',
  `created_at` timestamp NOT NULL DEFAULT current_timestamp() COMMENT 'Created At',
  `updated_at` timestamp NULL DEFAULT '0000-00-00 00:00:00' ON UPDATE current_timestamp() COMMENT 'Updated At',
  `name` varchar(255) NOT NULL COMMENT 'Name of consumer',
  `key` varchar(32) NOT NULL COMMENT 'Key code',
  `secret` varchar(128) NOT NULL COMMENT 'Secret code',
  `callback_url` text DEFAULT NULL COMMENT 'Callback URL',
  `rejected_callback_url` text NOT NULL COMMENT 'Rejected callback URL',
  PRIMARY KEY (`entity_id`),
  UNIQUE KEY `MGKZ_OAUTH_CONSUMER_KEY` (`key`),
  UNIQUE KEY `MGKZ_OAUTH_CONSUMER_SECRET` (`secret`),
  KEY `MGKZ_OAUTH_CONSUMER_CREATED_AT` (`created_at`),
  KEY `MGKZ_OAUTH_CONSUMER_UPDATED_AT` (`updated_at`)
) ENGINE=InnoDB DEFAULT CHARSET=utf8mb4 COLLATE=utf8mb4_general_ci COMMENT='OAuth Consumers';

--
-- Dumping data for table `mgkz_oauth_consumer`
--


--
-- Table structure for table `mgkz_oauth_nonce`
--

CREATE TABLE `mgkz_oauth_nonce` (
  `nonce` varchar(32) NOT NULL COMMENT 'Nonce String',
  `timestamp` int(10) unsigned NOT NULL COMMENT 'Nonce Timestamp',
  `consumer_id` int(10) unsigned NOT NULL COMMENT 'Consumer ID',
  PRIMARY KEY (`nonce`,`consumer_id`),
  KEY `MGKZ_OAUTH_NONCE_CONSUMER_ID_MGKZ_OAUTH_CONSUMER_ENTITY_ID` (`consumer_id`),
  KEY `MGKZ_OAUTH_NONCE_TIMESTAMP` (`timestamp`),
  CONSTRAINT `MGKZ_OAUTH_NONCE_CONSUMER_ID_MGKZ_OAUTH_CONSUMER_ENTITY_ID` FOREIGN KEY (`consumer_id`) REFERENCES `mgkz_oauth_consumer` (`entity_id`) ON DELETE CASCADE
) ENGINE=InnoDB DEFAULT CHARSET=utf8mb4 COLLATE=utf8mb4_general_ci COMMENT='OAuth Nonce';

--
-- Dumping data for table `mgkz_oauth_nonce`
--


--
-- Table structure for table `mgkz_oauth_token`
--

CREATE TABLE `mgkz_oauth_token` (
  `entity_id` int(10) unsigned NOT NULL AUTO_INCREMENT COMMENT 'Entity ID',
  `consumer_id` int(10) unsigned DEFAULT NULL COMMENT 'Oauth Consumer ID',
  `admin_id` int(10) unsigned DEFAULT NULL COMMENT 'Admin user ID',
  `customer_id` int(10) unsigned DEFAULT NULL COMMENT 'Customer user ID',
  `type` varchar(16) NOT NULL COMMENT 'Token Type',
  `token` varchar(32) NOT NULL COMMENT 'Token',
  `secret` varchar(128) NOT NULL COMMENT 'Token Secret',
  `verifier` varchar(32) DEFAULT NULL COMMENT 'Token Verifier',
  `callback_url` text NOT NULL COMMENT 'Token Callback URL',
  `revoked` smallint(5) unsigned NOT NULL DEFAULT 0 COMMENT 'Is Token revoked',
  `authorized` smallint(5) unsigned NOT NULL DEFAULT 0 COMMENT 'Is Token authorized',
  `user_type` int(11) DEFAULT NULL COMMENT 'User type',
  `created_at` timestamp NOT NULL DEFAULT current_timestamp() COMMENT 'Token creation timestamp',
  PRIMARY KEY (`entity_id`),
  UNIQUE KEY `MGKZ_OAUTH_TOKEN_TOKEN` (`token`),
  KEY `MGKZ_OAUTH_TOKEN_ADMIN_ID_MGKZ_ADMIN_USER_USER_ID` (`admin_id`),
  KEY `MGKZ_OAUTH_TOKEN_CUSTOMER_ID_MGKZ_CUSTOMER_ENTITY_ENTITY_ID` (`customer_id`),
  KEY `MGKZ_OAUTH_TOKEN_CONSUMER_ID` (`consumer_id`),
  KEY `MGKZ_OAUTH_TOKEN_CREATED_AT` (`created_at`),
  CONSTRAINT `MGKZ_OAUTH_TOKEN_ADMIN_ID_MGKZ_ADMIN_USER_USER_ID` FOREIGN KEY (`admin_id`) REFERENCES `mgkz_admin_user` (`user_id`) ON DELETE CASCADE,
  CONSTRAINT `MGKZ_OAUTH_TOKEN_CONSUMER_ID_MGKZ_OAUTH_CONSUMER_ENTITY_ID` FOREIGN KEY (`consumer_id`) REFERENCES `mgkz_oauth_consumer` (`entity_id`) ON DELETE CASCADE,
  CONSTRAINT `MGKZ_OAUTH_TOKEN_CUSTOMER_ID_MGKZ_CUSTOMER_ENTITY_ENTITY_ID` FOREIGN KEY (`customer_id`) REFERENCES `mgkz_customer_entity` (`entity_id`) ON DELETE CASCADE
) ENGINE=InnoDB DEFAULT CHARSET=utf8mb4 COLLATE=utf8mb4_general_ci COMMENT='OAuth Tokens';

--
-- Dumping data for table `mgkz_oauth_token`
--


--
-- Table structure for table `mgkz_oauth_token_request_log`
--

CREATE TABLE `mgkz_oauth_token_request_log` (
  `log_id` int(10) unsigned NOT NULL AUTO_INCREMENT COMMENT 'Log ID',
  `user_name` varchar(255) NOT NULL COMMENT 'Customer email or admin login',
  `user_type` smallint(5) unsigned NOT NULL COMMENT 'User type (admin or customer)',
  `failures_count` smallint(5) unsigned DEFAULT 0 COMMENT 'Number of failed authentication attempts in a row',
  `lock_expires_at` timestamp NOT NULL DEFAULT current_timestamp() ON UPDATE current_timestamp() COMMENT 'Lock expiration time',
  PRIMARY KEY (`log_id`),
  UNIQUE KEY `MGKZ_OAUTH_TOKEN_REQUEST_LOG_USER_NAME_USER_TYPE` (`user_name`,`user_type`)
) ENGINE=InnoDB DEFAULT CHARSET=utf8mb4 COLLATE=utf8mb4_general_ci COMMENT='Log of token request authentication failures.';

--
-- Dumping data for table `mgkz_oauth_token_request_log`
--


--
-- Table structure for table `mgkz_pagebuilder_template`
--

CREATE TABLE `mgkz_pagebuilder_template` (
  `template_id` int(11) NOT NULL AUTO_INCREMENT COMMENT 'Template ID Auto Increment',
  `name` varchar(1024) NOT NULL COMMENT 'Template Name',
  `preview_image` varchar(1024) DEFAULT NULL COMMENT 'Template Preview Image',
  `template` longtext NOT NULL COMMENT 'Master Format HTML',
  `created_for` varchar(255) DEFAULT NULL COMMENT 'Created For',
  `created_at` timestamp NOT NULL DEFAULT current_timestamp() COMMENT 'Creation Time',
  `updated_at` timestamp NOT NULL DEFAULT current_timestamp() ON UPDATE current_timestamp() COMMENT 'Update Time',
  PRIMARY KEY (`template_id`),
  FULLTEXT KEY `MGKZ_PAGEBUILDER_TEMPLATE_NAME` (`name`)
) ENGINE=InnoDB DEFAULT CHARSET=utf8mb4 COLLATE=utf8mb4_general_ci COMMENT='Page Builder Templates';

--
-- Dumping data for table `mgkz_pagebuilder_template`
--


--
-- Table structure for table `mgkz_password_reset_request_event`
--

CREATE TABLE `mgkz_password_reset_request_event` (
  `id` int(10) unsigned NOT NULL AUTO_INCREMENT COMMENT 'Entity ID',
  `request_type` smallint(5) unsigned NOT NULL COMMENT 'Type of the event under a security control',
  `account_reference` varchar(255) DEFAULT NULL COMMENT 'An identifier for existing account or another target',
  `created_at` timestamp NOT NULL DEFAULT current_timestamp() COMMENT 'Timestamp when the event occurs',
  `ip` varchar(15) NOT NULL COMMENT 'Remote user IP',
  PRIMARY KEY (`id`),
  KEY `MGKZ_PASSWORD_RESET_REQUEST_EVENT_ACCOUNT_REFERENCE` (`account_reference`),
  KEY `MGKZ_PASSWORD_RESET_REQUEST_EVENT_CREATED_AT` (`created_at`)
) ENGINE=InnoDB DEFAULT CHARSET=utf8mb4 COLLATE=utf8mb4_general_ci COMMENT='Password Reset Request Event under a security control';

--
-- Dumping data for table `mgkz_password_reset_request_event`
--


--
-- Table structure for table `mgkz_patch_list`
--

CREATE TABLE `mgkz_patch_list` (
  `patch_id` int(11) NOT NULL AUTO_INCREMENT COMMENT 'Patch Auto Increment',
  `patch_name` varchar(1024) NOT NULL COMMENT 'Patch Class Name',
  PRIMARY KEY (`patch_id`)
) ENGINE=InnoDB AUTO_INCREMENT=204 DEFAULT CHARSET=utf8mb4 COLLATE=utf8mb4_general_ci COMMENT='List of data/schema patches';

--
-- Dumping data for table `mgkz_patch_list`
--

INSERT INTO `mgkz_patch_list` VALUES
(1,'Magento\\Store\\Setup\\Patch\\Schema\\InitializeStoresAndWebsites'),
(2,'Magento\\Catalog\\Setup\\Patch\\Schema\\EnableSegmentation'),
(3,'Magento\\CatalogRule\\Setup\\Patch\\Schema\\CleanUpProductPriceReplicaTable'),
(4,'Magento\\Bundle\\Setup\\Patch\\Schema\\UpdateBundleRelatedSchema'),
(5,'Magento\\TwoFactorAuth\\Setup\\Patch\\Schema\\CopyTablesFromOldModule'),
(6,'Magento\\InventoryCatalog\\Setup\\Patch\\Schema\\CreateLegacyStockStatusView'),
(7,'Magento\\InventoryCatalog\\Setup\\Patch\\Schema\\InitializeDefaultStock'),
(8,'Magento\\InventoryCatalog\\Setup\\Patch\\Schema\\UpdateInventorySourceItem'),
(9,'Magento\\InventoryCatalog\\Setup\\Patch\\Schema\\ReindexDefaultSource'),
(10,'Magento\\InventorySales\\Setup\\Patch\\Schema\\InitializeWebsiteDefaultSock'),
(11,'Magento\\Review\\Setup\\Patch\\Schema\\AddUniqueConstraintToReviewEntitySummary'),
(12,'Magento\\Store\\Setup\\Patch\\Data\\DisableSid'),
(13,'Magento\\Store\\Setup\\Patch\\Data\\UpdateStoreGroupCodes'),
(14,'Magento\\Directory\\Setup\\Patch\\Data\\InitializeDirectoryData'),
(15,'Magento\\Directory\\Setup\\Patch\\Data\\AddCountriesCaribbeanCuracaoKosovoSintMaarten'),
(16,'Magento\\Directory\\Setup\\Patch\\Data\\AddDataForAlbania'),
(17,'Magento\\Directory\\Setup\\Patch\\Data\\AddDataForArgentina'),
(18,'Magento\\Directory\\Setup\\Patch\\Data\\AddDataForCroatia'),
(19,'Magento\\Directory\\Setup\\Patch\\Data\\AddDataForIndia'),
(20,'Magento\\Directory\\Setup\\Patch\\Data\\AddDataForAustralia'),
(21,'Magento\\Directory\\Setup\\Patch\\Data\\AddDataForBelarus'),
(22,'Magento\\Directory\\Setup\\Patch\\Data\\AddDataForBelgium'),
(23,'Magento\\Directory\\Setup\\Patch\\Data\\AddDataForBolivia'),
(24,'Magento\\Directory\\Setup\\Patch\\Data\\AddDataForBulgaria'),
(25,'Magento\\Directory\\Setup\\Patch\\Data\\AddDataForChile'),
(26,'Magento\\Directory\\Setup\\Patch\\Data\\AddDataForChina'),
(27,'Magento\\Directory\\Setup\\Patch\\Data\\AddDataForColombia'),
(28,'Magento\\Directory\\Setup\\Patch\\Data\\AddDataForCostaRica'),
(29,'Magento\\Directory\\Setup\\Patch\\Data\\AddDataForCzechia'),
(30,'Magento\\Directory\\Setup\\Patch\\Data\\AddDataForDenmark'),
(31,'Magento\\Directory\\Setup\\Patch\\Data\\AddDataForEcuador'),
(32,'Magento\\Directory\\Setup\\Patch\\Data\\AddDataForGreece'),
(33,'Magento\\Directory\\Setup\\Patch\\Data\\AddDataForGuyana'),
(34,'Magento\\Directory\\Setup\\Patch\\Data\\AddDataForIceland'),
(35,'Magento\\Directory\\Setup\\Patch\\Data\\AddDataForItaly'),
(36,'Magento\\Directory\\Setup\\Patch\\Data\\AddDataForMexico'),
(37,'Magento\\Directory\\Setup\\Patch\\Data\\AddDataForParaguay'),
(38,'Magento\\Directory\\Setup\\Patch\\Data\\AddDataForPeru'),
(39,'Magento\\Directory\\Setup\\Patch\\Data\\AddDataForPoland'),
(40,'Magento\\Directory\\Setup\\Patch\\Data\\AddDataForPortugal'),
(41,'Magento\\Directory\\Setup\\Patch\\Data\\AddDataForSuriname'),
(42,'Magento\\Directory\\Setup\\Patch\\Data\\AddDataForSweden'),
(43,'Magento\\Directory\\Setup\\Patch\\Data\\AddDataForUkraine'),
(44,'Magento\\Directory\\Setup\\Patch\\Data\\AddDataForUruguay'),
(45,'Magento\\Directory\\Setup\\Patch\\Data\\AddDataForVenezuela'),
(46,'Magento\\Directory\\Setup\\Patch\\Data\\AddRegionsForIndia'),
(47,'Magento\\Directory\\Setup\\Patch\\Data\\UpdateRegionNamesForSwitzerland'),
(48,'Magento\\Theme\\Setup\\Patch\\Data\\RegisterThemes'),
(49,'Magento\\Theme\\Setup\\Patch\\Data\\ConvertSerializedData'),
(50,'Magento\\Security\\Setup\\Patch\\Data\\SessionIDColumnCleanUp'),
(51,'Magento\\Config\\Setup\\Patch\\Data\\RemoveTinymceConfig'),
(52,'Magento\\Config\\Setup\\Patch\\Data\\UnsetTinymce3'),
(53,'Magento\\Config\\Setup\\Patch\\Data\\UpdateClassAliases'),
(54,'Magento\\User\\Setup\\Patch\\Data\\UpgradePasswordHashes'),
(55,'Magento\\User\\Setup\\Patch\\Data\\UpgradeSerializedFields'),
(56,'Magento\\Authorization\\Setup\\Patch\\Data\\InitializeAuthRoles'),
(57,'Magento\\Eav\\Setup\\Patch\\Data\\InitializeAttributeModels'),
(58,'Magento\\Customer\\Setup\\Patch\\Data\\DefaultCustomerGroupsAndAttributes'),
(59,'Magento\\Customer\\Setup\\Patch\\Data\\UpdateCustomerAttributesMetadata'),
(60,'Magento\\Customer\\Setup\\Patch\\Data\\AddNonSpecifiedGenderAttributeOption'),
(61,'Magento\\Customer\\Setup\\Patch\\Data\\UpdateIdentifierCustomerAttributesVisibility'),
(62,'Magento\\Customer\\Setup\\Patch\\Data\\AddCustomerUpdatedAtAttribute'),
(63,'Magento\\Customer\\Setup\\Patch\\Data\\UpgradePasswordHashAndAddress'),
(64,'Magento\\Customer\\Setup\\Patch\\Data\\RemoveCheckoutRegisterAndUpdateAttributes'),
(65,'Magento\\Customer\\Setup\\Patch\\Data\\AddSecurityTrackingAttributes'),
(66,'Magento\\Customer\\Setup\\Patch\\Data\\UpdateAutocompleteOnStorefrontConfigPath'),
(67,'Magento\\Customer\\Setup\\Patch\\Data\\MigrateStoresAllowedCountriesToWebsite'),
(68,'Magento\\Customer\\Setup\\Patch\\Data\\ConvertValidationRulesFromSerializedToJson'),
(69,'Magento\\Customer\\Setup\\Patch\\Data\\SessionIDColumnCleanUp'),
(70,'Magento\\Customer\\Setup\\Patch\\Data\\UpdateCustomerAddressAttributesSortOrder'),
(71,'Magento\\Customer\\Setup\\Patch\\Data\\UpdateVATNumber'),
(72,'Magento\\Customer\\Setup\\Patch\\Data\\UpdateCustomerAttributeInputFilters'),
(73,'Magento\\Customer\\Setup\\Patch\\Data\\UpdateDefaultCustomerGroupInConfig'),
(74,'Magento\\Indexer\\Setup\\Patch\\Data\\InitializeIndexerState'),
(75,'Magento\\Cms\\Setup\\Patch\\Data\\CreateDefaultPages'),
(76,'Magento\\Cms\\Setup\\Patch\\Data\\UpdatePrivacyPolicyPage'),
(77,'Magento\\Cms\\Setup\\Patch\\Data\\ConvertWidgetConditionsToJson'),
(78,'Magento\\Catalog\\Setup\\Patch\\Data\\InstallDefaultCategories'),
(79,'Magento\\Catalog\\Setup\\Patch\\Data\\SetNewResourceModelsPaths'),
(80,'Magento\\Catalog\\Setup\\Patch\\Data\\UpdateDefaultAttributeValue'),
(81,'Magento\\Catalog\\Setup\\Patch\\Data\\UpdateMediaAttributesBackendTypes'),
(82,'Magento\\Catalog\\Setup\\Patch\\Data\\UpdateProductAttributes'),
(83,'Magento\\Catalog\\Setup\\Patch\\Data\\UpdateProductMetaDescription'),
(84,'Magento\\Catalog\\Setup\\Patch\\Data\\ChangePriceAttributeDefaultScope'),
(85,'Magento\\Catalog\\Setup\\Patch\\Data\\DisallowUsingHtmlForProductName'),
(86,'Magento\\Catalog\\Setup\\Patch\\Data\\EnableDirectiveParsing'),
(87,'Magento\\Catalog\\Setup\\Patch\\Data\\EnableSegmentation'),
(88,'Magento\\Catalog\\Setup\\Patch\\Data\\UpdateCustomLayoutAttributes'),
(89,'Magento\\Catalog\\Setup\\Patch\\Data\\UpdateDefaultSortyByBackendType'),
(90,'Magento\\Catalog\\Setup\\Patch\\Data\\UpdateMultiselectAttributesBackendTypes'),
(91,'Magento\\Catalog\\Setup\\Patch\\Data\\UpdateProductDescriptionOrder'),
(92,'Magento\\CatalogUrlRewrite\\Setup\\Patch\\Data\\CreateUrlAttributes'),
(93,'Magento\\Catalog\\Setup\\Patch\\Data\\UpdateProductUrlKey'),
(94,'Magento\\Catalog\\Setup\\Patch\\Data\\UpdateProductUrlKeyBackendModel'),
(95,'Magento\\Catalog\\Setup\\Patch\\Data\\UpgradeWidgetData'),
(96,'Magento\\Catalog\\Setup\\Patch\\Data\\UpgradeWebsiteAttributes'),
(97,'Magento\\Integration\\Setup\\Patch\\Data\\RemoveInactiveTokens'),
(98,'Magento\\Integration\\Setup\\Patch\\Data\\UpgradeConsumerSecret'),
(99,'Magento\\Integration\\Setup\\Patch\\Data\\UpgradeOauthToken'),
(100,'Magento\\CatalogRule\\Setup\\Patch\\Data\\UpdateClassAliasesForCatalogRules'),
(101,'Magento\\CatalogRule\\Setup\\Patch\\Data\\ConvertSerializedDataToJson'),
(102,'Magento\\CatalogInventory\\Setup\\Patch\\Data\\CreateDefaultStock'),
(103,'Magento\\CatalogInventory\\Setup\\Patch\\Data\\UpdateStockItemsWebsite'),
(104,'Magento\\CatalogInventory\\Setup\\Patch\\Data\\ConvertSerializedDataToJson'),
(105,'Magento\\CatalogSearch\\Setup\\Patch\\Data\\MySQLSearchRemovalNotification'),
(106,'Magento\\CatalogSearch\\Setup\\Patch\\Data\\SetInitialSearchWeightForAttributes'),
(107,'Magento\\Msrp\\Setup\\Patch\\Data\\InitializeMsrpAttributes'),
(108,'Magento\\Msrp\\Setup\\Patch\\Data\\ChangeMsrpAttributeLabel'),
(109,'Magento\\Msrp\\Setup\\Patch\\Data\\ChangePriceAttributeDefaultScope'),
(110,'Magento\\Quote\\Setup\\Patch\\Data\\InstallEntityTypes'),
(111,'Magento\\Quote\\Setup\\Patch\\Data\\ConvertSerializedDataToJson'),
(112,'Magento\\Quote\\Setup\\Patch\\Data\\WishlistDataCleanUp'),
(113,'Magento\\Bundle\\Setup\\Patch\\Data\\ApplyAttributesUpdate'),
(114,'Magento\\Bundle\\Setup\\Patch\\Data\\UpdateBundleRelatedEntityTypes'),
(115,'Magento\\CatalogUrlRewrite\\Setup\\Patch\\Data\\UpdateUrlKeyForProducts'),
(116,'Magento\\CatalogUrlRewrite\\Setup\\Patch\\Data\\UpdateUrlKeySearchable'),
(117,'Magento\\Sales\\Setup\\Patch\\Data\\InstallOrderStatusesAndInitialSalesConfig'),
(118,'Magento\\Sales\\Setup\\Patch\\Data\\UpdateEntityTypes'),
(119,'Magento\\Sales\\Setup\\Patch\\Data\\ConvertSerializedDataToJson'),
(120,'Magento\\Sales\\Setup\\Patch\\Data\\FillQuoteAddressIdInSalesOrderAddress'),
(121,'Magento\\Sales\\Setup\\Patch\\Data\\UpdateEntityTypeModelForInvoice'),
(122,'Magento\\Sales\\Setup\\Patch\\Data\\WishlistDataCleanUp'),
(123,'Magento\\MediaGalleryUi\\Setup\\Patch\\Data\\AddMediaGalleryPermissions'),
(124,'Magento\\Downloadable\\Setup\\Patch\\Data\\AddDownloadableHostsConfig'),
(125,'Magento\\Downloadable\\Setup\\Patch\\Data\\InstallDownloadableAttributes'),
(126,'Magento\\Downloadable\\Setup\\Patch\\Data\\UpdateLinksExistDefaultAttributeValue'),
(127,'Magento\\TwoFactorAuth\\Setup\\Patch\\Data\\CopyConfigFromOldModule'),
(128,'Magento\\TwoFactorAuth\\Setup\\Patch\\Data\\EncryptConfiguration'),
(129,'Magento\\TwoFactorAuth\\Setup\\Patch\\Data\\EncryptGoogleSecrets'),
(130,'Magento\\TwoFactorAuth\\Setup\\Patch\\Data\\EncryptSecrets'),
(131,'Magento\\TwoFactorAuth\\Setup\\Patch\\Data\\PopulateCountryTable'),
(132,'Magento\\TwoFactorAuth\\Setup\\Patch\\Data\\ResetU2fConfig'),
(133,'Magento\\Checkout\\Setup\\Patch\\Data\\PrepareInitialCheckoutConfiguration'),
(134,'Magento\\UrlRewrite\\Setup\\Patch\\Data\\ConvertSerializedDataToJson'),
(135,'Magento\\ConfigurableProduct\\Setup\\Patch\\Data\\InstallInitialConfigurableAttributes'),
(136,'Magento\\ConfigurableProduct\\Setup\\Patch\\Data\\UpdateManufacturerAttribute'),
(137,'Magento\\ConfigurableProduct\\Setup\\Patch\\Data\\UpdateTierPriceAttribute'),
(138,'Magento\\Tax\\Setup\\Patch\\Data\\AddTaxAttributeAndTaxClasses'),
(139,'Magento\\Tax\\Setup\\Patch\\Data\\UpdateTaxClassAttributeVisibility'),
(140,'Magento\\Tax\\Setup\\Patch\\Data\\UpdateTaxRegionId'),
(141,'Magento\\Widget\\Setup\\Patch\\Data\\UpgradeModelInstanceClassAliases'),
(142,'Magento\\Widget\\Setup\\Patch\\Data\\ConvertSerializedData'),
(143,'Magento\\Analytics\\Setup\\Patch\\Data\\PrepareInitialConfig'),
(144,'Magento\\Analytics\\Setup\\Patch\\Data\\ActivateDataCollection'),
(145,'Magento\\Newsletter\\Setup\\Patch\\Data\\FlagLegacyTemplates'),
(146,'Magento\\SampleData\\Setup\\Patch\\Data\\ClearSampleDataState'),
(147,'Magento\\Dhl\\Setup\\Patch\\Data\\PrepareShipmentDays'),
(148,'Magento\\GroupedProduct\\Setup\\Patch\\Data\\InitializeGroupedProductLinks'),
(149,'Magento\\GroupedProduct\\Setup\\Patch\\Data\\UpdateProductRelations'),
(150,'Magento\\Weee\\Setup\\Patch\\Data\\InitQuoteAndOrderAttributes'),
(151,'Magento\\CatalogSampleData\\Setup\\Patch\\Data\\InstallCatalogSampleData'),
(152,'Magento\\Elasticsearch\\Setup\\Patch\\Data\\InvalidateIndex'),
(153,'Magento\\Email\\Setup\\Patch\\Data\\FlagLegacyTemplates'),
(154,'Magento\\EncryptionKey\\Setup\\Patch\\Data\\SodiumChachaPatch'),
(155,'Magento\\Fedex\\Setup\\Patch\\Data\\ConfigureFedexDefaults'),
(156,'Magento\\GiftMessage\\Setup\\Patch\\Data\\AddGiftMessageAttributes'),
(157,'Magento\\GiftMessage\\Setup\\Patch\\Data\\MoveGiftMessageToGiftOptionsGroup'),
(158,'Magento\\GiftMessage\\Setup\\Patch\\Data\\UpdateGiftMessageAttribute'),
(159,'Magento\\BundleSampleData\\Setup\\Patch\\Data\\InstallBundleSampleData'),
(160,'Magento\\InventoryLowQuantityNotification\\Setup\\Patch\\Data\\MigrateCatalogInventoryNotifyStockQuantityData'),
(161,'Magento\\Reports\\Setup\\Patch\\Data\\InitializeReportEntityTypesAndPages'),
(162,'Magento\\Reports\\Setup\\Patch\\Data\\ReportDisableNotification'),
(163,'Magento\\GroupedProductSampleData\\Setup\\Patch\\Data\\InstallGroupedProductSampleData'),
(164,'Magento\\DownloadableSampleData\\Setup\\Patch\\Data\\InstallDownloadableSampleData'),
(165,'Magento\\SalesRule\\Setup\\Patch\\Data\\PrepareRuleModelSerializedData'),
(166,'Magento\\SalesRule\\Setup\\Patch\\Data\\ConvertSerializedDataToJson'),
(167,'Magento\\SalesRule\\Setup\\Patch\\Data\\FillSalesRuleProductAttributeTable'),
(168,'Magento\\OfflineShipping\\Setup\\Patch\\Data\\UpdateQuoteShippingAddresses'),
(169,'Magento\\OfflineShipping\\Setup\\Patch\\Data\\UpdateShippingTablerate'),
(170,'Magento\\PageBuilder\\Setup\\Patch\\Data\\UpdateProductAttribute'),
(171,'Magento\\PageBuilder\\Setup\\Patch\\Data\\UpgradePageBuilderStripStyles'),
(172,'Magento\\ThemeSampleData\\Setup\\Patch\\Data\\InstallThemeSampleData'),
(173,'Magento\\Vault\\Setup\\Patch\\Data\\SetCreditCardAsDefaultTokenType'),
(174,'Magento\\Paypal\\Setup\\Patch\\Data\\AddPaypalOrderStatuses'),
(175,'Magento\\Paypal\\Setup\\Patch\\Data\\UpdateBmltoPayLater'),
(176,'Magento\\Paypal\\Setup\\Patch\\Data\\UpdatePaypalCreditOption'),
(177,'Magento\\Paypal\\Setup\\Patch\\Data\\UpdateSmartButtonLabel'),
(178,'Magento\\Paypal\\Setup\\Patch\\Data\\UpdateSmartButtonSize'),
(179,'Magento\\ConfigurableSampleData\\Setup\\Patch\\Data\\InstallConfigurableSampleData'),
(180,'Magento\\ServicesId\\Setup\\Patch\\Data\\RemoveKeySetEncryptedConfigFlag'),
(181,'Magento\\ReCaptchaMigration\\Setup\\Patch\\Data\\MigrateConfigToRecaptchaModules'),
(182,'Magento\\Review\\Setup\\Patch\\Data\\InitReviewStatusesAndData'),
(183,'Magento\\ReviewSampleData\\Setup\\Patch\\Data\\InstallReviewSampleData'),
(184,'Magento\\OfflineShippingSampleData\\Setup\\Patch\\Data\\InstallOfflineShippingSampleData'),
(185,'Magento\\CatalogRuleSampleData\\Setup\\Patch\\Data\\InstallCatalogRuleSampleData'),
(186,'Magento\\TaxSampleData\\Setup\\Patch\\Data\\InstallTaxSampleData'),
(187,'Magento\\SalesRuleSampleData\\Setup\\Patch\\Data\\InstallSalesRuleSampleData'),
(188,'Magento\\Swatches\\Setup\\Patch\\Data\\AddSwatchImageAttribute'),
(189,'Magento\\Swatches\\Setup\\Patch\\Data\\AddSwatchImageToDefaultAttribtueSet'),
(190,'Magento\\Swatches\\Setup\\Patch\\Data\\UpdateAdminTextSwatchValues'),
(191,'Magento\\Swatches\\Setup\\Patch\\Data\\ConvertAdditionalDataToJson'),
(192,'Magento\\SwatchesSampleData\\Setup\\Patch\\Data\\InstallSwatchesSampleData'),
(193,'Magento\\MsrpSampleData\\Setup\\Patch\\Data\\InstallMsrpSampleData'),
(194,'Magento\\CustomerSampleData\\Setup\\Patch\\Data\\InstallCustomerSampleData'),
(195,'Magento\\CmsSampleData\\Setup\\Patch\\Data\\InstallCmsSampleData'),
(196,'Magento\\SalesSampleData\\Setup\\Patch\\Data\\InstallSalesSampleData'),
(197,'Magento\\Usps\\Setup\\Patch\\Data\\UpdateAllowedMethods'),
(198,'Magento\\ProductLinksSampleData\\Setup\\Patch\\Data\\InstallProductLinksSampleData'),
(199,'Magento\\CurrencySymbol\\Setup\\Patch\\Data\\ConvertSerializedCustomCurrencySymbolToJson'),
(200,'Magento\\WidgetSampleData\\Setup\\Patch\\Data\\InstallWidgetSampleData'),
(201,'Magento\\Wishlist\\Setup\\Patch\\Data\\ConvertSerializedData'),
(202,'Magento\\Wishlist\\Setup\\Patch\\Data\\WishlistDataCleanUp'),
(203,'Magento\\WishlistSampleData\\Setup\\Patch\\Data\\InstallWishlistSampleData');

--
-- Table structure for table `mgkz_payment_services_order_data_production_submitted_hash`
--

CREATE TABLE `mgkz_payment_services_order_data_production_submitted_hash` (
  `identifier` varchar(64) NOT NULL COMMENT 'Order identifier',
  `feed_hash` varchar(64) NOT NULL COMMENT 'feed_hash',
  `submitted_at` timestamp NOT NULL DEFAULT current_timestamp() ON UPDATE current_timestamp() COMMENT 'Submitted At',
  PRIMARY KEY (`identifier`)
) ENGINE=InnoDB DEFAULT CHARSET=utf8mb4 COLLATE=utf8mb4_general_ci COMMENT='Payment Services Order Feed Storage';

--
-- Dumping data for table `mgkz_payment_services_order_data_production_submitted_hash`
--


--
-- Table structure for table `mgkz_payment_services_order_data_sandbox_submitted_hash`
--

CREATE TABLE `mgkz_payment_services_order_data_sandbox_submitted_hash` (
  `identifier` varchar(64) NOT NULL COMMENT 'Order identifier',
  `feed_hash` varchar(64) NOT NULL COMMENT 'feed_hash',
  `submitted_at` timestamp NOT NULL DEFAULT current_timestamp() ON UPDATE current_timestamp() COMMENT 'Submitted At',
  PRIMARY KEY (`identifier`)
) ENGINE=InnoDB DEFAULT CHARSET=utf8mb4 COLLATE=utf8mb4_general_ci COMMENT='Payment Services Order Feed Storage';

--
-- Dumping data for table `mgkz_payment_services_order_data_sandbox_submitted_hash`
--


--
-- Table structure for table `mgkz_payment_services_order_status_data_prod_submitted_hash`
--

CREATE TABLE `mgkz_payment_services_order_status_data_prod_submitted_hash` (
  `identifier` varchar(64) NOT NULL COMMENT 'Order Status identifier',
  `feed_hash` varchar(64) NOT NULL COMMENT 'feed_hash',
  `submitted_at` timestamp NOT NULL DEFAULT current_timestamp() ON UPDATE current_timestamp() COMMENT 'Submitted At',
  PRIMARY KEY (`identifier`)
) ENGINE=InnoDB DEFAULT CHARSET=utf8mb4 COLLATE=utf8mb4_general_ci COMMENT='Payment Services Order Status Feed Storage';

--
-- Dumping data for table `mgkz_payment_services_order_status_data_prod_submitted_hash`
--


--
-- Table structure for table `mgkz_payment_services_order_status_data_sandbox_submitted_hash`
--

CREATE TABLE `mgkz_payment_services_order_status_data_sandbox_submitted_hash` (
  `identifier` varchar(64) NOT NULL COMMENT 'Order Status identifier',
  `feed_hash` varchar(64) NOT NULL COMMENT 'feed_hash',
  `submitted_at` timestamp NOT NULL DEFAULT current_timestamp() ON UPDATE current_timestamp() COMMENT 'Submitted At',
  PRIMARY KEY (`identifier`)
) ENGINE=InnoDB DEFAULT CHARSET=utf8mb4 COLLATE=utf8mb4_general_ci COMMENT='Payment Services Order Status Feed Storage';

--
-- Dumping data for table `mgkz_payment_services_order_status_data_sandbox_submitted_hash`
--


--
-- Table structure for table `mgkz_payment_services_store_data_production_submitted_hash`
--

CREATE TABLE `mgkz_payment_services_store_data_production_submitted_hash` (
  `identifier` varchar(64) NOT NULL COMMENT 'Store identifier',
  `feed_hash` varchar(64) NOT NULL COMMENT 'feed_hash',
  `submitted_at` timestamp NOT NULL DEFAULT current_timestamp() ON UPDATE current_timestamp() COMMENT 'Submitted At',
  PRIMARY KEY (`identifier`)
) ENGINE=InnoDB DEFAULT CHARSET=utf8mb4 COLLATE=utf8mb4_general_ci COMMENT='Payment Services Store Feed Storage';

--
-- Dumping data for table `mgkz_payment_services_store_data_production_submitted_hash`
--


--
-- Table structure for table `mgkz_payment_services_store_data_sandbox_submitted_hash`
--

CREATE TABLE `mgkz_payment_services_store_data_sandbox_submitted_hash` (
  `identifier` varchar(64) NOT NULL COMMENT 'Store identifier',
  `feed_hash` varchar(64) NOT NULL COMMENT 'feed_hash',
  `submitted_at` timestamp NOT NULL DEFAULT current_timestamp() ON UPDATE current_timestamp() COMMENT 'Submitted At',
  PRIMARY KEY (`identifier`)
) ENGINE=InnoDB DEFAULT CHARSET=utf8mb4 COLLATE=utf8mb4_general_ci COMMENT='Payment Services Store Feed Storage';

--
-- Dumping data for table `mgkz_payment_services_store_data_sandbox_submitted_hash`
--


--
-- Table structure for table `mgkz_paypal_billing_agreement`
--

CREATE TABLE `mgkz_paypal_billing_agreement` (
  `agreement_id` int(10) unsigned NOT NULL AUTO_INCREMENT COMMENT 'Agreement ID',
  `customer_id` int(10) unsigned NOT NULL COMMENT 'Customer ID',
  `method_code` varchar(32) NOT NULL COMMENT 'Method Code',
  `reference_id` varchar(32) NOT NULL COMMENT 'Reference ID',
  `status` varchar(20) NOT NULL COMMENT 'Status',
  `created_at` timestamp NOT NULL DEFAULT current_timestamp() COMMENT 'Created At',
  `updated_at` timestamp NULL DEFAULT NULL COMMENT 'Updated At',
  `store_id` smallint(5) unsigned DEFAULT NULL COMMENT 'Store ID',
  `agreement_label` varchar(255) DEFAULT NULL COMMENT 'Agreement Label',
  PRIMARY KEY (`agreement_id`),
  KEY `MGKZ_PAYPAL_BILLING_AGREEMENT_CUSTOMER_ID` (`customer_id`),
  KEY `MGKZ_PAYPAL_BILLING_AGREEMENT_STORE_ID` (`store_id`),
  CONSTRAINT `MGKZ_PAYPAL_BILLING_AGREEMENT_STORE_ID_MGKZ_STORE_STORE_ID` FOREIGN KEY (`store_id`) REFERENCES `mgkz_store` (`store_id`) ON DELETE SET NULL,
  CONSTRAINT `MGKZ_PAYPAL_BILLING_AGRT_CSTR_ID_MGKZ_CSTR_ENTT_ENTT_ID` FOREIGN KEY (`customer_id`) REFERENCES `mgkz_customer_entity` (`entity_id`) ON DELETE CASCADE
) ENGINE=InnoDB DEFAULT CHARSET=utf8mb4 COLLATE=utf8mb4_general_ci COMMENT='Sales Billing Agreement';

--
-- Dumping data for table `mgkz_paypal_billing_agreement`
--


--
-- Table structure for table `mgkz_paypal_billing_agreement_order`
--

CREATE TABLE `mgkz_paypal_billing_agreement_order` (
  `agreement_id` int(10) unsigned NOT NULL COMMENT 'Agreement ID',
  `order_id` int(10) unsigned NOT NULL COMMENT 'Order ID',
  PRIMARY KEY (`agreement_id`,`order_id`),
  KEY `MGKZ_PAYPAL_BILLING_AGREEMENT_ORDER_ORDER_ID` (`order_id`),
  CONSTRAINT `FK_9EE0F3B5AE741E1A1BDDF5A663BFCB42` FOREIGN KEY (`agreement_id`) REFERENCES `mgkz_paypal_billing_agreement` (`agreement_id`) ON DELETE CASCADE,
  CONSTRAINT `MGKZ_PAYPAL_BILLING_AGRT_ORDER_ORDER_ID_MGKZ_SALES_ORDER_ENTT_ID` FOREIGN KEY (`order_id`) REFERENCES `mgkz_sales_order` (`entity_id`) ON DELETE CASCADE
) ENGINE=InnoDB DEFAULT CHARSET=utf8mb4 COLLATE=utf8mb4_general_ci COMMENT='Sales Billing Agreement Order';

--
-- Dumping data for table `mgkz_paypal_billing_agreement_order`
--


--
-- Table structure for table `mgkz_paypal_cert`
--

CREATE TABLE `mgkz_paypal_cert` (
  `cert_id` smallint(5) unsigned NOT NULL AUTO_INCREMENT COMMENT 'Cert ID',
  `website_id` smallint(5) unsigned NOT NULL DEFAULT 0 COMMENT 'Website ID',
  `content` text DEFAULT NULL COMMENT 'Content',
  `updated_at` timestamp NULL DEFAULT NULL COMMENT 'Updated At',
  PRIMARY KEY (`cert_id`),
  KEY `MGKZ_PAYPAL_CERT_WEBSITE_ID` (`website_id`),
  CONSTRAINT `MGKZ_PAYPAL_CERT_WEBSITE_ID_MGKZ_STORE_WEBSITE_WEBSITE_ID` FOREIGN KEY (`website_id`) REFERENCES `mgkz_store_website` (`website_id`) ON DELETE CASCADE
) ENGINE=InnoDB DEFAULT CHARSET=utf8mb4 COLLATE=utf8mb4_general_ci COMMENT='Paypal Certificate Table';

--
-- Dumping data for table `mgkz_paypal_cert`
--


--
-- Table structure for table `mgkz_paypal_payment_transaction`
--

CREATE TABLE `mgkz_paypal_payment_transaction` (
  `transaction_id` int(10) unsigned NOT NULL AUTO_INCREMENT COMMENT 'Entity ID',
  `txn_id` varchar(100) DEFAULT NULL COMMENT 'Txn ID',
  `additional_information` blob DEFAULT NULL COMMENT 'Additional Information',
  `created_at` timestamp NULL DEFAULT NULL COMMENT 'Created At',
  PRIMARY KEY (`transaction_id`),
  UNIQUE KEY `MGKZ_PAYPAL_PAYMENT_TRANSACTION_TXN_ID` (`txn_id`)
) ENGINE=InnoDB DEFAULT CHARSET=utf8mb4 COLLATE=utf8mb4_general_ci COMMENT='PayPal Payflow Link Payment Transaction';

--
-- Dumping data for table `mgkz_paypal_payment_transaction`
--


--
-- Table structure for table `mgkz_paypal_settlement_report`
--

CREATE TABLE `mgkz_paypal_settlement_report` (
  `report_id` int(10) unsigned NOT NULL AUTO_INCREMENT COMMENT 'Report ID',
  `report_date` date DEFAULT NULL COMMENT 'Report Date',
  `account_id` varchar(64) DEFAULT NULL COMMENT 'Account ID',
  `filename` varchar(24) DEFAULT NULL COMMENT 'Filename',
  `last_modified` timestamp NULL DEFAULT NULL COMMENT 'Last Modified',
  PRIMARY KEY (`report_id`),
  UNIQUE KEY `MGKZ_PAYPAL_SETTLEMENT_REPORT_REPORT_DATE_ACCOUNT_ID` (`report_date`,`account_id`)
) ENGINE=InnoDB DEFAULT CHARSET=utf8mb4 COLLATE=utf8mb4_general_ci COMMENT='Paypal Settlement Report Table';

--
-- Dumping data for table `mgkz_paypal_settlement_report`
--


--
-- Table structure for table `mgkz_paypal_settlement_report_row`
--

CREATE TABLE `mgkz_paypal_settlement_report_row` (
  `row_id` int(10) unsigned NOT NULL AUTO_INCREMENT COMMENT 'Row ID',
  `report_id` int(10) unsigned NOT NULL COMMENT 'Report ID',
  `transaction_id` varchar(19) DEFAULT NULL COMMENT 'Transaction ID',
  `invoice_id` varchar(127) DEFAULT NULL COMMENT 'Invoice ID',
  `paypal_reference_id` varchar(19) DEFAULT NULL COMMENT 'Paypal Reference ID',
  `paypal_reference_id_type` varchar(3) DEFAULT NULL COMMENT 'Paypal Reference ID Type',
  `transaction_event_code` varchar(5) DEFAULT NULL COMMENT 'Transaction Event Code',
  `transaction_initiation_date` timestamp NULL DEFAULT NULL COMMENT 'Transaction Initiation Date',
  `transaction_completion_date` timestamp NULL DEFAULT NULL COMMENT 'Transaction Completion Date',
  `transaction_debit_or_credit` varchar(2) NOT NULL DEFAULT 'CR' COMMENT 'Transaction Debit Or Credit',
  `gross_transaction_amount` decimal(20,6) NOT NULL DEFAULT 0.000000 COMMENT 'Gross Transaction Amount',
  `gross_transaction_currency` varchar(3) DEFAULT NULL COMMENT 'Gross Transaction Currency',
  `fee_debit_or_credit` varchar(2) DEFAULT NULL COMMENT 'Fee Debit Or Credit',
  `fee_amount` decimal(20,6) NOT NULL DEFAULT 0.000000 COMMENT 'Fee Amount',
  `fee_currency` varchar(3) DEFAULT NULL COMMENT 'Fee Currency',
  `custom_field` varchar(255) DEFAULT NULL COMMENT 'Custom Field',
  `consumer_id` varchar(127) DEFAULT NULL COMMENT 'Consumer ID',
  `payment_tracking_id` varchar(255) DEFAULT NULL COMMENT 'Payment Tracking ID',
  `store_id` varchar(50) DEFAULT NULL COMMENT 'Store ID',
  PRIMARY KEY (`row_id`),
  KEY `MGKZ_PAYPAL_SETTLEMENT_REPORT_ROW_REPORT_ID` (`report_id`),
  CONSTRAINT `FK_4B9222F51A9075175B75AB5C187FBFBF` FOREIGN KEY (`report_id`) REFERENCES `mgkz_paypal_settlement_report` (`report_id`) ON DELETE CASCADE
) ENGINE=InnoDB DEFAULT CHARSET=utf8mb4 COLLATE=utf8mb4_general_ci COMMENT='Paypal Settlement Report Row Table';

--
-- Dumping data for table `mgkz_paypal_settlement_report_row`
--


--
-- Table structure for table `mgkz_persistent_session`
--

CREATE TABLE `mgkz_persistent_session` (
  `persistent_id` int(10) unsigned NOT NULL AUTO_INCREMENT COMMENT 'Session ID',
  `key` varchar(50) NOT NULL COMMENT 'Unique cookie key',
  `customer_id` int(10) unsigned DEFAULT NULL COMMENT 'Customer ID',
  `website_id` smallint(5) unsigned NOT NULL DEFAULT 0 COMMENT 'Website ID',
  `info` text DEFAULT NULL COMMENT 'Session Data',
  `updated_at` timestamp NOT NULL DEFAULT current_timestamp() ON UPDATE current_timestamp() COMMENT 'Updated At',
  PRIMARY KEY (`persistent_id`),
  UNIQUE KEY `MGKZ_PERSISTENT_SESSION_KEY` (`key`),
  UNIQUE KEY `MGKZ_PERSISTENT_SESSION_CUSTOMER_ID` (`customer_id`),
  KEY `MGKZ_PERSISTENT_SESSION_WEBSITE_ID_MGKZ_STORE_WEBSITE_WEBSITE_ID` (`website_id`),
  KEY `MGKZ_PERSISTENT_SESSION_UPDATED_AT` (`updated_at`),
  CONSTRAINT `MGKZ_PERSISTENT_SESSION_WEBSITE_ID_MGKZ_STORE_WEBSITE_WEBSITE_ID` FOREIGN KEY (`website_id`) REFERENCES `mgkz_store_website` (`website_id`) ON DELETE CASCADE,
  CONSTRAINT `MGKZ_PERSISTENT_SESS_CSTR_ID_MGKZ_CSTR_ENTT_ENTT_ID` FOREIGN KEY (`customer_id`) REFERENCES `mgkz_customer_entity` (`entity_id`) ON DELETE CASCADE
) ENGINE=InnoDB DEFAULT CHARSET=utf8mb4 COLLATE=utf8mb4_general_ci COMMENT='Persistent Session';

--
-- Dumping data for table `mgkz_persistent_session`
--


--
-- Table structure for table `mgkz_product_alert_price`
--

CREATE TABLE `mgkz_product_alert_price` (
  `alert_price_id` int(10) unsigned NOT NULL AUTO_INCREMENT COMMENT 'Product alert price ID',
  `customer_id` int(10) unsigned NOT NULL DEFAULT 0 COMMENT 'Customer ID',
  `product_id` int(10) unsigned NOT NULL DEFAULT 0 COMMENT 'Product ID',
  `price` decimal(20,6) NOT NULL DEFAULT 0.000000 COMMENT 'Price amount',
  `website_id` smallint(5) unsigned NOT NULL DEFAULT 0 COMMENT 'Website ID',
  `store_id` smallint(5) unsigned DEFAULT 0 COMMENT 'Store ID',
  `add_date` timestamp NOT NULL DEFAULT current_timestamp() COMMENT 'Product alert add date',
  `last_send_date` timestamp NULL DEFAULT NULL COMMENT 'Product alert last send date',
  `send_count` smallint(5) unsigned NOT NULL DEFAULT 0 COMMENT 'Product alert send count',
  `status` smallint(5) unsigned NOT NULL DEFAULT 0 COMMENT 'Product alert status',
  PRIMARY KEY (`alert_price_id`),
  KEY `MGKZ_PRODUCT_ALERT_PRICE_CUSTOMER_ID` (`customer_id`),
  KEY `MGKZ_PRODUCT_ALERT_PRICE_PRODUCT_ID` (`product_id`),
  KEY `MGKZ_PRODUCT_ALERT_PRICE_WEBSITE_ID` (`website_id`),
  KEY `MGKZ_PRODUCT_ALERT_PRICE_STORE_ID` (`store_id`),
  CONSTRAINT `MGKZ_PRD_ALERT_PRICE_CSTR_ID_MGKZ_CSTR_ENTT_ENTT_ID` FOREIGN KEY (`customer_id`) REFERENCES `mgkz_customer_entity` (`entity_id`) ON DELETE CASCADE,
  CONSTRAINT `MGKZ_PRD_ALERT_PRICE_PRD_ID_MGKZ_CAT_PRD_ENTT_ENTT_ID` FOREIGN KEY (`product_id`) REFERENCES `mgkz_catalog_product_entity` (`entity_id`) ON DELETE CASCADE,
  CONSTRAINT `MGKZ_PRD_ALERT_PRICE_WS_ID_MGKZ_STORE_WS_WS_ID` FOREIGN KEY (`website_id`) REFERENCES `mgkz_store_website` (`website_id`) ON DELETE CASCADE,
  CONSTRAINT `MGKZ_PRODUCT_ALERT_PRICE_STORE_ID_MGKZ_STORE_STORE_ID` FOREIGN KEY (`store_id`) REFERENCES `mgkz_store` (`store_id`) ON DELETE CASCADE
) ENGINE=InnoDB DEFAULT CHARSET=utf8mb4 COLLATE=utf8mb4_general_ci COMMENT='Product Alert Price';

--
-- Dumping data for table `mgkz_product_alert_price`
--


--
-- Table structure for table `mgkz_product_alert_stock`
--

CREATE TABLE `mgkz_product_alert_stock` (
  `alert_stock_id` int(10) unsigned NOT NULL AUTO_INCREMENT COMMENT 'Product alert stock ID',
  `customer_id` int(10) unsigned NOT NULL DEFAULT 0 COMMENT 'Customer ID',
  `product_id` int(10) unsigned NOT NULL DEFAULT 0 COMMENT 'Product ID',
  `website_id` smallint(5) unsigned NOT NULL DEFAULT 0 COMMENT 'Website ID',
  `store_id` smallint(5) unsigned DEFAULT 0 COMMENT 'Store ID',
  `add_date` timestamp NOT NULL DEFAULT current_timestamp() COMMENT 'Product alert add date',
  `send_date` timestamp NULL DEFAULT NULL COMMENT 'Product alert send date',
  `send_count` smallint(5) unsigned NOT NULL DEFAULT 0 COMMENT 'Send Count',
  `status` smallint(5) unsigned NOT NULL DEFAULT 0 COMMENT 'Product alert status',
  PRIMARY KEY (`alert_stock_id`),
  KEY `MGKZ_PRODUCT_ALERT_STOCK_CUSTOMER_ID` (`customer_id`),
  KEY `MGKZ_PRODUCT_ALERT_STOCK_PRODUCT_ID` (`product_id`),
  KEY `MGKZ_PRODUCT_ALERT_STOCK_WEBSITE_ID` (`website_id`),
  KEY `MGKZ_PRODUCT_ALERT_STOCK_STORE_ID` (`store_id`),
  CONSTRAINT `MGKZ_PRD_ALERT_STOCK_CSTR_ID_MGKZ_CSTR_ENTT_ENTT_ID` FOREIGN KEY (`customer_id`) REFERENCES `mgkz_customer_entity` (`entity_id`) ON DELETE CASCADE,
  CONSTRAINT `MGKZ_PRD_ALERT_STOCK_PRD_ID_MGKZ_CAT_PRD_ENTT_ENTT_ID` FOREIGN KEY (`product_id`) REFERENCES `mgkz_catalog_product_entity` (`entity_id`) ON DELETE CASCADE,
  CONSTRAINT `MGKZ_PRD_ALERT_STOCK_WS_ID_MGKZ_STORE_WS_WS_ID` FOREIGN KEY (`website_id`) REFERENCES `mgkz_store_website` (`website_id`) ON DELETE CASCADE,
  CONSTRAINT `MGKZ_PRODUCT_ALERT_STOCK_STORE_ID_MGKZ_STORE_STORE_ID` FOREIGN KEY (`store_id`) REFERENCES `mgkz_store` (`store_id`) ON DELETE CASCADE
) ENGINE=InnoDB DEFAULT CHARSET=utf8mb4 COLLATE=utf8mb4_general_ci COMMENT='Product Alert Stock';

--
-- Dumping data for table `mgkz_product_alert_stock`
--


--
-- Table structure for table `mgkz_queue`
--

CREATE TABLE `mgkz_queue` (
  `id` int(10) unsigned NOT NULL AUTO_INCREMENT COMMENT 'Queue ID',
  `name` varchar(255) DEFAULT NULL COMMENT 'Queue name',
  PRIMARY KEY (`id`),
  UNIQUE KEY `MGKZ_QUEUE_NAME` (`name`)
) ENGINE=InnoDB AUTO_INCREMENT=22 DEFAULT CHARSET=utf8mb4 COLLATE=utf8mb4_general_ci COMMENT='Table storing unique queues';

--
-- Dumping data for table `mgkz_queue`
--

INSERT INTO `mgkz_queue` VALUES
(21,'async.operations.all'),
(3,'catalog_website_attribute_value_sync'),
(16,'codegenerator'),
(5,'export'),
(11,'inventory.indexer.sourceItem'),
(12,'inventory.indexer.stock'),
(7,'inventory.mass.update'),
(8,'inventory.reservations.cleanup'),
(9,'inventory.reservations.update'),
(10,'inventory.reservations.updateSalabilityStatus'),
(6,'inventory.source.items.cleanup'),
(13,'media.content.synchronization'),
(14,'media.gallery.renditions.update'),
(15,'media.gallery.synchronization'),
(4,'media.storage.catalog.image.resize'),
(1,'product_action_attribute.update'),
(2,'product_action_attribute.website.update'),
(19,'product_alert.queue'),
(18,'sales.rule.quote.trigger.recollect'),
(17,'sales.rule.update.coupon.usage'),
(20,'saveConfig');

--
-- Table structure for table `mgkz_queue_lock`
--

CREATE TABLE `mgkz_queue_lock` (
  `id` int(10) unsigned NOT NULL AUTO_INCREMENT COMMENT 'Message ID',
  `message_code` varchar(255) NOT NULL DEFAULT '' COMMENT 'Message Code',
  `created_at` timestamp NOT NULL DEFAULT current_timestamp() ON UPDATE current_timestamp() COMMENT 'Created At',
  PRIMARY KEY (`id`),
  UNIQUE KEY `MGKZ_QUEUE_LOCK_MESSAGE_CODE` (`message_code`)
) ENGINE=InnoDB DEFAULT CHARSET=utf8mb4 COLLATE=utf8mb4_general_ci COMMENT='Messages that were processed are inserted here to be locked.';

--
-- Dumping data for table `mgkz_queue_lock`
--


--
-- Table structure for table `mgkz_queue_message`
--

CREATE TABLE `mgkz_queue_message` (
  `id` bigint(20) unsigned NOT NULL AUTO_INCREMENT COMMENT 'Message ID',
  `topic_name` varchar(255) DEFAULT NULL COMMENT 'Message topic',
  `body` longtext DEFAULT NULL COMMENT 'Message body',
  PRIMARY KEY (`id`)
) ENGINE=InnoDB AUTO_INCREMENT=5 DEFAULT CHARSET=utf8mb4 COLLATE=utf8mb4_general_ci COMMENT='Queue messages';

--
-- Dumping data for table `mgkz_queue_message`
--

INSERT INTO `mgkz_queue_message` VALUES
(1,'inventory.reservations.updateSalabilityStatus','{\"skus\":[],\"stock\":1}'),
(2,'inventory.reservations.updateSalabilityStatus','{\"skus\":[\"WS03-XS-Red\"],\"stock\":1}'),
(3,'inventory.reservations.updateSalabilityStatus','{\"skus\":[],\"stock\":1}'),
(4,'inventory.reservations.updateSalabilityStatus','{\"skus\":[\"WS08-XS-Blue\"],\"stock\":1}');

--
-- Table structure for table `mgkz_queue_message_status`
--

CREATE TABLE `mgkz_queue_message_status` (
  `id` bigint(20) unsigned NOT NULL AUTO_INCREMENT COMMENT 'Relation ID',
  `queue_id` int(10) unsigned NOT NULL COMMENT 'Queue ID',
  `message_id` bigint(20) unsigned NOT NULL COMMENT 'Message ID',
  `updated_at` timestamp NOT NULL DEFAULT current_timestamp() ON UPDATE current_timestamp() COMMENT 'Updated At',
  `status` smallint(5) unsigned NOT NULL COMMENT 'Message status in particular queue',
  `number_of_trials` smallint(5) unsigned NOT NULL DEFAULT 0 COMMENT 'Number of trials to processed failed message processing',
  PRIMARY KEY (`id`),
  UNIQUE KEY `MGKZ_QUEUE_MESSAGE_STATUS_QUEUE_ID_MESSAGE_ID` (`queue_id`,`message_id`),
  KEY `MGKZ_QUEUE_MESSAGE_STATUS_MESSAGE_ID_MGKZ_QUEUE_MESSAGE_ID` (`message_id`),
  KEY `MGKZ_QUEUE_MESSAGE_STATUS_STATUS_UPDATED_AT` (`status`,`updated_at`),
  CONSTRAINT `MGKZ_QUEUE_MESSAGE_STATUS_MESSAGE_ID_MGKZ_QUEUE_MESSAGE_ID` FOREIGN KEY (`message_id`) REFERENCES `mgkz_queue_message` (`id`) ON DELETE CASCADE,
  CONSTRAINT `MGKZ_QUEUE_MESSAGE_STATUS_QUEUE_ID_MGKZ_QUEUE_ID` FOREIGN KEY (`queue_id`) REFERENCES `mgkz_queue` (`id`) ON DELETE CASCADE
) ENGINE=InnoDB AUTO_INCREMENT=5 DEFAULT CHARSET=utf8mb4 COLLATE=utf8mb4_general_ci COMMENT='Relation table to keep associations between queues and messages';

--
-- Dumping data for table `mgkz_queue_message_status`
--

INSERT INTO `mgkz_queue_message_status` VALUES
(1,10,1,'2025-04-18 15:12:27',2,0),
(2,10,2,'2025-04-18 15:12:27',2,0),
(3,10,3,'2025-04-18 15:12:27',2,0),
(4,10,4,'2025-04-18 15:12:27',2,0);

--
-- Table structure for table `mgkz_queue_poison_pill`
--

CREATE TABLE `mgkz_queue_poison_pill` (
  `version` varchar(255) NOT NULL COMMENT 'Poison Pill version.'
) ENGINE=InnoDB DEFAULT CHARSET=utf8mb4 COLLATE=utf8mb4_general_ci COMMENT='Sequence table for poison pill versions';

--
-- Dumping data for table `mgkz_queue_poison_pill`
--

INSERT INTO `mgkz_queue_poison_pill` VALUES
('version-6802215b1717f');

--
-- Table structure for table `mgkz_quote_address`
--

CREATE TABLE `mgkz_quote_address` (
  `address_id` int(10) unsigned NOT NULL AUTO_INCREMENT COMMENT 'Address ID',
  `quote_id` int(10) unsigned NOT NULL DEFAULT 0 COMMENT 'Quote ID',
  `created_at` timestamp NOT NULL DEFAULT current_timestamp() COMMENT 'Created At',
  `updated_at` timestamp NOT NULL DEFAULT current_timestamp() ON UPDATE current_timestamp() COMMENT 'Updated At',
  `customer_id` int(10) unsigned DEFAULT NULL COMMENT 'Customer ID',
  `save_in_address_book` smallint(6) DEFAULT 0 COMMENT 'Save In Address Book',
  `customer_address_id` int(10) unsigned DEFAULT NULL COMMENT 'Customer Address ID',
  `address_type` varchar(10) DEFAULT NULL COMMENT 'Address Type',
  `email` varchar(255) DEFAULT NULL COMMENT 'Email',
  `prefix` varchar(40) DEFAULT NULL COMMENT 'Prefix',
  `firstname` varchar(255) DEFAULT NULL,
  `middlename` varchar(40) DEFAULT NULL,
  `lastname` varchar(255) DEFAULT NULL,
  `suffix` varchar(40) DEFAULT NULL COMMENT 'Suffix',
  `company` varchar(255) DEFAULT NULL COMMENT 'Company',
  `street` varchar(255) DEFAULT NULL COMMENT 'Street',
  `city` varchar(255) DEFAULT NULL,
  `region` varchar(255) DEFAULT NULL,
  `region_id` int(10) unsigned DEFAULT NULL COMMENT 'Region ID',
  `postcode` varchar(20) DEFAULT NULL COMMENT 'Postcode',
  `country_id` varchar(30) DEFAULT NULL COMMENT 'Country ID',
  `telephone` varchar(255) DEFAULT NULL,
  `fax` varchar(255) DEFAULT NULL,
  `same_as_billing` smallint(5) unsigned NOT NULL DEFAULT 0 COMMENT 'Same As Billing',
  `collect_shipping_rates` smallint(5) unsigned NOT NULL DEFAULT 0 COMMENT 'Collect Shipping Rates',
  `shipping_method` varchar(120) DEFAULT NULL,
  `shipping_description` varchar(255) DEFAULT NULL COMMENT 'Shipping Description',
  `weight` decimal(12,4) NOT NULL DEFAULT 0.0000 COMMENT 'Weight',
  `subtotal` decimal(20,4) NOT NULL DEFAULT 0.0000 COMMENT 'Subtotal',
  `base_subtotal` decimal(20,4) NOT NULL DEFAULT 0.0000 COMMENT 'Base Subtotal',
  `subtotal_with_discount` decimal(20,4) NOT NULL DEFAULT 0.0000 COMMENT 'Subtotal With Discount',
  `base_subtotal_with_discount` decimal(20,4) NOT NULL DEFAULT 0.0000 COMMENT 'Base Subtotal With Discount',
  `tax_amount` decimal(20,4) NOT NULL DEFAULT 0.0000 COMMENT 'Tax Amount',
  `base_tax_amount` decimal(20,4) NOT NULL DEFAULT 0.0000 COMMENT 'Base Tax Amount',
  `shipping_amount` decimal(20,4) NOT NULL DEFAULT 0.0000 COMMENT 'Shipping Amount',
  `base_shipping_amount` decimal(20,4) NOT NULL DEFAULT 0.0000 COMMENT 'Base Shipping Amount',
  `shipping_tax_amount` decimal(20,4) DEFAULT NULL COMMENT 'Shipping Tax Amount',
  `base_shipping_tax_amount` decimal(20,4) DEFAULT NULL COMMENT 'Base Shipping Tax Amount',
  `discount_amount` decimal(20,4) NOT NULL DEFAULT 0.0000 COMMENT 'Discount Amount',
  `base_discount_amount` decimal(20,4) NOT NULL DEFAULT 0.0000 COMMENT 'Base Discount Amount',
  `grand_total` decimal(20,4) NOT NULL DEFAULT 0.0000 COMMENT 'Grand Total',
  `base_grand_total` decimal(20,4) NOT NULL DEFAULT 0.0000 COMMENT 'Base Grand Total',
  `customer_notes` text DEFAULT NULL COMMENT 'Customer Notes',
  `applied_taxes` text DEFAULT NULL COMMENT 'Applied Taxes',
  `discount_description` varchar(255) DEFAULT NULL COMMENT 'Discount Description',
  `shipping_discount_amount` decimal(20,4) DEFAULT NULL COMMENT 'Shipping Discount Amount',
  `base_shipping_discount_amount` decimal(20,4) DEFAULT NULL COMMENT 'Base Shipping Discount Amount',
  `subtotal_incl_tax` decimal(20,4) DEFAULT NULL COMMENT 'Subtotal Incl Tax',
  `base_subtotal_total_incl_tax` decimal(20,4) DEFAULT NULL COMMENT 'Base Subtotal Total Incl Tax',
  `discount_tax_compensation_amount` decimal(20,4) DEFAULT NULL COMMENT 'Discount Tax Compensation Amount',
  `base_discount_tax_compensation_amount` decimal(20,4) DEFAULT NULL COMMENT 'Base Discount Tax Compensation Amount',
  `shipping_discount_tax_compensation_amount` decimal(20,4) DEFAULT NULL COMMENT 'Shipping Discount Tax Compensation Amount',
  `base_shipping_discount_tax_compensation_amnt` decimal(20,4) DEFAULT NULL COMMENT 'Base Shipping Discount Tax Compensation Amount',
  `shipping_incl_tax` decimal(20,4) DEFAULT NULL COMMENT 'Shipping Incl Tax',
  `base_shipping_incl_tax` decimal(20,4) DEFAULT NULL COMMENT 'Base Shipping Incl Tax',
  `vat_id` text DEFAULT NULL COMMENT 'Vat ID',
  `vat_is_valid` smallint(6) DEFAULT NULL COMMENT 'Vat Is Valid',
  `vat_request_id` text DEFAULT NULL COMMENT 'Vat Request ID',
  `vat_request_date` text DEFAULT NULL COMMENT 'Vat Request Date',
  `vat_request_success` smallint(6) DEFAULT NULL COMMENT 'Vat Request Success',
  `validated_country_code` text DEFAULT NULL COMMENT 'Validated Country Code',
  `validated_vat_number` text DEFAULT NULL COMMENT 'Validated Vat Number',
  `gift_message_id` int(11) DEFAULT NULL COMMENT 'Gift Message ID',
  `free_shipping` smallint(5) unsigned NOT NULL DEFAULT 0 COMMENT 'Free Shipping',
  PRIMARY KEY (`address_id`),
  KEY `MGKZ_QUOTE_ADDRESS_QUOTE_ID` (`quote_id`),
  CONSTRAINT `MGKZ_QUOTE_ADDRESS_QUOTE_ID_MGKZ_QUOTE_ENTITY_ID` FOREIGN KEY (`quote_id`) REFERENCES `mgkz_quote` (`entity_id`) ON DELETE CASCADE
) ENGINE=InnoDB AUTO_INCREMENT=5 DEFAULT CHARSET=utf8mb4 COLLATE=utf8mb4_general_ci COMMENT='Sales Flat Quote Address';

--
-- Dumping data for table `mgkz_quote_address`
--

INSERT INTO `mgkz_quote_address` VALUES
(1,1,'2025-04-18 15:12:27','2025-04-18 15:12:27',1,0,1,'billing','roni_cost@example.com',NULL,'Veronica',NULL,'Costello',NULL,NULL,'6146 Honey Bluff Parkway','Calder','Michigan',33,'49628-7978','US','(555) 229-3326',NULL,0,0,NULL,NULL,0.0000,0.0000,0.0000,0.0000,0.0000,0.0000,0.0000,0.0000,0.0000,0.0000,0.0000,0.0000,0.0000,0.0000,0.0000,NULL,'null',NULL,0.0000,0.0000,0.0000,0.0000,0.0000,0.0000,0.0000,NULL,0.0000,0.0000,NULL,NULL,NULL,NULL,NULL,NULL,NULL,NULL,0),
(2,1,'2025-04-18 15:12:27','2025-04-18 15:12:27',1,0,1,'shipping','roni_cost@example.com',NULL,'Veronica',NULL,'Costello',NULL,NULL,'6146 Honey Bluff Parkway','Calder','Michigan',33,'49628-7978','US','(555) 229-3326',NULL,1,0,'flatrate_flatrate','Flat Rate - Fixed',1.0000,29.0000,29.0000,29.0000,29.0000,2.3900,2.3900,5.0000,5.0000,0.0000,0.0000,0.0000,0.0000,36.3900,36.3900,NULL,'{\"US-MI-*-Rate 1\":{\"amount\":2.39,\"base_amount\":2.39,\"percent\":8.25,\"id\":\"US-MI-*-Rate 1\",\"rates\":[{\"percent\":8.25,\"code\":\"US-MI-*-Rate 1\",\"title\":\"US-MI-*-Rate 1\"}],\"item_id\":null,\"item_type\":\"product\",\"associated_item_id\":null,\"process\":0}}',NULL,0.0000,0.0000,31.3900,31.3900,0.0000,0.0000,0.0000,NULL,5.0000,5.0000,NULL,NULL,NULL,NULL,NULL,NULL,NULL,NULL,0),
(3,2,'2025-04-18 15:12:27','2025-04-18 15:12:27',1,0,1,'billing','roni_cost@example.com',NULL,'Veronica',NULL,'Costello',NULL,NULL,'6146 Honey Bluff Parkway','Calder','Michigan',33,'49628-7978','US','(555) 229-3326',NULL,0,0,NULL,NULL,0.0000,0.0000,0.0000,0.0000,0.0000,0.0000,0.0000,0.0000,0.0000,0.0000,0.0000,0.0000,0.0000,0.0000,0.0000,NULL,'null',NULL,0.0000,0.0000,0.0000,0.0000,0.0000,0.0000,0.0000,NULL,0.0000,0.0000,NULL,NULL,NULL,NULL,NULL,NULL,NULL,NULL,0),
(4,2,'2025-04-18 15:12:27','2025-04-18 15:12:27',1,0,1,'shipping','roni_cost@example.com',NULL,'Veronica',NULL,'Costello',NULL,NULL,'6146 Honey Bluff Parkway','Calder','Michigan',33,'49628-7978','US','(555) 229-3326',NULL,1,0,'flatrate_flatrate','Flat Rate - Fixed',1.0000,32.0000,32.0000,32.0000,32.0000,2.6400,2.6400,5.0000,5.0000,0.0000,0.0000,0.0000,0.0000,39.6400,39.6400,NULL,'{\"US-MI-*-Rate 1\":{\"amount\":2.64,\"base_amount\":2.64,\"percent\":8.25,\"id\":\"US-MI-*-Rate 1\",\"rates\":[{\"percent\":8.25,\"code\":\"US-MI-*-Rate 1\",\"title\":\"US-MI-*-Rate 1\"}],\"item_id\":null,\"item_type\":\"product\",\"associated_item_id\":null,\"process\":0}}',NULL,0.0000,0.0000,34.6400,34.6400,0.0000,0.0000,0.0000,NULL,5.0000,5.0000,NULL,NULL,NULL,NULL,NULL,NULL,NULL,NULL,0);

--
-- Table structure for table `mgkz_quote_address_item`
--

CREATE TABLE `mgkz_quote_address_item` (
  `address_item_id` int(10) unsigned NOT NULL AUTO_INCREMENT COMMENT 'Address Item ID',
  `parent_item_id` int(10) unsigned DEFAULT NULL COMMENT 'Parent Item ID',
  `quote_address_id` int(10) unsigned NOT NULL DEFAULT 0 COMMENT 'Quote Address ID',
  `quote_item_id` int(10) unsigned NOT NULL DEFAULT 0 COMMENT 'Quote Item ID',
  `created_at` timestamp NOT NULL DEFAULT current_timestamp() COMMENT 'Created At',
  `updated_at` timestamp NOT NULL DEFAULT current_timestamp() ON UPDATE current_timestamp() COMMENT 'Updated At',
  `applied_rule_ids` text DEFAULT NULL COMMENT 'Applied Rule Ids',
  `additional_data` text DEFAULT NULL COMMENT 'Additional Data',
  `weight` decimal(12,4) DEFAULT 0.0000 COMMENT 'Weight',
  `qty` decimal(12,4) NOT NULL DEFAULT 0.0000 COMMENT 'Qty',
  `discount_amount` decimal(20,4) DEFAULT 0.0000 COMMENT 'Discount Amount',
  `tax_amount` decimal(20,4) DEFAULT 0.0000 COMMENT 'Tax Amount',
  `row_total` decimal(20,4) NOT NULL DEFAULT 0.0000 COMMENT 'Row Total',
  `base_row_total` decimal(20,4) NOT NULL DEFAULT 0.0000 COMMENT 'Base Row Total',
  `row_total_with_discount` decimal(20,4) DEFAULT 0.0000 COMMENT 'Row Total With Discount',
  `base_discount_amount` decimal(20,4) DEFAULT 0.0000 COMMENT 'Base Discount Amount',
  `base_tax_amount` decimal(20,4) DEFAULT 0.0000 COMMENT 'Base Tax Amount',
  `row_weight` decimal(12,4) DEFAULT 0.0000 COMMENT 'Row Weight',
  `product_id` int(10) unsigned DEFAULT NULL COMMENT 'Product ID',
  `super_product_id` int(10) unsigned DEFAULT NULL COMMENT 'Super Product ID',
  `parent_product_id` int(10) unsigned DEFAULT NULL COMMENT 'Parent Product ID',
  `store_id` smallint(5) unsigned DEFAULT NULL COMMENT 'Store ID',
  `sku` varchar(255) DEFAULT NULL COMMENT 'Sku',
  `image` varchar(255) DEFAULT NULL COMMENT 'Image',
  `name` varchar(255) DEFAULT NULL COMMENT 'Name',
  `description` text DEFAULT NULL COMMENT 'Description',
  `is_qty_decimal` int(10) unsigned DEFAULT NULL COMMENT 'Is Qty Decimal',
  `price` decimal(12,4) DEFAULT NULL COMMENT 'Price',
  `discount_percent` decimal(12,4) DEFAULT NULL COMMENT 'Discount Percent',
  `no_discount` int(10) unsigned DEFAULT NULL COMMENT 'No Discount',
  `tax_percent` decimal(12,4) DEFAULT NULL COMMENT 'Tax Percent',
  `base_price` decimal(20,4) DEFAULT NULL COMMENT 'Base Price',
  `base_cost` decimal(20,4) DEFAULT NULL COMMENT 'Base Cost',
  `price_incl_tax` decimal(20,4) DEFAULT NULL COMMENT 'Price Incl Tax',
  `base_price_incl_tax` decimal(20,4) DEFAULT NULL COMMENT 'Base Price Incl Tax',
  `row_total_incl_tax` decimal(20,4) DEFAULT NULL COMMENT 'Row Total Incl Tax',
  `base_row_total_incl_tax` decimal(20,4) DEFAULT NULL COMMENT 'Base Row Total Incl Tax',
  `discount_tax_compensation_amount` decimal(20,4) DEFAULT NULL COMMENT 'Discount Tax Compensation Amount',
  `base_discount_tax_compensation_amount` decimal(20,4) DEFAULT NULL COMMENT 'Base Discount Tax Compensation Amount',
  `gift_message_id` int(11) DEFAULT NULL COMMENT 'Gift Message ID',
  `free_shipping` int(10) unsigned DEFAULT NULL COMMENT 'Free Shipping',
  PRIMARY KEY (`address_item_id`),
  KEY `MGKZ_QUOTE_ADDRESS_ITEM_QUOTE_ADDRESS_ID` (`quote_address_id`),
  KEY `MGKZ_QUOTE_ADDRESS_ITEM_PARENT_ITEM_ID` (`parent_item_id`),
  KEY `MGKZ_QUOTE_ADDRESS_ITEM_QUOTE_ITEM_ID` (`quote_item_id`),
  KEY `MGKZ_QUOTE_ADDRESS_ITEM_STORE_ID` (`store_id`),
  CONSTRAINT `FK_C8DC8D276B1E4E72CF56C0BA214DC849` FOREIGN KEY (`parent_item_id`) REFERENCES `mgkz_quote_address_item` (`address_item_id`) ON DELETE CASCADE,
  CONSTRAINT `MGKZ_QUOTE_ADDRESS_ITEM_QUOTE_ITEM_ID_MGKZ_QUOTE_ITEM_ITEM_ID` FOREIGN KEY (`quote_item_id`) REFERENCES `mgkz_quote_item` (`item_id`) ON DELETE CASCADE,
  CONSTRAINT `MGKZ_QUOTE_ADDR_ITEM_QUOTE_ADDR_ID_MGKZ_QUOTE_ADDR_ADDR_ID` FOREIGN KEY (`quote_address_id`) REFERENCES `mgkz_quote_address` (`address_id`) ON DELETE CASCADE
) ENGINE=InnoDB DEFAULT CHARSET=utf8mb4 COLLATE=utf8mb4_general_ci COMMENT='Sales Flat Quote Address Item';

--
-- Dumping data for table `mgkz_quote_address_item`
--


--
-- Table structure for table `mgkz_quote_id_mask`
--

CREATE TABLE `mgkz_quote_id_mask` (
  `entity_id` int(10) unsigned NOT NULL AUTO_INCREMENT COMMENT 'Entity ID',
  `quote_id` int(10) unsigned NOT NULL COMMENT 'Quote ID',
  `masked_id` varchar(32) DEFAULT NULL COMMENT 'Masked ID',
  PRIMARY KEY (`entity_id`,`quote_id`),
  KEY `MGKZ_QUOTE_ID_MASK_QUOTE_ID` (`quote_id`),
  KEY `MGKZ_QUOTE_ID_MASK_MASKED_ID` (`masked_id`),
  CONSTRAINT `MGKZ_QUOTE_ID_MASK_QUOTE_ID_MGKZ_QUOTE_ENTITY_ID` FOREIGN KEY (`quote_id`) REFERENCES `mgkz_quote` (`entity_id`) ON DELETE CASCADE
) ENGINE=InnoDB DEFAULT CHARSET=utf8mb4 COLLATE=utf8mb4_general_ci COMMENT='Quote ID and masked ID mapping';

--
-- Dumping data for table `mgkz_quote_id_mask`
--


--
-- Table structure for table `mgkz_quote_item`
--

CREATE TABLE `mgkz_quote_item` (
  `item_id` int(10) unsigned NOT NULL AUTO_INCREMENT COMMENT 'Item ID',
  `quote_id` int(10) unsigned NOT NULL DEFAULT 0 COMMENT 'Quote ID',
  `created_at` timestamp NOT NULL DEFAULT current_timestamp() COMMENT 'Created At',
  `updated_at` timestamp NOT NULL DEFAULT current_timestamp() ON UPDATE current_timestamp() COMMENT 'Updated At',
  `product_id` int(10) unsigned DEFAULT NULL COMMENT 'Product ID',
  `store_id` smallint(5) unsigned DEFAULT NULL COMMENT 'Store ID',
  `parent_item_id` int(10) unsigned DEFAULT NULL COMMENT 'Parent Item ID',
  `is_virtual` smallint(5) unsigned DEFAULT NULL COMMENT 'Is Virtual',
  `sku` varchar(255) DEFAULT NULL COMMENT 'Sku',
  `name` varchar(255) DEFAULT NULL COMMENT 'Name',
  `description` text DEFAULT NULL COMMENT 'Description',
  `applied_rule_ids` text DEFAULT NULL COMMENT 'Applied Rule Ids',
  `additional_data` text DEFAULT NULL COMMENT 'Additional Data',
  `is_qty_decimal` smallint(5) unsigned DEFAULT NULL COMMENT 'Is Qty Decimal',
  `no_discount` smallint(5) unsigned DEFAULT 0 COMMENT 'No Discount',
  `weight` decimal(12,4) DEFAULT 0.0000 COMMENT 'Weight',
  `qty` decimal(12,4) NOT NULL DEFAULT 0.0000 COMMENT 'Qty',
  `price` decimal(20,4) NOT NULL DEFAULT 0.0000 COMMENT 'Price',
  `base_price` decimal(20,4) NOT NULL DEFAULT 0.0000 COMMENT 'Base Price',
  `custom_price` decimal(20,4) DEFAULT NULL COMMENT 'Custom Price',
  `discount_percent` decimal(12,4) DEFAULT 0.0000 COMMENT 'Discount Percent',
  `discount_amount` decimal(20,4) DEFAULT 0.0000 COMMENT 'Discount Amount',
  `base_discount_amount` decimal(20,4) DEFAULT 0.0000 COMMENT 'Base Discount Amount',
  `tax_percent` decimal(12,4) DEFAULT 0.0000 COMMENT 'Tax Percent',
  `tax_amount` decimal(20,4) DEFAULT 0.0000 COMMENT 'Tax Amount',
  `base_tax_amount` decimal(20,4) DEFAULT 0.0000 COMMENT 'Base Tax Amount',
  `row_total` decimal(20,4) NOT NULL DEFAULT 0.0000 COMMENT 'Row Total',
  `base_row_total` decimal(20,4) NOT NULL DEFAULT 0.0000 COMMENT 'Base Row Total',
  `row_total_with_discount` decimal(20,4) DEFAULT 0.0000 COMMENT 'Row Total With Discount',
  `row_weight` decimal(12,4) DEFAULT 0.0000 COMMENT 'Row Weight',
  `product_type` varchar(255) DEFAULT NULL COMMENT 'Product Type',
  `base_tax_before_discount` decimal(20,4) DEFAULT NULL COMMENT 'Base Tax Before Discount',
  `tax_before_discount` decimal(20,4) DEFAULT NULL COMMENT 'Tax Before Discount',
  `original_custom_price` decimal(20,4) DEFAULT NULL COMMENT 'Original Custom Price',
  `redirect_url` varchar(255) DEFAULT NULL COMMENT 'Redirect Url',
  `base_cost` decimal(12,4) DEFAULT NULL COMMENT 'Base Cost',
  `price_incl_tax` decimal(20,4) DEFAULT NULL COMMENT 'Price Incl Tax',
  `base_price_incl_tax` decimal(20,4) DEFAULT NULL COMMENT 'Base Price Incl Tax',
  `row_total_incl_tax` decimal(20,4) DEFAULT NULL COMMENT 'Row Total Incl Tax',
  `base_row_total_incl_tax` decimal(20,4) DEFAULT NULL COMMENT 'Base Row Total Incl Tax',
  `discount_tax_compensation_amount` decimal(20,4) DEFAULT NULL COMMENT 'Discount Tax Compensation Amount',
  `base_discount_tax_compensation_amount` decimal(20,4) DEFAULT NULL COMMENT 'Base Discount Tax Compensation Amount',
  `weee_tax_applied` text DEFAULT NULL COMMENT 'Weee Tax Applied',
  `weee_tax_applied_amount` decimal(12,4) DEFAULT NULL COMMENT 'Weee Tax Applied Amount',
  `weee_tax_applied_row_amount` decimal(12,4) DEFAULT NULL COMMENT 'Weee Tax Applied Row Amount',
  `weee_tax_disposition` decimal(12,4) DEFAULT NULL COMMENT 'Weee Tax Disposition',
  `weee_tax_row_disposition` decimal(12,4) DEFAULT NULL COMMENT 'Weee Tax Row Disposition',
  `base_weee_tax_applied_amount` decimal(12,4) DEFAULT NULL COMMENT 'Base Weee Tax Applied Amount',
  `base_weee_tax_applied_row_amnt` decimal(12,4) DEFAULT NULL COMMENT 'Base Weee Tax Applied Row Amnt',
  `base_weee_tax_disposition` decimal(12,4) DEFAULT NULL COMMENT 'Base Weee Tax Disposition',
  `base_weee_tax_row_disposition` decimal(12,4) DEFAULT NULL COMMENT 'Base Weee Tax Row Disposition',
  `gift_message_id` int(11) DEFAULT NULL COMMENT 'Gift Message ID',
  `free_shipping` smallint(5) unsigned NOT NULL DEFAULT 0 COMMENT 'Free Shipping',
  PRIMARY KEY (`item_id`),
  KEY `MGKZ_QUOTE_ITEM_PARENT_ITEM_ID` (`parent_item_id`),
  KEY `MGKZ_QUOTE_ITEM_PRODUCT_ID` (`product_id`),
  KEY `MGKZ_QUOTE_ITEM_QUOTE_ID` (`quote_id`),
  KEY `MGKZ_QUOTE_ITEM_STORE_ID` (`store_id`),
  CONSTRAINT `MGKZ_QUOTE_ITEM_PARENT_ITEM_ID_MGKZ_QUOTE_ITEM_ITEM_ID` FOREIGN KEY (`parent_item_id`) REFERENCES `mgkz_quote_item` (`item_id`) ON DELETE CASCADE,
  CONSTRAINT `MGKZ_QUOTE_ITEM_QUOTE_ID_MGKZ_QUOTE_ENTITY_ID` FOREIGN KEY (`quote_id`) REFERENCES `mgkz_quote` (`entity_id`) ON DELETE CASCADE,
  CONSTRAINT `MGKZ_QUOTE_ITEM_STORE_ID_MGKZ_STORE_STORE_ID` FOREIGN KEY (`store_id`) REFERENCES `mgkz_store` (`store_id`) ON DELETE SET NULL
) ENGINE=InnoDB AUTO_INCREMENT=5 DEFAULT CHARSET=utf8mb4 COLLATE=utf8mb4_general_ci COMMENT='Sales Flat Quote Item';

--
-- Dumping data for table `mgkz_quote_item`
--

INSERT INTO `mgkz_quote_item` VALUES
(1,1,'2025-04-18 15:12:27','2025-04-18 15:12:27',1428,1,NULL,0,'WS03-XS-Red','Iris Workout Top',NULL,NULL,NULL,0,0,1.0000,1.0000,29.0000,29.0000,NULL,0.0000,0.0000,0.0000,8.2500,2.3900,2.3900,29.0000,29.0000,0.0000,1.0000,'configurable',NULL,NULL,NULL,NULL,NULL,31.3900,31.3900,31.3900,31.3900,0.0000,0.0000,NULL,NULL,NULL,NULL,NULL,NULL,NULL,NULL,NULL,NULL,0),
(2,1,'2025-04-18 15:12:27','2025-04-18 15:12:27',1415,1,1,0,'WS03-XS-Red','Iris Workout Top-XS-Red',NULL,NULL,NULL,0,0,1.0000,1.0000,0.0000,0.0000,NULL,0.0000,0.0000,0.0000,0.0000,0.0000,0.0000,0.0000,0.0000,0.0000,0.0000,'simple',NULL,NULL,NULL,NULL,NULL,NULL,NULL,NULL,NULL,NULL,NULL,NULL,NULL,NULL,NULL,NULL,NULL,NULL,NULL,NULL,NULL,0),
(3,2,'2025-04-18 15:12:27','2025-04-18 15:12:27',1492,1,NULL,0,'WS08-XS-Blue','Minerva LumaTech&trade; V-Tee',NULL,NULL,NULL,0,0,1.0000,1.0000,32.0000,32.0000,NULL,0.0000,0.0000,0.0000,8.2500,2.6400,2.6400,32.0000,32.0000,0.0000,1.0000,'configurable',NULL,NULL,NULL,NULL,NULL,34.6400,34.6400,34.6400,34.6400,0.0000,0.0000,NULL,NULL,NULL,NULL,NULL,NULL,NULL,NULL,NULL,NULL,0),
(4,2,'2025-04-18 15:12:27','2025-04-18 15:12:27',1478,1,3,0,'WS08-XS-Blue','Minerva LumaTech&trade; V-Tee-XS-Blue',NULL,NULL,NULL,0,0,1.0000,1.0000,0.0000,0.0000,NULL,0.0000,0.0000,0.0000,0.0000,0.0000,0.0000,0.0000,0.0000,0.0000,0.0000,'simple',NULL,NULL,NULL,NULL,NULL,NULL,NULL,NULL,NULL,NULL,NULL,NULL,NULL,NULL,NULL,NULL,NULL,NULL,NULL,NULL,NULL,0);

--
-- Table structure for table `mgkz_quote_item_option`
--

CREATE TABLE `mgkz_quote_item_option` (
  `option_id` int(10) unsigned NOT NULL AUTO_INCREMENT COMMENT 'Option ID',
  `item_id` int(10) unsigned NOT NULL COMMENT 'Item ID',
  `product_id` int(10) unsigned NOT NULL COMMENT 'Product ID',
  `code` varchar(255) NOT NULL COMMENT 'Code',
  `value` text DEFAULT NULL COMMENT 'Value',
  PRIMARY KEY (`option_id`),
  KEY `MGKZ_QUOTE_ITEM_OPTION_ITEM_ID` (`item_id`),
  CONSTRAINT `MGKZ_QUOTE_ITEM_OPTION_ITEM_ID_MGKZ_QUOTE_ITEM_ITEM_ID` FOREIGN KEY (`item_id`) REFERENCES `mgkz_quote_item` (`item_id`) ON DELETE CASCADE
) ENGINE=InnoDB AUTO_INCREMENT=13 DEFAULT CHARSET=utf8mb4 COLLATE=utf8mb4_general_ci COMMENT='Sales Flat Quote Item Option';

--
-- Dumping data for table `mgkz_quote_item_option`
--

INSERT INTO `mgkz_quote_item_option` VALUES
(1,1,1428,'info_buyRequest','{\"qty\":1,\"super_attribute\":{\"142\":\"166\",\"93\":\"58\"}}'),
(2,1,1428,'attributes','{\"142\":\"166\",\"93\":\"58\"}'),
(3,1,1415,'product_qty_1415','1'),
(4,1,1415,'simple_product','1415'),
(5,2,1415,'info_buyRequest','{\"qty\":1,\"super_attribute\":{\"142\":\"166\",\"93\":\"58\"}}'),
(6,2,1415,'parent_product_id','1428'),
(7,3,1492,'info_buyRequest','{\"qty\":1,\"super_attribute\":{\"142\":\"166\",\"93\":\"50\"}}'),
(8,3,1492,'attributes','{\"142\":\"166\",\"93\":\"50\"}'),
(9,3,1478,'product_qty_1478','1'),
(10,3,1478,'simple_product','1478'),
(11,4,1478,'info_buyRequest','{\"qty\":1,\"super_attribute\":{\"142\":\"166\",\"93\":\"50\"}}'),
(12,4,1478,'parent_product_id','1492');

--
-- Table structure for table `mgkz_quote_shipping_rate`
--

CREATE TABLE `mgkz_quote_shipping_rate` (
  `rate_id` int(10) unsigned NOT NULL AUTO_INCREMENT COMMENT 'Rate ID',
  `address_id` int(10) unsigned NOT NULL DEFAULT 0 COMMENT 'Address ID',
  `created_at` timestamp NOT NULL DEFAULT current_timestamp() COMMENT 'Created At',
  `updated_at` timestamp NOT NULL DEFAULT current_timestamp() ON UPDATE current_timestamp() COMMENT 'Updated At',
  `carrier` varchar(255) DEFAULT NULL COMMENT 'Carrier',
  `carrier_title` varchar(255) DEFAULT NULL COMMENT 'Carrier Title',
  `code` varchar(255) DEFAULT NULL COMMENT 'Code',
  `method` varchar(255) DEFAULT NULL COMMENT 'Method',
  `method_description` text DEFAULT NULL COMMENT 'Method Description',
  `price` decimal(20,4) NOT NULL DEFAULT 0.0000 COMMENT 'Price',
  `error_message` text DEFAULT NULL COMMENT 'Error Message',
  `method_title` text DEFAULT NULL COMMENT 'Method Title',
  PRIMARY KEY (`rate_id`),
  KEY `MGKZ_QUOTE_SHIPPING_RATE_ADDRESS_ID` (`address_id`),
  CONSTRAINT `MGKZ_QUOTE_SHPP_RATE_ADDR_ID_MGKZ_QUOTE_ADDR_ADDR_ID` FOREIGN KEY (`address_id`) REFERENCES `mgkz_quote_address` (`address_id`) ON DELETE CASCADE
) ENGINE=InnoDB AUTO_INCREMENT=5 DEFAULT CHARSET=utf8mb4 COLLATE=utf8mb4_general_ci COMMENT='Sales Flat Quote Shipping Rate';

--
-- Dumping data for table `mgkz_quote_shipping_rate`
--

INSERT INTO `mgkz_quote_shipping_rate` VALUES
(1,2,'2025-04-18 15:12:27','2025-04-18 15:12:27','flatrate','Flat Rate','flatrate_flatrate','flatrate',NULL,5.0000,NULL,'Fixed'),
(2,2,'2025-04-18 15:12:27','2025-04-18 15:12:27','tablerate','Best Way','tablerate_bestway','bestway',NULL,15.0000,NULL,'Table Rate'),
(3,4,'2025-04-18 15:12:27','2025-04-18 15:12:27','flatrate','Flat Rate','flatrate_flatrate','flatrate',NULL,5.0000,NULL,'Fixed'),
(4,4,'2025-04-18 15:12:27','2025-04-18 15:12:27','tablerate','Best Way','tablerate_bestway','bestway',NULL,15.0000,NULL,'Table Rate');

--
-- Table structure for table `mgkz_rating`
--

CREATE TABLE `mgkz_rating` (
  `rating_id` smallint(5) unsigned NOT NULL AUTO_INCREMENT COMMENT 'Rating ID',
  `entity_id` smallint(5) unsigned NOT NULL DEFAULT 0 COMMENT 'Entity ID',
  `rating_code` varchar(64) NOT NULL COMMENT 'Rating Code',
  `position` smallint(5) unsigned NOT NULL DEFAULT 0 COMMENT 'Rating Position On Storefront',
  `is_active` smallint(6) NOT NULL DEFAULT 1 COMMENT 'Rating is active.',
  PRIMARY KEY (`rating_id`),
  UNIQUE KEY `MGKZ_RATING_RATING_CODE` (`rating_code`),
  KEY `MGKZ_RATING_ENTITY_ID` (`entity_id`),
  CONSTRAINT `MGKZ_RATING_ENTITY_ID_MGKZ_RATING_ENTITY_ENTITY_ID` FOREIGN KEY (`entity_id`) REFERENCES `mgkz_rating_entity` (`entity_id`) ON DELETE CASCADE
) ENGINE=InnoDB AUTO_INCREMENT=5 DEFAULT CHARSET=utf8mb4 COLLATE=utf8mb4_general_ci COMMENT='Ratings';

--
-- Dumping data for table `mgkz_rating`
--

INSERT INTO `mgkz_rating` VALUES
(1,1,'Quality',0,1),
(2,1,'Value',0,1),
(3,1,'Price',0,1),
(4,1,'Rating',0,1);

--
-- Table structure for table `mgkz_rating_entity`
--

CREATE TABLE `mgkz_rating_entity` (
  `entity_id` smallint(5) unsigned NOT NULL AUTO_INCREMENT COMMENT 'Entity ID',
  `entity_code` varchar(64) NOT NULL COMMENT 'Entity Code',
  PRIMARY KEY (`entity_id`),
  UNIQUE KEY `MGKZ_RATING_ENTITY_ENTITY_CODE` (`entity_code`)
) ENGINE=InnoDB AUTO_INCREMENT=4 DEFAULT CHARSET=utf8mb4 COLLATE=utf8mb4_general_ci COMMENT='Rating entities';

--
-- Dumping data for table `mgkz_rating_entity`
--

INSERT INTO `mgkz_rating_entity` VALUES
(1,'product'),
(2,'product_review'),
(3,'review');

--
-- Table structure for table `mgkz_rating_option`
--

CREATE TABLE `mgkz_rating_option` (
  `option_id` int(10) unsigned NOT NULL AUTO_INCREMENT COMMENT 'Rating Option ID',
  `rating_id` smallint(5) unsigned NOT NULL DEFAULT 0 COMMENT 'Rating ID',
  `code` varchar(32) NOT NULL COMMENT 'Rating Option Code',
  `value` smallint(5) unsigned NOT NULL DEFAULT 0 COMMENT 'Rating Option Value',
  `position` smallint(5) unsigned NOT NULL DEFAULT 0 COMMENT 'Ration option position on Storefront',
  PRIMARY KEY (`option_id`),
  KEY `MGKZ_RATING_OPTION_RATING_ID` (`rating_id`),
  CONSTRAINT `MGKZ_RATING_OPTION_RATING_ID_MGKZ_RATING_RATING_ID` FOREIGN KEY (`rating_id`) REFERENCES `mgkz_rating` (`rating_id`) ON DELETE CASCADE
) ENGINE=InnoDB AUTO_INCREMENT=21 DEFAULT CHARSET=utf8mb4 COLLATE=utf8mb4_general_ci COMMENT='Rating options';

--
-- Dumping data for table `mgkz_rating_option`
--

INSERT INTO `mgkz_rating_option` VALUES
(1,1,'1',1,1),
(2,1,'2',2,2),
(3,1,'3',3,3),
(4,1,'4',4,4),
(5,1,'5',5,5),
(6,2,'1',1,1),
(7,2,'2',2,2),
(8,2,'3',3,3),
(9,2,'4',4,4),
(10,2,'5',5,5),
(11,3,'1',1,1),
(12,3,'2',2,2),
(13,3,'3',3,3),
(14,3,'4',4,4),
(15,3,'5',5,5),
(16,4,'1',1,1),
(17,4,'2',2,2),
(18,4,'3',3,3),
(19,4,'4',4,4),
(20,4,'5',5,5);

--
-- Table structure for table `mgkz_rating_option_vote`
--

CREATE TABLE `mgkz_rating_option_vote` (
  `vote_id` bigint(20) unsigned NOT NULL AUTO_INCREMENT COMMENT 'Vote ID',
  `option_id` int(10) unsigned NOT NULL DEFAULT 0 COMMENT 'Vote option ID',
  `remote_ip` varchar(16) NOT NULL COMMENT 'Customer IP',
  `remote_ip_long` bigint(20) NOT NULL DEFAULT 0 COMMENT 'Customer IP converted to long integer format',
  `customer_id` int(10) unsigned DEFAULT 0 COMMENT 'Customer ID',
  `entity_pk_value` bigint(20) unsigned NOT NULL DEFAULT 0 COMMENT 'Product ID',
  `rating_id` smallint(5) unsigned NOT NULL DEFAULT 0 COMMENT 'Rating ID',
  `review_id` bigint(20) unsigned DEFAULT NULL COMMENT 'Review ID',
  `percent` smallint(6) NOT NULL DEFAULT 0 COMMENT 'Percent amount',
  `value` smallint(6) NOT NULL DEFAULT 0 COMMENT 'Vote option value',
  PRIMARY KEY (`vote_id`),
  KEY `MGKZ_RATING_OPTION_VOTE_REVIEW_ID_MGKZ_REVIEW_REVIEW_ID` (`review_id`),
  KEY `MGKZ_RATING_OPTION_VOTE_OPTION_ID` (`option_id`),
  CONSTRAINT `MGKZ_RATING_OPTION_VOTE_OPTION_ID_MGKZ_RATING_OPTION_OPTION_ID` FOREIGN KEY (`option_id`) REFERENCES `mgkz_rating_option` (`option_id`) ON DELETE CASCADE,
  CONSTRAINT `MGKZ_RATING_OPTION_VOTE_REVIEW_ID_MGKZ_REVIEW_REVIEW_ID` FOREIGN KEY (`review_id`) REFERENCES `mgkz_review` (`review_id`) ON DELETE CASCADE
) ENGINE=InnoDB AUTO_INCREMENT=347 DEFAULT CHARSET=utf8mb4 COLLATE=utf8mb4_general_ci COMMENT='Rating option values';

--
-- Dumping data for table `mgkz_rating_option_vote`
--

INSERT INTO `mgkz_rating_option_vote` VALUES
(1,17,'',0,NULL,1,4,1,40,2),
(2,18,'',0,NULL,1,4,2,60,3),
(3,20,'',0,NULL,6,4,3,100,5),
(4,18,'',0,NULL,6,4,4,60,3),
(5,17,'',0,NULL,6,4,5,40,2),
(6,19,'',0,NULL,3,4,6,80,4),
(7,18,'',0,NULL,3,4,7,60,3),
(8,18,'',0,NULL,3,4,8,60,3),
(9,20,'',0,NULL,2,4,9,100,5),
(10,19,'',0,NULL,2,4,10,80,4),
(11,16,'',0,NULL,4,4,11,20,1),
(12,19,'',0,NULL,4,4,12,80,4),
(13,20,'',0,NULL,4,4,13,100,5),
(14,20,'',0,NULL,5,4,14,100,5),
(15,17,'',0,NULL,5,4,15,40,2),
(16,20,'',0,NULL,37,4,16,100,5),
(17,20,'',0,NULL,37,4,17,100,5),
(18,18,'',0,NULL,37,4,18,60,3),
(19,19,'',0,NULL,40,4,19,80,4),
(20,19,'',0,NULL,40,4,20,80,4),
(21,18,'',0,NULL,40,4,21,60,3),
(22,18,'',0,NULL,38,4,22,60,3),
(23,17,'',0,NULL,38,4,23,40,2),
(24,17,'',0,NULL,38,4,24,40,2),
(25,19,'',0,NULL,36,4,25,80,4),
(26,19,'',0,NULL,36,4,26,80,4),
(27,20,'',0,NULL,39,4,27,100,5),
(28,19,'',0,NULL,39,4,28,80,4),
(29,17,'',0,NULL,39,4,29,40,2),
(30,17,'',0,NULL,39,4,30,40,2),
(31,20,'',0,NULL,270,4,31,100,5),
(32,19,'',0,NULL,270,4,32,80,4),
(33,20,'',0,NULL,286,4,33,100,5),
(34,19,'',0,NULL,286,4,34,80,4),
(35,17,'',0,NULL,414,4,35,40,2),
(36,17,'',0,NULL,414,4,36,40,2),
(37,19,'',0,NULL,414,4,37,80,4),
(38,20,'',0,NULL,302,4,38,100,5),
(39,19,'',0,NULL,302,4,39,80,4),
(40,20,'',0,NULL,302,4,40,100,5),
(41,20,'',0,NULL,398,4,41,100,5),
(42,18,'',0,NULL,398,4,42,60,3),
(43,19,'',0,NULL,398,4,43,80,4),
(44,17,'',0,NULL,318,4,44,40,2),
(45,18,'',0,NULL,318,4,45,60,3),
(46,18,'',0,NULL,334,4,46,60,3),
(47,18,'',0,NULL,334,4,47,60,3),
(48,19,'',0,NULL,334,4,48,80,4),
(49,19,'',0,NULL,350,4,49,80,4),
(50,18,'',0,NULL,350,4,50,60,3),
(51,19,'',0,NULL,366,4,51,80,4),
(52,18,'',0,NULL,366,4,52,60,3),
(53,17,'',0,NULL,737,4,53,40,2),
(54,19,'',0,NULL,737,4,54,80,4),
(55,16,'',0,NULL,737,4,55,20,1),
(56,17,'',0,NULL,750,4,56,40,2),
(57,17,'',0,NULL,750,4,57,40,2),
(58,18,'',0,NULL,750,4,58,60,3),
(59,19,'',0,NULL,763,4,59,80,4),
(60,18,'',0,NULL,763,4,60,60,3),
(61,19,'',0,NULL,776,4,61,80,4),
(62,20,'',0,NULL,776,4,62,100,5),
(63,19,'',0,NULL,776,4,63,80,4),
(64,19,'',0,NULL,789,4,64,80,4),
(65,19,'',0,NULL,789,4,65,80,4),
(66,18,'',0,NULL,789,4,66,60,3),
(67,18,'',0,NULL,558,4,67,60,3),
(68,19,'',0,NULL,558,4,68,80,4),
(69,20,'',0,NULL,558,4,69,100,5),
(70,20,'',0,NULL,574,4,70,100,5),
(71,19,'',0,NULL,574,4,71,80,4),
(72,20,'',0,NULL,526,4,72,100,5),
(73,16,'',0,NULL,526,4,73,20,1),
(74,20,'',0,NULL,446,4,74,100,5),
(75,17,'',0,NULL,446,4,75,40,2),
(76,18,'',0,NULL,446,4,76,60,3),
(77,20,'',0,NULL,462,4,77,100,5),
(78,19,'',0,NULL,462,4,78,80,4),
(79,18,'',0,NULL,462,4,79,60,3),
(80,18,'',0,NULL,542,4,80,60,3),
(81,19,'',0,NULL,542,4,81,80,4),
(82,18,'',0,NULL,606,4,82,60,3),
(83,18,'',0,NULL,606,4,83,60,3),
(84,19,'',0,NULL,606,4,84,80,4),
(85,20,'',0,NULL,622,4,85,100,5),
(86,18,'',0,NULL,622,4,86,60,3),
(87,18,'',0,NULL,622,4,87,60,3),
(88,17,'',0,NULL,622,4,88,40,2),
(89,19,'',0,NULL,478,4,89,80,4),
(90,17,'',0,NULL,478,4,90,40,2),
(91,20,'',0,NULL,478,4,91,100,5),
(92,20,'',0,NULL,590,4,92,100,5),
(93,16,'',0,NULL,590,4,93,20,1),
(94,18,'',0,NULL,590,4,94,60,3),
(95,19,'',0,NULL,494,4,95,80,4),
(96,18,'',0,NULL,494,4,96,60,3),
(97,20,'',0,NULL,494,4,97,100,5),
(98,16,'',0,NULL,510,4,98,20,1),
(99,17,'',0,NULL,510,4,99,40,2),
(100,20,'',0,NULL,510,4,100,100,5),
(101,19,'',0,NULL,893,4,101,80,4),
(102,19,'',0,NULL,893,4,102,80,4),
(103,19,'',0,NULL,893,4,103,80,4),
(104,18,'',0,NULL,911,4,104,60,3),
(105,19,'',0,NULL,911,4,105,80,4),
(106,19,'',0,NULL,911,4,106,80,4),
(107,17,'',0,NULL,924,4,107,40,2),
(108,18,'',0,NULL,924,4,108,60,3),
(109,19,'',0,NULL,924,4,109,80,4),
(110,20,'',0,NULL,937,4,110,100,5),
(111,17,'',0,NULL,937,4,111,40,2),
(112,19,'',0,NULL,937,4,112,80,4),
(113,18,'',0,NULL,950,4,113,60,3),
(114,19,'',0,NULL,950,4,114,80,4),
(115,20,'',0,NULL,963,4,115,100,5),
(116,20,'',0,NULL,963,4,116,100,5),
(117,18,'',0,NULL,963,4,117,60,3),
(118,19,'',0,NULL,976,4,118,80,4),
(119,17,'',0,NULL,976,4,119,40,2),
(120,18,'',0,NULL,989,4,120,60,3),
(121,18,'',0,NULL,989,4,121,60,3),
(122,19,'',0,NULL,989,4,122,80,4),
(123,16,'',0,NULL,638,4,123,20,1),
(124,19,'',0,NULL,638,4,124,80,4),
(125,18,'',0,NULL,638,4,125,60,3),
(126,18,'',0,NULL,638,4,126,60,3),
(127,18,'',0,NULL,654,4,127,60,3),
(128,19,'',0,NULL,654,4,128,80,4),
(129,20,'',0,NULL,654,4,129,100,5),
(130,18,'',0,NULL,670,4,130,60,3),
(131,18,'',0,NULL,670,4,131,60,3),
(132,17,'',0,NULL,670,4,132,40,2),
(133,17,'',0,NULL,676,4,133,40,2),
(134,18,'',0,NULL,676,4,134,60,3),
(135,19,'',0,NULL,676,4,135,80,4),
(136,20,'',0,NULL,676,4,136,100,5),
(137,20,'',0,NULL,7,4,137,100,5),
(138,19,'',0,NULL,7,4,138,80,4),
(139,18,'',0,NULL,7,4,139,60,3),
(140,20,'',0,NULL,20,4,140,100,5),
(141,19,'',0,NULL,20,4,141,80,4),
(142,16,'',0,NULL,20,4,142,20,1),
(143,18,'',0,NULL,18,4,143,60,3),
(144,18,'',0,NULL,18,4,144,60,3),
(145,20,'',0,NULL,23,4,145,100,5),
(146,16,'',0,NULL,23,4,146,20,1),
(147,18,'',0,NULL,23,4,147,60,3),
(148,19,'',0,NULL,17,4,148,80,4),
(149,20,'',0,NULL,17,4,149,100,5),
(150,20,'',0,NULL,17,4,150,100,5),
(151,20,'',0,NULL,19,4,151,100,5),
(152,18,'',0,NULL,19,4,152,60,3),
(153,20,'',0,NULL,19,4,153,100,5),
(154,18,'',0,NULL,15,4,154,60,3),
(155,20,'',0,NULL,16,4,155,100,5),
(156,20,'',0,NULL,16,4,156,100,5),
(157,19,'',0,NULL,8,4,157,80,4),
(158,18,'',0,NULL,8,4,158,60,3),
(159,18,'',0,NULL,8,4,159,60,3),
(160,19,'',0,NULL,9,4,160,80,4),
(161,18,'',0,NULL,9,4,161,60,3),
(162,20,'',0,NULL,12,4,162,100,5),
(163,19,'',0,NULL,12,4,163,80,4),
(164,19,'',0,NULL,14,4,164,80,4),
(165,18,'',0,NULL,14,4,165,60,3),
(166,18,'',0,NULL,14,4,166,60,3),
(167,20,'',0,NULL,10,4,167,100,5),
(168,18,'',0,NULL,10,4,168,60,3),
(169,20,'',0,NULL,11,4,169,100,5),
(170,20,'',0,NULL,11,4,170,100,5),
(171,16,'',0,NULL,11,4,171,20,1),
(172,17,'',0,NULL,13,4,172,40,2),
(173,19,'',0,NULL,13,4,173,80,4),
(174,18,'',0,NULL,13,4,174,60,3),
(175,19,'',0,NULL,42,4,175,80,4),
(176,18,'',0,NULL,42,4,176,60,3),
(177,18,'',0,NULL,42,4,177,60,3),
(178,20,'',0,NULL,44,4,178,100,5),
(179,17,'',0,NULL,44,4,179,40,2),
(180,17,'',0,NULL,43,4,180,40,2),
(181,18,'',0,NULL,43,4,181,60,3),
(182,18,'',0,NULL,43,4,182,60,3),
(183,19,'',0,NULL,41,4,183,80,4),
(184,19,'',0,NULL,41,4,184,80,4),
(185,18,'',0,NULL,1044,4,185,60,3),
(186,20,'',0,NULL,1044,4,186,100,5),
(187,20,'',0,NULL,1044,4,187,100,5),
(188,20,'',0,NULL,1060,4,188,100,5),
(189,16,'',0,NULL,1060,4,189,20,1),
(190,19,'',0,NULL,1060,4,190,80,4),
(191,19,'',0,NULL,1076,4,191,80,4),
(192,18,'',0,NULL,1076,4,192,60,3),
(193,17,'',0,NULL,1076,4,193,40,2),
(194,17,'',0,NULL,1092,4,194,40,2),
(195,19,'',0,NULL,1092,4,195,80,4),
(196,18,'',0,NULL,1092,4,196,60,3),
(197,19,'',0,NULL,1108,4,197,80,4),
(198,19,'',0,NULL,1108,4,198,80,4),
(199,19,'',0,NULL,1108,4,199,80,4),
(200,19,'',0,NULL,1114,4,200,80,4),
(201,19,'',0,NULL,1114,4,201,80,4),
(202,18,'',0,NULL,1220,4,202,60,3),
(203,19,'',0,NULL,1220,4,203,80,4),
(204,18,'',0,NULL,1220,4,204,60,3),
(205,20,'',0,NULL,1236,4,205,100,5),
(206,17,'',0,NULL,1236,4,206,40,2),
(207,18,'',0,NULL,1236,4,207,60,3),
(208,19,'',0,NULL,1236,4,208,80,4),
(209,20,'',0,NULL,1252,4,209,100,5),
(210,20,'',0,NULL,1252,4,210,100,5),
(211,18,'',0,NULL,1252,4,211,60,3),
(212,20,'',0,NULL,1268,4,212,100,5),
(213,19,'',0,NULL,1268,4,213,80,4),
(214,19,'',0,NULL,1284,4,214,80,4),
(215,19,'',0,NULL,1284,4,215,80,4),
(216,20,'',0,NULL,1284,4,216,100,5),
(217,18,'',0,NULL,1380,4,217,60,3),
(218,20,'',0,NULL,1380,4,218,100,5),
(219,20,'',0,NULL,1380,4,219,100,5),
(220,18,'',0,NULL,1300,4,220,60,3),
(221,17,'',0,NULL,1300,4,221,40,2),
(222,20,'',0,NULL,1300,4,222,100,5),
(223,20,'',0,NULL,1316,4,223,100,5),
(224,16,'',0,NULL,1316,4,224,20,1),
(225,19,'',0,NULL,1332,4,225,80,4),
(226,19,'',0,NULL,1332,4,226,80,4),
(227,20,'',0,NULL,1332,4,227,100,5),
(228,18,'',0,NULL,1348,4,228,60,3),
(229,18,'',0,NULL,1348,4,229,60,3),
(230,18,'',0,NULL,1348,4,230,60,3),
(231,20,'',0,NULL,1364,4,231,100,5),
(232,18,'',0,NULL,1364,4,232,60,3),
(233,20,'',0,NULL,1364,4,233,100,5),
(234,19,'',0,NULL,1819,4,234,80,4),
(235,19,'',0,NULL,1819,4,235,80,4),
(236,20,'',0,NULL,1826,4,236,100,5),
(237,19,'',0,NULL,1826,4,237,80,4),
(238,20,'',0,NULL,1826,4,238,100,5),
(239,20,'',0,NULL,1833,4,239,100,5),
(240,19,'',0,NULL,1833,4,240,80,4),
(241,16,'',0,NULL,1833,4,241,20,1),
(242,19,'',0,NULL,1840,4,242,80,4),
(243,20,'',0,NULL,1840,4,243,100,5),
(244,20,'',0,NULL,1840,4,244,100,5),
(245,17,'',0,NULL,1840,4,245,40,2),
(246,18,'',0,NULL,1847,4,246,60,3),
(247,18,'',0,NULL,1847,4,247,60,3),
(248,18,'',0,NULL,1854,4,248,60,3),
(249,17,'',0,NULL,1854,4,249,40,2),
(250,20,'',0,NULL,1854,4,250,100,5),
(251,20,'',0,NULL,1572,4,251,100,5),
(252,19,'',0,NULL,1572,4,252,80,4),
(253,19,'',0,NULL,1572,4,253,80,4),
(254,19,'',0,NULL,1412,4,254,80,4),
(255,18,'',0,NULL,1412,4,255,60,3),
(256,19,'',0,NULL,1412,4,256,80,4),
(257,20,'',0,NULL,1428,4,257,100,5),
(258,17,'',0,NULL,1428,4,258,40,2),
(259,18,'',0,NULL,1428,4,259,60,3),
(260,17,'',0,NULL,1428,4,260,40,2),
(261,17,'',0,NULL,1444,4,261,40,2),
(262,19,'',0,NULL,1444,4,262,80,4),
(263,19,'',0,NULL,1588,4,263,80,4),
(264,20,'',0,NULL,1588,4,264,100,5),
(265,17,'',0,NULL,1588,4,265,40,2),
(266,17,'',0,NULL,1476,4,266,40,2),
(267,19,'',0,NULL,1476,4,267,80,4),
(268,19,'',0,NULL,1492,4,268,80,4),
(269,16,'',0,NULL,1492,4,269,20,1),
(270,17,'',0,NULL,1492,4,270,40,2),
(271,19,'',0,NULL,1508,4,271,80,4),
(272,18,'',0,NULL,1508,4,272,60,3),
(273,19,'',0,NULL,1508,4,273,80,4),
(274,20,'',0,NULL,1524,4,274,100,5),
(275,19,'',0,NULL,1524,4,275,80,4),
(276,18,'',0,NULL,1524,4,276,60,3),
(277,18,'',0,NULL,1540,4,277,60,3),
(278,20,'',0,NULL,1540,4,278,100,5),
(279,20,'',0,NULL,1540,4,279,100,5),
(280,18,'',0,NULL,1556,4,280,60,3),
(281,17,'',0,NULL,1556,4,281,40,2),
(282,19,'',0,NULL,1556,4,282,80,4),
(283,19,'',0,NULL,1919,4,283,80,4),
(284,18,'',0,NULL,1919,4,284,60,3),
(285,17,'',0,NULL,1919,4,285,40,2),
(286,20,'',0,NULL,1935,4,286,100,5),
(287,20,'',0,NULL,1935,4,287,100,5),
(288,17,'',0,NULL,1935,4,288,40,2),
(289,20,'',0,NULL,1951,4,289,100,5),
(290,19,'',0,NULL,1951,4,290,80,4),
(291,19,'',0,NULL,1967,4,291,80,4),
(292,19,'',0,NULL,1967,4,292,80,4),
(293,17,'',0,NULL,1983,4,293,40,2),
(294,19,'',0,NULL,1983,4,294,80,4),
(295,20,'',0,NULL,1983,4,295,100,5),
(296,18,'',0,NULL,1990,4,296,60,3),
(297,19,'',0,NULL,1990,4,297,80,4),
(298,20,'',0,NULL,1997,4,298,100,5),
(299,17,'',0,NULL,1997,4,299,40,2),
(300,18,'',0,NULL,1997,4,300,60,3),
(301,20,'',0,NULL,2003,4,301,100,5),
(302,19,'',0,NULL,2003,4,302,80,4),
(303,20,'',0,NULL,2003,4,303,100,5),
(304,16,'',0,NULL,2010,4,304,20,1),
(305,19,'',0,NULL,2010,4,305,80,4),
(306,20,'',0,NULL,2010,4,306,100,5),
(307,19,'',0,NULL,2017,4,307,80,4),
(308,20,'',0,NULL,2017,4,308,100,5),
(309,18,'',0,NULL,2017,4,309,60,3),
(310,20,'',0,NULL,2024,4,310,100,5),
(311,19,'',0,NULL,2024,4,311,80,4),
(312,17,'',0,NULL,2024,4,312,40,2),
(313,16,'',0,NULL,2040,4,313,20,1),
(314,18,'',0,NULL,2040,4,314,60,3),
(315,20,'',0,NULL,2040,4,315,100,5),
(316,18,'',0,NULL,1604,4,316,60,3),
(317,19,'',0,NULL,1604,4,317,80,4),
(318,19,'',0,NULL,1604,4,318,80,4),
(319,19,'',0,NULL,1604,4,319,80,4),
(320,17,'',0,NULL,1620,4,320,40,2),
(321,16,'',0,NULL,1620,4,321,20,1),
(322,20,'',0,NULL,1620,4,322,100,5),
(323,19,'',0,NULL,1620,4,323,80,4),
(324,19,'',0,NULL,1636,4,324,80,4),
(325,17,'',0,NULL,1636,4,325,40,2),
(326,19,'',0,NULL,1636,4,326,80,4),
(327,17,'',0,NULL,1652,4,327,40,2),
(328,19,'',0,NULL,1652,4,328,80,4),
(329,18,'',0,NULL,1652,4,329,60,3),
(330,16,'',0,NULL,1668,4,330,20,1),
(331,17,'',0,NULL,1668,4,331,40,2),
(332,18,'',0,NULL,1668,4,332,60,3),
(333,20,'',0,NULL,1764,4,333,100,5),
(334,19,'',0,NULL,1764,4,334,80,4),
(335,17,'',0,NULL,1764,4,335,40,2),
(336,19,'',0,NULL,1780,4,336,80,4),
(337,17,'',0,NULL,1796,4,337,40,2),
(338,18,'',0,NULL,1796,4,338,60,3),
(339,19,'',0,NULL,1796,4,339,80,4),
(340,19,'',0,NULL,1812,4,340,80,4),
(341,18,'',0,NULL,1812,4,341,60,3),
(342,19,'',0,NULL,1684,4,342,80,4),
(343,19,'',0,NULL,1684,4,343,80,4),
(344,18,'',0,NULL,1700,4,344,60,3),
(345,17,'',0,NULL,1700,4,345,40,2),
(346,18,'',0,NULL,1700,4,346,60,3);

--
