-- Table structure for table `mgkz_customer_address_entity`
--

CREATE TABLE `mgkz_customer_address_entity` (
  `entity_id` int(10) unsigned NOT NULL AUTO_INCREMENT COMMENT 'Entity ID',
  `increment_id` varchar(50) DEFAULT NULL COMMENT 'Increment ID',
  `parent_id` int(10) unsigned DEFAULT NULL COMMENT 'Parent ID',
  `created_at` timestamp NOT NULL DEFAULT current_timestamp() COMMENT 'Created At',
  `updated_at` timestamp NOT NULL DEFAULT current_timestamp() ON UPDATE current_timestamp() COMMENT 'Updated At',
  `is_active` smallint(5) unsigned NOT NULL DEFAULT 1 COMMENT 'Is Active',
  `city` varchar(255) NOT NULL COMMENT 'City',
  `company` varchar(255) DEFAULT NULL COMMENT 'Company',
  `country_id` varchar(255) NOT NULL COMMENT 'Country',
  `fax` varchar(255) DEFAULT NULL COMMENT 'Fax',
  `firstname` varchar(255) NOT NULL COMMENT 'First Name',
  `lastname` varchar(255) NOT NULL COMMENT 'Last Name',
  `middlename` varchar(255) DEFAULT NULL COMMENT 'Middle Name',
  `postcode` varchar(255) DEFAULT NULL COMMENT 'Zip/Postal Code',
  `prefix` varchar(40) DEFAULT NULL COMMENT 'Name Prefix',
  `region` varchar(255) DEFAULT NULL COMMENT 'State/Province',
  `region_id` int(10) unsigned DEFAULT NULL COMMENT 'State/Province',
  `street` text NOT NULL COMMENT 'Street Address',
  `suffix` varchar(40) DEFAULT NULL COMMENT 'Name Suffix',
  `telephone` varchar(255) NOT NULL COMMENT 'Phone Number',
  `vat_id` varchar(255) DEFAULT NULL COMMENT 'VAT number',
  `vat_is_valid` int(10) unsigned DEFAULT NULL COMMENT 'VAT number validity',
  `vat_request_date` varchar(255) DEFAULT NULL COMMENT 'VAT number validation request date',
  `vat_request_id` varchar(255) DEFAULT NULL COMMENT 'VAT number validation request ID',
  `vat_request_success` int(10) unsigned DEFAULT NULL COMMENT 'VAT number validation request success',
  PRIMARY KEY (`entity_id`),
  KEY `MGKZ_CUSTOMER_ADDRESS_ENTITY_PARENT_ID` (`parent_id`),
  CONSTRAINT `MGKZ_CSTR_ADDR_ENTT_PARENT_ID_MGKZ_CSTR_ENTT_ENTT_ID` FOREIGN KEY (`parent_id`) REFERENCES `mgkz_customer_entity` (`entity_id`) ON DELETE CASCADE
) ENGINE=InnoDB AUTO_INCREMENT=2 DEFAULT CHARSET=utf8mb4 COLLATE=utf8mb4_general_ci COMMENT='Customer Address Entity';

--
-- Dumping data for table `mgkz_customer_address_entity`
--

INSERT INTO `mgkz_customer_address_entity` VALUES
(1,NULL,1,'2025-04-18 15:12:27','2025-04-18 15:12:27',1,'Calder',NULL,'US',NULL,'Veronica','Costello',NULL,'49628-7978',NULL,'Michigan',33,'6146 Honey Bluff Parkway',NULL,'(555) 229-3326',NULL,NULL,NULL,NULL,NULL);
DELIMITER ;;
/*!50003 CREATE*/ /*!50017 DEFINER=`softaculous_mage660`@`localhost`*/ /*!50003 TRIGGER `trg_mgkz_customer_address_entity_after_insert` AFTER INSERT ON `mgkz_customer_address_entity` FOR EACH ROW BEGIN
INSERT IGNORE INTO `mgkz_customer_dummy_cl` (`entity_id`) VALUES (NEW.`parent_id`);
END */;;
DELIMITER ;
DELIMITER ;;
/*!50003 CREATE*/ /*!50017 DEFINER=`softaculous_mage660`@`localhost`*/ /*!50003 TRIGGER `trg_mgkz_customer_address_entity_after_update` AFTER UPDATE ON `mgkz_customer_address_entity` FOR EACH ROW BEGIN
IF (NOT(NEW.`entity_id` <=> OLD.`entity_id`) OR NOT(NEW.`increment_id` <=> OLD.`increment_id`) OR NOT(NEW.`parent_id` <=> OLD.`parent_id`) OR NOT(NEW.`created_at` <=> OLD.`created_at`) OR NOT(NEW.`is_active` <=> OLD.`is_active`) OR NOT(NEW.`city` <=> OLD.`city`) OR NOT(NEW.`company` <=> OLD.`company`) OR NOT(NEW.`country_id` <=> OLD.`country_id`) OR NOT(NEW.`fax` <=> OLD.`fax`) OR NOT(NEW.`firstname` <=> OLD.`firstname`) OR NOT(NEW.`lastname` <=> OLD.`lastname`) OR NOT(NEW.`middlename` <=> OLD.`middlename`) OR NOT(NEW.`postcode` <=> OLD.`postcode`) OR NOT(NEW.`prefix` <=> OLD.`prefix`) OR NOT(NEW.`region` <=> OLD.`region`) OR NOT(NEW.`region_id` <=> OLD.`region_id`) OR NOT(NEW.`street` <=> OLD.`street`) OR NOT(NEW.`suffix` <=> OLD.`suffix`) OR NOT(NEW.`telephone` <=> OLD.`telephone`) OR NOT(NEW.`vat_id` <=> OLD.`vat_id`) OR NOT(NEW.`vat_is_valid` <=> OLD.`vat_is_valid`) OR NOT(NEW.`vat_request_date` <=> OLD.`vat_request_date`) OR NOT(NEW.`vat_request_id` <=> OLD.`vat_request_id`) OR NOT(NEW.`vat_request_success` <=> OLD.`vat_request_success`)) THEN INSERT IGNORE INTO `mgkz_customer_dummy_cl` (`entity_id`) VALUES (NEW.`parent_id`); END IF;
END */;;
DELIMITER ;
DELIMITER ;;
/*!50003 CREATE*/ /*!50017 DEFINER=`softaculous_mage660`@`localhost`*/ /*!50003 TRIGGER `trg_mgkz_customer_address_entity_after_delete` AFTER DELETE ON `mgkz_customer_address_entity` FOR EACH ROW BEGIN
INSERT IGNORE INTO `mgkz_customer_dummy_cl` (`entity_id`) VALUES (OLD.`parent_id`);
END */;;
DELIMITER ;

--
-- Table structure for table `mgkz_customer_address_entity_datetime`
--

CREATE TABLE `mgkz_customer_address_entity_datetime` (
  `value_id` int(11) NOT NULL AUTO_INCREMENT COMMENT 'Value ID',
  `attribute_id` smallint(5) unsigned NOT NULL DEFAULT 0 COMMENT 'Attribute ID',
  `entity_id` int(10) unsigned NOT NULL DEFAULT 0 COMMENT 'Entity ID',
  `value` datetime DEFAULT NULL COMMENT 'Value',
  PRIMARY KEY (`value_id`),
  UNIQUE KEY `MGKZ_CUSTOMER_ADDRESS_ENTITY_DATETIME_ENTITY_ID_ATTRIBUTE_ID` (`entity_id`,`attribute_id`),
  KEY `MGKZ_CUSTOMER_ADDRESS_ENTITY_DATETIME_ATTRIBUTE_ID` (`attribute_id`),
  KEY `MGKZ_CSTR_ADDR_ENTT_DTIME_ENTT_ID_ATTR_ID_VAL` (`entity_id`,`attribute_id`,`value`),
  CONSTRAINT `MGKZ_CSTR_ADDR_ENTT_DTIME_ATTR_ID_MGKZ_EAV_ATTR_ATTR_ID` FOREIGN KEY (`attribute_id`) REFERENCES `mgkz_eav_attribute` (`attribute_id`) ON DELETE CASCADE,
  CONSTRAINT `MGKZ_CSTR_ADDR_ENTT_DTIME_ENTT_ID_MGKZ_CSTR_ADDR_ENTT_ENTT_ID` FOREIGN KEY (`entity_id`) REFERENCES `mgkz_customer_address_entity` (`entity_id`) ON DELETE CASCADE
) ENGINE=InnoDB DEFAULT CHARSET=utf8mb4 COLLATE=utf8mb4_general_ci COMMENT='Customer Address Entity Datetime';

--
-- Dumping data for table `mgkz_customer_address_entity_datetime`
--


--
-- Table structure for table `mgkz_customer_address_entity_decimal`
--

CREATE TABLE `mgkz_customer_address_entity_decimal` (
  `value_id` int(11) NOT NULL AUTO_INCREMENT COMMENT 'Value ID',
  `attribute_id` smallint(5) unsigned NOT NULL DEFAULT 0 COMMENT 'Attribute ID',
  `entity_id` int(10) unsigned NOT NULL DEFAULT 0 COMMENT 'Entity ID',
  `value` decimal(12,4) NOT NULL DEFAULT 0.0000 COMMENT 'Value',
  PRIMARY KEY (`value_id`),
  UNIQUE KEY `MGKZ_CUSTOMER_ADDRESS_ENTITY_DECIMAL_ENTITY_ID_ATTRIBUTE_ID` (`entity_id`,`attribute_id`),
  KEY `MGKZ_CUSTOMER_ADDRESS_ENTITY_DECIMAL_ATTRIBUTE_ID` (`attribute_id`),
  KEY `MGKZ_CSTR_ADDR_ENTT_DEC_ENTT_ID_ATTR_ID_VAL` (`entity_id`,`attribute_id`,`value`),
  CONSTRAINT `MGKZ_CSTR_ADDR_ENTT_DEC_ATTR_ID_MGKZ_EAV_ATTR_ATTR_ID` FOREIGN KEY (`attribute_id`) REFERENCES `mgkz_eav_attribute` (`attribute_id`) ON DELETE CASCADE,
  CONSTRAINT `MGKZ_CSTR_ADDR_ENTT_DEC_ENTT_ID_MGKZ_CSTR_ADDR_ENTT_ENTT_ID` FOREIGN KEY (`entity_id`) REFERENCES `mgkz_customer_address_entity` (`entity_id`) ON DELETE CASCADE
) ENGINE=InnoDB DEFAULT CHARSET=utf8mb4 COLLATE=utf8mb4_general_ci COMMENT='Customer Address Entity Decimal';

--
-- Dumping data for table `mgkz_customer_address_entity_decimal`
--


--
-- Table structure for table `mgkz_customer_address_entity_int`
--

CREATE TABLE `mgkz_customer_address_entity_int` (
  `value_id` int(11) NOT NULL AUTO_INCREMENT COMMENT 'Value ID',
  `attribute_id` smallint(5) unsigned NOT NULL DEFAULT 0 COMMENT 'Attribute ID',
  `entity_id` int(10) unsigned NOT NULL DEFAULT 0 COMMENT 'Entity ID',
  `value` int(11) NOT NULL DEFAULT 0 COMMENT 'Value',
  PRIMARY KEY (`value_id`),
  UNIQUE KEY `MGKZ_CUSTOMER_ADDRESS_ENTITY_INT_ENTITY_ID_ATTRIBUTE_ID` (`entity_id`,`attribute_id`),
  KEY `MGKZ_CUSTOMER_ADDRESS_ENTITY_INT_ATTRIBUTE_ID` (`attribute_id`),
  KEY `MGKZ_CUSTOMER_ADDRESS_ENTITY_INT_ENTITY_ID_ATTRIBUTE_ID_VALUE` (`entity_id`,`attribute_id`,`value`),
  CONSTRAINT `MGKZ_CSTR_ADDR_ENTT_INT_ATTR_ID_MGKZ_EAV_ATTR_ATTR_ID` FOREIGN KEY (`attribute_id`) REFERENCES `mgkz_eav_attribute` (`attribute_id`) ON DELETE CASCADE,
  CONSTRAINT `MGKZ_CSTR_ADDR_ENTT_INT_ENTT_ID_MGKZ_CSTR_ADDR_ENTT_ENTT_ID` FOREIGN KEY (`entity_id`) REFERENCES `mgkz_customer_address_entity` (`entity_id`) ON DELETE CASCADE
) ENGINE=InnoDB DEFAULT CHARSET=utf8mb4 COLLATE=utf8mb4_general_ci COMMENT='Customer Address Entity Int';

--
-- Dumping data for table `mgkz_customer_address_entity_int`
--


--
-- Table structure for table `mgkz_customer_address_entity_text`
--

CREATE TABLE `mgkz_customer_address_entity_text` (
  `value_id` int(11) NOT NULL AUTO_INCREMENT COMMENT 'Value ID',
  `attribute_id` smallint(5) unsigned NOT NULL DEFAULT 0 COMMENT 'Attribute ID',
  `entity_id` int(10) unsigned NOT NULL DEFAULT 0 COMMENT 'Entity ID',
  `value` text NOT NULL COMMENT 'Value',
  PRIMARY KEY (`value_id`),
  UNIQUE KEY `MGKZ_CUSTOMER_ADDRESS_ENTITY_TEXT_ENTITY_ID_ATTRIBUTE_ID` (`entity_id`,`attribute_id`),
  KEY `MGKZ_CUSTOMER_ADDRESS_ENTITY_TEXT_ATTRIBUTE_ID` (`attribute_id`),
  CONSTRAINT `MGKZ_CSTR_ADDR_ENTT_TEXT_ATTR_ID_MGKZ_EAV_ATTR_ATTR_ID` FOREIGN KEY (`attribute_id`) REFERENCES `mgkz_eav_attribute` (`attribute_id`) ON DELETE CASCADE,
  CONSTRAINT `MGKZ_CSTR_ADDR_ENTT_TEXT_ENTT_ID_MGKZ_CSTR_ADDR_ENTT_ENTT_ID` FOREIGN KEY (`entity_id`) REFERENCES `mgkz_customer_address_entity` (`entity_id`) ON DELETE CASCADE
) ENGINE=InnoDB DEFAULT CHARSET=utf8mb4 COLLATE=utf8mb4_general_ci COMMENT='Customer Address Entity Text';

--
-- Dumping data for table `mgkz_customer_address_entity_text`
--


--
-- Table structure for table `mgkz_customer_address_entity_varchar`
--

CREATE TABLE `mgkz_customer_address_entity_varchar` (
  `value_id` int(11) NOT NULL AUTO_INCREMENT COMMENT 'Value ID',
  `attribute_id` smallint(5) unsigned NOT NULL DEFAULT 0 COMMENT 'Attribute ID',
  `entity_id` int(10) unsigned NOT NULL DEFAULT 0 COMMENT 'Entity ID',
  `value` varchar(255) DEFAULT NULL COMMENT 'Value',
  PRIMARY KEY (`value_id`),
  UNIQUE KEY `MGKZ_CUSTOMER_ADDRESS_ENTITY_VARCHAR_ENTITY_ID_ATTRIBUTE_ID` (`entity_id`,`attribute_id`),
  KEY `MGKZ_CUSTOMER_ADDRESS_ENTITY_VARCHAR_ATTRIBUTE_ID` (`attribute_id`),
  KEY `MGKZ_CSTR_ADDR_ENTT_VCHR_ENTT_ID_ATTR_ID_VAL` (`entity_id`,`attribute_id`,`value`),
  CONSTRAINT `MGKZ_CSTR_ADDR_ENTT_VCHR_ATTR_ID_MGKZ_EAV_ATTR_ATTR_ID` FOREIGN KEY (`attribute_id`) REFERENCES `mgkz_eav_attribute` (`attribute_id`) ON DELETE CASCADE,
  CONSTRAINT `MGKZ_CSTR_ADDR_ENTT_VCHR_ENTT_ID_MGKZ_CSTR_ADDR_ENTT_ENTT_ID` FOREIGN KEY (`entity_id`) REFERENCES `mgkz_customer_address_entity` (`entity_id`) ON DELETE CASCADE
) ENGINE=InnoDB DEFAULT CHARSET=utf8mb4 COLLATE=utf8mb4_general_ci COMMENT='Customer Address Entity Varchar';

--
-- Dumping data for table `mgkz_customer_address_entity_varchar`
--


--
-- Table structure for table `mgkz_customer_dummy_cl`
--

CREATE TABLE `mgkz_customer_dummy_cl` (
  `version_id` int(10) unsigned NOT NULL AUTO_INCREMENT COMMENT 'Version ID',
  `entity_id` int(10) unsigned NOT NULL DEFAULT 0 COMMENT 'Entity ID',
  PRIMARY KEY (`version_id`)
) ENGINE=InnoDB AUTO_INCREMENT=5 DEFAULT CHARSET=utf8mb4 COLLATE=utf8mb4_general_ci COMMENT='mgkz_customer_dummy_cl';

--
-- Dumping data for table `mgkz_customer_dummy_cl`
--

INSERT INTO `mgkz_customer_dummy_cl` VALUES
(1,1),
(2,1),
(3,1),
(4,1);

--
-- Table structure for table `mgkz_customer_eav_attribute`
--

CREATE TABLE `mgkz_customer_eav_attribute` (
  `attribute_id` smallint(5) unsigned NOT NULL COMMENT 'Attribute ID',
  `is_visible` smallint(5) unsigned NOT NULL DEFAULT 1 COMMENT 'Is Visible',
  `input_filter` varchar(255) DEFAULT NULL COMMENT 'Input Filter',
  `multiline_count` smallint(5) unsigned NOT NULL DEFAULT 1 COMMENT 'Multiline Count',
  `validate_rules` text DEFAULT NULL COMMENT 'Validate Rules',
  `is_system` smallint(5) unsigned NOT NULL DEFAULT 0 COMMENT 'Is System',
  `sort_order` int(10) unsigned NOT NULL DEFAULT 0 COMMENT 'Sort Order',
  `data_model` varchar(255) DEFAULT NULL COMMENT 'Data Model',
  `is_used_in_grid` smallint(5) unsigned NOT NULL DEFAULT 0 COMMENT 'Is Used in Grid',
  `is_visible_in_grid` smallint(5) unsigned NOT NULL DEFAULT 0 COMMENT 'Is Visible in Grid',
  `is_filterable_in_grid` smallint(5) unsigned NOT NULL DEFAULT 0 COMMENT 'Is Filterable in Grid',
  `is_searchable_in_grid` smallint(5) unsigned NOT NULL DEFAULT 0 COMMENT 'Is Searchable in Grid',
  `grid_filter_condition_type` smallint(5) unsigned NOT NULL DEFAULT 0 COMMENT 'Grid Filter Condition Type',
  PRIMARY KEY (`attribute_id`),
  KEY `MGKZ_CUSTOMER_EAV_ATTRIBUTE_SORT_ORDER` (`sort_order`),
  CONSTRAINT `MGKZ_CSTR_EAV_ATTR_ATTR_ID_MGKZ_EAV_ATTR_ATTR_ID` FOREIGN KEY (`attribute_id`) REFERENCES `mgkz_eav_attribute` (`attribute_id`) ON DELETE CASCADE
) ENGINE=InnoDB DEFAULT CHARSET=utf8mb4 COLLATE=utf8mb4_general_ci COMMENT='Customer Eav Attribute';

--
-- Dumping data for table `mgkz_customer_eav_attribute`
--

INSERT INTO `mgkz_customer_eav_attribute` VALUES
(1,1,NULL,0,NULL,1,10,NULL,1,1,1,0,0),
(2,0,NULL,0,NULL,1,0,NULL,0,0,0,0,0),
(3,1,NULL,0,NULL,1,20,NULL,1,1,0,1,0),
(4,0,NULL,0,NULL,0,30,NULL,0,0,0,0,0),
(5,1,'trim',0,'{\"max_text_length\":255,\"min_text_length\":1}',1,40,NULL,0,0,0,0,0),
(6,0,'trim',0,NULL,0,50,NULL,0,0,0,0,0),
(7,1,'trim',0,'{\"max_text_length\":255,\"min_text_length\":1}',1,60,NULL,0,0,0,0,0),
(8,0,NULL,0,NULL,0,70,NULL,0,0,0,0,0),
(9,1,NULL,0,'{\"input_validation\":\"email\"}',1,80,NULL,1,1,1,1,0),
(10,1,NULL,0,NULL,1,25,NULL,1,1,1,0,0),
(11,0,'date',0,'{\"input_validation\":\"date\"}',0,90,NULL,1,1,1,0,0),
(12,0,NULL,0,NULL,1,0,NULL,0,0,0,0,0),
(13,0,NULL,0,NULL,1,0,NULL,0,0,0,0,0),
(14,0,NULL,0,'{\"input_validation\":\"date\"}',1,0,NULL,0,0,0,0,0),
(15,0,NULL,0,NULL,1,0,NULL,0,0,0,0,0),
(16,0,NULL,0,NULL,1,0,NULL,0,0,0,0,0),
(17,0,NULL,0,'{\"max_text_length\":255}',0,100,NULL,1,1,0,1,0),
(18,0,NULL,0,NULL,1,0,NULL,1,1,1,0,0),
(19,0,NULL,0,NULL,0,0,NULL,1,1,1,0,0),
(20,0,NULL,0,'[]',0,110,NULL,1,1,1,0,0),
(21,1,NULL,0,NULL,1,28,NULL,0,0,0,0,0),
(22,0,NULL,0,NULL,0,10,NULL,0,0,0,0,0),
(23,1,'trim',0,'{\"max_text_length\":255,\"min_text_length\":1}',1,20,NULL,1,0,0,1,0),
(24,0,'trim',0,NULL,0,30,NULL,0,0,0,0,0),
(25,1,'trim',0,'{\"max_text_length\":255,\"min_text_length\":1}',1,40,NULL,1,0,0,1,0),
(26,0,NULL,0,NULL,0,50,NULL,0,0,0,0,0),
(27,1,NULL,0,'{\"max_text_length\":255,\"min_text_length\":1}',1,60,NULL,1,0,0,1,0),
(28,1,NULL,2,'{\"max_text_length\":255,\"min_text_length\":1}',1,70,NULL,1,0,0,1,0),
(29,1,NULL,0,'{\"max_text_length\":255,\"min_text_length\":1}',1,100,NULL,1,0,0,1,0),
(30,1,NULL,0,NULL,1,80,NULL,1,1,1,0,0),
(31,1,NULL,0,NULL,1,90,NULL,1,1,0,1,0),
(32,1,NULL,0,NULL,1,90,NULL,0,0,0,0,0),
(33,1,NULL,0,'[]',1,110,'Magento\\Customer\\Model\\Attribute\\Data\\Postcode',1,1,1,1,0),
(34,1,NULL,0,'{\"max_text_length\":255,\"min_text_length\":1}',1,120,NULL,1,1,1,1,0),
(35,0,NULL,0,'{\"max_text_length\":255,\"min_text_length\":1}',0,130,NULL,1,0,0,1,0),
(36,1,NULL,0,NULL,1,140,NULL,0,0,0,0,0),
(37,0,NULL,0,NULL,1,0,NULL,0,0,0,0,0),
(38,0,NULL,0,NULL,1,0,NULL,0,0,0,0,0),
(39,0,NULL,0,NULL,1,0,NULL,0,0,0,0,0),
(40,0,NULL,0,NULL,1,0,NULL,0,0,0,0,0),
(41,0,NULL,0,NULL,0,0,NULL,0,0,0,0,0),
(42,0,NULL,0,NULL,1,0,NULL,0,0,0,0,0),
(43,0,NULL,0,NULL,1,0,NULL,0,0,0,0,0),
(44,0,NULL,0,NULL,1,0,NULL,0,0,0,0,0);

--
-- Table structure for table `mgkz_customer_eav_attribute_website`
--

CREATE TABLE `mgkz_customer_eav_attribute_website` (
  `attribute_id` smallint(5) unsigned NOT NULL COMMENT 'Attribute ID',
  `website_id` smallint(5) unsigned NOT NULL COMMENT 'Website ID',
  `is_visible` smallint(5) unsigned DEFAULT NULL COMMENT 'Is Visible',
  `is_required` smallint(5) unsigned DEFAULT NULL COMMENT 'Is Required',
  `default_value` text DEFAULT NULL COMMENT 'Default Value',
  `multiline_count` smallint(5) unsigned DEFAULT NULL COMMENT 'Multiline Count',
  PRIMARY KEY (`attribute_id`,`website_id`),
  KEY `MGKZ_CUSTOMER_EAV_ATTRIBUTE_WEBSITE_WEBSITE_ID` (`website_id`),
  CONSTRAINT `MGKZ_CSTR_EAV_ATTR_WS_ATTR_ID_MGKZ_EAV_ATTR_ATTR_ID` FOREIGN KEY (`attribute_id`) REFERENCES `mgkz_eav_attribute` (`attribute_id`) ON DELETE CASCADE,
  CONSTRAINT `MGKZ_CSTR_EAV_ATTR_WS_WS_ID_MGKZ_STORE_WS_WS_ID` FOREIGN KEY (`website_id`) REFERENCES `mgkz_store_website` (`website_id`) ON DELETE CASCADE
) ENGINE=InnoDB DEFAULT CHARSET=utf8mb4 COLLATE=utf8mb4_general_ci COMMENT='Customer Eav Attribute Website';

--
-- Dumping data for table `mgkz_customer_eav_attribute_website`
--

INSERT INTO `mgkz_customer_eav_attribute_website` VALUES
(1,1,NULL,NULL,NULL,NULL),
(3,1,NULL,NULL,NULL,NULL),
(5,1,NULL,NULL,NULL,NULL),
(6,1,NULL,NULL,NULL,NULL),
(7,1,NULL,NULL,NULL,NULL),
(9,1,NULL,NULL,NULL,NULL),
(10,1,NULL,NULL,NULL,NULL),
(11,1,NULL,NULL,NULL,NULL),
(17,1,NULL,NULL,NULL,NULL),
(18,1,NULL,NULL,NULL,NULL),
(19,1,NULL,NULL,NULL,NULL),
(20,1,NULL,NULL,NULL,NULL),
(21,1,NULL,NULL,NULL,NULL),
(23,1,NULL,NULL,NULL,NULL),
(24,1,NULL,NULL,NULL,NULL),
(25,1,NULL,NULL,NULL,NULL),
(27,1,NULL,NULL,NULL,NULL),
(28,1,NULL,NULL,NULL,NULL),
(29,1,NULL,NULL,NULL,NULL),
(30,1,NULL,NULL,NULL,NULL),
(31,1,NULL,NULL,NULL,NULL),
(32,1,NULL,NULL,NULL,NULL),
(33,1,NULL,NULL,NULL,NULL),
(34,1,NULL,NULL,NULL,NULL),
(35,1,NULL,NULL,NULL,NULL),
(36,1,NULL,NULL,NULL,NULL);
DELIMITER ;;
/*!50003 CREATE*/ /*!50017 DEFINER=`softaculous_mage660`@`localhost`*/ /*!50003 TRIGGER `trg_mgkz_customer_entity_after_insert` AFTER INSERT ON `mgkz_customer_entity` FOR EACH ROW BEGIN
INSERT IGNORE INTO `mgkz_customer_dummy_cl` (`entity_id`) VALUES (NEW.`entity_id`);
END */;;
DELIMITER ;
DELIMITER ;;
/*!50003 CREATE*/ /*!50017 DEFINER=`softaculous_mage660`@`localhost`*/ /*!50003 TRIGGER `trg_mgkz_customer_entity_after_update` AFTER UPDATE ON `mgkz_customer_entity` FOR EACH ROW BEGIN
IF (NOT(NEW.`entity_id` <=> OLD.`entity_id`) OR NOT(NEW.`website_id` <=> OLD.`website_id`) OR NOT(NEW.`email` <=> OLD.`email`) OR NOT(NEW.`group_id` <=> OLD.`group_id`) OR NOT(NEW.`increment_id` <=> OLD.`increment_id`) OR NOT(NEW.`store_id` <=> OLD.`store_id`) OR NOT(NEW.`created_at` <=> OLD.`created_at`) OR NOT(NEW.`is_active` <=> OLD.`is_active`) OR NOT(NEW.`disable_auto_group_change` <=> OLD.`disable_auto_group_change`) OR NOT(NEW.`created_in` <=> OLD.`created_in`) OR NOT(NEW.`prefix` <=> OLD.`prefix`) OR NOT(NEW.`firstname` <=> OLD.`firstname`) OR NOT(NEW.`middlename` <=> OLD.`middlename`) OR NOT(NEW.`lastname` <=> OLD.`lastname`) OR NOT(NEW.`suffix` <=> OLD.`suffix`) OR NOT(NEW.`dob` <=> OLD.`dob`) OR NOT(NEW.`password_hash` <=> OLD.`password_hash`) OR NOT(NEW.`rp_token` <=> OLD.`rp_token`) OR NOT(NEW.`rp_token_created_at` <=> OLD.`rp_token_created_at`) OR NOT(NEW.`default_billing` <=> OLD.`default_billing`) OR NOT(NEW.`default_shipping` <=> OLD.`default_shipping`) OR NOT(NEW.`taxvat` <=> OLD.`taxvat`) OR NOT(NEW.`confirmation` <=> OLD.`confirmation`) OR NOT(NEW.`gender` <=> OLD.`gender`) OR NOT(NEW.`failures_num` <=> OLD.`failures_num`) OR NOT(NEW.`first_failure` <=> OLD.`first_failure`) OR NOT(NEW.`lock_expires` <=> OLD.`lock_expires`) OR NOT(NEW.`session_cutoff` <=> OLD.`session_cutoff`)) THEN INSERT IGNORE INTO `mgkz_customer_dummy_cl` (`entity_id`) VALUES (NEW.`entity_id`); END IF;
END */;;
DELIMITER ;
DELIMITER ;;
/*!50003 CREATE*/ /*!50017 DEFINER=`softaculous_mage660`@`localhost`*/ /*!50003 TRIGGER `trg_mgkz_customer_entity_after_delete` AFTER DELETE ON `mgkz_customer_entity` FOR EACH ROW BEGIN
INSERT IGNORE INTO `mgkz_customer_dummy_cl` (`entity_id`) VALUES (OLD.`entity_id`);
END */;;
DELIMITER ;

--
-- Table structure for table `mgkz_customer_entity_datetime`
--

CREATE TABLE `mgkz_customer_entity_datetime` (
  `value_id` int(11) NOT NULL AUTO_INCREMENT COMMENT 'Value ID',
  `attribute_id` smallint(5) unsigned NOT NULL DEFAULT 0 COMMENT 'Attribute ID',
  `entity_id` int(10) unsigned NOT NULL DEFAULT 0 COMMENT 'Entity ID',
  `value` datetime DEFAULT NULL COMMENT 'Value',
  PRIMARY KEY (`value_id`),
  UNIQUE KEY `MGKZ_CUSTOMER_ENTITY_DATETIME_ENTITY_ID_ATTRIBUTE_ID` (`entity_id`,`attribute_id`),
  KEY `MGKZ_CUSTOMER_ENTITY_DATETIME_ATTRIBUTE_ID` (`attribute_id`),
  KEY `MGKZ_CUSTOMER_ENTITY_DATETIME_ENTITY_ID_ATTRIBUTE_ID_VALUE` (`entity_id`,`attribute_id`,`value`),
  CONSTRAINT `MGKZ_CSTR_ENTT_DTIME_ATTR_ID_MGKZ_EAV_ATTR_ATTR_ID` FOREIGN KEY (`attribute_id`) REFERENCES `mgkz_eav_attribute` (`attribute_id`) ON DELETE CASCADE,
  CONSTRAINT `MGKZ_CSTR_ENTT_DTIME_ENTT_ID_MGKZ_CSTR_ENTT_ENTT_ID` FOREIGN KEY (`entity_id`) REFERENCES `mgkz_customer_entity` (`entity_id`) ON DELETE CASCADE
) ENGINE=InnoDB DEFAULT CHARSET=utf8mb4 COLLATE=utf8mb4_general_ci COMMENT='Customer Entity Datetime';

--
-- Dumping data for table `mgkz_customer_entity_datetime`
--

DELIMITER ;;
/*!50003 CREATE*/ /*!50017 DEFINER=`softaculous_mage660`@`localhost`*/ /*!50003 TRIGGER `trg_mgkz_customer_entity_datetime_after_insert` AFTER INSERT ON `mgkz_customer_entity_datetime` FOR EACH ROW BEGIN
INSERT IGNORE INTO `mgkz_customer_dummy_cl` (`entity_id`) VALUES (NEW.`entity_id`);
END */;;
DELIMITER ;
DELIMITER ;;
/*!50003 CREATE*/ /*!50017 DEFINER=`softaculous_mage660`@`localhost`*/ /*!50003 TRIGGER `trg_mgkz_customer_entity_datetime_after_update` AFTER UPDATE ON `mgkz_customer_entity_datetime` FOR EACH ROW BEGIN
IF (NOT(NEW.`value_id` <=> OLD.`value_id`) OR NOT(NEW.`attribute_id` <=> OLD.`attribute_id`) OR NOT(NEW.`entity_id` <=> OLD.`entity_id`) OR NOT(NEW.`value` <=> OLD.`value`)) THEN INSERT IGNORE INTO `mgkz_customer_dummy_cl` (`entity_id`) VALUES (NEW.`entity_id`); END IF;
END */;;
DELIMITER ;
DELIMITER ;;
/*!50003 CREATE*/ /*!50017 DEFINER=`softaculous_mage660`@`localhost`*/ /*!50003 TRIGGER `trg_mgkz_customer_entity_datetime_after_delete` AFTER DELETE ON `mgkz_customer_entity_datetime` FOR EACH ROW BEGIN
INSERT IGNORE INTO `mgkz_customer_dummy_cl` (`entity_id`) VALUES (OLD.`entity_id`);
END */;;
DELIMITER ;

--
-- Table structure for table `mgkz_customer_entity_decimal`
--

CREATE TABLE `mgkz_customer_entity_decimal` (
  `value_id` int(11) NOT NULL AUTO_INCREMENT COMMENT 'Value ID',
  `attribute_id` smallint(5) unsigned NOT NULL DEFAULT 0 COMMENT 'Attribute ID',
  `entity_id` int(10) unsigned NOT NULL DEFAULT 0 COMMENT 'Entity ID',
  `value` decimal(12,4) NOT NULL DEFAULT 0.0000 COMMENT 'Value',
  PRIMARY KEY (`value_id`),
  UNIQUE KEY `MGKZ_CUSTOMER_ENTITY_DECIMAL_ENTITY_ID_ATTRIBUTE_ID` (`entity_id`,`attribute_id`),
  KEY `MGKZ_CUSTOMER_ENTITY_DECIMAL_ATTRIBUTE_ID` (`attribute_id`),
  KEY `MGKZ_CUSTOMER_ENTITY_DECIMAL_ENTITY_ID_ATTRIBUTE_ID_VALUE` (`entity_id`,`attribute_id`,`value`),
  CONSTRAINT `MGKZ_CSTR_ENTT_DEC_ATTR_ID_MGKZ_EAV_ATTR_ATTR_ID` FOREIGN KEY (`attribute_id`) REFERENCES `mgkz_eav_attribute` (`attribute_id`) ON DELETE CASCADE,
  CONSTRAINT `MGKZ_CSTR_ENTT_DEC_ENTT_ID_MGKZ_CSTR_ENTT_ENTT_ID` FOREIGN KEY (`entity_id`) REFERENCES `mgkz_customer_entity` (`entity_id`) ON DELETE CASCADE
) ENGINE=InnoDB DEFAULT CHARSET=utf8mb4 COLLATE=utf8mb4_general_ci COMMENT='Customer Entity Decimal';

--
-- Dumping data for table `mgkz_customer_entity_decimal`
--

DELIMITER ;;
/*!50003 CREATE*/ /*!50017 DEFINER=`softaculous_mage660`@`localhost`*/ /*!50003 TRIGGER `trg_mgkz_customer_entity_decimal_after_insert` AFTER INSERT ON `mgkz_customer_entity_decimal` FOR EACH ROW BEGIN
INSERT IGNORE INTO `mgkz_customer_dummy_cl` (`entity_id`) VALUES (NEW.`entity_id`);
END */;;
DELIMITER ;
DELIMITER ;;
/*!50003 CREATE*/ /*!50017 DEFINER=`softaculous_mage660`@`localhost`*/ /*!50003 TRIGGER `trg_mgkz_customer_entity_decimal_after_update` AFTER UPDATE ON `mgkz_customer_entity_decimal` FOR EACH ROW BEGIN
IF (NOT(NEW.`value_id` <=> OLD.`value_id`) OR NOT(NEW.`attribute_id` <=> OLD.`attribute_id`) OR NOT(NEW.`entity_id` <=> OLD.`entity_id`) OR NOT(NEW.`value` <=> OLD.`value`)) THEN INSERT IGNORE INTO `mgkz_customer_dummy_cl` (`entity_id`) VALUES (NEW.`entity_id`); END IF;
END */;;
DELIMITER ;
DELIMITER ;;
/*!50003 CREATE*/ /*!50017 DEFINER=`softaculous_mage660`@`localhost`*/ /*!50003 TRIGGER `trg_mgkz_customer_entity_decimal_after_delete` AFTER DELETE ON `mgkz_customer_entity_decimal` FOR EACH ROW BEGIN
INSERT IGNORE INTO `mgkz_customer_dummy_cl` (`entity_id`) VALUES (OLD.`entity_id`);
END */;;
DELIMITER ;

--
-- Table structure for table `mgkz_customer_entity_int`
--

CREATE TABLE `mgkz_customer_entity_int` (
  `value_id` int(11) NOT NULL AUTO_INCREMENT COMMENT 'Value ID',
  `attribute_id` smallint(5) unsigned NOT NULL DEFAULT 0 COMMENT 'Attribute ID',
  `entity_id` int(10) unsigned NOT NULL DEFAULT 0 COMMENT 'Entity ID',
  `value` int(11) NOT NULL DEFAULT 0 COMMENT 'Value',
  PRIMARY KEY (`value_id`),
  UNIQUE KEY `MGKZ_CUSTOMER_ENTITY_INT_ENTITY_ID_ATTRIBUTE_ID` (`entity_id`,`attribute_id`),
  KEY `MGKZ_CUSTOMER_ENTITY_INT_ATTRIBUTE_ID` (`attribute_id`),
  KEY `MGKZ_CUSTOMER_ENTITY_INT_ENTITY_ID_ATTRIBUTE_ID_VALUE` (`entity_id`,`attribute_id`,`value`),
  CONSTRAINT `MGKZ_CSTR_ENTT_INT_ATTR_ID_MGKZ_EAV_ATTR_ATTR_ID` FOREIGN KEY (`attribute_id`) REFERENCES `mgkz_eav_attribute` (`attribute_id`) ON DELETE CASCADE,
  CONSTRAINT `MGKZ_CSTR_ENTT_INT_ENTT_ID_MGKZ_CSTR_ENTT_ENTT_ID` FOREIGN KEY (`entity_id`) REFERENCES `mgkz_customer_entity` (`entity_id`) ON DELETE CASCADE
) ENGINE=InnoDB DEFAULT CHARSET=utf8mb4 COLLATE=utf8mb4_general_ci COMMENT='Customer Entity Int';

--
-- Dumping data for table `mgkz_customer_entity_int`
--

DELIMITER ;;
/*!50003 CREATE*/ /*!50017 DEFINER=`softaculous_mage660`@`localhost`*/ /*!50003 TRIGGER `trg_mgkz_customer_entity_int_after_insert` AFTER INSERT ON `mgkz_customer_entity_int` FOR EACH ROW BEGIN
INSERT IGNORE INTO `mgkz_customer_dummy_cl` (`entity_id`) VALUES (NEW.`entity_id`);
END */;;
DELIMITER ;
DELIMITER ;;
/*!50003 CREATE*/ /*!50017 DEFINER=`softaculous_mage660`@`localhost`*/ /*!50003 TRIGGER `trg_mgkz_customer_entity_int_after_update` AFTER UPDATE ON `mgkz_customer_entity_int` FOR EACH ROW BEGIN
IF (NOT(NEW.`value_id` <=> OLD.`value_id`) OR NOT(NEW.`attribute_id` <=> OLD.`attribute_id`) OR NOT(NEW.`entity_id` <=> OLD.`entity_id`) OR NOT(NEW.`value` <=> OLD.`value`)) THEN INSERT IGNORE INTO `mgkz_customer_dummy_cl` (`entity_id`) VALUES (NEW.`entity_id`); END IF;
END */;;
DELIMITER ;
DELIMITER ;;
/*!50003 CREATE*/ /*!50017 DEFINER=`softaculous_mage660`@`localhost`*/ /*!50003 TRIGGER `trg_mgkz_customer_entity_int_after_delete` AFTER DELETE ON `mgkz_customer_entity_int` FOR EACH ROW BEGIN
INSERT IGNORE INTO `mgkz_customer_dummy_cl` (`entity_id`) VALUES (OLD.`entity_id`);
END */;;
DELIMITER ;

--
-- Table structure for table `mgkz_customer_entity_text`
--

CREATE TABLE `mgkz_customer_entity_text` (
  `value_id` int(11) NOT NULL AUTO_INCREMENT COMMENT 'Value ID',
  `attribute_id` smallint(5) unsigned NOT NULL DEFAULT 0 COMMENT 'Attribute ID',
  `entity_id` int(10) unsigned NOT NULL DEFAULT 0 COMMENT 'Entity ID',
  `value` text NOT NULL COMMENT 'Value',
  PRIMARY KEY (`value_id`),
  UNIQUE KEY `MGKZ_CUSTOMER_ENTITY_TEXT_ENTITY_ID_ATTRIBUTE_ID` (`entity_id`,`attribute_id`),
  KEY `MGKZ_CUSTOMER_ENTITY_TEXT_ATTRIBUTE_ID` (`attribute_id`),
  CONSTRAINT `MGKZ_CSTR_ENTT_TEXT_ATTR_ID_MGKZ_EAV_ATTR_ATTR_ID` FOREIGN KEY (`attribute_id`) REFERENCES `mgkz_eav_attribute` (`attribute_id`) ON DELETE CASCADE,
  CONSTRAINT `MGKZ_CSTR_ENTT_TEXT_ENTT_ID_MGKZ_CSTR_ENTT_ENTT_ID` FOREIGN KEY (`entity_id`) REFERENCES `mgkz_customer_entity` (`entity_id`) ON DELETE CASCADE
) ENGINE=InnoDB DEFAULT CHARSET=utf8mb4 COLLATE=utf8mb4_general_ci COMMENT='Customer Entity Text';

--
-- Dumping data for table `mgkz_customer_entity_text`
--


--
-- Table structure for table `mgkz_customer_entity_varchar`
--

CREATE TABLE `mgkz_customer_entity_varchar` (
  `value_id` int(11) NOT NULL AUTO_INCREMENT COMMENT 'Value ID',
  `attribute_id` smallint(5) unsigned NOT NULL DEFAULT 0 COMMENT 'Attribute ID',
  `entity_id` int(10) unsigned NOT NULL DEFAULT 0 COMMENT 'Entity ID',
  `value` varchar(255) DEFAULT NULL COMMENT 'Value',
  PRIMARY KEY (`value_id`),
  UNIQUE KEY `MGKZ_CUSTOMER_ENTITY_VARCHAR_ENTITY_ID_ATTRIBUTE_ID` (`entity_id`,`attribute_id`),
  KEY `MGKZ_CUSTOMER_ENTITY_VARCHAR_ATTRIBUTE_ID` (`attribute_id`),
  KEY `MGKZ_CUSTOMER_ENTITY_VARCHAR_ENTITY_ID_ATTRIBUTE_ID_VALUE` (`entity_id`,`attribute_id`,`value`),
  CONSTRAINT `MGKZ_CSTR_ENTT_VCHR_ATTR_ID_MGKZ_EAV_ATTR_ATTR_ID` FOREIGN KEY (`attribute_id`) REFERENCES `mgkz_eav_attribute` (`attribute_id`) ON DELETE CASCADE,
  CONSTRAINT `MGKZ_CSTR_ENTT_VCHR_ENTT_ID_MGKZ_CSTR_ENTT_ENTT_ID` FOREIGN KEY (`entity_id`) REFERENCES `mgkz_customer_entity` (`entity_id`) ON DELETE CASCADE
) ENGINE=InnoDB DEFAULT CHARSET=utf8mb4 COLLATE=utf8mb4_general_ci COMMENT='Customer Entity Varchar';

--
-- Dumping data for table `mgkz_customer_entity_varchar`
--


--
-- Table structure for table `mgkz_customer_form_attribute`
--

CREATE TABLE `mgkz_customer_form_attribute` (
  `form_code` varchar(32) NOT NULL COMMENT 'Form Code',
  `attribute_id` smallint(5) unsigned NOT NULL COMMENT 'Attribute ID',
  PRIMARY KEY (`form_code`,`attribute_id`),
  KEY `MGKZ_CUSTOMER_FORM_ATTRIBUTE_ATTRIBUTE_ID` (`attribute_id`),
  CONSTRAINT `MGKZ_CSTR_FORM_ATTR_ATTR_ID_MGKZ_EAV_ATTR_ATTR_ID` FOREIGN KEY (`attribute_id`) REFERENCES `mgkz_eav_attribute` (`attribute_id`) ON DELETE CASCADE
) ENGINE=InnoDB DEFAULT CHARSET=utf8mb4 COLLATE=utf8mb4_general_ci COMMENT='Customer Form Attribute';

--
-- Dumping data for table `mgkz_customer_form_attribute`
--

INSERT INTO `mgkz_customer_form_attribute` VALUES
('adminhtml_checkout',9),
('adminhtml_checkout',10),
('adminhtml_checkout',11),
('adminhtml_checkout',17),
('adminhtml_checkout',20),
('adminhtml_customer',1),
('adminhtml_customer',3),
('adminhtml_customer',4),
('adminhtml_customer',5),
('adminhtml_customer',6),
('adminhtml_customer',7),
('adminhtml_customer',8),
('adminhtml_customer',9),
('adminhtml_customer',10),
('adminhtml_customer',11),
('adminhtml_customer',17),
('adminhtml_customer',19),
('adminhtml_customer',20),
('adminhtml_customer',21),
('adminhtml_customer_address',22),
('adminhtml_customer_address',23),
('adminhtml_customer_address',24),
('adminhtml_customer_address',25),
('adminhtml_customer_address',26),
('adminhtml_customer_address',27),
('adminhtml_customer_address',28),
('adminhtml_customer_address',29),
('adminhtml_customer_address',30),
('adminhtml_customer_address',31),
('adminhtml_customer_address',32),
('adminhtml_customer_address',33),
('adminhtml_customer_address',34),
('adminhtml_customer_address',35),
('adminhtml_customer_address',36),
('customer_account_create',4),
('customer_account_create',5),
('customer_account_create',6),
('customer_account_create',7),
('customer_account_create',8),
('customer_account_create',9),
('customer_account_create',11),
('customer_account_create',17),
('customer_account_create',19),
('customer_account_create',20),
('customer_account_edit',4),
('customer_account_edit',5),
('customer_account_edit',6),
('customer_account_edit',7),
('customer_account_edit',8),
('customer_account_edit',9),
('customer_account_edit',11),
('customer_account_edit',17),
('customer_account_edit',19),
('customer_account_edit',20),
('customer_address_edit',22),
('customer_address_edit',23),
('customer_address_edit',24),
('customer_address_edit',25),
('customer_address_edit',26),
('customer_address_edit',27),
('customer_address_edit',28),
('customer_address_edit',29),
('customer_address_edit',30),
('customer_address_edit',31),
('customer_address_edit',32),
('customer_address_edit',33),
('customer_address_edit',34),
('customer_address_edit',35),
('customer_address_edit',36),
('customer_register_address',22),
('customer_register_address',23),
('customer_register_address',24),
('customer_register_address',25),
('customer_register_address',26),
('customer_register_address',27),
('customer_register_address',28),
('customer_register_address',29),
('customer_register_address',30),
('customer_register_address',31),
('customer_register_address',32),
('customer_register_address',33),
('customer_register_address',34),
('customer_register_address',35),
('customer_register_address',36);

--
-- Table structure for table `mgkz_customer_group`
--

CREATE TABLE `mgkz_customer_group` (
  `customer_group_id` int(10) unsigned NOT NULL AUTO_INCREMENT,
  `customer_group_code` varchar(32) NOT NULL COMMENT 'Customer Group Code',
  `tax_class_id` int(10) unsigned NOT NULL DEFAULT 0 COMMENT 'Tax Class ID',
  PRIMARY KEY (`customer_group_id`),
  KEY `MGKZ_CUSTOMER_GROUP_CUSTOMER_GROUP_CODE` (`customer_group_code`)
) ENGINE=InnoDB AUTO_INCREMENT=4 DEFAULT CHARSET=utf8mb4 COLLATE=utf8mb4_general_ci COMMENT='Customer Group';

--
-- Dumping data for table `mgkz_customer_group`
--

INSERT INTO `mgkz_customer_group` VALUES
(0,'NOT LOGGED IN',3),
(1,'General',3),
(2,'Wholesale',3),
(3,'Retailer',3);

--
-- Table structure for table `mgkz_customer_group_excluded_website`
--

CREATE TABLE `mgkz_customer_group_excluded_website` (
  `entity_id` int(10) unsigned NOT NULL AUTO_INCREMENT,
  `customer_group_id` int(10) unsigned NOT NULL COMMENT 'Customer Group ID',
  `website_id` smallint(5) unsigned NOT NULL COMMENT 'Excluded Website ID from Customer Group',
  PRIMARY KEY (`entity_id`),
  KEY `MGKZ_CSTR_GROUP_EXCLUDED_WS_CSTR_GROUP_ID_WS_ID` (`customer_group_id`,`website_id`)
) ENGINE=InnoDB DEFAULT CHARSET=utf8mb4 COLLATE=utf8mb4_general_ci COMMENT='Excluded Websites From Customer Group';

--
-- Dumping data for table `mgkz_customer_group_excluded_website`
--


--
-- Table structure for table `mgkz_customer_log`
--

CREATE TABLE `mgkz_customer_log` (
  `log_id` int(11) NOT NULL AUTO_INCREMENT COMMENT 'Log ID',
  `customer_id` int(11) NOT NULL COMMENT 'Customer ID',
  `last_login_at` timestamp NULL DEFAULT NULL COMMENT 'Last Login Time',
  `last_logout_at` timestamp NULL DEFAULT NULL COMMENT 'Last Logout Time',
  PRIMARY KEY (`log_id`),
  UNIQUE KEY `MGKZ_CUSTOMER_LOG_CUSTOMER_ID` (`customer_id`)
) ENGINE=InnoDB DEFAULT CHARSET=utf8mb4 COLLATE=utf8mb4_general_ci COMMENT='Customer Log Table';

--
-- Dumping data for table `mgkz_customer_log`
--


--
-- Table structure for table `mgkz_customer_visitor`
--

CREATE TABLE `mgkz_customer_visitor` (
  `visitor_id` bigint(20) unsigned NOT NULL AUTO_INCREMENT COMMENT 'Visitor ID',
  `customer_id` int(11) DEFAULT NULL COMMENT 'Customer ID',
  `session_id` varchar(1) DEFAULT NULL COMMENT 'Deprecated: Session ID value no longer used',
  `created_at` timestamp NOT NULL DEFAULT current_timestamp() COMMENT 'Created At',
  `last_visit_at` timestamp NOT NULL DEFAULT current_timestamp() ON UPDATE current_timestamp() COMMENT 'Last Visit Time',
  PRIMARY KEY (`visitor_id`),
  KEY `MGKZ_CUSTOMER_VISITOR_CUSTOMER_ID` (`customer_id`),
  KEY `MGKZ_CUSTOMER_VISITOR_LAST_VISIT_AT` (`last_visit_at`)
) ENGINE=InnoDB DEFAULT CHARSET=utf8mb4 COLLATE=utf8mb4_general_ci COMMENT='Visitor Table';

--
-- Dumping data for table `mgkz_customer_visitor`
--


--
-- Table structure for table `mgkz_data_exporter_uuid`
--

CREATE TABLE `mgkz_data_exporter_uuid` (
  `uuid` varchar(36) NOT NULL COMMENT 'Entity UUID',
  `entity_id` int(10) unsigned NOT NULL COMMENT 'Entity ID',
  `type` varchar(36) NOT NULL COMMENT 'Entity type',
  `created_at` timestamp NOT NULL DEFAULT current_timestamp() ON UPDATE current_timestamp() COMMENT 'Created At',
  PRIMARY KEY (`uuid`),
  UNIQUE KEY `MGKZ_DATA_EXPORTER_UUID_ENTITY_ID_TYPE` (`entity_id`,`type`)
) ENGINE=InnoDB DEFAULT CHARSET=utf8mb4 COLLATE=utf8mb4_general_ci COMMENT='Data Export Items UUID References Table';

--
-- Dumping data for table `mgkz_data_exporter_uuid`
--


--
-- Table structure for table `mgkz_design_change`
--

CREATE TABLE `mgkz_design_change` (
  `design_change_id` int(11) NOT NULL AUTO_INCREMENT COMMENT 'Design Change ID',
  `store_id` smallint(5) unsigned NOT NULL DEFAULT 0 COMMENT 'Store ID',
  `design` varchar(255) DEFAULT NULL COMMENT 'Design',
  `date_from` date DEFAULT NULL COMMENT 'First Date of Design Activity',
  `date_to` date DEFAULT NULL COMMENT 'Last Date of Design Activity',
  PRIMARY KEY (`design_change_id`),
  KEY `MGKZ_DESIGN_CHANGE_STORE_ID` (`store_id`),
  CONSTRAINT `MGKZ_DESIGN_CHANGE_STORE_ID_MGKZ_STORE_STORE_ID` FOREIGN KEY (`store_id`) REFERENCES `mgkz_store` (`store_id`) ON DELETE CASCADE
) ENGINE=InnoDB DEFAULT CHARSET=utf8mb4 COLLATE=utf8mb4_general_ci COMMENT='Design Changes';

--
-- Dumping data for table `mgkz_design_change`
--


--
-- Table structure for table `mgkz_design_config_dummy_cl`
--

CREATE TABLE `mgkz_design_config_dummy_cl` (
  `version_id` int(10) unsigned NOT NULL AUTO_INCREMENT COMMENT 'Version ID',
  `entity_id` int(10) unsigned NOT NULL DEFAULT 0 COMMENT 'Entity ID',
  PRIMARY KEY (`version_id`)
) ENGINE=InnoDB DEFAULT CHARSET=utf8mb4 COLLATE=utf8mb4_general_ci COMMENT='mgkz_design_config_dummy_cl';

--
-- Dumping data for table `mgkz_design_config_dummy_cl`
--


--
-- Table structure for table `mgkz_design_config_grid_flat`
--

CREATE TABLE `mgkz_design_config_grid_flat` (
  `entity_id` int(10) unsigned NOT NULL COMMENT 'Entity ID',
  `store_website_id` int(11) DEFAULT NULL COMMENT 'Store_website_id',
  `store_group_id` int(11) DEFAULT NULL COMMENT 'Store_group_id',
  `store_id` int(11) DEFAULT NULL COMMENT 'Store_id',
  `theme_theme_id` varchar(255) DEFAULT NULL COMMENT 'Theme_theme_id',
  PRIMARY KEY (`entity_id`),
  KEY `MGKZ_DESIGN_CONFIG_GRID_FLAT_STORE_WEBSITE_ID` (`store_website_id`),
  KEY `MGKZ_DESIGN_CONFIG_GRID_FLAT_STORE_GROUP_ID` (`store_group_id`),
  KEY `MGKZ_DESIGN_CONFIG_GRID_FLAT_STORE_ID` (`store_id`),
  FULLTEXT KEY `MGKZ_DESIGN_CONFIG_GRID_FLAT_THEME_THEME_ID` (`theme_theme_id`)
) ENGINE=InnoDB DEFAULT CHARSET=utf8mb4 COLLATE=utf8mb4_general_ci COMMENT='mgkz_design_config_grid_flat';

--
-- Dumping data for table `mgkz_design_config_grid_flat`
--

INSERT INTO `mgkz_design_config_grid_flat` VALUES
(0,NULL,NULL,NULL,'3'),
(1,1,NULL,NULL,'3'),
(2,1,1,1,'3');

--
-- Table structure for table `mgkz_directory_country`
--

CREATE TABLE `mgkz_directory_country` (
  `country_id` varchar(2) NOT NULL COMMENT 'Country ID in ISO-2',
  `iso2_code` varchar(2) DEFAULT NULL COMMENT 'Country ISO-2 format',
  `iso3_code` varchar(3) DEFAULT NULL COMMENT 'Country ISO-3',
  PRIMARY KEY (`country_id`)
) ENGINE=InnoDB DEFAULT CHARSET=utf8mb4 COLLATE=utf8mb4_general_ci COMMENT='Directory Country';

--
-- Dumping data for table `mgkz_directory_country`
--

INSERT INTO `mgkz_directory_country` VALUES
('AD','AD','AND'),
('AE','AE','ARE'),
('AF','AF','AFG'),
('AG','AG','ATG'),
('AI','AI','AIA'),
('AL','AL','ALB'),
('AM','AM','ARM'),
('AN','AN','ANT'),
('AO','AO','AGO'),
('AQ','AQ','ATA'),
('AR','AR','ARG'),
('AS','AS','ASM'),
('AT','AT','AUT'),
('AU','AU','AUS'),
('AW','AW','ABW'),
('AX','AX','ALA'),
('AZ','AZ','AZE'),
('BA','BA','BIH'),
('BB','BB','BRB'),
('BD','BD','BGD'),
('BE','BE','BEL'),
('BF','BF','BFA'),
('BG','BG','BGR'),
('BH','BH','BHR'),
('BI','BI','BDI'),
('BJ','BJ','BEN'),
('BL','BL','BLM'),
('BM','BM','BMU'),
('BN','BN','BRN'),
('BO','BO','BOL'),
('BQ','BQ','BES'),
('BR','BR','BRA'),
('BS','BS','BHS'),
('BT','BT','BTN'),
('BV','BV','BVT'),
('BW','BW','BWA'),
('BY','BY','BLR'),
('BZ','BZ','BLZ'),
('CA','CA','CAN'),
('CC','CC','CCK'),
('CD','CD','COD'),
('CF','CF','CAF'),
('CG','CG','COG'),
('CH','CH','CHE'),
('CI','CI','CIV'),
('CK','CK','COK'),
('CL','CL','CHL'),
('CM','CM','CMR'),
('CN','CN','CHN'),
('CO','CO','COL'),
('CR','CR','CRI'),
('CU','CU','CUB'),
('CV','CV','CPV'),
('CW','CW','CUW'),
('CX','CX','CXR'),
('CY','CY','CYP'),
('CZ','CZ','CZE'),
('DE','DE','DEU'),
('DJ','DJ','DJI'),
('DK','DK','DNK'),
('DM','DM','DMA'),
('DO','DO','DOM'),
('DZ','DZ','DZA'),
('EC','EC','ECU'),
('EE','EE','EST'),
('EG','EG','EGY'),
('EH','EH','ESH'),
('ER','ER','ERI'),
('ES','ES','ESP'),
('ET','ET','ETH'),
('FI','FI','FIN'),
('FJ','FJ','FJI'),
('FK','FK','FLK'),
('FM','FM','FSM'),
('FO','FO','FRO'),
('FR','FR','FRA'),
('GA','GA','GAB'),
('GB','GB','GBR'),
('GD','GD','GRD'),
('GE','GE','GEO'),
('GF','GF','GUF'),
('GG','GG','GGY'),
('GH','GH','GHA'),
('GI','GI','GIB'),
('GL','GL','GRL'),
('GM','GM','GMB'),
('GN','GN','GIN'),
('GP','GP','GLP'),
('GQ','GQ','GNQ'),
('GR','GR','GRC'),
('GS','GS','SGS'),
('GT','GT','GTM'),
('GU','GU','GUM'),
('GW','GW','GNB'),
('GY','GY','GUY'),
('HK','HK','HKG'),
('HM','HM','HMD'),
('HN','HN','HND'),
('HR','HR','HRV'),
('HT','HT','HTI'),
('HU','HU','HUN'),
('ID','ID','IDN'),
('IE','IE','IRL'),
('IL','IL','ISR'),
('IM','IM','IMN'),
('IN','IN','IND'),
('IO','IO','IOT'),
('IQ','IQ','IRQ'),
('IR','IR','IRN'),
('IS','IS','ISL'),
('IT','IT','ITA'),
('JE','JE','JEY'),
('JM','JM','JAM'),
('JO','JO','JOR'),
('JP','JP','JPN'),
('KE','KE','KEN'),
('KG','KG','KGZ'),
('KH','KH','KHM'),
('KI','KI','KIR'),
('KM','KM','COM'),
('KN','KN','KNA'),
('KP','KP','PRK'),
('KR','KR','KOR'),
('KW','KW','KWT'),
('KY','KY','CYM'),
('KZ','KZ','KAZ'),
('LA','LA','LAO'),
('LB','LB','LBN'),
('LC','LC','LCA'),
('LI','LI','LIE'),
('LK','LK','LKA'),
('LR','LR','LBR'),
('LS','LS','LSO'),
('LT','LT','LTU'),
('LU','LU','LUX'),
('LV','LV','LVA'),
('LY','LY','LBY'),
('MA','MA','MAR'),
('MC','MC','MCO'),
('MD','MD','MDA'),
('ME','ME','MNE'),
('MF','MF','MAF'),
('MG','MG','MDG'),
('MH','MH','MHL'),
('MK','MK','MKD'),
('ML','ML','MLI'),
('MM','MM','MMR'),
('MN','MN','MNG'),
('MO','MO','MAC'),
('MP','MP','MNP'),
('MQ','MQ','MTQ'),
('MR','MR','MRT'),
('MS','MS','MSR'),
('MT','MT','MLT'),
('MU','MU','MUS'),
('MV','MV','MDV'),
('MW','MW','MWI'),
('MX','MX','MEX'),
('MY','MY','MYS'),
('MZ','MZ','MOZ'),
('NA','NA','NAM'),
('NC','NC','NCL'),
('NE','NE','NER'),
('NF','NF','NFK'),
('NG','NG','NGA'),
('NI','NI','NIC'),
('NL','NL','NLD'),
('NO','NO','NOR'),
('NP','NP','NPL'),
('NR','NR','NRU'),
('NU','NU','NIU'),
('NZ','NZ','NZL'),
('OM','OM','OMN'),
('PA','PA','PAN'),
('PE','PE','PER'),
('PF','PF','PYF'),
('PG','PG','PNG'),
('PH','PH','PHL'),
('PK','PK','PAK'),
('PL','PL','POL'),
('PM','PM','SPM'),
('PN','PN','PCN'),
('PS','PS','PSE'),
('PT','PT','PRT'),
('PW','PW','PLW'),
('PY','PY','PRY'),
('QA','QA','QAT'),
('RE','RE','REU'),
('RO','RO','ROU'),
('RS','RS','SRB'),
('RU','RU','RUS'),
('RW','RW','RWA'),
('SA','SA','SAU'),
('SB','SB','SLB'),
('SC','SC','SYC'),
('SD','SD','SDN'),
('SE','SE','SWE'),
('SG','SG','SGP'),
('SH','SH','SHN'),
('SI','SI','SVN'),
('SJ','SJ','SJM'),
('SK','SK','SVK'),
('SL','SL','SLE'),
('SM','SM','SMR'),
('SN','SN','SEN'),
('SO','SO','SOM'),
('SR','SR','SUR'),
('ST','ST','STP'),
('SV','SV','SLV'),
('SX','SX','SXM'),
('SY','SY','SYR'),
('SZ','SZ','SWZ'),
('TC','TC','TCA'),
('TD','TD','TCD'),
('TF','TF','ATF'),
('TG','TG','TGO'),
('TH','TH','THA'),
('TJ','TJ','TJK'),
('TK','TK','TKL'),
('TL','TL','TLS'),
('TM','TM','TKM'),
('TN','TN','TUN'),
('TO','TO','TON'),
('TR','TR','TUR'),
('TT','TT','TTO'),
('TV','TV','TUV'),
('TW','TW','TWN'),
('TZ','TZ','TZA'),
('UA','UA','UKR'),
('UG','UG','UGA'),
('UM','UM','UMI'),
('US','US','USA'),
('UY','UY','URY'),
('UZ','UZ','UZB'),
('VA','VA','VAT'),
('VC','VC','VCT'),
('VE','VE','VEN'),
('VG','VG','VGB'),
('VI','VI','VIR'),
('VN','VN','VNM'),
('VU','VU','VUT'),
('WF','WF','WLF'),
('WS','WS','WSM'),
('XK','XK','XKX'),
('YE','YE','YEM'),
('YT','YT','MYT'),
('ZA','ZA','ZAF'),
('ZM','ZM','ZMB'),
('ZW','ZW','ZWE');

--
-- Table structure for table `mgkz_directory_country_format`
--

CREATE TABLE `mgkz_directory_country_format` (
  `country_format_id` int(10) unsigned NOT NULL AUTO_INCREMENT COMMENT 'Country Format ID',
  `country_id` varchar(2) DEFAULT NULL COMMENT 'Country ID in ISO-2',
  `type` varchar(30) DEFAULT NULL COMMENT 'Country Format Type',
  `format` text NOT NULL COMMENT 'Country Format',
  PRIMARY KEY (`country_format_id`),
  UNIQUE KEY `MGKZ_DIRECTORY_COUNTRY_FORMAT_COUNTRY_ID_TYPE` (`country_id`,`type`)
) ENGINE=InnoDB DEFAULT CHARSET=utf8mb4 COLLATE=utf8mb4_general_ci COMMENT='Directory Country Format';

--
-- Dumping data for table `mgkz_directory_country_format`
--


--
-- Table structure for table `mgkz_directory_country_region`
--

CREATE TABLE `mgkz_directory_country_region` (
  `region_id` int(10) unsigned NOT NULL AUTO_INCREMENT COMMENT 'Region ID',
  `country_id` varchar(4) NOT NULL DEFAULT '0' COMMENT 'Country ID in ISO-2',
  `code` varchar(32) DEFAULT NULL COMMENT 'Region code',
  `default_name` varchar(255) DEFAULT NULL COMMENT 'Region Name',
  PRIMARY KEY (`region_id`),
  KEY `MGKZ_DIRECTORY_COUNTRY_REGION_COUNTRY_ID` (`country_id`)
) ENGINE=InnoDB AUTO_INCREMENT=1157 DEFAULT CHARSET=utf8mb4 COLLATE=utf8mb4_general_ci COMMENT='Directory Country Region';

--
-- Dumping data for table `mgkz_directory_country_region`
--

INSERT INTO `mgkz_directory_country_region` VALUES
(1,'US','AL','Alabama'),
(2,'US','AK','Alaska'),
(3,'US','AS','American Samoa'),
(4,'US','AZ','Arizona'),
(5,'US','AR','Arkansas'),
(6,'US','AE','Armed Forces Africa'),
(7,'US','AA','Armed Forces Americas'),
(8,'US','AE','Armed Forces Canada'),
(9,'US','AE','Armed Forces Europe'),
(10,'US','AE','Armed Forces Middle East'),
(11,'US','AP','Armed Forces Pacific'),
(12,'US','CA','California'),
(13,'US','CO','Colorado'),
(14,'US','CT','Connecticut'),
(15,'US','DE','Delaware'),
(16,'US','DC','District of Columbia'),
(17,'US','FM','Federated States Of Micronesia'),
(18,'US','FL','Florida'),
(19,'US','GA','Georgia'),
(20,'US','GU','Guam'),
(21,'US','HI','Hawaii'),
(22,'US','ID','Idaho'),
(23,'US','IL','Illinois'),
(24,'US','IN','Indiana'),
(25,'US','IA','Iowa'),
(26,'US','KS','Kansas'),
(27,'US','KY','Kentucky'),
(28,'US','LA','Louisiana'),
(29,'US','ME','Maine'),
(30,'US','MH','Marshall Islands'),
(31,'US','MD','Maryland'),
(32,'US','MA','Massachusetts'),
(33,'US','MI','Michigan'),
(34,'US','MN','Minnesota'),
(35,'US','MS','Mississippi'),
(36,'US','MO','Missouri'),
(37,'US','MT','Montana'),
(38,'US','NE','Nebraska'),
(39,'US','NV','Nevada'),
(40,'US','NH','New Hampshire'),
(41,'US','NJ','New Jersey'),
(42,'US','NM','New Mexico'),
(43,'US','NY','New York'),
(44,'US','NC','North Carolina'),
(45,'US','ND','North Dakota'),
(46,'US','MP','Northern Mariana Islands'),
(47,'US','OH','Ohio'),
(48,'US','OK','Oklahoma'),
(49,'US','OR','Oregon'),
(50,'US','PW','Palau'),
(51,'US','PA','Pennsylvania'),
(52,'US','PR','Puerto Rico'),
(53,'US','RI','Rhode Island'),
(54,'US','SC','South Carolina'),
(55,'US','SD','South Dakota'),
(56,'US','TN','Tennessee'),
(57,'US','TX','Texas'),
(58,'US','UT','Utah'),
(59,'US','VT','Vermont'),
(60,'US','VI','Virgin Islands'),
(61,'US','VA','Virginia'),
(62,'US','WA','Washington'),
(63,'US','WV','West Virginia'),
(64,'US','WI','Wisconsin'),
(65,'US','WY','Wyoming'),
(66,'CA','AB','Alberta'),
(67,'CA','BC','British Columbia'),
(68,'CA','MB','Manitoba'),
(69,'CA','NL','Newfoundland and Labrador'),
(70,'CA','NB','New Brunswick'),
(71,'CA','NS','Nova Scotia'),
(72,'CA','NT','Northwest Territories'),
(73,'CA','NU','Nunavut'),
(74,'CA','ON','Ontario'),
(75,'CA','PE','Prince Edward Island'),
(76,'CA','QC','Quebec'),
(77,'CA','SK','Saskatchewan'),
(78,'CA','YT','Yukon Territory'),
(79,'DE','NDS','Niedersachsen'),
(80,'DE','BAW','Baden-Württemberg'),
(81,'DE','BAY','Bayern'),
(82,'DE','BER','Berlin'),
(83,'DE','BRG','Brandenburg'),
(84,'DE','BRE','Bremen'),
(85,'DE','HAM','Hamburg'),
(86,'DE','HES','Hessen'),
(87,'DE','MEC','Mecklenburg-Vorpommern'),
(88,'DE','NRW','Nordrhein-Westfalen'),
(89,'DE','RHE','Rheinland-Pfalz'),
(90,'DE','SAR','Saarland'),
(91,'DE','SAS','Sachsen'),
(92,'DE','SAC','Sachsen-Anhalt'),
(93,'DE','SCN','Schleswig-Holstein'),
(94,'DE','THE','Thüringen'),
(95,'AT','WI','Wien'),
(96,'AT','NO','Niederösterreich'),
(97,'AT','OO','Oberösterreich'),
(98,'AT','SB','Salzburg'),
(99,'AT','KN','Kärnten'),
(100,'AT','ST','Steiermark'),
(101,'AT','TI','Tirol'),
(102,'AT','BL','Burgenland'),
(103,'AT','VB','Vorarlberg'),
(104,'CH','AG','Aargau'),
(105,'CH','AI','Appenzell Innerrhoden'),
(106,'CH','AR','Appenzell Ausserrhoden'),
(107,'CH','BE','Bern'),
(108,'CH','BL','Basel-Landschaft'),
(109,'CH','BS','Basel-Stadt'),
(110,'CH','FR','Friburg'),
(111,'CH','GE','Geneva'),
(112,'CH','GL','Glarus'),
(113,'CH','GR','Graubünden'),
(114,'CH','JU','Jura'),
(115,'CH','LU','Lucerne'),
(116,'CH','NE','Neuchâtel'),
(117,'CH','NW','Nidwalden'),
(118,'CH','OW','Obwalden'),
(119,'CH','SG','St. Gallen'),
(120,'CH','SH','Schaffhausen'),
(121,'CH','SO','Solothurn'),
(122,'CH','SZ','Schwyz'),
(123,'CH','TG','Thurgau'),
(124,'CH','TI','Ticino'),
(125,'CH','UR','Uri'),
(126,'CH','VD','Vaud'),
(127,'CH','VS','Wallis'),
(128,'CH','ZG','Zug'),
(129,'CH','ZH','Zürich'),
(130,'ES','A Coruсa','A Coruña'),
(131,'ES','Alava','Alava'),
(132,'ES','Albacete','Albacete'),
(133,'ES','Alicante','Alicante'),
(134,'ES','Almeria','Almeria'),
(135,'ES','Asturias','Asturias'),
(136,'ES','Avila','Avila'),
(137,'ES','Badajoz','Badajoz'),
(138,'ES','Baleares','Baleares'),
(139,'ES','Barcelona','Barcelona'),
(140,'ES','Burgos','Burgos'),
(141,'ES','Caceres','Caceres'),
(142,'ES','Cadiz','Cadiz'),
(143,'ES','Cantabria','Cantabria'),
(144,'ES','Castellon','Castellon'),
(145,'ES','Ceuta','Ceuta'),
(146,'ES','Ciudad Real','Ciudad Real'),
(147,'ES','Cordoba','Cordoba'),
(148,'ES','Cuenca','Cuenca'),
(149,'ES','Girona','Girona'),
(150,'ES','Granada','Granada'),
(151,'ES','Guadalajara','Guadalajara'),
(152,'ES','Guipuzcoa','Guipuzcoa'),
(153,'ES','Huelva','Huelva'),
(154,'ES','Huesca','Huesca'),
(155,'ES','Jaen','Jaen'),
(156,'ES','La Rioja','La Rioja'),
(157,'ES','Las Palmas','Las Palmas'),
(158,'ES','Leon','Leon'),
(159,'ES','Lleida','Lleida'),
(160,'ES','Lugo','Lugo'),
(161,'ES','Madrid','Madrid'),
(162,'ES','Malaga','Malaga'),
(163,'ES','Melilla','Melilla'),
(164,'ES','Murcia','Murcia'),
(165,'ES','Navarra','Navarra'),
(166,'ES','Ourense','Ourense'),
(167,'ES','Palencia','Palencia'),
(168,'ES','Pontevedra','Pontevedra'),
(169,'ES','Salamanca','Salamanca'),
(170,'ES','Santa Cruz de Tenerife','Santa Cruz de Tenerife'),
(171,'ES','Segovia','Segovia'),
(172,'ES','Sevilla','Sevilla'),
(173,'ES','Soria','Soria'),
(174,'ES','Tarragona','Tarragona'),
(175,'ES','Teruel','Teruel'),
(176,'ES','Toledo','Toledo'),
(177,'ES','Valencia','Valencia'),
(178,'ES','Valladolid','Valladolid'),
(179,'ES','Vizcaya','Vizcaya'),
(180,'ES','Zamora','Zamora'),
(181,'ES','Zaragoza','Zaragoza'),
(182,'FR','1','Ain'),
(183,'FR','2','Aisne'),
(184,'FR','3','Allier'),
(185,'FR','4','Alpes-de-Haute-Provence'),
(186,'FR','5','Hautes-Alpes'),
(187,'FR','6','Alpes-Maritimes'),
(188,'FR','7','Ardèche'),
(189,'FR','8','Ardennes'),
(190,'FR','9','Ariège'),
(191,'FR','10','Aube'),
(192,'FR','11','Aude'),
(193,'FR','12','Aveyron'),
(194,'FR','13','Bouches-du-Rhône'),
(195,'FR','14','Calvados'),
(196,'FR','15','Cantal'),
(197,'FR','16','Charente'),
(198,'FR','17','Charente-Maritime'),
(199,'FR','18','Cher'),
(200,'FR','19','Corrèze'),
(201,'FR','2A','Corse-du-Sud'),
(202,'FR','2B','Haute-Corse'),
(203,'FR','21','Côte-d\'Or'),
(204,'FR','22','Côtes-d\'Armor'),
(205,'FR','23','Creuse'),
(206,'FR','24','Dordogne'),
(207,'FR','25','Doubs'),
(208,'FR','26','Drôme'),
(209,'FR','27','Eure'),
(210,'FR','28','Eure-et-Loir'),
(211,'FR','29','Finistère'),
(212,'FR','30','Gard'),
(213,'FR','31','Haute-Garonne'),
(214,'FR','32','Gers'),
(215,'FR','33','Gironde'),
(216,'FR','34','Hérault'),
(217,'FR','35','Ille-et-Vilaine'),
(218,'FR','36','Indre'),
(219,'FR','37','Indre-et-Loire'),
(220,'FR','38','Isère'),
(221,'FR','39','Jura'),
(222,'FR','40','Landes'),
(223,'FR','41','Loir-et-Cher'),
(224,'FR','42','Loire'),
(225,'FR','43','Haute-Loire'),
(226,'FR','44','Loire-Atlantique'),
(227,'FR','45','Loiret'),
(228,'FR','46','Lot'),
(229,'FR','47','Lot-et-Garonne'),
(230,'FR','48','Lozère'),
(231,'FR','49','Maine-et-Loire'),
(232,'FR','50','Manche'),
(233,'FR','51','Marne'),
(234,'FR','52','Haute-Marne'),
(235,'FR','53','Mayenne'),
(236,'FR','54','Meurthe-et-Moselle'),
(237,'FR','55','Meuse'),
(238,'FR','56','Morbihan'),
(239,'FR','57','Moselle'),
(240,'FR','58','Nièvre'),
(241,'FR','59','Nord'),
(242,'FR','60','Oise'),
(243,'FR','61','Orne'),
(244,'FR','62','Pas-de-Calais'),
(245,'FR','63','Puy-de-Dôme'),
(246,'FR','64','Pyrénées-Atlantiques'),
(247,'FR','65','Hautes-Pyrénées'),
(248,'FR','66','Pyrénées-Orientales'),
(249,'FR','67','Bas-Rhin'),
(250,'FR','68','Haut-Rhin'),
(251,'FR','69','Rhône'),
(252,'FR','70','Haute-Saône'),
(253,'FR','71','Saône-et-Loire'),
(254,'FR','72','Sarthe'),
(255,'FR','73','Savoie'),
(256,'FR','74','Haute-Savoie'),
(257,'FR','75','Paris'),
(258,'FR','76','Seine-Maritime'),
(259,'FR','77','Seine-et-Marne'),
(260,'FR','78','Yvelines'),
(261,'FR','79','Deux-Sèvres'),
(262,'FR','80','Somme'),
(263,'FR','81','Tarn'),
(264,'FR','82','Tarn-et-Garonne'),
(265,'FR','83','Var'),
(266,'FR','84','Vaucluse'),
(267,'FR','85','Vendée'),
(268,'FR','86','Vienne'),
(269,'FR','87','Haute-Vienne'),
(270,'FR','88','Vosges'),
(271,'FR','89','Yonne'),
(272,'FR','90','Territoire-de-Belfort'),
(273,'FR','91','Essonne'),
(274,'FR','92','Hauts-de-Seine'),
(275,'FR','93','Seine-Saint-Denis'),
(276,'FR','94','Val-de-Marne'),
(277,'FR','95','Val-d\'Oise'),
(278,'RO','AB','Alba'),
(279,'RO','AR','Arad'),
(280,'RO','AG','Argeş'),
(281,'RO','BC','Bacău'),
(282,'RO','BH','Bihor'),
(283,'RO','BN','Bistriţa-Năsăud'),
(284,'RO','BT','Botoşani'),
(285,'RO','BV','Braşov'),
(286,'RO','BR','Brăila'),
(287,'RO','B','Bucureşti'),
(288,'RO','BZ','Buzău'),
(289,'RO','CS','Caraş-Severin'),
(290,'RO','CL','Călăraşi'),
(291,'RO','CJ','Cluj'),
(292,'RO','CT','Constanţa'),
(293,'RO','CV','Covasna'),
(294,'RO','DB','Dâmboviţa'),
(295,'RO','DJ','Dolj'),
(296,'RO','GL','Galaţi'),
(297,'RO','GR','Giurgiu'),
(298,'RO','GJ','Gorj'),
(299,'RO','HR','Harghita'),
(300,'RO','HD','Hunedoara'),
(301,'RO','IL','Ialomiţa'),
(302,'RO','IS','Iaşi'),
(303,'RO','IF','Ilfov'),
(304,'RO','MM','Maramureş'),
(305,'RO','MH','Mehedinţi'),
(306,'RO','MS','Mureş'),
(307,'RO','NT','Neamţ'),
(308,'RO','OT','Olt'),
(309,'RO','PH','Prahova'),
(310,'RO','SM','Satu-Mare'),
(311,'RO','SJ','Sălaj'),
(312,'RO','SB','Sibiu'),
(313,'RO','SV','Suceava'),
(314,'RO','TR','Teleorman'),
(315,'RO','TM','Timiş'),
(316,'RO','TL','Tulcea'),
(317,'RO','VS','Vaslui'),
(318,'RO','VL','Vâlcea'),
(319,'RO','VN','Vrancea'),
(320,'FI','Lappi','Lappi'),
(321,'FI','Pohjois-Pohjanmaa','Pohjois-Pohjanmaa'),
(322,'FI','Kainuu','Kainuu'),
(323,'FI','Pohjois-Karjala','Pohjois-Karjala'),
(324,'FI','Pohjois-Savo','Pohjois-Savo'),
(325,'FI','Etelä-Savo','Etelä-Savo'),
(326,'FI','Etelä-Pohjanmaa','Etelä-Pohjanmaa'),
(327,'FI','Pohjanmaa','Pohjanmaa'),
(328,'FI','Pirkanmaa','Pirkanmaa'),
(329,'FI','Satakunta','Satakunta'),
(330,'FI','Keski-Pohjanmaa','Keski-Pohjanmaa'),
(331,'FI','Keski-Suomi','Keski-Suomi'),
(332,'FI','Varsinais-Suomi','Varsinais-Suomi'),
(333,'FI','Etelä-Karjala','Etelä-Karjala'),
(334,'FI','Päijät-Häme','Päijät-Häme'),
(335,'FI','Kanta-Häme','Kanta-Häme'),
(336,'FI','Uusimaa','Uusimaa'),
(337,'FI','Itä-Uusimaa','Itä-Uusimaa'),
(338,'FI','Kymenlaakso','Kymenlaakso'),
(339,'FI','Ahvenanmaa','Ahvenanmaa'),
(340,'EE','EE-37','Harjumaa'),
(341,'EE','EE-39','Hiiumaa'),
(342,'EE','EE-44','Ida-Virumaa'),
(343,'EE','EE-49','Jõgevamaa'),
(344,'EE','EE-51','Järvamaa'),
(345,'EE','EE-57','Läänemaa'),
(346,'EE','EE-59','Lääne-Virumaa'),
(347,'EE','EE-65','Põlvamaa'),
(348,'EE','EE-67','Pärnumaa'),
(349,'EE','EE-70','Raplamaa'),
(350,'EE','EE-74','Saaremaa'),
(351,'EE','EE-78','Tartumaa'),
(352,'EE','EE-82','Valgamaa'),
(353,'EE','EE-84','Viljandimaa'),
(354,'EE','EE-86','Võrumaa'),
(355,'LV','LV-DGV','Daugavpils'),
(356,'LV','LV-JEL','Jelgava'),
(357,'LV','Jēkabpils','Jēkabpils'),
(358,'LV','LV-JUR','Jūrmala'),
(359,'LV','LV-LPX','Liepāja'),
(360,'LV','LV-LE','Liepājas novads'),
(361,'LV','LV-REZ','Rēzekne'),
(362,'LV','LV-RIX','Rīga'),
(363,'LV','LV-RI','Rīgas novads'),
(364,'LV','Valmiera','Valmiera'),
(365,'LV','LV-VEN','Ventspils'),
(366,'LV','Aglonas novads','Aglonas novads'),
(367,'LV','LV-AI','Aizkraukles novads'),
(368,'LV','Aizputes novads','Aizputes novads'),
(369,'LV','Aknīstes novads','Aknīstes novads'),
(370,'LV','Alojas novads','Alojas novads'),
(371,'LV','Alsungas novads','Alsungas novads'),
(372,'LV','LV-AL','Alūksnes novads'),
(373,'LV','Amatas novads','Amatas novads'),
(374,'LV','Apes novads','Apes novads'),
(375,'LV','Auces novads','Auces novads'),
(376,'LV','Babītes novads','Babītes novads'),
(377,'LV','Baldones novads','Baldones novads'),
(378,'LV','Baltinavas novads','Baltinavas novads'),
(379,'LV','LV-BL','Balvu novads'),
(380,'LV','LV-BU','Bauskas novads'),
(381,'LV','Beverīnas novads','Beverīnas novads'),
(382,'LV','Brocēnu novads','Brocēnu novads'),
(383,'LV','Burtnieku novads','Burtnieku novads'),
(384,'LV','Carnikavas novads','Carnikavas novads'),
(385,'LV','Cesvaines novads','Cesvaines novads'),
(386,'LV','Ciblas novads','Ciblas novads'),
(387,'LV','LV-CE','Cēsu novads'),
(388,'LV','Dagdas novads','Dagdas novads'),
(389,'LV','LV-DA','Daugavpils novads'),
(390,'LV','LV-DO','Dobeles novads'),
(391,'LV','Dundagas novads','Dundagas novads'),
(392,'LV','Durbes novads','Durbes novads'),
(393,'LV','Engures novads','Engures novads'),
(394,'LV','Garkalnes novads','Garkalnes novads'),
(395,'LV','Grobiņas novads','Grobiņas novads'),
(396,'LV','LV-GU','Gulbenes novads'),
(397,'LV','Iecavas novads','Iecavas novads'),
(398,'LV','Ikšķiles novads','Ikšķiles novads'),
(399,'LV','Ilūkstes novads','Ilūkstes novads'),
(400,'LV','Inčukalna novads','Inčukalna novads'),
(401,'LV','Jaunjelgavas novads','Jaunjelgavas novads'),
(402,'LV','Jaunpiebalgas novads','Jaunpiebalgas novads'),
(403,'LV','Jaunpils novads','Jaunpils novads'),
(404,'LV','LV-JL','Jelgavas novads'),
(405,'LV','LV-JK','Jēkabpils novads'),
(406,'LV','Kandavas novads','Kandavas novads'),
(407,'LV','Kokneses novads','Kokneses novads'),
(408,'LV','Krimuldas novads','Krimuldas novads'),
(409,'LV','Krustpils novads','Krustpils novads'),
(410,'LV','LV-KR','Krāslavas novads'),
(411,'LV','LV-KU','Kuldīgas novads'),
(412,'LV','Kārsavas novads','Kārsavas novads'),
(413,'LV','Lielvārdes novads','Lielvārdes novads'),
(414,'LV','LV-LM','Limbažu novads'),
(415,'LV','Lubānas novads','Lubānas novads'),
(416,'LV','LV-LU','Ludzas novads'),
(417,'LV','Līgatnes novads','Līgatnes novads'),
(418,'LV','Līvānu novads','Līvānu novads'),
(419,'LV','LV-MA','Madonas novads'),
(420,'LV','Mazsalacas novads','Mazsalacas novads'),
(421,'LV','Mālpils novads','Mālpils novads'),
(422,'LV','Mārupes novads','Mārupes novads'),
(423,'LV','Naukšēnu novads','Naukšēnu novads'),
(424,'LV','Neretas novads','Neretas novads'),
(425,'LV','Nīcas novads','Nīcas novads'),
(426,'LV','LV-OG','Ogres novads'),
(427,'LV','Olaines novads','Olaines novads'),
(428,'LV','Ozolnieku novads','Ozolnieku novads'),
(429,'LV','LV-PR','Preiļu novads'),
(430,'LV','Priekules novads','Priekules novads'),
(431,'LV','Priekuļu novads','Priekuļu novads'),
(432,'LV','Pārgaujas novads','Pārgaujas novads'),
(433,'LV','Pāvilostas novads','Pāvilostas novads'),
(434,'LV','Pļaviņu novads','Pļaviņu novads'),
(435,'LV','Raunas novads','Raunas novads'),
(436,'LV','Riebiņu novads','Riebiņu novads'),
(437,'LV','Rojas novads','Rojas novads'),
(438,'LV','Ropažu novads','Ropažu novads'),
(439,'LV','Rucavas novads','Rucavas novads'),
(440,'LV','Rugāju novads','Rugāju novads'),
(441,'LV','Rundāles novads','Rundāles novads'),
(442,'LV','LV-RE','Rēzeknes novads'),
(443,'LV','Rūjienas novads','Rūjienas novads'),
(444,'LV','Salacgrīvas novads','Salacgrīvas novads'),
(445,'LV','Salas novads','Salas novads'),
(446,'LV','Salaspils novads','Salaspils novads'),
(447,'LV','LV-SA','Saldus novads'),
(448,'LV','Saulkrastu novads','Saulkrastu novads'),
(449,'LV','Siguldas novads','Siguldas novads'),
(450,'LV','Skrundas novads','Skrundas novads'),
(451,'LV','Skrīveru novads','Skrīveru novads'),
(452,'LV','Smiltenes novads','Smiltenes novads'),
(453,'LV','Stopiņu novads','Stopiņu novads'),
(454,'LV','Strenču novads','Strenču novads'),
(455,'LV','Sējas novads','Sējas novads'),
(456,'LV','LV-TA','Talsu novads'),
(457,'LV','LV-TU','Tukuma novads'),
(458,'LV','Tērvetes novads','Tērvetes novads'),
(459,'LV','Vaiņodes novads','Vaiņodes novads'),
(460,'LV','LV-VK','Valkas novads'),
(461,'LV','LV-VM','Valmieras novads'),
(462,'LV','Varakļānu novads','Varakļānu novads'),
(463,'LV','Vecpiebalgas novads','Vecpiebalgas novads'),
(464,'LV','Vecumnieku novads','Vecumnieku novads'),
(465,'LV','LV-VE','Ventspils novads'),
(466,'LV','Viesītes novads','Viesītes novads'),
(467,'LV','Viļakas novads','Viļakas novads'),
(468,'LV','Viļānu novads','Viļānu novads'),
(469,'LV','Vārkavas novads','Vārkavas novads'),
(470,'LV','Zilupes novads','Zilupes novads'),
(471,'LV','Ādažu novads','Ādažu novads'),
(472,'LV','Ērgļu novads','Ērgļu novads'),
(473,'LV','Ķeguma novads','Ķeguma novads'),
(474,'LV','Ķekavas novads','Ķekavas novads'),
(475,'LT','LT-AL','Alytaus Apskritis'),
(476,'LT','LT-KU','Kauno Apskritis'),
(477,'LT','LT-KL','Klaipėdos Apskritis'),
(478,'LT','LT-MR','Marijampolės Apskritis'),
(479,'LT','LT-PN','Panevėžio Apskritis'),
(480,'LT','LT-SA','Šiaulių Apskritis'),
(481,'LT','LT-TA','Tauragės Apskritis'),
(482,'LT','LT-TE','Telšių Apskritis'),
(483,'LT','LT-UT','Utenos Apskritis'),
(484,'LT','LT-VL','Vilniaus Apskritis'),
(485,'BR','AC','Acre'),
(486,'BR','AL','Alagoas'),
(487,'BR','AP','Amapá'),
(488,'BR','AM','Amazonas'),
(489,'BR','BA','Bahia'),
(490,'BR','CE','Ceará'),
(491,'BR','ES','Espírito Santo'),
(492,'BR','GO','Goiás'),
(493,'BR','MA','Maranhão'),
(494,'BR','MT','Mato Grosso'),
(495,'BR','MS','Mato Grosso do Sul'),
(496,'BR','MG','Minas Gerais'),
(497,'BR','PA','Pará'),
(498,'BR','PB','Paraíba'),
(499,'BR','PR','Paraná'),
(500,'BR','PE','Pernambuco'),
(501,'BR','PI','Piauí'),
(502,'BR','RJ','Rio de Janeiro'),
(503,'BR','RN','Rio Grande do Norte'),
(504,'BR','RS','Rio Grande do Sul'),
(505,'BR','RO','Rondônia'),
(506,'BR','RR','Roraima'),
(507,'BR','SC','Santa Catarina'),
(508,'BR','SP','São Paulo'),
(509,'BR','SE','Sergipe'),
(510,'BR','TO','Tocantins'),
(511,'BR','DF','Distrito Federal'),
(512,'AL','AL-01','Berat'),
(513,'AL','AL-09','Dibër'),
(514,'AL','AL-02','Durrës'),
(515,'AL','AL-03','Elbasan'),
(516,'AL','AL-04','Fier'),
(517,'AL','AL-05','Gjirokastër'),
(518,'AL','AL-06','Korçë'),
(519,'AL','AL-07','Kukës'),
(520,'AL','AL-08','Lezhë'),
(521,'AL','AL-10','Shkodër'),
(522,'AL','AL-11','Tiranë'),
(523,'AL','AL-12','Vlorë'),
(524,'AR','AR-C','Ciudad Autónoma de Buenos Aires'),
(525,'AR','AR-B','Buenos Aires'),
(526,'AR','AR-K','Catamarca'),
(527,'AR','AR-H','Chaco'),
(528,'AR','AR-U','Chubut'),
(529,'AR','AR-X','Córdoba'),
(530,'AR','AR-W','Corrientes'),
(531,'AR','AR-E','Entre Ríos'),
(532,'AR','AR-P','Formosa'),
(533,'AR','AR-Y','Jujuy'),
(534,'AR','AR-L','La Pampa'),
(535,'AR','AR-F','La Rioja'),
(536,'AR','AR-M','Mendoza'),
(537,'AR','AR-N','Misiones'),
(538,'AR','AR-Q','Neuquén'),
(539,'AR','AR-R','Río Negro'),
(540,'AR','AR-A','Salta'),
(541,'AR','AR-J','San Juan'),
(542,'AR','AR-D','San Luis'),
(543,'AR','AR-Z','Santa Cruz'),
(544,'AR','AR-S','Santa Fe'),
(545,'AR','AR-G','Santiago del Estero'),
(546,'AR','AR-V','Tierra del Fuego'),
(547,'AR','AR-T','Tucumán'),
(548,'HR','HR-01','Zagrebačka županija'),
(549,'HR','HR-02','Krapinsko-zagorska županija'),
(550,'HR','HR-03','Sisačko-moslavačka županija'),
(551,'HR','HR-04','Karlovačka županija'),
(552,'HR','HR-05','Varaždinska županija'),
(553,'HR','HR-06','Koprivničko-križevačka županija'),
(554,'HR','HR-07','Bjelovarsko-bilogorska županija'),
(555,'HR','HR-08','Primorsko-goranska županija'),
(556,'HR','HR-09','Ličko-senjska županija'),
(557,'HR','HR-10','Virovitičko-podravska županija'),
(558,'HR','HR-11','Požeško-slavonska županija'),
(559,'HR','HR-12','Brodsko-posavska županija'),
(560,'HR','HR-13','Zadarska županija'),
(561,'HR','HR-14','Osječko-baranjska županija'),
(562,'HR','HR-15','Šibensko-kninska županija'),
(563,'HR','HR-16','Vukovarsko-srijemska županija'),
(564,'HR','HR-17','Splitsko-dalmatinska županija'),
(565,'HR','HR-18','Istarska županija'),
(566,'HR','HR-19','Dubrovačko-neretvanska županija'),
(567,'HR','HR-20','Međimurska županija'),
(568,'HR','HR-21','Grad Zagreb'),
(569,'IN','AN','Andaman and Nicobar Islands'),
(570,'IN','AP','Andhra Pradesh'),
(571,'IN','AR','Arunachal Pradesh'),
(572,'IN','AS','Assam'),
(573,'IN','BR','Bihar'),
(574,'IN','CH','Chandigarh'),
(575,'IN','CT','Chhattisgarh'),
(576,'IN','DN','Dadra and Nagar Haveli'),
(577,'IN','DD','Daman and Diu'),
(578,'IN','DL','Delhi'),
(579,'IN','GA','Goa'),
(580,'IN','GJ','Gujarat'),
(581,'IN','HR','Haryana'),
(582,'IN','HP','Himachal Pradesh'),
(583,'IN','JK','Jammu and Kashmir'),
(584,'IN','JH','Jharkhand'),
(585,'IN','KA','Karnataka'),
(586,'IN','KL','Kerala'),
(587,'IN','LD','Lakshadweep'),
(588,'IN','MP','Madhya Pradesh'),
(589,'IN','MH','Maharashtra'),
(590,'IN','MN','Manipur'),
(591,'IN','ML','Meghalaya'),
(592,'IN','MZ','Mizoram'),
(593,'IN','NL','Nagaland'),
(594,'IN','OR','Odisha'),
(595,'IN','PY','Puducherry'),
(596,'IN','PB','Punjab'),
(597,'IN','RJ','Rajasthan'),
(598,'IN','SK','Sikkim'),
(599,'IN','TN','Tamil Nadu'),
(600,'IN','TG','Telangana'),
(601,'IN','TR','Tripura'),
(602,'IN','UP','Uttar Pradesh'),
(603,'IN','UT','Uttarakhand'),
(604,'IN','WB','West Bengal'),
(605,'AU','ACT','Australian Capital Territory'),
(606,'AU','NSW','New South Wales'),
(607,'AU','VIC','Victoria'),
(608,'AU','QLD','Queensland'),
(609,'AU','SA','South Australia'),
(610,'AU','TAS','Tasmania'),
(611,'AU','WA','Western Australia'),
(612,'AU','NT','Northern Territory'),
(613,'BY','BY-BR','Bresckaja voblasć'),
(614,'BY','BY-HO','Homieĺskaja voblasć'),
(615,'BY','BY-HM','Horad Minsk'),
(616,'BY','BY-HR','Hrodzienskaja voblasć'),
(617,'BY','BY-MA','Mahilioŭskaja voblasć'),
(618,'BY','BY-MI','Minskaja voblasć'),
(619,'BY','BY-VI','Viciebskaja voblasć'),
(620,'BE','VAN','Antwerpen'),
(621,'BE','WBR','Brabant wallon'),
(622,'BE','BRU','Brussels-Capital Region'),
(623,'BE','WHT','Hainaut'),
(624,'BE','VLI','Limburg'),
(625,'BE','WLG','Liège'),
(626,'BE','WLX','Luxembourg'),
(627,'BE','WNA','Namur'),
(628,'BE','VOV','Oost-Vlaanderen'),
(629,'BE','VBR','Vlaams-Brabant'),
(630,'BE','VWV','West-Vlaanderen'),
(631,'BO','BO-C','Cochabamba'),
(632,'BO','BO-H','Chuquisaca'),
(633,'BO','BO-B','El Beni'),
(634,'BO','BO-L','La Paz'),
(635,'BO','BO-O','Oruro'),
(636,'BO','BO-N','Pando'),
(637,'BO','BO-P','Potosí'),
(638,'BO','BO-S','Santa Cruz'),
(639,'BO','BO-T','Tarija'),
(640,'BG','BG-01','Blagoevgrad'),
(641,'BG','BG-02','Burgas'),
(642,'BG','BG-03','Varna'),
(643,'BG','BG-04','Veliko Tarnovo'),
(644,'BG','BG-05','Vidin'),
(645,'BG','BG-06','Vratsa'),
(646,'BG','BG-07','Gabrovo'),
(647,'BG','BG-08','Dobrich'),
(648,'BG','BG-09','Kardzhali'),
(649,'BG','BG-10','Kyustendil'),
(650,'BG','BG-11','Lovech'),
(651,'BG','BG-12','Montana'),
(652,'BG','BG-13','Pazardzhik'),
(653,'BG','BG-14','Pernik'),
(654,'BG','BG-15','Pleven'),
(655,'BG','BG-16','Plovdiv'),
(656,'BG','BG-17','Razgrad'),
(657,'BG','BG-18','Ruse'),
(658,'BG','BG-19','Silistra'),
(659,'BG','BG-20','Sliven'),
(660,'BG','BG-21','Smolyan'),
(661,'BG','BG-22','Sofia City'),
(662,'BG','BG-23','Sofia Province'),
(663,'BG','BG-24','Stara Zagora'),
(664,'BG','BG-25','Targovishte'),
(665,'BG','BG-26','Haskovo'),
(666,'BG','BG-27','Shumen'),
(667,'BG','BG-28','Yambol'),
(668,'CL','CL-AI','Aisén del General Carlos Ibañez del Campo'),
(669,'CL','CL-AN','Antofagasta'),
(670,'CL','CL-AP','Arica y Parinacota'),
(671,'CL','CL-AR','La Araucanía'),
(672,'CL','CL-AT','Atacama'),
(673,'CL','CL-BI','Biobío'),
(674,'CL','CL-CO','Coquimbo'),
(675,'CL','CL-LI','Libertador General Bernardo O\'Higgins'),
(676,'CL','CL-LL','Los Lagos'),
(677,'CL','CL-LR','Los Ríos'),
(678,'CL','CL-MA','Magallanes'),
(679,'CL','CL-ML','Maule'),
(680,'CL','CL-NB','Ñuble'),
(681,'CL','CL-RM','Región Metropolitana de Santiago'),
(682,'CL','CL-TA','Tarapacá'),
(683,'CL','CL-VS','Valparaíso'),
(684,'CN','CN-AH','Anhui Sheng'),
(685,'CN','CN-BJ','Beijing Shi'),
(686,'CN','CN-CQ','Chongqing Shi'),
(687,'CN','CN-FJ','Fujian Sheng'),
(688,'CN','CN-GS','Gansu Sheng'),
(689,'CN','CN-GD','Guangdong Sheng'),
(690,'CN','CN-GX','Guangxi Zhuangzu Zizhiqu'),
(691,'CN','CN-GZ','Guizhou Sheng'),
(692,'CN','CN-HI','Hainan Sheng'),
(693,'CN','CN-HE','Hebei Sheng'),
(694,'CN','CN-HL','Heilongjiang Sheng'),
(695,'CN','CN-HA','Henan Sheng'),
(696,'CN','CN-HK','Hong Kong SAR'),
(697,'CN','CN-HB','Hubei Sheng'),
(698,'CN','CN-HN','Hunan Sheng'),
(699,'CN','CN-JS','Jiangsu Sheng'),
(700,'CN','CN-JX','Jiangxi Sheng'),
(701,'CN','CN-JL','Jilin Sheng'),
(702,'CN','CN-LN','Liaoning Sheng'),
(703,'CN','CN-MO','Macao SAR'),
(704,'CN','CN-NM','Nei Mongol Zizhiqu'),
(705,'CN','CN-NX','Ningxia Huizi Zizhiqu'),
(706,'CN','CN-QH','Qinghai Sheng'),
(707,'CN','CN-SN','Shaanxi Sheng'),
(708,'CN','CN-SD','Shandong Sheng'),
(709,'CN','CN-SH','Shanghai Shi'),
(710,'CN','CN-SX','Shanxi Sheng'),
(711,'CN','CN-SC','Sichuan Sheng'),
(712,'CN','CN-TW','Taiwan Sheng'),
(713,'CN','CN-TJ','Tianjin Shi'),
(714,'CN','CN-XJ','Xinjiang Uygur Zizhiqu'),
(715,'CN','CN-XZ','Xizang Zizhiqu'),
(716,'CN','CN-YN','Yunnan Sheng'),
(717,'CN','CN-ZJ','Zhejiang Sheng'),
(718,'CO','CO-AMA','Amazonas'),
(719,'CO','CO-ANT','Antioquia'),
(720,'CO','CO-ARA','Arauca'),
(721,'CO','CO-ATL','Atlántico'),
(722,'CO','CO-BOL','Bolívar'),
(723,'CO','CO-BOY','Boyacá'),
(724,'CO','CO-CAL','Caldas'),
(725,'CO','CO-CAQ','Caquetá'),
(726,'CO','CO-CAS','Casanare'),
(727,'CO','CO-CAU','Cauca'),
(728,'CO','CO-CES','Cesar'),
(729,'CO','CO-CHO','Chocó'),
(730,'CO','CO-COR','Córdoba'),
(731,'CO','CO-CUN','Cundinamarca'),
(732,'CO','CO-GUA','Guainía'),
(733,'CO','CO-GUV','Guaviare'),
(734,'CO','CO-HUL','Huila'),
(735,'CO','CO-LAG','La Guajira'),
(736,'CO','CO-MAG','Magdalena'),
(737,'CO','CO-MET','Meta'),
(738,'CO','CO-NAR','Nariño'),
(739,'CO','CO-NSA','Norte de Santander'),
(740,'CO','CO-PUT','Putumayo'),
(741,'CO','CO-QUI','Quindío'),
(742,'CO','CO-RIS','Risaralda'),
(743,'CO','CO-SAP','San Andrés y Providencia'),
(744,'CO','CO-SAN','Santander'),
(745,'CO','CO-SUC','Sucre'),
(746,'CO','CO-TOL','Tolima'),
(747,'CO','CO-VAC','Valle del Cauca'),
(748,'CO','CO-VAU','Vaupés'),
(749,'CO','CO-VID','Vichada'),
(750,'CR','CR-SJ','San José'),
(751,'CR','CR-AL','Alajuela'),
(752,'CR','CR-CA','Cartago'),
(753,'CR','CR-HE','Heredia'),
(754,'CR','CR-GU','Guanacaste'),
(755,'CR','CR-PU','Puntarenas'),
(756,'CR','CR-LI','Limón'),
(757,'CZ','CZ-10','Praha, Hlavní město'),
(758,'CZ','CZ-20','Středočeský kraj'),
(759,'CZ','CZ-31','Jihočeský kraj'),
(760,'CZ','CZ-32','Plzeňský kraj'),
(761,'CZ','CZ-41','Karlovarský kraj'),
(762,'CZ','CZ-42','Ústecký kraj'),
(763,'CZ','CZ-51','Liberecký kraj'),
(764,'CZ','CZ-52','Královéhradecký kraj'),
(765,'CZ','CZ-53','Pardubický kraj'),
(766,'CZ','CZ-63','Kraj Vysočina'),
(767,'CZ','CZ-64','Jihomoravský kraj'),
(768,'CZ','CZ-71','Olomoucký kraj'),
(769,'CZ','CZ-72','Zlínský kraj'),
(770,'CZ','CZ-80','Moravskoslezský kraj'),
(771,'DK','DK-84','Hovedstaden'),
(772,'DK','DK-82','Midtjylland'),
(773,'DK','DK-81','Nordjylland'),
(774,'DK','DK-85','Sjælland'),
(775,'DK','DK-83','Syddanmark'),
(776,'EC','EC-A','Azuay'),
(777,'EC','EC-B','Bolívar'),
(778,'EC','EC-F','Cañar'),
(779,'EC','EC-C','Carchi'),
(780,'EC','EC-H','Chimborazo'),
(781,'EC','EC-X','Cotopaxi'),
(782,'EC','EC-O','El Oro'),
(783,'EC','EC-E','Esmeraldas'),
(784,'EC','EC-W','Galápagos'),
(785,'EC','EC-G','Guayas'),
(786,'EC','EC-I','Imbabura'),
(787,'EC','EC-L','Loja'),
(788,'EC','EC-R','Los Ríos'),
(789,'EC','EC-M','Manabí'),
(790,'EC','EC-S','Morona Santiago'),
(791,'EC','EC-N','Napo'),
(792,'EC','EC-D','Orellana'),
(793,'EC','EC-Y','Pastaza'),
(794,'EC','EC-P','Pichincha'),
(795,'EC','EC-SE','Santa Elena'),
(796,'EC','EC-SD','Santo Domingo de los Tsáchilas'),
(797,'EC','EC-U','Sucumbíos'),
(798,'EC','EC-T','Tungurahua'),
(799,'EC','EC-Z','Zamora Chinchipe'),
(800,'GR','GR-A','Anatolikí Makedonía kai Thráki'),
(801,'GR','GR-I','Attikí'),
(802,'GR','GR-G','Dytikí Elláda'),
(803,'GR','GR-C','Dytikí Makedonía'),
(804,'GR','GR-F','Ionía Nísia'),
(805,'GR','GR-D','Ípeiros'),
(806,'GR','GR-B','Kentrikí Makedonía'),
(807,'GR','GR-M','Kríti'),
(808,'GR','GR-L','Nótio Aigaío'),
(809,'GR','GR-J','Pelopónnisos'),
(810,'GR','GR-H','Stereá Elláda'),
(811,'GR','GR-E','Thessalía'),
(812,'GR','GR-K','Vóreio Aigaío'),
(813,'GR','GR-69','Ágion Óros'),
(814,'GY','GY-BA','Barima-Waini'),
(815,'GY','GY-CU','Cuyuni-Mazaruni'),
(816,'GY','GY-DE','Demerara-Mahaica'),
(817,'GY','GY-EB','East Berbice-Corentyne'),
(818,'GY','GY-ES','Essequibo Islands-West Demerara'),
(819,'GY','GY-MA','Mahaica-Berbice'),
(820,'GY','GY-PM','Pomeroon-Supenaam'),
(821,'GY','GY-PT','Potaro-Siparuni'),
(822,'GY','GY-UD','Upper Demerara-Berbice'),
(823,'GY','GY-UT','Upper Takutu-Upper Essequibo'),
(824,'IS','IS-01','Höfuðborgarsvæði'),
(825,'IS','IS-02','Suðurnes'),
(826,'IS','IS-03','Vesturland'),
(827,'IS','IS-04','Vestfirðir'),
(828,'IS','IS-05','Norðurland vestra'),
(829,'IS','IS-06','Norðurland eystra'),
(830,'IS','IS-07','Austurland'),
(831,'IS','IS-08','Suðurland'),
(832,'IT','AG','Agrigento'),
(833,'IT','AL','Alessandria'),
(834,'IT','AN','Ancona'),
(835,'IT','AO','Aosta'),
(836,'IT','AQ','L\'Aquila'),
(837,'IT','AR','Arezzo'),
(838,'IT','AP','Ascoli-Piceno'),
(839,'IT','AT','Asti'),
(840,'IT','AV','Avellino'),
(841,'IT','BA','Bari'),
(842,'IT','BT','Barletta-Andria-Trani'),
(843,'IT','BL','Belluno'),
(844,'IT','BN','Benevento'),
(845,'IT','BG','Bergamo'),
(846,'IT','BI','Biella'),
(847,'IT','BO','Bologna'),
(848,'IT','BZ','Bolzano'),
(849,'IT','BS','Brescia'),
(850,'IT','BR','Brindisi'),
(851,'IT','CA','Cagliari'),
(852,'IT','CL','Caltanissetta'),
(853,'IT','CB','Campobasso'),
(854,'IT','CI','Carbonia Iglesias'),
(855,'IT','CE','Caserta'),
(856,'IT','CT','Catania'),
(857,'IT','CZ','Catanzaro'),
(858,'IT','CH','Chieti'),
(859,'IT','CO','Como'),
(860,'IT','CS','Cosenza'),
(861,'IT','CR','Cremona'),
(862,'IT','KR','Crotone'),
(863,'IT','CN','Cuneo'),
(864,'IT','EN','Enna'),
(865,'IT','FM','Fermo'),
(866,'IT','FE','Ferrara'),
(867,'IT','FI','Firenze'),
(868,'IT','FG','Foggia'),
(869,'IT','FC','Forli-Cesena'),
(870,'IT','FR','Frosinone'),
(871,'IT','GE','Genova'),
(872,'IT','GO','Gorizia'),
(873,'IT','GR','Grosseto'),
(874,'IT','IM','Imperia'),
(875,'IT','IS','Isernia'),
(876,'IT','SP','La-Spezia'),
(877,'IT','LT','Latina'),
(878,'IT','LE','Lecce'),
(879,'IT','LC','Lecco'),
(880,'IT','LI','Livorno'),
(881,'IT','LO','Lodi'),
(882,'IT','LU','Lucca'),
(883,'IT','MC','Macerata'),
(884,'IT','MN','Mantova'),
(885,'IT','MS','Massa-Carrara'),
(886,'IT','MT','Matera'),
(887,'IT','VS','Medio Campidano'),
(888,'IT','ME','Messina'),
(889,'IT','MI','Milano'),
(890,'IT','MO','Modena'),
(891,'IT','MB','Monza-Brianza'),
(892,'IT','NA','Napoli'),
(893,'IT','NO','Novara'),
(894,'IT','NU','Nuoro'),
(895,'IT','OG','Ogliastra'),
(896,'IT','OT','Olbia Tempio'),
(897,'IT','OR','Oristano'),
(898,'IT','PD','Padova'),
(899,'IT','PA','Palermo'),
(900,'IT','PR','Parma'),
(901,'IT','PV','Pavia'),
(902,'IT','PG','Perugia'),
(903,'IT','PU','Pesaro-Urbino'),
(904,'IT','PE','Pescara'),
(905,'IT','PC','Piacenza'),
(906,'IT','PI','Pisa'),
(907,'IT','PT','Pistoia'),
(908,'IT','PN','Pordenone'),
(909,'IT','PZ','Potenza'),
(910,'IT','PO','Prato'),
(911,'IT','RG','Ragusa'),
(912,'IT','RA','Ravenna'),
(913,'IT','RC','Reggio-Calabria'),
(914,'IT','RE','Reggio-Emilia'),
(915,'IT','RI','Rieti'),
(916,'IT','RN','Rimini'),
(917,'IT','RM','Roma'),
(918,'IT','RO','Rovigo'),
(919,'IT','SA','Salerno'),
(920,'IT','SS','Sassari'),
(921,'IT','SV','Savona'),
(922,'IT','SI','Siena'),
(923,'IT','SR','Siracusa'),
(924,'IT','SO','Sondrio'),
(925,'IT','TA','Taranto'),
(926,'IT','TE','Teramo'),
(927,'IT','TR','Terni'),
(928,'IT','TO','Torino'),
(929,'IT','TP','Trapani'),
(930,'IT','TN','Trento'),
(931,'IT','TV','Treviso'),
(932,'IT','TS','Trieste'),
(933,'IT','UD','Udine'),
(934,'IT','VA','Varese'),
(935,'IT','VE','Venezia'),
(936,'IT','VB','Verbania'),
(937,'IT','VC','Vercelli'),
(938,'IT','VR','Verona'),
(939,'IT','VV','Vibo-Valentia'),
(940,'IT','VI','Vicenza'),
(941,'IT','VT','Viterbo'),
(942,'MX','AGU','Aguascalientes'),
(943,'MX','BCN','Baja California'),
(944,'MX','BCS','Baja California Sur'),
(945,'MX','CAM','Campeche'),
(946,'MX','CHP','Chiapas'),
(947,'MX','CHH','Chihuahua'),
(948,'MX','CMX','Ciudad de México'),
(949,'MX','COA','Coahuila'),
(950,'MX','COL','Colima'),
(951,'MX','DUR','Durango'),
(952,'MX','MEX','Estado de México'),
(953,'MX','GUA','Guanajuato'),
(954,'MX','GRO','Guerrero'),
(955,'MX','HID','Hidalgo'),
(956,'MX','JAL','Jalisco'),
(957,'MX','MIC','Michoacán'),
(958,'MX','MOR','Morelos'),
(959,'MX','NAY','Nayarit'),
(960,'MX','NLE','Nuevo León'),
(961,'MX','OAX','Oaxaca'),
(962,'MX','PUE','Puebla'),
(963,'MX','QUE','Querétaro'),
(964,'MX','ROO','Quintana Roo'),
(965,'MX','SLP','San Luis Potosí'),
(966,'MX','SIN','Sinaloa'),
(967,'MX','SON','Sonora'),
(968,'MX','TAB','Tabasco'),
(969,'MX','TAM','Tamaulipas'),
(970,'MX','TLA','Tlaxcala'),
(971,'MX','VER','Veracruz'),
(972,'MX','YUC','Yucatán'),
(973,'MX','ZAC','Zacatecas'),
(974,'PY','PY-ASU','Asunción'),
(975,'PY','PY-16','Alto Paraguay'),
(976,'PY','PY-10','Alto Paraná'),
(977,'PY','PY-13','Amambay'),
(978,'PY','PY-19','Boquerón'),
(979,'PY','PY-5','Caaguazú'),
(980,'PY','PY-6','Caazapá'),
(981,'PY','PY-14','Canindeyú'),
(982,'PY','PY-11','Central'),
(983,'PY','PY-1','Concepción'),
(984,'PY','PY-3','Cordillera'),
(985,'PY','PY-4','Guairá'),
(986,'PY','PY-7','Itapúa'),
(987,'PY','PY-8','Misiones'),
(988,'PY','PY-12','Ñeembucú'),
(989,'PY','PY-9','Paraguarí'),
(990,'PY','PY-15','Presidente Hayes'),
(991,'PY','PY-2','San Pedro'),
(992,'PE','PE-LMA','Municipalidad Metropolitana de Lima'),
(993,'PE','PE-AMA','Amazonas'),
(994,'PE','PE-ANC','Ancash'),
(995,'PE','PE-APU','Apurímac'),
(996,'PE','PE-ARE','Arequipa'),
(997,'PE','PE-AYA','Ayacucho'),
(998,'PE','PE-CAJ','Cajamarca'),
(999,'PE','PE-CUS','Cusco'),
(1000,'PE','PE-CAL','El Callao'),
(1001,'PE','PE-HUV','Huancavelica'),
(1002,'PE','PE-HUC','Huánuco'),
(1003,'PE','PE-ICA','Ica'),
(1004,'PE','PE-JUN','Junín'),
(1005,'PE','PE-LAL','La Libertad'),
(1006,'PE','PE-LAM','Lambayeque'),
(1007,'PE','PE-LIM','Lima'),
(1008,'PE','PE-LOR','Loreto'),
(1009,'PE','PE-MDD','Madre de Dios'),
(1010,'PE','PE-MOQ','Moquegua'),
(1011,'PE','PE-PAS','Pasco'),
(1012,'PE','PE-PIU','Piura'),
(1013,'PE','PE-PUN','Puno'),
(1014,'PE','PE-SAM','San Martín'),
(1015,'PE','PE-TAC','Tacna'),
(1016,'PE','PE-TUM','Tumbes'),
(1017,'PE','PE-UCA','Ucayali'),
(1018,'PL','PL-02','dolnośląskie'),
(1019,'PL','PL-04','kujawsko-pomorskie'),
(1020,'PL','PL-06','lubelskie'),
(1021,'PL','PL-08','lubuskie'),
(1022,'PL','PL-10','łódzkie'),
(1023,'PL','PL-12','małopolskie'),
(1024,'PL','PL-14','mazowieckie'),
(1025,'PL','PL-16','opolskie'),
(1026,'PL','PL-18','podkarpackie'),
(1027,'PL','PL-20','podlaskie'),
(1028,'PL','PL-22','pomorskie'),
(1029,'PL','PL-24','śląskie'),
(1030,'PL','PL-26','świętokrzyskie'),
(1031,'PL','PL-28','warmińsko-mazurskie'),
(1032,'PL','PL-30','wielkopolskie'),
(1033,'PL','PL-32','zachodniopomorskie'),
(1034,'PT','PT-01','Aveiro'),
(1035,'PT','PT-02','Beja'),
(1036,'PT','PT-03','Braga'),
(1037,'PT','PT-04','Bragança'),
(1038,'PT','PT-05','Castelo Branco'),
(1039,'PT','PT-06','Coimbra'),
(1040,'PT','PT-07','Évora'),
(1041,'PT','PT-08','Faro'),
(1042,'PT','PT-09','Guarda'),
(1043,'PT','PT-10','Leiria'),
(1044,'PT','PT-11','Lisboa'),
(1045,'PT','PT-12','Portalegre'),
(1046,'PT','PT-13','Porto'),
(1047,'PT','PT-14','Santarém'),
(1048,'PT','PT-15','Setúbal'),
(1049,'PT','PT-16','Viana do Castelo'),
(1050,'PT','PT-17','Vila Real'),
(1051,'PT','PT-18','Viseu'),
(1052,'PT','PT-20','Região Autónoma dos Açores'),
(1053,'PT','PT-30','Região Autónoma da Madeira'),
(1054,'SR','SR-BR','Brokopondo'),
(1055,'SR','SR-CM','Commewijne'),
(1056,'SR','SR-CR','Coronie'),
(1057,'SR','SR-MA','Marowijne'),
(1058,'SR','SR-NI','Nickerie'),
(1059,'SR','SR-PR','Para'),
(1060,'SR','SR-PM','Paramaribo'),
(1061,'SR','SR-SA','Saramacca'),
(1062,'SR','SR-SI','Sipaliwini'),
(1063,'SR','SR-WA','Wanica'),
(1064,'SE','SE-K','Blekinge län'),
(1065,'SE','SE-W','Dalarnas län'),
(1066,'SE','SE-I','Gotlands län'),
(1067,'SE','SE-X','Gävleborgs län'),
(1068,'SE','SE-N','Hallands län'),
(1069,'SE','SE-Z','Jämtlands län'),
(1070,'SE','SE-F','Jönköpings län'),
(1071,'SE','SE-H','Kalmar län'),
(1072,'SE','SE-G','Kronobergs län'),
(1073,'SE','SE-BD','Norrbottens län'),
(1074,'SE','SE-M','Skåne län'),
(1075,'SE','SE-AB','Stockholms län'),
(1076,'SE','SE-D','Södermanlands län'),
(1077,'SE','SE-C','Uppsala län'),
(1078,'SE','SE-S','Värmlands län'),
(1079,'SE','SE-AC','Västerbottens län'),
(1080,'SE','SE-Y','Västernorrlands län'),
(1081,'SE','SE-U','Västmanlands län'),
(1082,'SE','SE-O','Västra Götalands län'),
(1083,'SE','SE-T','Örebro län'),
(1084,'SE','SE-E','Östergötlands län'),
(1085,'UA','UA-71','Cherkaska oblast'),
(1086,'UA','UA-74','Chernihivska oblast'),
(1087,'UA','UA-77','Chernivetska oblast'),
(1088,'UA','UA-12','Dnipropetrovska oblast'),
(1089,'UA','UA-14','Donetska oblast'),
(1090,'UA','UA-26','Ivano-Frankivska oblast'),
(1091,'UA','UA-63','Kharkivska oblast'),
(1092,'UA','UA-65','Khersonska oblast'),
(1093,'UA','UA-68','Khmelnytska oblast'),
(1094,'UA','UA-35','Kirovohradska oblast'),
(1095,'UA','UA-32','Kyivska oblast'),
(1096,'UA','UA-09','Luhanska oblast'),
(1097,'UA','UA-46','Lvivska oblast'),
(1098,'UA','UA-48','Mykolaivska oblast'),
(1099,'UA','UA-51','Odeska oblast'),
(1100,'UA','UA-53','Poltavska oblast'),
(1101,'UA','UA-56','Rivnenska oblast'),
(1102,'UA','UA-59','Sumska oblast'),
(1103,'UA','UA-61','Ternopilska oblast'),
(1104,'UA','UA-05','Vinnytska oblast'),
(1105,'UA','UA-07','Volynska oblast'),
(1106,'UA','UA-21','Zakarpatska oblast'),
(1107,'UA','UA-23','Zaporizka oblast'),
(1108,'UA','UA-18','Zhytomyrska oblast'),
(1109,'UA','UA-43','Avtonomna Respublika Krym'),
(1110,'UA','UA-30','Kyiv'),
(1111,'UA','UA-40','Sevastopol'),
(1112,'UY','UY-AR','Artigas'),
(1113,'UY','UY-CA','Canelones'),
(1114,'UY','UY-CL','Cerro Largo'),
(1115,'UY','UY-CO','Colonia'),
(1116,'UY','UY-DU','Durazno'),
(1117,'UY','UY-FS','Flores'),
(1118,'UY','UY-FD','Florida'),
(1119,'UY','UY-LA','Lavalleja'),
(1120,'UY','UY-MA','Maldonado'),
(1121,'UY','UY-MO','Montevideo'),
(1122,'UY','UY-PA','Paysandu'),
(1123,'UY','UY-RN','Río Negro'),
(1124,'UY','UY-RV','Rivera'),
(1125,'UY','UY-RO','Rocha'),
(1126,'UY','UY-SA','Salto'),
(1127,'UY','UY-SJ','San José'),
(1128,'UY','UY-SO','Soriano'),
(1129,'UY','UY-TA','Tacuarembó'),
(1130,'UY','UY-TT','Treinta y Tres'),
(1131,'VE','VE-W','Dependencias Federales'),
(1132,'VE','VE-A','Distrito Capital'),
(1133,'VE','VE-Z','Amazonas'),
(1134,'VE','VE-B','Anzoátegui'),
(1135,'VE','VE-C','Apure'),
(1136,'VE','VE-D','Aragua'),
(1137,'VE','VE-E','Barinas'),
(1138,'VE','VE-F','Bolívar'),
(1139,'VE','VE-G','Carabobo'),
(1140,'VE','VE-H','Cojedes'),
(1141,'VE','VE-Y','Delta Amacuro'),
(1142,'VE','VE-I','Falcón'),
(1143,'VE','VE-J','Guárico'),
(1144,'VE','VE-K','Lara'),
(1145,'VE','VE-L','Mérida'),
(1146,'VE','VE-M','Miranda'),
(1147,'VE','VE-N','Monagas'),
(1148,'VE','VE-O','Nueva Esparta'),
(1149,'VE','VE-P','Portuguesa'),
(1150,'VE','VE-R','Sucre'),
(1151,'VE','VE-S','Táchira'),
(1152,'VE','VE-T','Trujillo'),
(1153,'VE','VE-X','Vargas'),
(1154,'VE','VE-U','Yaracuy'),
(1155,'VE','VE-V','Zulia'),
(1156,'IN','LA','Ladakh');

--
-- Table structure for table `mgkz_directory_country_region_name`
--

CREATE TABLE `mgkz_directory_country_region_name` (
  `locale` varchar(16) NOT NULL COMMENT 'Locale',
  `region_id` int(10) unsigned NOT NULL DEFAULT 0 COMMENT 'Region ID',
  `name` varchar(255) DEFAULT NULL COMMENT 'Region Name',
  PRIMARY KEY (`locale`,`region_id`),
  KEY `MGKZ_DIRECTORY_COUNTRY_REGION_NAME_REGION_ID` (`region_id`),
  CONSTRAINT `FK_DE6DA1A7144421986CA73445733F54B9` FOREIGN KEY (`region_id`) REFERENCES `mgkz_directory_country_region` (`region_id`) ON DELETE CASCADE
) ENGINE=InnoDB DEFAULT CHARSET=utf8mb4 COLLATE=utf8mb4_general_ci COMMENT='Directory Country Region Name';

--
-- Dumping data for table `mgkz_directory_country_region_name`
--

INSERT INTO `mgkz_directory_country_region_name` VALUES
('en_US',1,'Alabama'),
('en_US',2,'Alaska'),
('en_US',3,'American Samoa'),
('en_US',4,'Arizona'),
('en_US',5,'Arkansas'),
('en_US',6,'Armed Forces Africa'),
('en_US',7,'Armed Forces Americas'),
('en_US',8,'Armed Forces Canada'),
('en_US',9,'Armed Forces Europe'),
('en_US',10,'Armed Forces Middle East'),
('en_US',11,'Armed Forces Pacific'),
('en_US',12,'California'),
('en_US',13,'Colorado'),
('en_US',14,'Connecticut'),
('en_US',15,'Delaware'),
('en_US',16,'District of Columbia'),
('en_US',17,'Federated States Of Micronesia'),
('en_US',18,'Florida'),
('en_US',19,'Georgia'),
('en_US',20,'Guam'),
('en_US',21,'Hawaii'),
('en_US',22,'Idaho'),
('en_US',23,'Illinois'),
('en_US',24,'Indiana'),
('en_US',25,'Iowa'),
('en_US',26,'Kansas'),
('en_US',27,'Kentucky'),
('en_US',28,'Louisiana'),
('en_US',29,'Maine'),
('en_US',30,'Marshall Islands'),
('en_US',31,'Maryland'),
('en_US',32,'Massachusetts'),
('en_US',33,'Michigan'),
('en_US',34,'Minnesota'),
('en_US',35,'Mississippi'),
('en_US',36,'Missouri'),
('en_US',37,'Montana'),
('en_US',38,'Nebraska'),
('en_US',39,'Nevada'),
('en_US',40,'New Hampshire'),
('en_US',41,'New Jersey'),
('en_US',42,'New Mexico'),
('en_US',43,'New York'),
('en_US',44,'North Carolina'),
('en_US',45,'North Dakota'),
('en_US',46,'Northern Mariana Islands'),
('en_US',47,'Ohio'),
('en_US',48,'Oklahoma'),
('en_US',49,'Oregon'),
('en_US',50,'Palau'),
('en_US',51,'Pennsylvania'),
('en_US',52,'Puerto Rico'),
('en_US',53,'Rhode Island'),
('en_US',54,'South Carolina'),
('en_US',55,'South Dakota'),
('en_US',56,'Tennessee'),
('en_US',57,'Texas'),
('en_US',58,'Utah'),
('en_US',59,'Vermont'),
('en_US',60,'Virgin Islands'),
('en_US',61,'Virginia'),
('en_US',62,'Washington'),
('en_US',63,'West Virginia'),
('en_US',64,'Wisconsin'),
('en_US',65,'Wyoming'),
('en_US',66,'Alberta'),
('en_US',67,'British Columbia'),
('en_US',68,'Manitoba'),
('en_US',69,'Newfoundland and Labrador'),
('en_US',70,'New Brunswick'),
('en_US',71,'Nova Scotia'),
('en_US',72,'Northwest Territories'),
('en_US',73,'Nunavut'),
('en_US',74,'Ontario'),
('en_US',75,'Prince Edward Island'),
('en_US',76,'Quebec'),
('en_US',77,'Saskatchewan'),
('en_US',78,'Yukon Territory'),
('en_US',79,'Niedersachsen'),
('en_US',80,'Baden-Württemberg'),
('en_US',81,'Bayern'),
('en_US',82,'Berlin'),
('en_US',83,'Brandenburg'),
('en_US',84,'Bremen'),
('en_US',85,'Hamburg'),
('en_US',86,'Hessen'),
('en_US',87,'Mecklenburg-Vorpommern'),
('en_US',88,'Nordrhein-Westfalen'),
('en_US',89,'Rheinland-Pfalz'),
('en_US',90,'Saarland'),
('en_US',91,'Sachsen'),
('en_US',92,'Sachsen-Anhalt'),
('en_US',93,'Schleswig-Holstein'),
('en_US',94,'Thüringen'),
('en_US',95,'Wien'),
('en_US',96,'Niederösterreich'),
('en_US',97,'Oberösterreich'),
('en_US',98,'Salzburg'),
('en_US',99,'Kärnten'),
('en_US',100,'Steiermark'),
('en_US',101,'Tirol'),
('en_US',102,'Burgenland'),
('en_US',103,'Vorarlberg'),
('en_US',104,'Aargau'),
('en_US',105,'Appenzell Innerrhoden'),
('en_US',106,'Appenzell Ausserrhoden'),
('en_US',107,'Bern'),
('en_US',108,'Basel-Landschaft'),
('en_US',109,'Basel-Stadt'),
('en_US',110,'Friburg'),
('en_US',111,'Geneva'),
('en_US',112,'Glarus'),
('en_US',113,'Graubünden'),
('en_US',114,'Jura'),
('en_US',115,'Lucerne'),
('en_US',116,'Neuchâtel'),
('en_US',117,'Nidwalden'),
('en_US',118,'Obwalden'),
('en_US',119,'St. Gallen'),
('en_US',120,'Schaffhausen'),
('en_US',121,'Solothurn'),
('en_US',122,'Schwyz'),
('en_US',123,'Thurgau'),
('en_US',124,'Ticino'),
('en_US',125,'Uri'),
('en_US',126,'Vaud'),
('en_US',127,'Wallis'),
('en_US',128,'Zug'),
('en_US',129,'Zürich'),
('en_US',130,'A Coruña'),
('en_US',131,'Alava'),
('en_US',132,'Albacete'),
('en_US',133,'Alicante'),
('en_US',134,'Almeria'),
('en_US',135,'Asturias'),
('en_US',136,'Avila'),
('en_US',137,'Badajoz'),
('en_US',138,'Baleares'),
('en_US',139,'Barcelona'),
('en_US',140,'Burgos'),
('en_US',141,'Caceres'),
('en_US',142,'Cadiz'),
('en_US',143,'Cantabria'),
('en_US',144,'Castellon'),
('en_US',145,'Ceuta'),
('en_US',146,'Ciudad Real'),
('en_US',147,'Cordoba'),
('en_US',148,'Cuenca'),
('en_US',149,'Girona'),
('en_US',150,'Granada'),
('en_US',151,'Guadalajara'),
('en_US',152,'Guipuzcoa'),
('en_US',153,'Huelva'),
('en_US',154,'Huesca'),
('en_US',155,'Jaen'),
('en_US',156,'La Rioja'),
('en_US',157,'Las Palmas'),
('en_US',158,'Leon'),
('en_US',159,'Lleida'),
('en_US',160,'Lugo'),
('en_US',161,'Madrid'),
('en_US',162,'Malaga'),
('en_US',163,'Melilla'),
('en_US',164,'Murcia'),
('en_US',165,'Navarra'),
('en_US',166,'Ourense'),
('en_US',167,'Palencia'),
('en_US',168,'Pontevedra'),
('en_US',169,'Salamanca'),
('en_US',170,'Santa Cruz de Tenerife'),
('en_US',171,'Segovia'),
('en_US',172,'Sevilla'),
('en_US',173,'Soria'),
('en_US',174,'Tarragona'),
('en_US',175,'Teruel'),
('en_US',176,'Toledo'),
('en_US',177,'Valencia'),
('en_US',178,'Valladolid'),
('en_US',179,'Vizcaya'),
('en_US',180,'Zamora'),
('en_US',181,'Zaragoza'),
('en_US',182,'Ain'),
('en_US',183,'Aisne'),
('en_US',184,'Allier'),
('en_US',185,'Alpes-de-Haute-Provence'),
('en_US',186,'Hautes-Alpes'),
('en_US',187,'Alpes-Maritimes'),
('en_US',188,'Ardèche'),
('en_US',189,'Ardennes'),
('en_US',190,'Ariège'),
('en_US',191,'Aube'),
('en_US',192,'Aude'),
('en_US',193,'Aveyron'),
('en_US',194,'Bouches-du-Rhône'),
('en_US',195,'Calvados'),
('en_US',196,'Cantal'),
('en_US',197,'Charente'),
('en_US',198,'Charente-Maritime'),
('en_US',199,'Cher'),
('en_US',200,'Corrèze'),
('en_US',201,'Corse-du-Sud'),
('en_US',202,'Haute-Corse'),
('en_US',203,'Côte-d\'Or'),
('en_US',204,'Côtes-d\'Armor'),
('en_US',205,'Creuse'),
('en_US',206,'Dordogne'),
('en_US',207,'Doubs'),
('en_US',208,'Drôme'),
('en_US',209,'Eure'),
('en_US',210,'Eure-et-Loir'),
('en_US',211,'Finistère'),
('en_US',212,'Gard'),
('en_US',213,'Haute-Garonne'),
('en_US',214,'Gers'),
('en_US',215,'Gironde'),
('en_US',216,'Hérault'),
('en_US',217,'Ille-et-Vilaine'),
('en_US',218,'Indre'),
('en_US',219,'Indre-et-Loire'),
('en_US',220,'Isère'),
('en_US',221,'Jura'),
('en_US',222,'Landes'),
('en_US',223,'Loir-et-Cher'),
('en_US',224,'Loire'),
('en_US',225,'Haute-Loire'),
('en_US',226,'Loire-Atlantique'),
('en_US',227,'Loiret'),
('en_US',228,'Lot'),
('en_US',229,'Lot-et-Garonne'),
('en_US',230,'Lozère'),
('en_US',231,'Maine-et-Loire'),
('en_US',232,'Manche'),
('en_US',233,'Marne'),
('en_US',234,'Haute-Marne'),
('en_US',235,'Mayenne'),
('en_US',236,'Meurthe-et-Moselle'),
('en_US',237,'Meuse'),
('en_US',238,'Morbihan'),
('en_US',239,'Moselle'),
('en_US',240,'Nièvre'),
('en_US',241,'Nord'),
('en_US',242,'Oise'),
('en_US',243,'Orne'),
('en_US',244,'Pas-de-Calais'),
('en_US',245,'Puy-de-Dôme'),
('en_US',246,'Pyrénées-Atlantiques'),
('en_US',247,'Hautes-Pyrénées'),
('en_US',248,'Pyrénées-Orientales'),
('en_US',249,'Bas-Rhin'),
('en_US',250,'Haut-Rhin'),
('en_US',251,'Rhône'),
('en_US',252,'Haute-Saône'),
('en_US',253,'Saône-et-Loire'),
('en_US',254,'Sarthe'),
('en_US',255,'Savoie'),
('en_US',256,'Haute-Savoie'),
('en_US',257,'Paris'),
('en_US',258,'Seine-Maritime'),
('en_US',259,'Seine-et-Marne'),
('en_US',260,'Yvelines'),
('en_US',261,'Deux-Sèvres'),
('en_US',262,'Somme'),
('en_US',263,'Tarn'),
('en_US',264,'Tarn-et-Garonne'),
('en_US',265,'Var'),
('en_US',266,'Vaucluse'),
('en_US',267,'Vendée'),
('en_US',268,'Vienne'),
('en_US',269,'Haute-Vienne'),
('en_US',270,'Vosges'),
('en_US',271,'Yonne'),
('en_US',272,'Territoire-de-Belfort'),
('en_US',273,'Essonne'),
('en_US',274,'Hauts-de-Seine'),
('en_US',275,'Seine-Saint-Denis'),
('en_US',276,'Val-de-Marne'),
('en_US',277,'Val-d\'Oise'),
('en_US',278,'Alba'),
('en_US',279,'Arad'),
('en_US',280,'Argeş'),
('en_US',281,'Bacău'),
('en_US',282,'Bihor'),
('en_US',283,'Bistriţa-Năsăud'),
('en_US',284,'Botoşani'),
('en_US',285,'Braşov'),
('en_US',286,'Brăila'),
('en_US',287,'Bucureşti'),
('en_US',288,'Buzău'),
('en_US',289,'Caraş-Severin'),
('en_US',290,'Călăraşi'),
('en_US',291,'Cluj'),
('en_US',292,'Constanţa'),
('en_US',293,'Covasna'),
('en_US',294,'Dâmboviţa'),
('en_US',295,'Dolj'),
('en_US',296,'Galaţi'),
('en_US',297,'Giurgiu'),
('en_US',298,'Gorj'),
('en_US',299,'Harghita'),
('en_US',300,'Hunedoara'),
('en_US',301,'Ialomiţa'),
('en_US',302,'Iaşi'),
('en_US',303,'Ilfov'),
('en_US',304,'Maramureş'),
('en_US',305,'Mehedinţi'),
('en_US',306,'Mureş'),
('en_US',307,'Neamţ'),
('en_US',308,'Olt'),
('en_US',309,'Prahova'),
('en_US',310,'Satu-Mare'),
('en_US',311,'Sălaj'),
('en_US',312,'Sibiu'),
('en_US',313,'Suceava'),
('en_US',314,'Teleorman'),
('en_US',315,'Timiş'),
('en_US',316,'Tulcea'),
('en_US',317,'Vaslui'),
('en_US',318,'Vâlcea'),
('en_US',319,'Vrancea'),
('en_US',320,'Lappi'),
('en_US',321,'Pohjois-Pohjanmaa'),
('en_US',322,'Kainuu'),
('en_US',323,'Pohjois-Karjala'),
('en_US',324,'Pohjois-Savo'),
('en_US',325,'Etelä-Savo'),
('en_US',326,'Etelä-Pohjanmaa'),
('en_US',327,'Pohjanmaa'),
('en_US',328,'Pirkanmaa'),
('en_US',329,'Satakunta'),
('en_US',330,'Keski-Pohjanmaa'),
('en_US',331,'Keski-Suomi'),
('en_US',332,'Varsinais-Suomi'),
('en_US',333,'Etelä-Karjala'),
('en_US',334,'Päijät-Häme'),
('en_US',335,'Kanta-Häme'),
('en_US',336,'Uusimaa'),
('en_US',337,'Itä-Uusimaa'),
('en_US',338,'Kymenlaakso'),
('en_US',339,'Ahvenanmaa'),
('en_US',340,'Harjumaa'),
('en_US',341,'Hiiumaa'),
('en_US',342,'Ida-Virumaa'),
('en_US',343,'Jõgevamaa'),
('en_US',344,'Järvamaa'),
('en_US',345,'Läänemaa'),
('en_US',346,'Lääne-Virumaa'),
('en_US',347,'Põlvamaa'),
('en_US',348,'Pärnumaa'),
('en_US',349,'Raplamaa'),
('en_US',350,'Saaremaa'),
('en_US',351,'Tartumaa'),
('en_US',352,'Valgamaa'),
('en_US',353,'Viljandimaa'),
('en_US',354,'Võrumaa'),
('en_US',355,'Daugavpils'),
('en_US',356,'Jelgava'),
('en_US',357,'Jēkabpils'),
('en_US',358,'Jūrmala'),
('en_US',359,'Liepāja'),
('en_US',360,'Liepājas novads'),
('en_US',361,'Rēzekne'),
('en_US',362,'Rīga'),
('en_US',363,'Rīgas novads'),
('en_US',364,'Valmiera'),
('en_US',365,'Ventspils'),
('en_US',366,'Aglonas novads'),
('en_US',367,'Aizkraukles novads'),
('en_US',368,'Aizputes novads'),
('en_US',369,'Aknīstes novads'),
('en_US',370,'Alojas novads'),
('en_US',371,'Alsungas novads'),
('en_US',372,'Alūksnes novads'),
('en_US',373,'Amatas novads'),
('en_US',374,'Apes novads'),
('en_US',375,'Auces novads'),
('en_US',376,'Babītes novads'),
('en_US',377,'Baldones novads'),
('en_US',378,'Baltinavas novads'),
('en_US',379,'Balvu novads'),
('en_US',380,'Bauskas novads'),
('en_US',381,'Beverīnas novads'),
('en_US',382,'Brocēnu novads'),
('en_US',383,'Burtnieku novads'),
('en_US',384,'Carnikavas novads'),
('en_US',385,'Cesvaines novads'),
('en_US',386,'Ciblas novads'),
('en_US',387,'Cēsu novads'),
('en_US',388,'Dagdas novads'),
('en_US',389,'Daugavpils novads'),
('en_US',390,'Dobeles novads'),
('en_US',391,'Dundagas novads'),
('en_US',392,'Durbes novads'),
('en_US',393,'Engures novads'),
('en_US',394,'Garkalnes novads'),
('en_US',395,'Grobiņas novads'),
('en_US',396,'Gulbenes novads'),
('en_US',397,'Iecavas novads'),
('en_US',398,'Ikšķiles novads'),
('en_US',399,'Ilūkstes novads'),
('en_US',400,'Inčukalna novads'),
('en_US',401,'Jaunjelgavas novads'),
('en_US',402,'Jaunpiebalgas novads'),
('en_US',403,'Jaunpils novads'),
('en_US',404,'Jelgavas novads'),
('en_US',405,'Jēkabpils novads'),
('en_US',406,'Kandavas novads'),
('en_US',407,'Kokneses novads'),
('en_US',408,'Krimuldas novads'),
('en_US',409,'Krustpils novads'),
('en_US',410,'Krāslavas novads'),
('en_US',411,'Kuldīgas novads'),
('en_US',412,'Kārsavas novads'),
('en_US',413,'Lielvārdes novads'),
('en_US',414,'Limbažu novads'),
('en_US',415,'Lubānas novads'),
('en_US',416,'Ludzas novads'),
('en_US',417,'Līgatnes novads'),
('en_US',418,'Līvānu novads'),
('en_US',419,'Madonas novads'),
('en_US',420,'Mazsalacas novads'),
('en_US',421,'Mālpils novads'),
('en_US',422,'Mārupes novads'),
('en_US',423,'Naukšēnu novads'),
('en_US',424,'Neretas novads'),
('en_US',425,'Nīcas novads'),
('en_US',426,'Ogres novads'),
('en_US',427,'Olaines novads'),
('en_US',428,'Ozolnieku novads'),
('en_US',429,'Preiļu novads'),
('en_US',430,'Priekules novads'),
('en_US',431,'Priekuļu novads'),
('en_US',432,'Pārgaujas novads'),
('en_US',433,'Pāvilostas novads'),
('en_US',434,'Pļaviņu novads'),
('en_US',435,'Raunas novads'),
('en_US',436,'Riebiņu novads'),
('en_US',437,'Rojas novads'),
('en_US',438,'Ropažu novads'),
('en_US',439,'Rucavas novads'),
('en_US',440,'Rugāju novads'),
('en_US',441,'Rundāles novads'),
('en_US',442,'Rēzeknes novads'),
('en_US',443,'Rūjienas novads'),
('en_US',444,'Salacgrīvas novads'),
('en_US',445,'Salas novads'),
('en_US',446,'Salaspils novads'),
('en_US',447,'Saldus novads'),
('en_US',448,'Saulkrastu novads'),
('en_US',449,'Siguldas novads'),
('en_US',450,'Skrundas novads'),
('en_US',451,'Skrīveru novads'),
('en_US',452,'Smiltenes novads'),
('en_US',453,'Stopiņu novads'),
('en_US',454,'Strenču novads'),
('en_US',455,'Sējas novads'),
('en_US',456,'Talsu novads'),
('en_US',457,'Tukuma novads'),
('en_US',458,'Tērvetes novads'),
('en_US',459,'Vaiņodes novads'),
('en_US',460,'Valkas novads'),
('en_US',461,'Valmieras novads'),
('en_US',462,'Varakļānu novads'),
('en_US',463,'Vecpiebalgas novads'),
('en_US',464,'Vecumnieku novads'),
('en_US',465,'Ventspils novads'),
('en_US',466,'Viesītes novads'),
('en_US',467,'Viļakas novads'),
('en_US',468,'Viļānu novads'),
('en_US',469,'Vārkavas novads'),
('en_US',470,'Zilupes novads'),
('en_US',471,'Ādažu novads'),
('en_US',472,'Ērgļu novads'),
('en_US',473,'Ķeguma novads'),
('en_US',474,'Ķekavas novads'),
('en_US',475,'Alytaus Apskritis'),
('en_US',476,'Kauno Apskritis'),
('en_US',477,'Klaipėdos Apskritis'),
('en_US',478,'Marijampolės Apskritis'),
('en_US',479,'Panevėžio Apskritis'),
('en_US',480,'Šiaulių Apskritis'),
('en_US',481,'Tauragės Apskritis'),
('en_US',482,'Telšių Apskritis'),
('en_US',483,'Utenos Apskritis'),
('en_US',484,'Vilniaus Apskritis'),
('en_US',485,'Acre'),
('en_US',486,'Alagoas'),
('en_US',487,'Amapá'),
('en_US',488,'Amazonas'),
('en_US',489,'Bahia'),
('en_US',490,'Ceará'),
('en_US',491,'Espírito Santo'),
('en_US',492,'Goiás'),
('en_US',493,'Maranhão'),
('en_US',494,'Mato Grosso'),
('en_US',495,'Mato Grosso do Sul'),
('en_US',496,'Minas Gerais'),
('en_US',497,'Pará'),
('en_US',498,'Paraíba'),
('en_US',499,'Paraná'),
('en_US',500,'Pernambuco'),
('en_US',501,'Piauí'),
('en_US',502,'Rio de Janeiro'),
('en_US',503,'Rio Grande do Norte'),
('en_US',504,'Rio Grande do Sul'),
('en_US',505,'Rondônia'),
('en_US',506,'Roraima'),
('en_US',507,'Santa Catarina'),
('en_US',508,'São Paulo'),
('en_US',509,'Sergipe'),
('en_US',510,'Tocantins'),
('en_US',511,'Distrito Federal'),
('en_US',512,'Berat'),
('en_US',513,'Dibër'),
('en_US',514,'Durrës'),
('en_US',515,'Elbasan'),
('en_US',516,'Fier'),
('en_US',517,'Gjirokastër'),
('en_US',518,'Korçë'),
('en_US',519,'Kukës'),
('en_US',520,'Lezhë'),
('en_US',521,'Shkodër'),
('en_US',522,'Tiranë'),
('en_US',523,'Vlorë'),
('en_US',524,'Ciudad Autónoma de Buenos Aires'),
('en_US',525,'Buenos Aires'),
('en_US',526,'Catamarca'),
('en_US',527,'Chaco'),
('en_US',528,'Chubut'),
('en_US',529,'Córdoba'),
('en_US',530,'Corrientes'),
('en_US',531,'Entre Ríos'),
('en_US',532,'Formosa'),
('en_US',533,'Jujuy'),
('en_US',534,'La Pampa'),
('en_US',535,'La Rioja'),
('en_US',536,'Mendoza'),
('en_US',537,'Misiones'),
('en_US',538,'Neuquén'),
('en_US',539,'Río Negro'),
('en_US',540,'Salta'),
('en_US',541,'San Juan'),
('en_US',542,'San Luis'),
('en_US',543,'Santa Cruz'),
('en_US',544,'Santa Fe'),
('en_US',545,'Santiago del Estero'),
('en_US',546,'Tierra del Fuego'),
('en_US',547,'Tucumán'),
('en_US',548,'Zagrebačka županija'),
('en_US',549,'Krapinsko-zagorska županija'),
('en_US',550,'Sisačko-moslavačka županija'),
('en_US',551,'Karlovačka županija'),
('en_US',552,'Varaždinska županija'),
('en_US',553,'Koprivničko-križevačka županija'),
('en_US',554,'Bjelovarsko-bilogorska županija'),
('en_US',555,'Primorsko-goranska županija'),
('en_US',556,'Ličko-senjska županija'),
('en_US',557,'Virovitičko-podravska županija'),
('en_US',558,'Požeško-slavonska županija'),
('en_US',559,'Brodsko-posavska županija'),
('en_US',560,'Zadarska županija'),
('en_US',561,'Osječko-baranjska županija'),
('en_US',562,'Šibensko-kninska županija'),
('en_US',563,'Vukovarsko-srijemska županija'),
('en_US',564,'Splitsko-dalmatinska županija'),
('en_US',565,'Istarska županija'),
('en_US',566,'Dubrovačko-neretvanska županija'),
('en_US',567,'Međimurska županija'),
('en_US',568,'Grad Zagreb'),
('en_US',569,'Andaman and Nicobar Islands'),
('en_US',570,'Andhra Pradesh'),
('en_US',571,'Arunachal Pradesh'),
('en_US',572,'Assam'),
('en_US',573,'Bihar'),
('en_US',574,'Chandigarh'),
('en_US',575,'Chhattisgarh'),
('en_US',576,'Dadra and Nagar Haveli'),
('en_US',577,'Daman and Diu'),
('en_US',578,'Delhi'),
('en_US',579,'Goa'),
('en_US',580,'Gujarat'),
('en_US',581,'Haryana'),
('en_US',582,'Himachal Pradesh'),
('en_US',583,'Jammu and Kashmir'),
('en_US',584,'Jharkhand'),
('en_US',585,'Karnataka'),
('en_US',586,'Kerala'),
('en_US',587,'Lakshadweep'),
('en_US',588,'Madhya Pradesh'),
('en_US',589,'Maharashtra'),
('en_US',590,'Manipur'),
('en_US',591,'Meghalaya'),
('en_US',592,'Mizoram'),
('en_US',593,'Nagaland'),
('en_US',594,'Odisha'),
('en_US',595,'Puducherry'),
('en_US',596,'Punjab'),
('en_US',597,'Rajasthan'),
('en_US',598,'Sikkim'),
('en_US',599,'Tamil Nadu'),
('en_US',600,'Telangana'),
('en_US',601,'Tripura'),
('en_US',602,'Uttar Pradesh'),
('en_US',603,'Uttarakhand'),
('en_US',604,'West Bengal'),
('en_US',605,'Australian Capital Territory'),
('en_US',606,'New South Wales'),
('en_US',607,'Victoria'),
('en_US',608,'Queensland'),
('en_US',609,'South Australia'),
('en_US',610,'Tasmania'),
('en_US',611,'Western Australia'),
('en_US',612,'Northern Territory'),
('en_US',613,'Bresckaja voblasć'),
('en_US',614,'Homieĺskaja voblasć'),
('en_US',615,'Horad Minsk'),
('en_US',616,'Hrodzienskaja voblasć'),
('en_US',617,'Mahilioŭskaja voblasć'),
('en_US',618,'Minskaja voblasć'),
('en_US',619,'Viciebskaja voblasć'),
('en_US',620,'Antwerpen'),
('en_US',621,'Brabant wallon'),
('en_US',622,'Brussels-Capital Region'),
('en_US',623,'Hainaut'),
('en_US',624,'Limburg'),
('en_US',625,'Liège'),
('en_US',626,'Luxembourg'),
('en_US',627,'Namur'),
('en_US',628,'Oost-Vlaanderen'),
('en_US',629,'Vlaams-Brabant'),
('en_US',630,'West-Vlaanderen'),
('en_US',631,'Cochabamba'),
('en_US',632,'Chuquisaca'),
('en_US',633,'El Beni'),
('en_US',634,'La Paz'),
('en_US',635,'Oruro'),
('en_US',636,'Pando'),
('en_US',637,'Potosí'),
('en_US',638,'Santa Cruz'),
('en_US',639,'Tarija'),
('en_US',640,'Blagoevgrad'),
('en_US',641,'Burgas'),
('en_US',642,'Varna'),
('en_US',643,'Veliko Tarnovo'),
('en_US',644,'Vidin'),
('en_US',645,'Vratsa'),
('en_US',646,'Gabrovo'),
('en_US',647,'Dobrich'),
('en_US',648,'Kardzhali'),
('en_US',649,'Kyustendil'),
('en_US',650,'Lovech'),
('en_US',651,'Montana'),
('en_US',652,'Pazardzhik'),
('en_US',653,'Pernik'),
('en_US',654,'Pleven'),
('en_US',655,'Plovdiv'),
('en_US',656,'Razgrad'),
('en_US',657,'Ruse'),
('en_US',658,'Silistra'),
('en_US',659,'Sliven'),
('en_US',660,'Smolyan'),
('en_US',661,'Sofia City'),
('en_US',662,'Sofia Province'),
('en_US',663,'Stara Zagora'),
('en_US',664,'Targovishte'),
('en_US',665,'Haskovo'),
('en_US',666,'Shumen'),
('en_US',667,'Yambol'),
('en_US',668,'Aisén del General Carlos Ibañez del Campo'),
('en_US',669,'Antofagasta'),
('en_US',670,'Arica y Parinacota'),
('en_US',671,'La Araucanía'),
('en_US',672,'Atacama'),
('en_US',673,'Biobío'),
('en_US',674,'Coquimbo'),
('en_US',675,'Libertador General Bernardo O\'Higgins'),
('en_US',676,'Los Lagos'),
('en_US',677,'Los Ríos'),
('en_US',678,'Magallanes'),
('en_US',679,'Maule'),
('en_US',680,'Ñuble'),
('en_US',681,'Región Metropolitana de Santiago'),
('en_US',682,'Tarapacá'),
('en_US',683,'Valparaíso'),
('en_US',684,'Anhui Sheng'),
('en_US',685,'Beijing Shi'),
('en_US',686,'Chongqing Shi'),
('en_US',687,'Fujian Sheng'),
('en_US',688,'Gansu Sheng'),
('en_US',689,'Guangdong Sheng'),
('en_US',690,'Guangxi Zhuangzu Zizhiqu'),
('en_US',691,'Guizhou Sheng'),
('en_US',692,'Hainan Sheng'),
('en_US',693,'Hebei Sheng'),
('en_US',694,'Heilongjiang Sheng'),
('en_US',695,'Henan Sheng'),
('en_US',696,'Hong Kong SAR'),
('en_US',697,'Hubei Sheng'),
('en_US',698,'Hunan Sheng'),
('en_US',699,'Jiangsu Sheng'),
('en_US',700,'Jiangxi Sheng'),
('en_US',701,'Jilin Sheng'),
('en_US',702,'Liaoning Sheng'),
('en_US',703,'Macao SAR'),
('en_US',704,'Nei Mongol Zizhiqu'),
('en_US',705,'Ningxia Huizi Zizhiqu'),
('en_US',706,'Qinghai Sheng'),
('en_US',707,'Shaanxi Sheng'),
('en_US',708,'Shandong Sheng'),
('en_US',709,'Shanghai Shi'),
('en_US',710,'Shanxi Sheng'),
('en_US',711,'Sichuan Sheng'),
('en_US',712,'Taiwan Sheng'),
('en_US',713,'Tianjin Shi'),
('en_US',714,'Xinjiang Uygur Zizhiqu'),
('en_US',715,'Xizang Zizhiqu'),
('en_US',716,'Yunnan Sheng'),
('en_US',717,'Zhejiang Sheng'),
('en_US',718,'Amazonas'),
('en_US',719,'Antioquia'),
('en_US',720,'Arauca'),
('en_US',721,'Atlántico'),
('en_US',722,'Bolívar'),
('en_US',723,'Boyacá'),
('en_US',724,'Caldas'),
('en_US',725,'Caquetá'),
('en_US',726,'Casanare'),
('en_US',727,'Cauca'),
('en_US',728,'Cesar'),
('en_US',729,'Chocó'),
('en_US',730,'Córdoba'),
('en_US',731,'Cundinamarca'),
('en_US',732,'Guainía'),
('en_US',733,'Guaviare'),
('en_US',734,'Huila'),
('en_US',735,'La Guajira'),
('en_US',736,'Magdalena'),
('en_US',737,'Meta'),
('en_US',738,'Nariño'),
('en_US',739,'Norte de Santander'),
('en_US',740,'Putumayo'),
('en_US',741,'Quindío'),
('en_US',742,'Risaralda'),
('en_US',743,'San Andrés y Providencia'),
('en_US',744,'Santander'),
('en_US',745,'Sucre'),
('en_US',746,'Tolima'),
('en_US',747,'Valle del Cauca'),
('en_US',748,'Vaupés'),
('en_US',749,'Vichada'),
('en_US',750,'San José'),
('en_US',751,'Alajuela'),
('en_US',752,'Cartago'),
('en_US',753,'Heredia'),
('en_US',754,'Guanacaste'),
('en_US',755,'Puntarenas'),
('en_US',756,'Limón'),
('en_US',757,'Praha, Hlavní město'),
('en_US',758,'Středočeský kraj'),
('en_US',759,'Jihočeský kraj'),
('en_US',760,'Plzeňský kraj'),
('en_US',761,'Karlovarský kraj'),
('en_US',762,'Ústecký kraj'),
('en_US',763,'Liberecký kraj'),
('en_US',764,'Královéhradecký kraj'),
('en_US',765,'Pardubický kraj'),
('en_US',766,'Kraj Vysočina'),
('en_US',767,'Jihomoravský kraj'),
('en_US',768,'Olomoucký kraj'),
('en_US',769,'Zlínský kraj'),
('en_US',770,'Moravskoslezský kraj'),
('en_US',771,'Hovedstaden'),
('en_US',772,'Midtjylland'),
('en_US',773,'Nordjylland'),
('en_US',774,'Sjælland'),
('en_US',775,'Syddanmark'),
('en_US',776,'Azuay'),
('en_US',777,'Bolívar'),
('en_US',778,'Cañar'),
('en_US',779,'Carchi'),
('en_US',780,'Chimborazo'),
('en_US',781,'Cotopaxi'),
('en_US',782,'El Oro'),
('en_US',783,'Esmeraldas'),
('en_US',784,'Galápagos'),
('en_US',785,'Guayas'),
('en_US',786,'Imbabura'),
('en_US',787,'Loja'),
('en_US',788,'Los Ríos'),
('en_US',789,'Manabí'),
('en_US',790,'Morona Santiago'),
('en_US',791,'Napo'),
('en_US',792,'Orellana'),
('en_US',793,'Pastaza'),
('en_US',794,'Pichincha'),
('en_US',795,'Santa Elena'),
('en_US',796,'Santo Domingo de los Tsáchilas'),
('en_US',797,'Sucumbíos'),
('en_US',798,'Tungurahua'),
('en_US',799,'Zamora Chinchipe'),
('en_US',800,'Anatolikí Makedonía kai Thráki'),
('en_US',801,'Attikí'),
('en_US',802,'Dytikí Elláda'),
('en_US',803,'Dytikí Makedonía'),
('en_US',804,'Ionía Nísia'),
('en_US',805,'Ípeiros'),
('en_US',806,'Kentrikí Makedonía'),
('en_US',807,'Kríti'),
('en_US',808,'Nótio Aigaío'),
('en_US',809,'Pelopónnisos'),
('en_US',810,'Stereá Elláda'),
('en_US',811,'Thessalía'),
('en_US',812,'Vóreio Aigaío'),
('en_US',813,'Ágion Óros'),
('en_US',814,'Barima-Waini'),
('en_US',815,'Cuyuni-Mazaruni'),
('en_US',816,'Demerara-Mahaica'),
('en_US',817,'East Berbice-Corentyne'),
('en_US',818,'Essequibo Islands-West Demerara'),
('en_US',819,'Mahaica-Berbice'),
('en_US',820,'Pomeroon-Supenaam'),
('en_US',821,'Potaro-Siparuni'),
('en_US',822,'Upper Demerara-Berbice'),
('en_US',823,'Upper Takutu-Upper Essequibo'),
('en_US',824,'Höfuðborgarsvæði'),
('en_US',825,'Suðurnes'),
('en_US',826,'Vesturland'),
('en_US',827,'Vestfirðir'),
('en_US',828,'Norðurland vestra'),
('en_US',829,'Norðurland eystra'),
('en_US',830,'Austurland'),
('en_US',831,'Suðurland'),
('en_US',832,'Agrigento'),
('en_US',833,'Alessandria'),
('en_US',834,'Ancona'),
('en_US',835,'Aosta'),
('en_US',836,'L\'Aquila'),
('en_US',837,'Arezzo'),
('en_US',838,'Ascoli-Piceno'),
('en_US',839,'Asti'),
('en_US',840,'Avellino'),
('en_US',841,'Bari'),
('en_US',842,'Barletta-Andria-Trani'),
('en_US',843,'Belluno'),
('en_US',844,'Benevento'),
('en_US',845,'Bergamo'),
('en_US',846,'Biella'),
('en_US',847,'Bologna'),
('en_US',848,'Bolzano'),
('en_US',849,'Brescia'),
('en_US',850,'Brindisi'),
('en_US',851,'Cagliari'),
('en_US',852,'Caltanissetta'),
('en_US',853,'Campobasso'),
('en_US',854,'Carbonia Iglesias'),
('en_US',855,'Caserta'),
('en_US',856,'Catania'),
('en_US',857,'Catanzaro'),
('en_US',858,'Chieti'),
('en_US',859,'Como'),
('en_US',860,'Cosenza'),
('en_US',861,'Cremona'),
('en_US',862,'Crotone'),
('en_US',863,'Cuneo'),
('en_US',864,'Enna'),
('en_US',865,'Fermo'),
('en_US',866,'Ferrara'),
('en_US',867,'Firenze'),
('en_US',868,'Foggia'),
('en_US',869,'Forli-Cesena'),
('en_US',870,'Frosinone'),
('en_US',871,'Genova'),
('en_US',872,'Gorizia'),
('en_US',873,'Grosseto'),
('en_US',874,'Imperia'),
('en_US',875,'Isernia'),
('en_US',876,'La-Spezia'),
('en_US',877,'Latina'),
('en_US',878,'Lecce'),
('en_US',879,'Lecco'),
('en_US',880,'Livorno'),
('en_US',881,'Lodi'),
('en_US',882,'Lucca'),
('en_US',883,'Macerata'),
('en_US',884,'Mantova'),
('en_US',885,'Massa-Carrara'),
('en_US',886,'Matera'),
('en_US',887,'Medio Campidano'),
('en_US',888,'Messina'),
('en_US',889,'Milano'),
('en_US',890,'Modena'),
('en_US',891,'Monza-Brianza'),
('en_US',892,'Napoli'),
('en_US',893,'Novara'),
('en_US',894,'Nuoro'),
('en_US',895,'Ogliastra'),
('en_US',896,'Olbia Tempio'),
('en_US',897,'Oristano'),
('en_US',898,'Padova'),
('en_US',899,'Palermo'),
('en_US',900,'Parma'),
('en_US',901,'Pavia'),
('en_US',902,'Perugia'),
('en_US',903,'Pesaro-Urbino'),
('en_US',904,'Pescara'),
('en_US',905,'Piacenza'),
('en_US',906,'Pisa'),
('en_US',907,'Pistoia'),
('en_US',908,'Pordenone'),
('en_US',909,'Potenza'),
('en_US',910,'Prato'),
('en_US',911,'Ragusa'),
('en_US',912,'Ravenna'),
('en_US',913,'Reggio-Calabria'),
('en_US',914,'Reggio-Emilia'),
('en_US',915,'Rieti'),
('en_US',916,'Rimini'),
('en_US',917,'Roma'),
('en_US',918,'Rovigo'),
('en_US',919,'Salerno'),
('en_US',920,'Sassari'),
('en_US',921,'Savona'),
('en_US',922,'Siena'),
('en_US',923,'Siracusa'),
('en_US',924,'Sondrio'),
('en_US',925,'Taranto'),
('en_US',926,'Teramo'),
('en_US',927,'Terni'),
('en_US',928,'Torino'),
('en_US',929,'Trapani'),
('en_US',930,'Trento'),
('en_US',931,'Treviso'),
('en_US',932,'Trieste'),
('en_US',933,'Udine'),
('en_US',934,'Varese'),
('en_US',935,'Venezia'),
('en_US',936,'Verbania'),
('en_US',937,'Vercelli'),
('en_US',938,'Verona'),
('en_US',939,'Vibo-Valentia'),
('en_US',940,'Vicenza'),
('en_US',941,'Viterbo'),
('en_US',942,'Aguascalientes'),
('en_US',943,'Baja California'),
('en_US',944,'Baja California Sur'),
('en_US',945,'Campeche'),
('en_US',946,'Chiapas'),
('en_US',947,'Chihuahua'),
('en_US',948,'Ciudad de México'),
('en_US',949,'Coahuila'),
('en_US',950,'Colima'),
('en_US',951,'Durango'),
('en_US',952,'Estado de México'),
('en_US',953,'Guanajuato'),
('en_US',954,'Guerrero'),
('en_US',955,'Hidalgo'),
('en_US',956,'Jalisco'),
('en_US',957,'Michoacán'),
('en_US',958,'Morelos'),
('en_US',959,'Nayarit'),
('en_US',960,'Nuevo León'),
('en_US',961,'Oaxaca'),
('en_US',962,'Puebla'),
('en_US',963,'Querétaro'),
('en_US',964,'Quintana Roo'),
('en_US',965,'San Luis Potosí'),
('en_US',966,'Sinaloa'),
('en_US',967,'Sonora'),
('en_US',968,'Tabasco'),
('en_US',969,'Tamaulipas'),
('en_US',970,'Tlaxcala'),
('en_US',971,'Veracruz'),
('en_US',972,'Yucatán'),
('en_US',973,'Zacatecas'),
('en_US',974,'Asunción'),
('en_US',975,'Alto Paraguay'),
('en_US',976,'Alto Paraná'),
('en_US',977,'Amambay'),
('en_US',978,'Boquerón'),
('en_US',979,'Caaguazú'),
('en_US',980,'Caazapá'),
('en_US',981,'Canindeyú'),
('en_US',982,'Central'),
('en_US',983,'Concepción'),
('en_US',984,'Cordillera'),
('en_US',985,'Guairá'),
('en_US',986,'Itapúa'),
('en_US',987,'Misiones'),
('en_US',988,'Ñeembucú'),
('en_US',989,'Paraguarí'),
('en_US',990,'Presidente Hayes'),
('en_US',991,'San Pedro'),
('en_US',992,'Municipalidad Metropolitana de Lima'),
('en_US',993,'Amazonas'),
('en_US',994,'Ancash'),
('en_US',995,'Apurímac'),
('en_US',996,'Arequipa'),
('en_US',997,'Ayacucho'),
('en_US',998,'Cajamarca'),
('en_US',999,'Cusco'),
('en_US',1000,'El Callao'),
('en_US',1001,'Huancavelica'),
('en_US',1002,'Huánuco'),
('en_US',1003,'Ica'),
('en_US',1004,'Junín'),
('en_US',1005,'La Libertad'),
('en_US',1006,'Lambayeque'),
('en_US',1007,'Lima'),
('en_US',1008,'Loreto'),
('en_US',1009,'Madre de Dios'),
('en_US',1010,'Moquegua'),
('en_US',1011,'Pasco'),
('en_US',1012,'Piura'),
('en_US',1013,'Puno'),
('en_US',1014,'San Martín'),
('en_US',1015,'Tacna'),
('en_US',1016,'Tumbes'),
('en_US',1017,'Ucayali'),
('en_US',1018,'dolnośląskie'),
('en_US',1019,'kujawsko-pomorskie'),
('en_US',1020,'lubelskie'),
('en_US',1021,'lubuskie'),
('en_US',1022,'łódzkie'),
('en_US',1023,'małopolskie'),
('en_US',1024,'mazowieckie'),
('en_US',1025,'opolskie'),
('en_US',1026,'podkarpackie'),
('en_US',1027,'podlaskie'),
('en_US',1028,'pomorskie'),
('en_US',1029,'śląskie'),
('en_US',1030,'świętokrzyskie'),
('en_US',1031,'warmińsko-mazurskie'),
('en_US',1032,'wielkopolskie'),
('en_US',1033,'zachodniopomorskie'),
('en_US',1034,'Aveiro'),
('en_US',1035,'Beja'),
('en_US',1036,'Braga'),
('en_US',1037,'Bragança'),
('en_US',1038,'Castelo Branco'),
('en_US',1039,'Coimbra'),
('en_US',1040,'Évora'),
('en_US',1041,'Faro'),
('en_US',1042,'Guarda'),
('en_US',1043,'Leiria'),
('en_US',1044,'Lisboa'),
('en_US',1045,'Portalegre'),
('en_US',1046,'Porto'),
('en_US',1047,'Santarém'),
('en_US',1048,'Setúbal'),
('en_US',1049,'Viana do Castelo'),
('en_US',1050,'Vila Real'),
('en_US',1051,'Viseu'),
('en_US',1052,'Região Autónoma dos Açores'),
('en_US',1053,'Região Autónoma da Madeira'),
('en_US',1054,'Brokopondo'),
('en_US',1055,'Commewijne'),
('en_US',1056,'Coronie'),
('en_US',1057,'Marowijne'),
('en_US',1058,'Nickerie'),
('en_US',1059,'Para'),
('en_US',1060,'Paramaribo'),
('en_US',1061,'Saramacca'),
('en_US',1062,'Sipaliwini'),
('en_US',1063,'Wanica'),
('en_US',1064,'Blekinge län'),
('en_US',1065,'Dalarnas län'),
('en_US',1066,'Gotlands län'),
('en_US',1067,'Gävleborgs län'),
('en_US',1068,'Hallands län'),
('en_US',1069,'Jämtlands län'),
('en_US',1070,'Jönköpings län'),
('en_US',1071,'Kalmar län'),
('en_US',1072,'Kronobergs län'),
('en_US',1073,'Norrbottens län'),
('en_US',1074,'Skåne län'),
('en_US',1075,'Stockholms län'),
('en_US',1076,'Södermanlands län'),
('en_US',1077,'Uppsala län'),
('en_US',1078,'Värmlands län'),
('en_US',1079,'Västerbottens län'),
('en_US',1080,'Västernorrlands län'),
('en_US',1081,'Västmanlands län'),
('en_US',1082,'Västra Götalands län'),
('en_US',1083,'Örebro län'),
('en_US',1084,'Östergötlands län'),
('en_US',1085,'Cherkaska oblast'),
('en_US',1086,'Chernihivska oblast'),
('en_US',1087,'Chernivetska oblast'),
('en_US',1088,'Dnipropetrovska oblast'),
('en_US',1089,'Donetska oblast'),
('en_US',1090,'Ivano-Frankivska oblast'),
('en_US',1091,'Kharkivska oblast'),
('en_US',1092,'Khersonska oblast'),
('en_US',1093,'Khmelnytska oblast'),
('en_US',1094,'Kirovohradska oblast'),
('en_US',1095,'Kyivska oblast'),
('en_US',1096,'Luhanska oblast'),
('en_US',1097,'Lvivska oblast'),
('en_US',1098,'Mykolaivska oblast'),
('en_US',1099,'Odeska oblast'),
('en_US',1100,'Poltavska oblast'),
('en_US',1101,'Rivnenska oblast'),
('en_US',1102,'Sumska oblast'),
('en_US',1103,'Ternopilska oblast'),
('en_US',1104,'Vinnytska oblast'),
('en_US',1105,'Volynska oblast'),
('en_US',1106,'Zakarpatska oblast'),
('en_US',1107,'Zaporizka oblast'),
('en_US',1108,'Zhytomyrska oblast'),
('en_US',1109,'Avtonomna Respublika Krym'),
('en_US',1110,'Kyiv'),
('en_US',1111,'Sevastopol'),
('en_US',1112,'Artigas'),
('en_US',1113,'Canelones'),
('en_US',1114,'Cerro Largo'),
('en_US',1115,'Colonia'),
('en_US',1116,'Durazno'),
('en_US',1117,'Flores'),
('en_US',1118,'Florida'),
('en_US',1119,'Lavalleja'),
('en_US',1120,'Maldonado'),
('en_US',1121,'Montevideo'),
('en_US',1122,'Paysandu'),
('en_US',1123,'Río Negro'),
('en_US',1124,'Rivera'),
('en_US',1125,'Rocha'),
('en_US',1126,'Salto'),
('en_US',1127,'San José'),
('en_US',1128,'Soriano'),
('en_US',1129,'Tacuarembó'),
('en_US',1130,'Treinta y Tres'),
('en_US',1131,'Dependencias Federales'),
('en_US',1132,'Distrito Capital'),
('en_US',1133,'Amazonas'),
('en_US',1134,'Anzoátegui'),
('en_US',1135,'Apure'),
('en_US',1136,'Aragua'),
('en_US',1137,'Barinas'),
('en_US',1138,'Bolívar'),
('en_US',1139,'Carabobo'),
('en_US',1140,'Cojedes'),
('en_US',1141,'Delta Amacuro'),
('en_US',1142,'Falcón'),
('en_US',1143,'Guárico'),
('en_US',1144,'Lara'),
('en_US',1145,'Mérida'),
('en_US',1146,'Miranda'),
('en_US',1147,'Monagas'),
('en_US',1148,'Nueva Esparta'),
('en_US',1149,'Portuguesa'),
('en_US',1150,'Sucre'),
('en_US',1151,'Táchira'),
('en_US',1152,'Trujillo'),
('en_US',1153,'Vargas'),
('en_US',1154,'Yaracuy'),
('en_US',1155,'Zulia'),
('en_US',1156,'Ladakh');

--
-- Table structure for table `mgkz_directory_currency_rate`
--

CREATE TABLE `mgkz_directory_currency_rate` (
  `currency_from` varchar(3) NOT NULL COMMENT 'Currency Code Convert From',
  `currency_to` varchar(3) NOT NULL COMMENT 'Currency Code Convert To',
  `rate` decimal(24,12) NOT NULL DEFAULT 0.000000000000 COMMENT 'Currency Conversion Rate',
  PRIMARY KEY (`currency_from`,`currency_to`),
  KEY `MGKZ_DIRECTORY_CURRENCY_RATE_CURRENCY_TO` (`currency_to`)
) ENGINE=InnoDB DEFAULT CHARSET=utf8mb4 COLLATE=utf8mb4_general_ci COMMENT='Directory Currency Rate';

--
-- Dumping data for table `mgkz_directory_currency_rate`
--

INSERT INTO `mgkz_directory_currency_rate` VALUES
('EUR','EUR',1.000000000000),
('EUR','USD',1.415000000000),
('USD','EUR',0.706700000000),
('USD','USD',1.000000000000);

--
-- Table structure for table `mgkz_downloadable_link`
--

CREATE TABLE `mgkz_downloadable_link` (
  `link_id` int(10) unsigned NOT NULL AUTO_INCREMENT COMMENT 'Link ID',
  `product_id` int(10) unsigned NOT NULL DEFAULT 0 COMMENT 'Product ID',
  `sort_order` int(10) unsigned NOT NULL DEFAULT 0 COMMENT 'Sort order',
  `number_of_downloads` int(11) DEFAULT NULL COMMENT 'Number of downloads',
  `is_shareable` smallint(5) unsigned NOT NULL DEFAULT 0 COMMENT 'Shareable flag',
  `link_url` varchar(255) DEFAULT NULL COMMENT 'Link Url',
  `link_file` varchar(255) DEFAULT NULL COMMENT 'Link File',
  `link_type` varchar(20) DEFAULT NULL COMMENT 'Link Type',
  `sample_url` varchar(255) DEFAULT NULL COMMENT 'Sample Url',
  `sample_file` varchar(255) DEFAULT NULL COMMENT 'Sample File',
  `sample_type` varchar(20) DEFAULT NULL COMMENT 'Sample Type',
  PRIMARY KEY (`link_id`),
  KEY `MGKZ_DOWNLOADABLE_LINK_PRODUCT_ID_SORT_ORDER` (`product_id`,`sort_order`),
  CONSTRAINT `MGKZ_DL_LNK_PRD_ID_MGKZ_CAT_PRD_ENTT_ENTT_ID` FOREIGN KEY (`product_id`) REFERENCES `mgkz_catalog_product_entity` (`entity_id`) ON DELETE CASCADE
) ENGINE=InnoDB DEFAULT CHARSET=utf8mb4 COLLATE=utf8mb4_general_ci COMMENT='Downloadable Link Table';

--
-- Dumping data for table `mgkz_downloadable_link`
--


--
-- Table structure for table `mgkz_downloadable_link_price`
--

CREATE TABLE `mgkz_downloadable_link_price` (
  `price_id` int(10) unsigned NOT NULL AUTO_INCREMENT COMMENT 'Price ID',
  `link_id` int(10) unsigned NOT NULL DEFAULT 0 COMMENT 'Link ID',
  `website_id` smallint(5) unsigned NOT NULL DEFAULT 0 COMMENT 'Website ID',
  `price` decimal(20,6) NOT NULL DEFAULT 0.000000 COMMENT 'Price',
  PRIMARY KEY (`price_id`),
  KEY `MGKZ_DOWNLOADABLE_LINK_PRICE_LINK_ID` (`link_id`),
  KEY `MGKZ_DOWNLOADABLE_LINK_PRICE_WEBSITE_ID` (`website_id`),
  CONSTRAINT `MGKZ_DL_LNK_PRICE_LNK_ID_MGKZ_DL_LNK_LNK_ID` FOREIGN KEY (`link_id`) REFERENCES `mgkz_downloadable_link` (`link_id`) ON DELETE CASCADE,
  CONSTRAINT `MGKZ_DL_LNK_PRICE_WS_ID_MGKZ_STORE_WS_WS_ID` FOREIGN KEY (`website_id`) REFERENCES `mgkz_store_website` (`website_id`) ON DELETE CASCADE
) ENGINE=InnoDB DEFAULT CHARSET=utf8mb4 COLLATE=utf8mb4_general_ci COMMENT='Downloadable Link Price Table';

--
-- Dumping data for table `mgkz_downloadable_link_price`
--


--
-- Table structure for table `mgkz_downloadable_link_purchased`
--

CREATE TABLE `mgkz_downloadable_link_purchased` (
  `purchased_id` int(10) unsigned NOT NULL AUTO_INCREMENT COMMENT 'Purchased ID',
  `order_id` int(10) unsigned DEFAULT 0 COMMENT 'Order ID',
  `order_increment_id` varchar(50) DEFAULT NULL COMMENT 'Order Increment ID',
  `order_item_id` int(10) unsigned NOT NULL DEFAULT 0 COMMENT 'Order Item ID',
  `created_at` timestamp NOT NULL DEFAULT current_timestamp() COMMENT 'Date of creation',
  `updated_at` timestamp NOT NULL DEFAULT current_timestamp() ON UPDATE current_timestamp() COMMENT 'Date of modification',
  `customer_id` int(10) unsigned DEFAULT 0 COMMENT 'Customer ID',
  `product_name` varchar(255) DEFAULT NULL COMMENT 'Product name',
  `product_sku` varchar(255) DEFAULT NULL COMMENT 'Product sku',
  `link_section_title` varchar(255) DEFAULT NULL COMMENT 'Link_section_title',
  PRIMARY KEY (`purchased_id`),
  KEY `MGKZ_DOWNLOADABLE_LINK_PURCHASED_ORDER_ID` (`order_id`),
  KEY `MGKZ_DOWNLOADABLE_LINK_PURCHASED_ORDER_ITEM_ID` (`order_item_id`),
  KEY `MGKZ_DOWNLOADABLE_LINK_PURCHASED_CUSTOMER_ID` (`customer_id`),
  CONSTRAINT `MGKZ_DL_LNK_PURCHASED_CSTR_ID_MGKZ_CSTR_ENTT_ENTT_ID` FOREIGN KEY (`customer_id`) REFERENCES `mgkz_customer_entity` (`entity_id`) ON DELETE SET NULL,
  CONSTRAINT `MGKZ_DL_LNK_PURCHASED_ORDER_ID_MGKZ_SALES_ORDER_ENTT_ID` FOREIGN KEY (`order_id`) REFERENCES `mgkz_sales_order` (`entity_id`) ON DELETE SET NULL
) ENGINE=InnoDB DEFAULT CHARSET=utf8mb4 COLLATE=utf8mb4_general_ci COMMENT='Downloadable Link Purchased Table';

--
-- Dumping data for table `mgkz_downloadable_link_purchased`
--


--
-- Table structure for table `mgkz_downloadable_link_purchased_item`
--

CREATE TABLE `mgkz_downloadable_link_purchased_item` (
  `item_id` int(10) unsigned NOT NULL AUTO_INCREMENT COMMENT 'Item ID',
  `purchased_id` int(10) unsigned NOT NULL DEFAULT 0 COMMENT 'Purchased ID',
  `order_item_id` int(10) unsigned DEFAULT 0 COMMENT 'Order Item ID',
  `product_id` int(10) unsigned DEFAULT 0 COMMENT 'Product ID',
  `link_hash` varchar(255) DEFAULT NULL COMMENT 'Link hash',
  `number_of_downloads_bought` int(10) unsigned NOT NULL DEFAULT 0 COMMENT 'Number of downloads bought',
  `number_of_downloads_used` int(10) unsigned NOT NULL DEFAULT 0 COMMENT 'Number of downloads used',
  `link_id` int(10) unsigned NOT NULL DEFAULT 0 COMMENT 'Link ID',
  `link_title` varchar(255) DEFAULT NULL COMMENT 'Link Title',
  `is_shareable` smallint(5) unsigned NOT NULL DEFAULT 0 COMMENT 'Shareable Flag',
  `link_url` varchar(255) DEFAULT NULL COMMENT 'Link Url',
  `link_file` varchar(255) DEFAULT NULL COMMENT 'Link File',
  `link_type` varchar(255) DEFAULT NULL COMMENT 'Link Type',
  `status` varchar(50) DEFAULT NULL COMMENT 'Status',
  `created_at` timestamp NOT NULL DEFAULT current_timestamp() COMMENT 'Creation Time',
  `updated_at` timestamp NOT NULL DEFAULT current_timestamp() ON UPDATE current_timestamp() COMMENT 'Update Time',
  PRIMARY KEY (`item_id`),
  KEY `MGKZ_DOWNLOADABLE_LINK_PURCHASED_ITEM_LINK_HASH` (`link_hash`),
  KEY `MGKZ_DOWNLOADABLE_LINK_PURCHASED_ITEM_ORDER_ITEM_ID` (`order_item_id`),
  KEY `MGKZ_DOWNLOADABLE_LINK_PURCHASED_ITEM_PURCHASED_ID` (`purchased_id`),
  CONSTRAINT `FK_07F839269D095C1309A020A98C1D0EBC` FOREIGN KEY (`order_item_id`) REFERENCES `mgkz_sales_order_item` (`item_id`) ON DELETE SET NULL,
  CONSTRAINT `FK_ADF74E486D2D7327FFF488CA2748FC1B` FOREIGN KEY (`purchased_id`) REFERENCES `mgkz_downloadable_link_purchased` (`purchased_id`) ON DELETE CASCADE
) ENGINE=InnoDB DEFAULT CHARSET=utf8mb4 COLLATE=utf8mb4_general_ci COMMENT='Downloadable Link Purchased Item Table';

--
-- Dumping data for table `mgkz_downloadable_link_purchased_item`
--


--
-- Table structure for table `mgkz_downloadable_link_title`
--

CREATE TABLE `mgkz_downloadable_link_title` (
  `title_id` int(10) unsigned NOT NULL AUTO_INCREMENT COMMENT 'Title ID',
  `link_id` int(10) unsigned NOT NULL DEFAULT 0 COMMENT 'Link ID',
  `store_id` smallint(5) unsigned NOT NULL DEFAULT 0 COMMENT 'Store ID',
  `title` varchar(255) DEFAULT NULL COMMENT 'Title',
  PRIMARY KEY (`title_id`),
  UNIQUE KEY `MGKZ_DOWNLOADABLE_LINK_TITLE_LINK_ID_STORE_ID` (`link_id`,`store_id`),
  KEY `MGKZ_DOWNLOADABLE_LINK_TITLE_STORE_ID` (`store_id`),
  CONSTRAINT `MGKZ_DL_LNK_TTL_LNK_ID_MGKZ_DL_LNK_LNK_ID` FOREIGN KEY (`link_id`) REFERENCES `mgkz_downloadable_link` (`link_id`) ON DELETE CASCADE,
  CONSTRAINT `MGKZ_DOWNLOADABLE_LINK_TITLE_STORE_ID_MGKZ_STORE_STORE_ID` FOREIGN KEY (`store_id`) REFERENCES `mgkz_store` (`store_id`) ON DELETE CASCADE
) ENGINE=InnoDB DEFAULT CHARSET=utf8mb4 COLLATE=utf8mb4_general_ci COMMENT='Link Title Table';

--
-- Dumping data for table `mgkz_downloadable_link_title`
--


--
-- Table structure for table `mgkz_downloadable_sample`
--

CREATE TABLE `mgkz_downloadable_sample` (
  `sample_id` int(10) unsigned NOT NULL AUTO_INCREMENT COMMENT 'Sample ID',
  `product_id` int(10) unsigned NOT NULL DEFAULT 0 COMMENT 'Product ID',
  `sample_url` varchar(255) DEFAULT NULL COMMENT 'Sample URL',
  `sample_file` varchar(255) DEFAULT NULL COMMENT 'Sample file',
  `sample_type` varchar(20) DEFAULT NULL COMMENT 'Sample Type',
  `sort_order` int(10) unsigned NOT NULL DEFAULT 0 COMMENT 'Sort Order',
  PRIMARY KEY (`sample_id`),
  KEY `MGKZ_DOWNLOADABLE_SAMPLE_PRODUCT_ID` (`product_id`),
  CONSTRAINT `MGKZ_DL_SAMPLE_PRD_ID_MGKZ_CAT_PRD_ENTT_ENTT_ID` FOREIGN KEY (`product_id`) REFERENCES `mgkz_catalog_product_entity` (`entity_id`) ON DELETE CASCADE
) ENGINE=InnoDB DEFAULT CHARSET=utf8mb4 COLLATE=utf8mb4_general_ci COMMENT='Downloadable Sample Table';

--
-- Dumping data for table `mgkz_downloadable_sample`
--


--
-- Table structure for table `mgkz_downloadable_sample_title`
--

CREATE TABLE `mgkz_downloadable_sample_title` (
  `title_id` int(10) unsigned NOT NULL AUTO_INCREMENT COMMENT 'Title ID',
  `sample_id` int(10) unsigned NOT NULL DEFAULT 0 COMMENT 'Sample ID',
  `store_id` smallint(5) unsigned NOT NULL DEFAULT 0 COMMENT 'Store ID',
  `title` varchar(255) DEFAULT NULL COMMENT 'Title',
  PRIMARY KEY (`title_id`),
  UNIQUE KEY `MGKZ_DOWNLOADABLE_SAMPLE_TITLE_SAMPLE_ID_STORE_ID` (`sample_id`,`store_id`),
  KEY `MGKZ_DOWNLOADABLE_SAMPLE_TITLE_STORE_ID` (`store_id`),
  CONSTRAINT `MGKZ_DL_SAMPLE_TTL_SAMPLE_ID_MGKZ_DL_SAMPLE_SAMPLE_ID` FOREIGN KEY (`sample_id`) REFERENCES `mgkz_downloadable_sample` (`sample_id`) ON DELETE CASCADE,
  CONSTRAINT `MGKZ_DOWNLOADABLE_SAMPLE_TITLE_STORE_ID_MGKZ_STORE_STORE_ID` FOREIGN KEY (`store_id`) REFERENCES `mgkz_store` (`store_id`) ON DELETE CASCADE
) ENGINE=InnoDB DEFAULT CHARSET=utf8mb4 COLLATE=utf8mb4_general_ci COMMENT='Downloadable Sample Title Table';

--
-- Dumping data for table `mgkz_downloadable_sample_title`
--


--
-- Table structure for table `mgkz_eav_attribute`
--

CREATE TABLE `mgkz_eav_attribute` (
  `attribute_id` smallint(5) unsigned NOT NULL AUTO_INCREMENT COMMENT 'Attribute ID',
  `entity_type_id` smallint(5) unsigned NOT NULL DEFAULT 0 COMMENT 'Entity Type ID',
  `attribute_code` varchar(255) NOT NULL COMMENT 'Attribute Code',
  `attribute_model` varchar(255) DEFAULT NULL COMMENT 'Attribute Model',
  `backend_model` varchar(255) DEFAULT NULL COMMENT 'Backend Model',
  `backend_type` varchar(8) NOT NULL DEFAULT 'static' COMMENT 'Backend Type',
  `backend_table` varchar(255) DEFAULT NULL COMMENT 'Backend Table',
  `frontend_model` varchar(255) DEFAULT NULL COMMENT 'Frontend Model',
  `frontend_input` varchar(50) DEFAULT NULL COMMENT 'Frontend Input',
  `frontend_label` varchar(255) DEFAULT NULL COMMENT 'Frontend Label',
  `frontend_class` varchar(255) DEFAULT NULL COMMENT 'Frontend Class',
  `source_model` varchar(255) DEFAULT NULL COMMENT 'Source Model',
  `is_required` smallint(5) unsigned NOT NULL DEFAULT 0 COMMENT 'Defines Is Required',
  `is_user_defined` smallint(5) unsigned NOT NULL DEFAULT 0 COMMENT 'Defines Is User Defined',
  `default_value` text DEFAULT NULL COMMENT 'Default Value',
  `is_unique` smallint(5) unsigned NOT NULL DEFAULT 0 COMMENT 'Defines Is Unique',
  `note` varchar(255) DEFAULT NULL COMMENT 'Note',
  PRIMARY KEY (`attribute_id`),
  UNIQUE KEY `MGKZ_EAV_ATTRIBUTE_ENTITY_TYPE_ID_ATTRIBUTE_CODE` (`entity_type_id`,`attribute_code`),
  KEY `MGKZ_EAV_ATTRIBUTE_FRONTEND_INPUT_ENTITY_TYPE_ID_IS_USER_DEFINED` (`frontend_input`,`entity_type_id`,`is_user_defined`),
  CONSTRAINT `MGKZ_EAV_ATTR_ENTT_TYPE_ID_MGKZ_EAV_ENTT_TYPE_ENTT_TYPE_ID` FOREIGN KEY (`entity_type_id`) REFERENCES `mgkz_eav_entity_type` (`entity_type_id`) ON DELETE CASCADE
) ENGINE=InnoDB AUTO_INCREMENT=157 DEFAULT CHARSET=utf8mb4 COLLATE=utf8mb4_general_ci COMMENT='Eav Attribute';

--
-- Dumping data for table `mgkz_eav_attribute`
--



--
-- Table structure for table `mgkz_eav_attribute_group`
--

CREATE TABLE `mgkz_eav_attribute_group` (
  `attribute_group_id` smallint(5) unsigned NOT NULL AUTO_INCREMENT COMMENT 'Attribute Group ID',
  `attribute_set_id` smallint(5) unsigned NOT NULL DEFAULT 0 COMMENT 'Attribute Set ID',
  `attribute_group_name` varchar(255) DEFAULT NULL COMMENT 'Attribute Group Name',
  `sort_order` smallint(6) NOT NULL DEFAULT 0 COMMENT 'Sort Order',
  `default_id` smallint(5) unsigned DEFAULT 0 COMMENT 'Default ID',
  `attribute_group_code` varchar(255) NOT NULL COMMENT 'Attribute Group Code',
  `tab_group_code` varchar(255) DEFAULT NULL COMMENT 'Tab Group Code',
  PRIMARY KEY (`attribute_group_id`),
  UNIQUE KEY `MGKZ_EAV_ATTRIBUTE_GROUP_ATTRIBUTE_SET_ID_ATTRIBUTE_GROUP_CODE` (`attribute_set_id`,`attribute_group_code`),
  UNIQUE KEY `MGKZ_EAV_ATTRIBUTE_GROUP_ATTRIBUTE_SET_ID_ATTRIBUTE_GROUP_NAME` (`attribute_set_id`,`attribute_group_name`),
  KEY `MGKZ_EAV_ATTRIBUTE_GROUP_ATTRIBUTE_SET_ID_SORT_ORDER` (`attribute_set_id`,`sort_order`),
  CONSTRAINT `MGKZ_EAV_ATTR_GROUP_ATTR_SET_ID_MGKZ_EAV_ATTR_SET_ATTR_SET_ID` FOREIGN KEY (`attribute_set_id`) REFERENCES `mgkz_eav_attribute_set` (`attribute_set_id`) ON DELETE CASCADE
) ENGINE=InnoDB AUTO_INCREMENT=91 DEFAULT CHARSET=utf8mb4 COLLATE=utf8mb4_general_ci COMMENT='Eav Attribute Group';

--
-- Dumping data for table `mgkz_eav_attribute_group`
--

INSERT INTO `mgkz_eav_attribute_group` VALUES
(1,1,'General',1,1,'general',NULL),
(2,2,'General',1,1,'general',NULL),
(3,3,'General',10,1,'general',NULL),
(4,3,'General Information',2,0,'general-information',NULL),
(5,3,'Display Settings',20,0,'display-settings',NULL),
(6,3,'Custom Design',30,0,'custom-design',NULL),
(7,4,'Product Details',10,1,'product-details','basic'),
(8,4,'Advanced Pricing',40,0,'advanced-pricing','advanced'),
(9,4,'Search Engine Optimization',30,0,'search-engine-optimization','basic'),
(10,4,'Images',20,0,'image-management','basic'),
(11,4,'Design',50,0,'design','advanced'),
(12,4,'Autosettings',60,0,'autosettings','advanced'),
(13,4,'Content',15,0,'content','basic'),
(14,4,'Schedule Design Update',55,0,'schedule-design-update','advanced'),
(15,4,'Bundle Items',16,0,'bundle-items',NULL),
(16,5,'General',1,1,'general',NULL),
(17,6,'General',1,1,'general',NULL),
(18,7,'General',1,1,'general',NULL),
(19,8,'General',1,1,'general',NULL),
(20,9,'Autosettings',60,0,'autosettings','advanced'),
(21,9,'Schedule Design Update',55,0,'schedule-design-update','advanced'),
(22,9,'Design',50,0,'design','advanced'),
(23,9,'Advanced Pricing',40,0,'advanced-pricing','advanced'),
(24,9,'Search Engine Optimization',30,0,'search-engine-optimization','basic'),
(25,9,'Images',20,0,'image-management','basic'),
(26,9,'Bundle Items',16,0,'bundle-items',NULL),
(27,9,'Content',15,0,'content','basic'),
(28,9,'Product Details',10,1,'product-details','basic'),
(29,10,'Autosettings',60,0,'autosettings','advanced'),
(30,10,'Schedule Design Update',55,0,'schedule-design-update','advanced'),
(31,10,'Design',50,0,'design','advanced'),
(32,10,'Advanced Pricing',40,0,'advanced-pricing','advanced'),
(33,10,'Search Engine Optimization',30,0,'search-engine-optimization','basic'),
(34,10,'Images',20,0,'image-management','basic'),
(35,10,'Bundle Items',16,0,'bundle-items',NULL),
(36,10,'Content',15,0,'content','basic'),
(37,10,'Product Details',10,1,'product-details','basic'),
(38,11,'Autosettings',60,0,'autosettings','advanced'),
(39,11,'Schedule Design Update',55,0,'schedule-design-update','advanced'),
(40,11,'Design',50,0,'design','advanced'),
(41,11,'Advanced Pricing',40,0,'advanced-pricing','advanced'),
(42,11,'Search Engine Optimization',30,0,'search-engine-optimization','basic'),
(43,11,'Images',20,0,'image-management','basic'),
(44,11,'Bundle Items',16,0,'bundle-items',NULL),
(45,11,'Content',15,0,'content','basic'),
(46,11,'Product Details',10,1,'product-details','basic'),
(47,12,'Autosettings',60,0,'autosettings','advanced'),
(48,12,'Schedule Design Update',55,0,'schedule-design-update','advanced'),
(49,12,'Design',50,0,'design','advanced'),
(50,12,'Advanced Pricing',40,0,'advanced-pricing','advanced'),
(51,12,'Search Engine Optimization',30,0,'search-engine-optimization','basic'),
(52,12,'Images',20,0,'image-management','basic'),
(53,12,'Bundle Items',16,0,'bundle-items',NULL),
(54,12,'Content',15,0,'content','basic'),
(55,12,'Product Details',10,1,'product-details','basic'),
(56,13,'Autosettings',60,0,'autosettings','advanced'),
(57,13,'Schedule Design Update',55,0,'schedule-design-update','advanced'),
(58,13,'Design',50,0,'design','advanced'),
(59,13,'Advanced Pricing',40,0,'advanced-pricing','advanced'),
(60,13,'Search Engine Optimization',30,0,'search-engine-optimization','basic'),
(61,13,'Images',20,0,'image-management','basic'),
(62,13,'Bundle Items',16,0,'bundle-items',NULL),
(63,13,'Content',15,0,'content','basic'),
(64,13,'Product Details',10,1,'product-details','basic'),
(65,14,'Autosettings',60,0,'autosettings','advanced'),
(66,14,'Schedule Design Update',55,0,'schedule-design-update','advanced'),
(67,14,'Design',50,0,'design','advanced'),
(68,14,'Advanced Pricing',40,0,'advanced-pricing','advanced'),
(69,14,'Search Engine Optimization',30,0,'search-engine-optimization','basic'),
(70,14,'Images',20,0,'image-management','basic'),
(71,14,'Bundle Items',16,0,'bundle-items',NULL),
(72,14,'Content',15,0,'content','basic'),
(73,14,'Product Details',10,1,'product-details','basic'),
(74,15,'Autosettings',60,0,'autosettings','advanced'),
(75,15,'Schedule Design Update',55,0,'schedule-design-update','advanced'),
(76,15,'Design',50,0,'design','advanced'),
(77,15,'Advanced Pricing',40,0,'advanced-pricing','advanced'),
(78,15,'Search Engine Optimization',30,0,'search-engine-optimization','basic'),
(79,15,'Images',20,0,'image-management','basic'),
(80,15,'Bundle Items',16,0,'bundle-items',NULL),
(81,15,'Content',15,0,'content','basic'),
(82,15,'Product Details',10,1,'product-details','basic'),
(83,15,'Gift Options',61,0,'gift-options',NULL),
(84,10,'Gift Options',61,0,'gift-options',NULL),
(85,4,'Gift Options',61,0,'gift-options',NULL),
(86,14,'Gift Options',61,0,'gift-options',NULL),
(87,11,'Gift Options',61,0,'gift-options',NULL),
(88,12,'Gift Options',61,0,'gift-options',NULL),
(89,13,'Gift Options',61,0,'gift-options',NULL),
(90,9,'Gift Options',61,0,'gift-options',NULL);

--
-- Table structure for table `mgkz_eav_attribute_label`
--

CREATE TABLE `mgkz_eav_attribute_label` (
  `attribute_label_id` int(10) unsigned NOT NULL AUTO_INCREMENT COMMENT 'Attribute Label ID',
  `attribute_id` smallint(5) unsigned NOT NULL DEFAULT 0 COMMENT 'Attribute ID',
  `store_id` smallint(5) unsigned NOT NULL DEFAULT 0 COMMENT 'Store ID',
  `value` varchar(255) DEFAULT NULL COMMENT 'Value',
  PRIMARY KEY (`attribute_label_id`),
  KEY `MGKZ_EAV_ATTRIBUTE_LABEL_STORE_ID` (`store_id`),
  KEY `MGKZ_EAV_ATTRIBUTE_LABEL_ATTRIBUTE_ID_STORE_ID` (`attribute_id`,`store_id`),
  CONSTRAINT `MGKZ_EAV_ATTRIBUTE_LABEL_STORE_ID_MGKZ_STORE_STORE_ID` FOREIGN KEY (`store_id`) REFERENCES `mgkz_store` (`store_id`) ON DELETE CASCADE,
  CONSTRAINT `MGKZ_EAV_ATTR_LBL_ATTR_ID_MGKZ_EAV_ATTR_ATTR_ID` FOREIGN KEY (`attribute_id`) REFERENCES `mgkz_eav_attribute` (`attribute_id`) ON DELETE CASCADE
) ENGINE=InnoDB AUTO_INCREMENT=18 DEFAULT CHARSET=utf8mb4 COLLATE=utf8mb4_general_ci COMMENT='Eav Attribute Label';

--
-- Dumping data for table `mgkz_eav_attribute_label`
--

INSERT INTO `mgkz_eav_attribute_label` VALUES
(2,136,1,'Style'),
(6,141,1,'Category'),
(11,150,1,'Style'),
(13,151,1,'Style'),
(17,142,1,'Size');

--
-- Table structure for table `mgkz_eav_attribute_option`
--

CREATE TABLE `mgkz_eav_attribute_option` (
  `option_id` int(10) unsigned NOT NULL AUTO_INCREMENT COMMENT 'Option ID',
  `attribute_id` smallint(5) unsigned NOT NULL DEFAULT 0 COMMENT 'Attribute ID',
  `sort_order` smallint(5) unsigned NOT NULL DEFAULT 0 COMMENT 'Sort Order',
  PRIMARY KEY (`option_id`),
  KEY `MGKZ_EAV_ATTRIBUTE_OPTION_ATTRIBUTE_ID` (`attribute_id`),
  CONSTRAINT `MGKZ_EAV_ATTR_OPT_ATTR_ID_MGKZ_EAV_ATTR_ATTR_ID` FOREIGN KEY (`attribute_id`) REFERENCES `mgkz_eav_attribute` (`attribute_id`) ON DELETE CASCADE
) ENGINE=InnoDB AUTO_INCREMENT=212 DEFAULT CHARSET=utf8mb4 COLLATE=utf8mb4_general_ci COMMENT='Eav Attribute Option';

--
-- Dumping data for table `mgkz_eav_attribute_option`
--

INSERT INTO `mgkz_eav_attribute_option` VALUES
(1,20,0),
(2,20,1),
(3,20,3),
(4,135,0),
(5,135,1),
(6,135,2),
(7,135,3),
(8,135,4),
(9,135,5),
(10,135,6),
(11,135,7),
(12,135,8),
(13,135,9),
(14,135,10),
(15,135,11),
(16,135,12),
(17,135,13),
(18,135,14),
(19,135,15),
(20,135,16),
(21,135,17),
(22,135,18),
(23,135,19),
(24,136,0),
(25,136,1),
(26,136,2),
(27,136,3),
(28,136,4),
(29,136,5),
(30,136,6),
(31,137,0),
(32,137,1),
(33,137,2),
(34,137,3),
(35,137,4),
(36,137,5),
(37,137,6),
(38,137,7),
(39,137,8),
(40,137,9),
(41,137,10),
(42,137,11),
(43,137,12),
(44,137,13),
(45,137,14),
(46,137,15),
(47,137,16),
(48,137,17),
(49,93,0),
(50,93,1),
(51,93,2),
(52,93,3),
(53,93,4),
(54,93,5),
(55,93,6),
(56,93,7),
(57,93,8),
(58,93,9),
(59,93,10),
(60,93,11),
(61,138,0),
(62,138,1),
(63,138,2),
(64,138,3),
(65,138,4),
(66,138,5),
(67,138,6),
(68,138,7),
(69,139,0),
(70,139,1),
(71,139,2),
(72,139,3),
(73,139,4),
(74,139,5),
(75,139,6),
(76,139,7),
(77,139,8),
(78,139,9),
(79,139,10),
(80,140,0),
(81,140,1),
(82,140,2),
(83,140,3),
(84,140,4),
(85,141,0),
(86,141,1),
(87,141,2),
(88,141,3),
(89,141,4),
(90,141,5),
(91,142,0),
(92,142,2),
(93,142,4),
(94,142,6),
(95,142,8),
(96,142,10),
(97,143,0),
(98,144,0),
(99,145,0),
(100,146,0),
(101,147,0),
(102,149,0),
(103,149,1),
(104,150,0),
(105,150,1),
(106,150,2),
(107,150,3),
(108,150,4),
(109,150,5),
(110,150,6),
(111,150,7),
(112,150,8),
(113,150,9),
(114,150,10),
(115,150,11),
(116,151,0),
(117,151,1),
(118,151,2),
(119,151,3),
(120,151,4),
(121,151,5),
(122,151,6),
(123,151,7),
(124,151,8),
(125,151,9),
(126,151,10),
(127,151,11),
(128,151,12),
(129,151,13),
(130,151,14),
(131,151,15),
(132,151,16),
(133,151,17),
(134,151,18),
(135,151,19),
(136,151,20),
(137,151,21),
(138,151,22),
(139,151,23),
(140,151,24),
(141,151,25),
(142,137,0),
(143,137,1),
(144,137,2),
(145,137,3),
(146,137,4),
(147,137,5),
(148,137,6),
(149,137,7),
(150,137,8),
(151,137,9),
(152,137,10),
(153,137,11),
(154,137,12),
(155,137,13),
(156,137,14),
(157,137,15),
(158,137,16),
(159,137,17),
(160,152,0),
(161,152,1),
(162,152,2),
(163,152,3),
(164,152,4),
(165,152,5),
(166,142,1),
(167,142,3),
(168,142,5),
(169,142,7),
(170,142,9),
(171,142,11),
(172,142,12),
(173,142,13),
(174,142,14),
(175,142,15),
(176,142,16),
(177,142,17),
(178,142,18),
(179,142,19),
(180,153,0),
(181,153,1),
(182,153,2),
(183,153,3),
(184,153,4),
(185,153,5),
(186,153,6),
(187,153,7),
(188,153,8),
(189,153,9),
(190,153,10),
(191,153,11),
(192,154,0),
(193,154,1),
(194,154,2),
(195,154,3),
(196,154,4),
(197,154,5),
(198,154,6),
(199,154,7),
(200,154,8),
(201,155,0),
(202,155,1),
(203,155,2),
(204,155,3),
(205,155,4),
(206,155,5),
(207,155,6),
(208,155,7),
(209,155,8),
(210,155,9),
(211,155,10);

--
-- Table structure for table `mgkz_eav_attribute_option_swatch`
--

CREATE TABLE `mgkz_eav_attribute_option_swatch` (
  `swatch_id` int(10) unsigned NOT NULL AUTO_INCREMENT COMMENT 'Swatch ID',
  `option_id` int(10) unsigned NOT NULL COMMENT 'Option ID',
  `store_id` smallint(5) unsigned NOT NULL COMMENT 'Store ID',
  `type` smallint(5) unsigned NOT NULL COMMENT 'Swatch type: 0 - text, 1 - visual color, 2 - visual image',
  `value` varchar(255) DEFAULT NULL COMMENT 'Swatch Value',
  PRIMARY KEY (`swatch_id`),
  UNIQUE KEY `MGKZ_EAV_ATTRIBUTE_OPTION_SWATCH_STORE_ID_OPTION_ID` (`store_id`,`option_id`),
  KEY `MGKZ_EAV_ATTR_OPT_SWATCH_OPT_ID_MGKZ_EAV_ATTR_OPT_OPT_ID` (`option_id`),
  KEY `MGKZ_EAV_ATTRIBUTE_OPTION_SWATCH_SWATCH_ID` (`swatch_id`),
  CONSTRAINT `MGKZ_EAV_ATTRIBUTE_OPTION_SWATCH_STORE_ID_MGKZ_STORE_STORE_ID` FOREIGN KEY (`store_id`) REFERENCES `mgkz_store` (`store_id`) ON DELETE CASCADE,
  CONSTRAINT `MGKZ_EAV_ATTR_OPT_SWATCH_OPT_ID_MGKZ_EAV_ATTR_OPT_OPT_ID` FOREIGN KEY (`option_id`) REFERENCES `mgkz_eav_attribute_option` (`option_id`) ON DELETE CASCADE
) ENGINE=InnoDB AUTO_INCREMENT=53 DEFAULT CHARSET=utf8mb4 COLLATE=utf8mb4_general_ci COMMENT='Magento Swatches table';

--
-- Dumping data for table `mgkz_eav_attribute_option_swatch`
--

INSERT INTO `mgkz_eav_attribute_option_swatch` VALUES
(1,49,0,1,'#000000'),
(2,50,0,1,'#1857f7'),
(3,51,0,1,'#945454'),
(4,52,0,1,'#8f8f8f'),
(5,53,0,1,'#53a828'),
(6,54,0,1,'#ce64d4'),
(7,55,0,1,'#ffffff'),
(8,56,0,1,'#eb6703'),
(9,57,0,1,'#ef3dff'),
(10,58,0,1,'#ff0000'),
(11,59,0,1,'#ffffff'),
(12,60,0,1,'#ffd500'),
(13,91,0,0,'55 cm'),
(14,91,1,0,'55 cm'),
(15,166,0,0,'XS'),
(16,166,1,0,'XS'),
(17,92,0,0,'65 cm'),
(18,92,1,0,'65 cm'),
(19,167,0,0,'S'),
(20,167,1,0,'S'),
(21,93,0,0,'75 cm'),
(22,93,1,0,'75 cm'),
(23,168,0,0,'M'),
(24,168,1,0,'M'),
(25,94,0,0,'6 foot'),
(26,94,1,0,'6 foot'),
(27,169,0,0,'L'),
(28,169,1,0,'L'),
(29,95,0,0,'8 foot'),
(30,95,1,0,'8 foot'),
(31,170,0,0,'XL'),
(32,170,1,0,'XL'),
(33,96,0,0,'10 foot'),
(34,96,1,0,'10 foot'),
(35,171,0,0,'28'),
(36,171,1,0,'28'),
(37,172,0,0,'29'),
(38,172,1,0,'29'),
(39,173,0,0,'30'),
(40,173,1,0,'30'),
(41,174,0,0,'31'),
(42,174,1,0,'31'),
(43,175,0,0,'32'),
(44,175,1,0,'32'),
(45,176,0,0,'33'),
(46,176,1,0,'33'),
(47,177,0,0,'34'),
(48,177,1,0,'34'),
(49,178,0,0,'36'),
(50,178,1,0,'36'),
(51,179,0,0,'38'),
(52,179,1,0,'38');

--
-- Table structure for table `mgkz_eav_attribute_option_value`
--

CREATE TABLE `mgkz_eav_attribute_option_value` (
  `value_id` int(10) unsigned NOT NULL AUTO_INCREMENT COMMENT 'Value ID',
  `option_id` int(10) unsigned NOT NULL DEFAULT 0 COMMENT 'Option ID',
  `store_id` smallint(5) unsigned NOT NULL DEFAULT 0 COMMENT 'Store ID',
  `value` varchar(255) DEFAULT NULL COMMENT 'Value',
  PRIMARY KEY (`value_id`),
  UNIQUE KEY `MGKZ_EAV_ATTRIBUTE_OPTION_VALUE_STORE_ID_OPTION_ID` (`store_id`,`option_id`),
  KEY `MGKZ_EAV_ATTRIBUTE_OPTION_VALUE_OPTION_ID` (`option_id`),
  KEY `MGKZ_EAV_ATTRIBUTE_OPTION_VALUE_STORE_ID` (`store_id`),
  CONSTRAINT `MGKZ_EAV_ATTRIBUTE_OPTION_VALUE_STORE_ID_MGKZ_STORE_STORE_ID` FOREIGN KEY (`store_id`) REFERENCES `mgkz_store` (`store_id`) ON DELETE CASCADE,
  CONSTRAINT `MGKZ_EAV_ATTR_OPT_VAL_OPT_ID_MGKZ_EAV_ATTR_OPT_OPT_ID` FOREIGN KEY (`option_id`) REFERENCES `mgkz_eav_attribute_option` (`option_id`) ON DELETE CASCADE
) ENGINE=InnoDB AUTO_INCREMENT=239 DEFAULT CHARSET=utf8mb4 COLLATE=utf8mb4_general_ci COMMENT='Eav Attribute Option Value';

--
-- Dumping data for table `mgkz_eav_attribute_option_value`
--

INSERT INTO `mgkz_eav_attribute_option_value` VALUES
(1,1,0,'Male'),
(2,2,0,'Female'),
(3,3,0,'Not Specified'),
(4,4,0,'Hike'),
(5,5,0,'Outdoor'),
(6,6,0,'Running'),
(7,7,0,'Warmup'),
(8,8,0,'Yoga'),
(9,9,0,'Recreation'),
(10,10,0,'Lounge'),
(11,11,0,'Gym'),
(12,12,0,'Climbing'),
(13,13,0,'Crosstraining'),
(14,14,0,'Post-workout'),
(15,15,0,'Cycling'),
(16,16,0,'Athletic'),
(17,17,0,'Sports'),
(18,18,0,'Hiking'),
(19,19,0,'Overnight'),
(20,20,0,'School'),
(21,21,0,'Trail'),
(22,22,0,'Travel'),
(23,23,0,'Urban'),
(24,24,0,'Backpack'),
(25,25,0,'Luggage'),
(26,26,0,'Duffel'),
(27,27,0,'Messenger'),
(28,28,0,'Laptop'),
(29,29,0,'Exercise'),
(30,30,0,'Tote'),
(31,31,0,'Burlap'),
(32,32,0,'Canvas'),
(33,33,0,'Cotton'),
(34,34,0,'Faux Leather'),
(35,35,0,'Leather'),
(36,36,0,'Mesh'),
(37,37,0,'Nylon'),
(38,38,0,'Polyester'),
(39,39,0,'Rayon'),
(40,40,0,'Ripstop'),
(41,41,0,'Suede'),
(42,42,0,'Foam'),
(43,43,0,'Metal'),
(44,44,0,'Plastic'),
(45,45,0,'Rubber'),
(46,46,0,'Synthetic'),
(47,47,0,'Stainless Steel'),
(48,48,0,'Silicone'),
(61,61,0,'Adjustable'),
(62,62,0,'Cross Body'),
(63,63,0,'Detachable'),
(64,64,0,'Double'),
(65,65,0,'Padded'),
(66,66,0,'Shoulder'),
(67,67,0,'Single'),
(68,68,0,'Telescoping'),
(69,69,0,'Audio Pocket'),
(70,70,0,'Wheeled'),
(71,71,0,'Hydration Pocket'),
(72,72,0,'Audio Pocket'),
(73,73,0,'Flapover'),
(74,74,0,'Waterproof'),
(75,75,0,'Lightweight'),
(76,76,0,'TSA Approved'),
(77,77,0,'Reflective'),
(78,78,0,'Laptop Sleeve'),
(79,79,0,'Lockable'),
(80,80,0,'Men'),
(81,81,0,'Women'),
(82,82,0,'Boys'),
(83,83,0,'Girls'),
(84,84,0,'Unisex'),
(85,85,0,'Cardio'),
(86,86,0,'Electronic'),
(87,87,0,'Exercise'),
(88,88,0,'Fashion'),
(89,89,0,'Hydration'),
(90,90,0,'Timepiece'),
(97,102,0,'Download'),
(98,103,0,'DVD'),
(99,104,0,'Base Layer'),
(100,105,0,'Basic'),
(101,106,0,'Capri'),
(102,107,0,'Compression'),
(103,108,0,'Leggings'),
(104,109,0,'Parachute'),
(105,110,0,'Skort'),
(106,111,0,'Snug'),
(107,112,0,'Sweatpants'),
(108,113,0,'Tights'),
(109,114,0,'Track Pants'),
(110,115,0,'Workout Pants'),
(111,116,0,'Insulated'),
(112,117,0,'Jacket'),
(113,118,0,'Vest'),
(114,119,0,'Lightweight'),
(115,120,0,'Hooded'),
(116,121,0,'Heavy Duty'),
(117,122,0,'Rain Coat'),
(118,123,0,'Hard Shell'),
(119,124,0,'Soft Shell'),
(120,125,0,'Windbreaker'),
(121,126,0,'&frac12; zip'),
(122,127,0,'&frac14; zip'),
(123,128,0,'Full Zip'),
(124,129,0,'Reversible'),
(125,130,0,'Bra'),
(126,131,0,'Hoodie'),
(127,132,0,'Sweatshirt'),
(128,133,0,'Polo'),
(129,134,0,'Tank'),
(130,135,0,'Tee'),
(131,136,0,'Pullover'),
(132,137,0,'Hoodie'),
(133,138,0,'Cardigan'),
(134,139,0,'Henley'),
(135,140,0,'Tunic'),
(136,141,0,'Camisole'),
(137,142,0,'Cocona&reg; performance fabric'),
(138,143,0,'Wool'),
(139,144,0,'Fleece'),
(140,145,0,'Hemp'),
(141,146,0,'Jersey'),
(142,147,0,'LumaTech&trade;'),
(143,148,0,'Lycra&reg;'),
(144,149,0,'Microfiber'),
(145,150,0,'Spandex'),
(146,151,0,'HeatTec&reg;'),
(147,152,0,'EverCool&trade;'),
(148,153,0,'Organic Cotton'),
(149,154,0,'TENCEL'),
(150,155,0,'CoolTech&trade;'),
(151,156,0,'Khaki'),
(152,157,0,'Linen'),
(153,158,0,'Wool'),
(154,159,0,'Terry'),
(155,160,0,'Sleeve'),
(156,161,0,'Long-Sleeve'),
(157,162,0,'Short-Sleeve'),
(158,163,0,'Sleeveless'),
(159,164,0,'Tank'),
(160,165,0,'Strap'),
(175,180,0,'N/A'),
(176,181,0,'? zip'),
(177,182,0,'Boat Neck'),
(178,183,0,'Crew'),
(179,184,0,'Full zip'),
(180,185,0,'V-neck'),
(181,186,0,'Ballet'),
(182,187,0,'Scoop'),
(183,188,0,'High Collar'),
(184,189,0,'Stand Collar'),
(185,190,0,'Roll Neck'),
(186,191,0,'Square Neck'),
(187,192,0,'Color-Blocked'),
(188,193,0,'Checked'),
(189,194,0,'Color-Blocked'),
(190,195,0,'Graphic Print'),
(191,196,0,'Solid'),
(192,197,0,'Solid-Highlight'),
(193,198,0,'Striped'),
(194,199,0,'Camo'),
(195,200,0,'Geometric'),
(196,201,0,'All-Weather'),
(197,202,0,'Cold'),
(198,203,0,'Cool'),
(199,204,0,'Indoor'),
(200,205,0,'Mild'),
(201,206,0,'Rainy'),
(202,207,0,'Spring'),
(203,208,0,'Warm'),
(204,209,0,'Windy'),
(205,210,0,'Wintry'),
(206,211,0,'Hot'),
(207,49,0,'Black'),
(208,50,0,'Blue'),
(209,51,0,'Brown'),
(210,52,0,'Gray'),
(211,53,0,'Green'),
(212,54,0,'Lavender'),
(213,55,0,'Multi'),
(214,56,0,'Orange'),
(215,57,0,'Purple'),
(216,58,0,'Red'),
(217,59,0,'White'),
(218,60,0,'Yellow'),
(219,91,0,'55 cm'),
(220,166,0,'XS'),
(221,92,0,'65 cm'),
(222,167,0,'S'),
(223,93,0,'75 cm'),
(224,168,0,'M'),
(225,94,0,'6 foot'),
(226,169,0,'L'),
(227,95,0,'8 foot'),
(228,170,0,'XL'),
(229,96,0,'10 foot'),
(230,171,0,'28'),
(231,172,0,'29'),
(232,173,0,'30'),
(233,174,0,'31'),
(234,175,0,'32'),
(235,176,0,'33'),
(236,177,0,'34'),
(237,178,0,'36'),
(238,179,0,'38');

--
-- Table structure for table `mgkz_eav_attribute_set`
--

CREATE TABLE `mgkz_eav_attribute_set` (
  `attribute_set_id` smallint(5) unsigned NOT NULL AUTO_INCREMENT COMMENT 'Attribute Set ID',
  `entity_type_id` smallint(5) unsigned NOT NULL DEFAULT 0 COMMENT 'Entity Type ID',
  `attribute_set_name` varchar(255) DEFAULT NULL COMMENT 'Attribute Set Name',
  `sort_order` smallint(6) NOT NULL DEFAULT 0 COMMENT 'Sort Order',
  PRIMARY KEY (`attribute_set_id`),
  UNIQUE KEY `MGKZ_EAV_ATTRIBUTE_SET_ENTITY_TYPE_ID_ATTRIBUTE_SET_NAME` (`entity_type_id`,`attribute_set_name`),
  KEY `MGKZ_EAV_ATTRIBUTE_SET_ENTITY_TYPE_ID_SORT_ORDER` (`entity_type_id`,`sort_order`),
  CONSTRAINT `MGKZ_EAV_ATTR_SET_ENTT_TYPE_ID_MGKZ_EAV_ENTT_TYPE_ENTT_TYPE_ID` FOREIGN KEY (`entity_type_id`) REFERENCES `mgkz_eav_entity_type` (`entity_type_id`) ON DELETE CASCADE
) ENGINE=InnoDB AUTO_INCREMENT=16 DEFAULT CHARSET=utf8mb4 COLLATE=utf8mb4_general_ci COMMENT='Eav Attribute Set';

--
-- Dumping data for table `mgkz_eav_attribute_set`
--

INSERT INTO `mgkz_eav_attribute_set` VALUES
(1,1,'Default',2),
(2,2,'Default',2),
(3,3,'Default',1),
(4,4,'Default',1),
(5,5,'Default',1),
(6,6,'Default',1),
(7,7,'Default',1),
(8,8,'Default',1),
(9,4,'Top',0),
(10,4,'Bottom',0),
(11,4,'Gear',0),
(12,4,'Sprite Stasis Ball',0),
(13,4,'Sprite Yoga Strap',0),
(14,4,'Downloadable',0),
(15,4,'Bag',0);

--
-- Table structure for table `mgkz_eav_entity`
--

CREATE TABLE `mgkz_eav_entity` (
  `entity_id` int(10) unsigned NOT NULL AUTO_INCREMENT COMMENT 'Entity ID',
  `entity_type_id` smallint(5) unsigned NOT NULL DEFAULT 0 COMMENT 'Entity Type ID',
  `attribute_set_id` smallint(5) unsigned NOT NULL DEFAULT 0 COMMENT 'Attribute Set ID',
  `increment_id` varchar(50) DEFAULT NULL COMMENT 'Increment ID',
  `parent_id` int(10) unsigned NOT NULL DEFAULT 0 COMMENT 'Parent ID',
  `store_id` smallint(5) unsigned NOT NULL DEFAULT 0 COMMENT 'Store ID',
  `created_at` timestamp NOT NULL DEFAULT current_timestamp() COMMENT 'Created At',
  `updated_at` timestamp NOT NULL DEFAULT current_timestamp() ON UPDATE current_timestamp() COMMENT 'Updated At',
  `is_active` smallint(5) unsigned NOT NULL DEFAULT 1 COMMENT 'Defines Is Entity Active',
  PRIMARY KEY (`entity_id`),
  KEY `MGKZ_EAV_ENTITY_ENTITY_TYPE_ID` (`entity_type_id`),
  KEY `MGKZ_EAV_ENTITY_STORE_ID` (`store_id`),
  CONSTRAINT `MGKZ_EAV_ENTITY_STORE_ID_MGKZ_STORE_STORE_ID` FOREIGN KEY (`store_id`) REFERENCES `mgkz_store` (`store_id`) ON DELETE CASCADE,
  CONSTRAINT `MGKZ_EAV_ENTT_ENTT_TYPE_ID_MGKZ_EAV_ENTT_TYPE_ENTT_TYPE_ID` FOREIGN KEY (`entity_type_id`) REFERENCES `mgkz_eav_entity_type` (`entity_type_id`) ON DELETE CASCADE
) ENGINE=InnoDB DEFAULT CHARSET=utf8mb4 COLLATE=utf8mb4_general_ci COMMENT='Eav Entity';

--
-- Dumping data for table `mgkz_eav_entity`
--


--
-- Table structure for table `mgkz_eav_entity_attribute`
--

CREATE TABLE `mgkz_eav_entity_attribute` (
  `entity_attribute_id` int(10) unsigned NOT NULL AUTO_INCREMENT COMMENT 'Entity Attribute ID',
  `entity_type_id` smallint(5) unsigned NOT NULL DEFAULT 0 COMMENT 'Entity Type ID',
  `attribute_set_id` smallint(5) unsigned NOT NULL DEFAULT 0 COMMENT 'Attribute Set ID',
  `attribute_group_id` smallint(5) unsigned NOT NULL DEFAULT 0 COMMENT 'Attribute Group ID',
  `attribute_id` smallint(5) unsigned NOT NULL DEFAULT 0 COMMENT 'Attribute ID',
  `sort_order` smallint(6) NOT NULL DEFAULT 0 COMMENT 'Sort Order',
  PRIMARY KEY (`entity_attribute_id`),
  UNIQUE KEY `MGKZ_EAV_ENTITY_ATTRIBUTE_ATTRIBUTE_SET_ID_ATTRIBUTE_ID` (`attribute_set_id`,`attribute_id`),
  UNIQUE KEY `MGKZ_EAV_ENTITY_ATTRIBUTE_ATTRIBUTE_GROUP_ID_ATTRIBUTE_ID` (`attribute_group_id`,`attribute_id`),
  KEY `MGKZ_EAV_ENTITY_ATTRIBUTE_ATTRIBUTE_SET_ID_SORT_ORDER` (`attribute_set_id`,`sort_order`),
  KEY `MGKZ_EAV_ENTITY_ATTRIBUTE_ATTRIBUTE_ID` (`attribute_id`),
  CONSTRAINT `FK_1115138DDD4AFF87EE34DF54F16A113E` FOREIGN KEY (`attribute_group_id`) REFERENCES `mgkz_eav_attribute_group` (`attribute_group_id`) ON DELETE CASCADE,
  CONSTRAINT `MGKZ_EAV_ENTT_ATTR_ATTR_ID_MGKZ_EAV_ATTR_ATTR_ID` FOREIGN KEY (`attribute_id`) REFERENCES `mgkz_eav_attribute` (`attribute_id`) ON DELETE CASCADE
) ENGINE=InnoDB AUTO_INCREMENT=676 DEFAULT CHARSET=utf8mb4 COLLATE=utf8mb4_general_ci COMMENT='Eav Entity Attributes';

--
-- Dumping data for table `mgkz_eav_entity_attribute`
--

INSERT INTO `mgkz_eav_entity_attribute` VALUES
(1,1,1,1,1,10),
(2,1,1,1,2,20),
(3,1,1,1,3,20),
(4,1,1,1,4,30),
(5,1,1,1,5,40),
(6,1,1,1,6,50),
(7,1,1,1,7,60),
(8,1,1,1,8,70),
(9,1,1,1,9,80),
(10,1,1,1,10,25),
(11,1,1,1,11,90),
(12,1,1,1,12,81),
(13,1,1,1,13,115),
(14,1,1,1,14,120),
(15,1,1,1,15,82),
(16,1,1,1,16,83),
(17,1,1,1,17,100),
(18,1,1,1,18,0),
(19,1,1,1,19,0),
(20,1,1,1,20,110),
(21,1,1,1,21,28),
(22,2,2,2,22,10),
(23,2,2,2,23,20),
(24,2,2,2,24,30),
(25,2,2,2,25,40),
(26,2,2,2,26,50),
(27,2,2,2,27,60),
(28,2,2,2,28,70),
(29,2,2,2,29,100),
(30,2,2,2,30,80),
(31,2,2,2,31,90),
(32,2,2,2,32,90),
(33,2,2,2,33,110),
(34,2,2,2,34,120),
(35,2,2,2,35,130),
(36,2,2,2,36,140),
(37,2,2,2,37,132),
(38,2,2,2,38,133),
(39,2,2,2,39,134),
(40,2,2,2,40,135),
(41,1,1,1,41,87),
(42,1,1,1,42,100),
(43,1,1,1,43,110),
(44,1,1,1,44,120),
(45,3,3,4,45,1),
(46,3,3,4,46,2),
(47,3,3,4,47,4),
(48,3,3,4,48,5),
(49,3,3,4,49,6),
(50,3,3,4,50,7),
(51,3,3,4,51,8),
(52,3,3,5,52,10),
(53,3,3,5,53,20),
(54,3,3,5,54,30),
(55,3,3,4,55,12),
(56,3,3,4,56,13),
(57,3,3,4,57,14),
(58,3,3,4,58,15),
(59,3,3,4,59,16),
(60,3,3,6,60,10),
(61,3,3,6,61,30),
(62,3,3,6,62,40),
(63,3,3,6,63,50),
(64,3,3,6,64,60),
(65,3,3,4,65,24),
(66,3,3,4,66,25),
(67,3,3,5,67,40),
(68,3,3,5,68,50),
(69,3,3,4,69,10),
(70,3,3,6,70,5),
(71,3,3,6,71,6),
(72,3,3,5,72,51),
(73,4,4,7,73,10),
(74,4,4,7,74,20),
(75,4,4,13,75,110),
(76,4,4,13,76,100),
(77,4,4,7,77,30),
(78,4,4,8,78,3),
(79,4,4,8,79,4),
(80,4,4,8,80,5),
(81,4,4,8,81,6),
(82,4,4,7,82,70),
(83,4,4,9,84,20),
(84,4,4,9,85,30),
(85,4,4,9,86,40),
(86,4,4,10,87,1),
(87,4,4,10,88,2),
(88,4,4,10,89,3),
(89,4,4,10,90,4),
(90,4,4,7,91,6),
(91,4,4,8,92,7),
(92,4,4,7,94,90),
(93,4,4,7,95,100),
(94,4,4,10,96,5),
(95,4,4,7,97,5),
(96,4,4,8,98,8),
(97,4,4,7,99,80),
(98,4,4,14,100,40),
(99,4,4,14,101,20),
(100,4,4,14,102,30),
(101,4,4,11,103,10),
(102,4,4,11,104,5),
(103,4,4,7,105,80),
(104,4,4,11,106,6),
(105,4,4,7,107,14),
(106,4,4,7,108,15),
(107,4,4,7,109,16),
(108,4,4,7,110,17),
(109,4,4,7,111,18),
(110,4,4,7,112,19),
(111,4,4,7,113,20),
(112,4,4,7,114,110),
(113,4,4,7,115,60),
(114,4,4,14,116,50),
(115,4,4,11,117,51),
(116,3,3,6,118,51),
(117,3,3,4,119,3),
(118,3,3,4,120,17),
(119,4,4,9,121,10),
(120,4,4,7,122,11),
(121,4,4,8,123,9),
(122,4,4,8,124,10),
(123,4,4,7,125,31),
(124,4,4,7,126,21),
(125,4,4,7,127,71),
(126,4,4,8,128,11),
(127,4,4,15,129,1),
(128,4,4,7,130,111),
(129,4,4,7,131,112),
(130,4,4,7,132,113),
(131,4,4,7,133,114),
(132,4,4,7,134,40),
(133,4,9,21,101,20),
(134,4,9,21,102,30),
(135,4,9,21,100,40),
(136,4,9,21,116,50),
(137,4,9,22,104,5),
(138,4,9,22,106,6),
(139,4,9,22,103,10),
(140,4,9,22,117,51),
(141,4,9,23,78,3),
(142,4,9,23,79,4),
(143,4,9,23,80,5),
(144,4,9,23,81,6),
(145,4,9,23,92,7),
(146,4,9,23,98,8),
(147,4,9,23,123,9),
(148,4,9,23,124,10),
(149,4,9,23,128,11),
(150,4,9,24,121,10),
(151,4,9,24,84,20),
(152,4,9,24,85,30),
(153,4,9,24,86,40),
(154,4,9,25,87,1),
(155,4,9,25,88,2),
(156,4,9,25,89,3),
(157,4,9,25,90,4),
(158,4,9,25,96,5),
(159,4,9,26,129,1),
(160,4,9,27,76,100),
(161,4,9,27,75,110),
(162,4,9,28,97,5),
(163,4,9,28,91,6),
(164,4,9,28,73,10),
(165,4,9,28,122,11),
(166,4,9,28,107,14),
(167,4,9,28,108,15),
(168,4,9,28,109,16),
(169,4,9,28,110,17),
(170,4,9,28,111,18),
(171,4,9,28,112,19),
(172,4,9,28,74,20),
(173,4,9,28,113,20),
(174,4,9,28,126,21),
(175,4,9,28,77,30),
(176,4,9,28,125,31),
(177,4,9,28,134,40),
(178,4,9,28,115,60),
(179,4,9,28,82,70),
(180,4,9,28,127,71),
(181,4,9,28,105,80),
(182,4,9,28,99,80),
(183,4,9,28,94,90),
(184,4,9,28,95,100),
(185,4,9,28,114,110),
(186,4,9,28,130,111),
(187,4,9,28,131,112),
(188,4,9,28,132,113),
(189,4,9,28,133,114),
(191,4,9,28,135,1000),
(192,4,10,30,101,20),
(193,4,10,30,102,30),
(194,4,10,30,100,40),
(195,4,10,30,116,50),
(196,4,10,31,104,5),
(197,4,10,31,106,6),
(198,4,10,31,103,10),
(199,4,10,31,117,51),
(200,4,10,32,78,3),
(201,4,10,32,79,4),
(202,4,10,32,80,5),
(203,4,10,32,81,6),
(204,4,10,32,92,7),
(205,4,10,32,98,8),
(206,4,10,32,123,9),
(207,4,10,32,124,10),
(208,4,10,32,128,11),
(209,4,10,33,121,10),
(210,4,10,33,84,20),
(211,4,10,33,85,30),
(212,4,10,33,86,40),
(213,4,10,34,87,1),
(214,4,10,34,88,2),
(215,4,10,34,89,3),
(216,4,10,34,90,4),
(217,4,10,34,96,5),
(218,4,10,35,129,1),
(219,4,10,36,76,100),
(220,4,10,36,75,110),
(221,4,10,37,97,5),
(222,4,10,37,91,6),
(223,4,10,37,73,10),
(224,4,10,37,122,11),
(225,4,10,37,107,14),
(226,4,10,37,108,15),
(227,4,10,37,109,16),
(228,4,10,37,110,17),
(229,4,10,37,111,18),
(230,4,10,37,112,19),
(232,4,10,37,113,20),
(233,4,10,37,126,21),
(234,4,10,37,77,30),
(235,4,10,37,125,31),
(236,4,10,37,134,40),
(237,4,10,37,115,60),
(238,4,10,37,82,70),
(239,4,10,37,127,71),
(240,4,10,37,105,80),
(241,4,10,37,99,80),
(242,4,10,37,94,90),
(243,4,10,37,95,100),
(244,4,10,37,114,110),
(245,4,10,37,130,111),
(246,4,10,37,131,112),
(247,4,10,37,132,113),
(248,4,10,37,133,114),
(250,4,10,37,135,1001),
(251,4,11,39,101,20),
(252,4,11,39,102,30),
(253,4,11,39,100,40),
(254,4,11,39,116,50),
(255,4,11,40,104,5),
(256,4,11,40,106,6),
(257,4,11,40,103,10),
(258,4,11,40,117,51),
(259,4,11,41,78,3),
(260,4,11,41,79,4),
(261,4,11,41,80,5),
(262,4,11,41,81,6),
(263,4,11,41,92,7),
(264,4,11,41,98,8),
(265,4,11,41,123,9),
(266,4,11,41,124,10),
(267,4,11,41,128,11),
(268,4,11,42,121,10),
(269,4,11,42,84,20),
(270,4,11,42,85,30),
(271,4,11,42,86,40),
(272,4,11,43,87,1),
(273,4,11,43,88,2),
(274,4,11,43,89,3),
(275,4,11,43,90,4),
(276,4,11,43,96,5),
(277,4,11,44,129,1),
(278,4,11,45,76,100),
(279,4,11,45,75,110),
(280,4,11,46,97,5),
(281,4,11,46,91,6),
(282,4,11,46,73,10),
(283,4,11,46,122,11),
(284,4,11,46,107,14),
(285,4,11,46,108,15),
(286,4,11,46,109,16),
(287,4,11,46,110,17),
(288,4,11,46,111,18),
(289,4,11,46,112,19),
(290,4,11,46,74,20),
(291,4,11,46,113,20),
(292,4,11,46,126,21),
(293,4,11,46,77,30),
(294,4,11,46,125,31),
(295,4,11,46,134,40),
(296,4,11,46,115,60),
(297,4,11,46,82,70),
(298,4,11,46,127,71),
(299,4,11,46,105,80),
(300,4,11,46,99,80),
(301,4,11,46,94,90),
(302,4,11,46,95,100),
(303,4,11,46,114,110),
(304,4,11,46,130,111),
(305,4,11,46,131,112),
(306,4,11,46,132,113),
(307,4,11,46,133,114),
(309,4,11,46,135,1002),
(310,4,12,48,101,20),
(311,4,12,48,102,30),
(312,4,12,48,100,40),
(313,4,12,48,116,50),
(314,4,12,49,104,5),
(315,4,12,49,106,6),
(316,4,12,49,103,10),
(317,4,12,49,117,51),
(318,4,12,50,78,3),
(319,4,12,50,79,4),
(320,4,12,50,80,5),
(321,4,12,50,81,6),
(322,4,12,50,92,7),
(323,4,12,50,98,8),
(324,4,12,50,123,9),
(325,4,12,50,124,10),
(326,4,12,50,128,11),
(327,4,12,51,121,10),
(328,4,12,51,84,20),
(329,4,12,51,85,30),
(330,4,12,51,86,40),
(331,4,12,52,87,1),
(332,4,12,52,88,2),
(333,4,12,52,89,3),
(334,4,12,52,90,4),
(335,4,12,52,96,5),
(336,4,12,53,129,1),
(337,4,12,54,76,100),
(338,4,12,54,75,110),
(339,4,12,55,97,5),
(340,4,12,55,91,6),
(341,4,12,55,73,10),
(342,4,12,55,122,11),
(343,4,12,55,107,14),
(344,4,12,55,108,15),
(345,4,12,55,109,16),
(346,4,12,55,110,17),
(347,4,12,55,111,18),
(348,4,12,55,112,19),
(349,4,12,55,74,20),
(350,4,12,55,113,20),
(351,4,12,55,126,21),
(352,4,12,55,77,30),
(353,4,12,55,125,31),
(354,4,12,55,134,40),
(355,4,12,55,115,60),
(356,4,12,55,82,70),
(357,4,12,55,127,71),
(358,4,12,55,105,80),
(359,4,12,55,99,80),
(360,4,12,55,94,90),
(361,4,12,55,95,100),
(362,4,12,55,114,110),
(363,4,12,55,130,111),
(364,4,12,55,131,112),
(365,4,12,55,132,113),
(366,4,12,55,133,114),
(368,4,12,55,135,1003),
(369,4,13,57,101,20),
(370,4,13,57,102,30),
(371,4,13,57,100,40),
(372,4,13,57,116,50),
(373,4,13,58,104,5),
(374,4,13,58,106,6),
(375,4,13,58,103,10),
(376,4,13,58,117,51),
(377,4,13,59,78,3),
(378,4,13,59,79,4),
(379,4,13,59,80,5),
(380,4,13,59,81,6),
(381,4,13,59,92,7),
(382,4,13,59,98,8),
(383,4,13,59,123,9),
(384,4,13,59,124,10),
(385,4,13,59,128,11),
(386,4,13,60,121,10),
(387,4,13,60,84,20),
(388,4,13,60,85,30),
(389,4,13,60,86,40),
(390,4,13,61,87,1),
(391,4,13,61,88,2),
(392,4,13,61,89,3),
(393,4,13,61,90,4),
(394,4,13,61,96,5),
(395,4,13,62,129,1),
(396,4,13,63,76,100),
(397,4,13,63,75,110),
(398,4,13,64,97,5),
(399,4,13,64,91,6),
(400,4,13,64,73,10),
(401,4,13,64,122,11),
(402,4,13,64,107,14),
(403,4,13,64,108,15),
(404,4,13,64,109,16),
(405,4,13,64,110,17),
(406,4,13,64,111,18),
(407,4,13,64,112,19),
(408,4,13,64,74,20),
(409,4,13,64,113,20),
(410,4,13,64,126,21),
(411,4,13,64,77,30),
(412,4,13,64,125,31),
(413,4,13,64,134,40),
(414,4,13,64,115,60),
(415,4,13,64,82,70),
(416,4,13,64,127,71),
(417,4,13,64,105,80),
(418,4,13,64,99,80),
(419,4,13,64,94,90),
(420,4,13,64,95,100),
(421,4,13,64,114,110),
(422,4,13,64,130,111),
(423,4,13,64,131,112),
(424,4,13,64,132,113),
(425,4,13,64,133,114),
(427,4,13,64,135,1004),
(428,4,14,66,101,20),
(429,4,14,66,102,30),
(430,4,14,66,100,40),
(431,4,14,66,116,50),
(432,4,14,67,104,5),
(433,4,14,67,106,6),
(434,4,14,67,103,10),
(435,4,14,67,117,51),
(436,4,14,68,78,3),
(437,4,14,68,79,4),
(438,4,14,68,80,5),
(439,4,14,68,81,6),
(440,4,14,68,92,7),
(441,4,14,68,98,8),
(442,4,14,68,123,9),
(443,4,14,68,124,10),
(444,4,14,68,128,11),
(445,4,14,69,121,10),
(446,4,14,69,84,20),
(447,4,14,69,85,30),
(448,4,14,69,86,40),
(449,4,14,70,87,1),
(450,4,14,70,88,2),
(451,4,14,70,89,3),
(452,4,14,70,90,4),
(453,4,14,70,96,5),
(454,4,14,71,129,1),
(455,4,14,72,76,100),
(456,4,14,72,75,110),
(457,4,14,73,97,5),
(458,4,14,73,91,6),
(459,4,14,73,73,10),
(460,4,14,73,122,11),
(461,4,14,73,107,14),
(462,4,14,73,108,15),
(463,4,14,73,109,16),
(464,4,14,73,110,17),
(465,4,14,73,111,18),
(466,4,14,73,112,19),
(467,4,14,73,74,20),
(468,4,14,73,113,20),
(469,4,14,73,126,21),
(470,4,14,73,77,30),
(471,4,14,73,125,31),
(472,4,14,73,134,40),
(473,4,14,73,115,60),
(474,4,14,73,82,70),
(475,4,14,73,127,71),
(476,4,14,73,105,80),
(477,4,14,73,99,80),
(478,4,14,73,94,90),
(479,4,14,73,95,100),
(480,4,14,73,114,110),
(481,4,14,73,130,111),
(482,4,14,73,131,112),
(483,4,14,73,132,113),
(484,4,14,73,133,114),
(486,4,14,73,135,1005),
(487,4,15,75,101,20),
(488,4,15,75,102,30),
(489,4,15,75,100,40),
(490,4,15,75,116,50),
(491,4,15,76,104,5),
(492,4,15,76,106,6),
(493,4,15,76,103,10),
(494,4,15,76,117,51),
(495,4,15,77,78,3),
(496,4,15,77,79,4),
(497,4,15,77,80,5),
(498,4,15,77,81,6),
(499,4,15,77,92,7),
(500,4,15,77,98,8),
(501,4,15,77,123,9),
(502,4,15,77,124,10),
(503,4,15,77,128,11),
(504,4,15,78,121,10),
(505,4,15,78,84,20),
(506,4,15,78,85,30),
(507,4,15,78,86,40),
(508,4,15,79,87,1),
(509,4,15,79,88,2),
(510,4,15,79,89,3),
(511,4,15,79,90,4),
(512,4,15,79,96,5),
(513,4,15,80,129,1),
(514,4,15,81,76,100),
(515,4,15,81,75,110),
(516,4,15,82,97,5),
(517,4,15,82,91,6),
(518,4,15,82,73,10),
(519,4,15,82,122,11),
(520,4,15,82,107,14),
(521,4,15,82,108,15),
(522,4,15,82,109,16),
(523,4,15,82,110,17),
(524,4,15,82,111,18),
(525,4,15,82,112,19),
(526,4,15,82,74,20),
(527,4,15,82,113,20),
(528,4,15,82,126,21),
(529,4,15,82,77,30),
(530,4,15,82,125,31),
(531,4,15,82,134,40),
(532,4,15,82,115,60),
(533,4,15,82,82,70),
(534,4,15,82,127,71),
(535,4,15,82,105,80),
(536,4,15,82,99,80),
(537,4,15,82,94,90),
(538,4,15,82,95,100),
(539,4,15,82,114,110),
(540,4,15,82,130,111),
(541,4,15,82,131,112),
(542,4,15,82,132,113),
(543,4,15,82,133,114),
(545,4,15,82,135,1006),
(547,4,15,82,136,1007),
(549,4,11,46,137,1008),
(551,4,12,55,137,1009),
(553,4,13,64,137,1010),
(559,4,15,82,137,1013),
(561,4,9,28,93,1014),
(563,4,10,37,93,1015),
(565,4,15,82,93,1016),
(567,4,11,46,93,1017),
(569,4,12,55,93,1018),
(571,4,13,64,93,1019),
(573,4,15,82,138,1020),
(575,4,15,82,139,1021),
(577,4,11,46,140,1022),
(579,4,12,55,140,1023),
(581,4,13,64,140,1024),
(583,4,11,46,141,1025),
(585,4,12,55,141,1026),
(587,4,13,64,141,1027),
(589,4,12,55,142,1028),
(591,4,13,64,142,1029),
(593,4,11,46,143,1030),
(595,4,15,82,143,1031),
(597,4,9,28,143,1032),
(599,4,10,37,143,1033),
(601,4,11,46,144,1034),
(603,4,15,82,144,1035),
(605,4,9,28,144,1036),
(607,4,10,37,144,1037),
(609,4,11,46,145,1038),
(611,4,15,82,145,1039),
(613,4,9,28,145,1040),
(615,4,10,37,145,1041),
(617,4,11,46,146,1042),
(619,4,15,82,146,1043),
(621,4,9,28,146,1044),
(623,4,10,37,146,1045),
(625,4,11,46,147,1046),
(627,4,15,82,147,1047),
(629,4,9,28,147,1048),
(631,4,10,37,147,1049),
(632,4,15,83,148,1),
(633,4,10,84,148,1),
(634,4,4,85,148,10),
(635,4,14,86,148,1),
(636,4,11,87,148,1),
(637,4,12,88,148,1),
(638,4,13,89,148,1),
(639,4,9,90,148,1),
(641,4,14,73,149,1000),
(643,4,10,37,150,1000),
(645,4,9,28,151,1001),
(647,4,9,28,137,1002),
(649,4,10,37,137,1003),
(651,4,9,28,152,1004),
(653,4,10,37,142,1005),
(655,4,9,28,142,1006),
(657,4,9,28,153,1007),
(659,4,9,28,154,1008),
(661,4,10,37,154,1009),
(663,4,9,28,155,1010),
(665,4,10,37,155,1011),
(667,4,10,37,74,20),
(668,4,15,82,156,3),
(669,4,10,37,156,3),
(670,4,4,10,156,3),
(671,4,14,73,156,3),
(672,4,11,46,156,3),
(673,4,12,55,156,3),
(674,4,13,64,156,3),
(675,4,9,28,156,3);

--
-- Table structure for table `mgkz_eav_entity_datetime`
--

CREATE TABLE `mgkz_eav_entity_datetime` (
  `value_id` int(11) NOT NULL AUTO_INCREMENT COMMENT 'Value ID',
  `entity_type_id` smallint(5) unsigned NOT NULL DEFAULT 0 COMMENT 'Entity Type ID',
  `attribute_id` smallint(5) unsigned NOT NULL DEFAULT 0 COMMENT 'Attribute ID',
  `store_id` smallint(5) unsigned NOT NULL DEFAULT 0 COMMENT 'Store ID',
  `entity_id` int(10) unsigned NOT NULL DEFAULT 0 COMMENT 'Entity ID',
  `value` datetime DEFAULT NULL COMMENT 'Attribute Value',
  PRIMARY KEY (`value_id`),
  UNIQUE KEY `MGKZ_EAV_ENTITY_DATETIME_ENTITY_ID_ATTRIBUTE_ID_STORE_ID` (`entity_id`,`attribute_id`,`store_id`),
  KEY `MGKZ_EAV_ENTITY_DATETIME_STORE_ID` (`store_id`),
  KEY `MGKZ_EAV_ENTITY_DATETIME_ATTRIBUTE_ID_VALUE` (`attribute_id`,`value`),
  KEY `MGKZ_EAV_ENTITY_DATETIME_ENTITY_TYPE_ID_VALUE` (`entity_type_id`,`value`),
  CONSTRAINT `MGKZ_EAV_ENTITY_DATETIME_ENTITY_ID_MGKZ_EAV_ENTITY_ENTITY_ID` FOREIGN KEY (`entity_id`) REFERENCES `mgkz_eav_entity` (`entity_id`) ON DELETE CASCADE,
  CONSTRAINT `MGKZ_EAV_ENTITY_DATETIME_STORE_ID_MGKZ_STORE_STORE_ID` FOREIGN KEY (`store_id`) REFERENCES `mgkz_store` (`store_id`) ON DELETE CASCADE,
  CONSTRAINT `MGKZ_EAV_ENTT_DTIME_ENTT_TYPE_ID_MGKZ_EAV_ENTT_TYPE_ENTT_TYPE_ID` FOREIGN KEY (`entity_type_id`) REFERENCES `mgkz_eav_entity_type` (`entity_type_id`) ON DELETE CASCADE
) ENGINE=InnoDB DEFAULT CHARSET=utf8mb4 COLLATE=utf8mb4_general_ci COMMENT='Eav Entity Value Prefix';

--
-- Dumping data for table `mgkz_eav_entity_datetime`
--


--
-- Table structure for table `mgkz_eav_entity_decimal`
--

CREATE TABLE `mgkz_eav_entity_decimal` (
  `value_id` int(11) NOT NULL AUTO_INCREMENT COMMENT 'Value ID',
  `entity_type_id` smallint(5) unsigned NOT NULL DEFAULT 0 COMMENT 'Entity Type ID',
  `attribute_id` smallint(5) unsigned NOT NULL DEFAULT 0 COMMENT 'Attribute ID',
  `store_id` smallint(5) unsigned NOT NULL DEFAULT 0 COMMENT 'Store ID',
  `entity_id` int(10) unsigned NOT NULL DEFAULT 0 COMMENT 'Entity ID',
  `value` decimal(12,4) NOT NULL DEFAULT 0.0000 COMMENT 'Attribute Value',
  PRIMARY KEY (`value_id`),
  UNIQUE KEY `MGKZ_EAV_ENTITY_DECIMAL_ENTITY_ID_ATTRIBUTE_ID_STORE_ID` (`entity_id`,`attribute_id`,`store_id`),
  KEY `MGKZ_EAV_ENTITY_DECIMAL_STORE_ID` (`store_id`),
  KEY `MGKZ_EAV_ENTITY_DECIMAL_ATTRIBUTE_ID_VALUE` (`attribute_id`,`value`),
  KEY `MGKZ_EAV_ENTITY_DECIMAL_ENTITY_TYPE_ID_VALUE` (`entity_type_id`,`value`),
  CONSTRAINT `MGKZ_EAV_ENTITY_DECIMAL_ENTITY_ID_MGKZ_EAV_ENTITY_ENTITY_ID` FOREIGN KEY (`entity_id`) REFERENCES `mgkz_eav_entity` (`entity_id`) ON DELETE CASCADE,
  CONSTRAINT `MGKZ_EAV_ENTITY_DECIMAL_STORE_ID_MGKZ_STORE_STORE_ID` FOREIGN KEY (`store_id`) REFERENCES `mgkz_store` (`store_id`) ON DELETE CASCADE,
  CONSTRAINT `MGKZ_EAV_ENTT_DEC_ENTT_TYPE_ID_MGKZ_EAV_ENTT_TYPE_ENTT_TYPE_ID` FOREIGN KEY (`entity_type_id`) REFERENCES `mgkz_eav_entity_type` (`entity_type_id`) ON DELETE CASCADE
) ENGINE=InnoDB DEFAULT CHARSET=utf8mb4 COLLATE=utf8mb4_general_ci COMMENT='Eav Entity Value Prefix';

--
-- Dumping data for table `mgkz_eav_entity_decimal`
--


--
-- Table structure for table `mgkz_eav_entity_int`
--

CREATE TABLE `mgkz_eav_entity_int` (
  `value_id` int(11) NOT NULL AUTO_INCREMENT COMMENT 'Value ID',
  `entity_type_id` smallint(5) unsigned NOT NULL DEFAULT 0 COMMENT 'Entity Type ID',
  `attribute_id` smallint(5) unsigned NOT NULL DEFAULT 0 COMMENT 'Attribute ID',
  `store_id` smallint(5) unsigned NOT NULL DEFAULT 0 COMMENT 'Store ID',
  `entity_id` int(10) unsigned NOT NULL DEFAULT 0 COMMENT 'Entity ID',
  `value` int(11) NOT NULL DEFAULT 0 COMMENT 'Attribute Value',
  PRIMARY KEY (`value_id`),
  UNIQUE KEY `MGKZ_EAV_ENTITY_INT_ENTITY_ID_ATTRIBUTE_ID_STORE_ID` (`entity_id`,`attribute_id`,`store_id`),
  KEY `MGKZ_EAV_ENTITY_INT_STORE_ID` (`store_id`),
  KEY `MGKZ_EAV_ENTITY_INT_ATTRIBUTE_ID_VALUE` (`attribute_id`,`value`),
  KEY `MGKZ_EAV_ENTITY_INT_ENTITY_TYPE_ID_VALUE` (`entity_type_id`,`value`),
  CONSTRAINT `MGKZ_EAV_ENTITY_INT_ENTITY_ID_MGKZ_EAV_ENTITY_ENTITY_ID` FOREIGN KEY (`entity_id`) REFERENCES `mgkz_eav_entity` (`entity_id`) ON DELETE CASCADE,
  CONSTRAINT `MGKZ_EAV_ENTITY_INT_STORE_ID_MGKZ_STORE_STORE_ID` FOREIGN KEY (`store_id`) REFERENCES `mgkz_store` (`store_id`) ON DELETE CASCADE,
  CONSTRAINT `MGKZ_EAV_ENTT_INT_ENTT_TYPE_ID_MGKZ_EAV_ENTT_TYPE_ENTT_TYPE_ID` FOREIGN KEY (`entity_type_id`) REFERENCES `mgkz_eav_entity_type` (`entity_type_id`) ON DELETE CASCADE
) ENGINE=InnoDB DEFAULT CHARSET=utf8mb4 COLLATE=utf8mb4_general_ci COMMENT='Eav Entity Value Prefix';

--
-- Dumping data for table `mgkz_eav_entity_int`
--


--
-- Table structure for table `mgkz_eav_entity_store`
--

CREATE TABLE `mgkz_eav_entity_store` (
  `entity_store_id` int(10) unsigned NOT NULL AUTO_INCREMENT COMMENT 'Entity Store ID',
  `entity_type_id` smallint(5) unsigned NOT NULL DEFAULT 0 COMMENT 'Entity Type ID',
  `store_id` smallint(5) unsigned NOT NULL DEFAULT 0 COMMENT 'Store ID',
  `increment_prefix` varchar(20) DEFAULT NULL COMMENT 'Increment Prefix',
  `increment_last_id` varchar(50) DEFAULT NULL COMMENT 'Last Incremented ID',
  PRIMARY KEY (`entity_store_id`),
  KEY `MGKZ_EAV_ENTITY_STORE_ENTITY_TYPE_ID` (`entity_type_id`),
  KEY `MGKZ_EAV_ENTITY_STORE_STORE_ID` (`store_id`),
  CONSTRAINT `MGKZ_EAV_ENTITY_STORE_STORE_ID_MGKZ_STORE_STORE_ID` FOREIGN KEY (`store_id`) REFERENCES `mgkz_store` (`store_id`) ON DELETE CASCADE,
  CONSTRAINT `MGKZ_EAV_ENTT_STORE_ENTT_TYPE_ID_MGKZ_EAV_ENTT_TYPE_ENTT_TYPE_ID` FOREIGN KEY (`entity_type_id`) REFERENCES `mgkz_eav_entity_type` (`entity_type_id`) ON DELETE CASCADE
) ENGINE=InnoDB DEFAULT CHARSET=utf8mb4 COLLATE=utf8mb4_general_ci COMMENT='Eav Entity Store';

--
-- Dumping data for table `mgkz_eav_entity_store`
--


--
-- Table structure for table `mgkz_eav_entity_text`
--

CREATE TABLE `mgkz_eav_entity_text` (
  `value_id` int(11) NOT NULL AUTO_INCREMENT COMMENT 'Value ID',
  `entity_type_id` smallint(5) unsigned NOT NULL DEFAULT 0 COMMENT 'Entity Type ID',
  `attribute_id` smallint(5) unsigned NOT NULL DEFAULT 0 COMMENT 'Attribute ID',
  `store_id` smallint(5) unsigned NOT NULL DEFAULT 0 COMMENT 'Store ID',
  `entity_id` int(10) unsigned NOT NULL DEFAULT 0 COMMENT 'Entity ID',
  `value` text NOT NULL COMMENT 'Attribute Value',
  PRIMARY KEY (`value_id`),
  UNIQUE KEY `MGKZ_EAV_ENTITY_TEXT_ENTITY_ID_ATTRIBUTE_ID_STORE_ID` (`entity_id`,`attribute_id`,`store_id`),
  KEY `MGKZ_EAV_ENTITY_TEXT_ENTITY_TYPE_ID` (`entity_type_id`),
  KEY `MGKZ_EAV_ENTITY_TEXT_ATTRIBUTE_ID` (`attribute_id`),
  KEY `MGKZ_EAV_ENTITY_TEXT_STORE_ID` (`store_id`),
  CONSTRAINT `MGKZ_EAV_ENTITY_TEXT_ENTITY_ID_MGKZ_EAV_ENTITY_ENTITY_ID` FOREIGN KEY (`entity_id`) REFERENCES `mgkz_eav_entity` (`entity_id`) ON DELETE CASCADE,
  CONSTRAINT `MGKZ_EAV_ENTITY_TEXT_STORE_ID_MGKZ_STORE_STORE_ID` FOREIGN KEY (`store_id`) REFERENCES `mgkz_store` (`store_id`) ON DELETE CASCADE,
  CONSTRAINT `MGKZ_EAV_ENTT_TEXT_ENTT_TYPE_ID_MGKZ_EAV_ENTT_TYPE_ENTT_TYPE_ID` FOREIGN KEY (`entity_type_id`) REFERENCES `mgkz_eav_entity_type` (`entity_type_id`) ON DELETE CASCADE
) ENGINE=InnoDB DEFAULT CHARSET=utf8mb4 COLLATE=utf8mb4_general_ci COMMENT='Eav Entity Value Prefix';

--
-- Dumping data for table `mgkz_eav_entity_text`
--


--
-- Table structure for table `mgkz_eav_entity_type`
--

CREATE TABLE `mgkz_eav_entity_type` (
  `entity_type_id` smallint(5) unsigned NOT NULL AUTO_INCREMENT COMMENT 'Entity Type ID',
  `entity_type_code` varchar(50) NOT NULL COMMENT 'Entity Type Code',
  `entity_model` varchar(255) NOT NULL COMMENT 'Entity Model',
  `attribute_model` varchar(255) DEFAULT NULL COMMENT 'Attribute Model',
  `entity_table` varchar(255) DEFAULT NULL COMMENT 'Entity Table',
  `value_table_prefix` varchar(255) DEFAULT NULL COMMENT 'Value Table Prefix',
  `entity_id_field` varchar(255) DEFAULT NULL COMMENT 'Entity ID Field',
  `is_data_sharing` smallint(5) unsigned NOT NULL DEFAULT 1 COMMENT 'Defines Is Data Sharing',
  `data_sharing_key` varchar(100) DEFAULT 'default' COMMENT 'Data Sharing Key',
  `default_attribute_set_id` smallint(5) unsigned NOT NULL DEFAULT 0 COMMENT 'Default Attribute Set ID',
  `increment_model` varchar(255) DEFAULT NULL COMMENT 'Increment Model',
  `increment_per_store` smallint(5) unsigned NOT NULL DEFAULT 0 COMMENT 'Increment Per Store',
  `increment_pad_length` smallint(5) unsigned NOT NULL DEFAULT 8 COMMENT 'Increment Pad Length',
  `increment_pad_char` varchar(1) NOT NULL DEFAULT '0' COMMENT 'Increment Pad Char',
  `additional_attribute_table` varchar(255) DEFAULT NULL COMMENT 'Additional Attribute Table',
  `entity_attribute_collection` varchar(255) DEFAULT NULL COMMENT 'Entity Attribute Collection',
  PRIMARY KEY (`entity_type_id`),
  KEY `MGKZ_EAV_ENTITY_TYPE_ENTITY_TYPE_CODE` (`entity_type_code`)
) ENGINE=InnoDB AUTO_INCREMENT=9 DEFAULT CHARSET=utf8mb4 COLLATE=utf8mb4_general_ci COMMENT='Eav Entity Type';

--
-- Dumping data for table `mgkz_eav_entity_type`
--

INSERT INTO `mgkz_eav_entity_type` VALUES
(1,'customer','Magento\\Customer\\Model\\ResourceModel\\Customer','Magento\\Customer\\Model\\Attribute','customer_entity',NULL,NULL,1,'default',1,'Magento\\Eav\\Model\\Entity\\Increment\\NumericValue',0,8,'0','customer_eav_attribute','Magento\\Customer\\Model\\ResourceModel\\Attribute\\Collection'),
(2,'customer_address','Magento\\Customer\\Model\\ResourceModel\\Address','Magento\\Customer\\Model\\Attribute','customer_address_entity',NULL,NULL,1,'default',2,NULL,0,8,'0','customer_eav_attribute','Magento\\Customer\\Model\\ResourceModel\\Address\\Attribute\\Collection'),
(3,'catalog_category','Magento\\Catalog\\Model\\ResourceModel\\Category','Magento\\Catalog\\Model\\ResourceModel\\Eav\\Attribute','catalog_category_entity',NULL,NULL,1,'default',3,NULL,0,8,'0','catalog_eav_attribute','Magento\\Catalog\\Model\\ResourceModel\\Category\\Attribute\\Collection'),
(4,'catalog_product','Magento\\Catalog\\Model\\ResourceModel\\Product','Magento\\Catalog\\Model\\ResourceModel\\Eav\\Attribute','catalog_product_entity',NULL,NULL,1,'default',4,NULL,0,8,'0','catalog_eav_attribute','Magento\\Catalog\\Model\\ResourceModel\\Product\\Attribute\\Collection'),
(5,'order','Magento\\Sales\\Model\\ResourceModel\\Order',NULL,'sales_order',NULL,NULL,1,'default',5,'Magento\\Eav\\Model\\Entity\\Increment\\NumericValue',1,8,'0',NULL,NULL),
(6,'invoice','Magento\\Sales\\Model\\ResourceModel\\Order\\Invoice',NULL,'sales_invoice',NULL,NULL,1,'default',6,'Magento\\Eav\\Model\\Entity\\Increment\\NumericValue',1,8,'0',NULL,NULL),
(7,'creditmemo','Magento\\Sales\\Model\\ResourceModel\\Order\\Creditmemo',NULL,'sales_creditmemo',NULL,NULL,1,'default',7,'Magento\\Eav\\Model\\Entity\\Increment\\NumericValue',1,8,'0',NULL,NULL),
(8,'shipment','Magento\\Sales\\Model\\ResourceModel\\Order\\Shipment',NULL,'sales_shipment',NULL,NULL,1,'default',8,'Magento\\Eav\\Model\\Entity\\Increment\\NumericValue',1,8,'0',NULL,NULL);

--
-- Table structure for table `mgkz_eav_entity_varchar`
--

CREATE TABLE `mgkz_eav_entity_varchar` (
  `value_id` int(11) NOT NULL AUTO_INCREMENT COMMENT 'Value ID',
  `entity_type_id` smallint(5) unsigned NOT NULL DEFAULT 0 COMMENT 'Entity Type ID',
  `attribute_id` smallint(5) unsigned NOT NULL DEFAULT 0 COMMENT 'Attribute ID',
  `store_id` smallint(5) unsigned NOT NULL DEFAULT 0 COMMENT 'Store ID',
  `entity_id` int(10) unsigned NOT NULL DEFAULT 0 COMMENT 'Entity ID',
  `value` varchar(255) DEFAULT NULL COMMENT 'Attribute Value',
  PRIMARY KEY (`value_id`),
  UNIQUE KEY `MGKZ_EAV_ENTITY_VARCHAR_ENTITY_ID_ATTRIBUTE_ID_STORE_ID` (`entity_id`,`attribute_id`,`store_id`),
  KEY `MGKZ_EAV_ENTITY_VARCHAR_STORE_ID` (`store_id`),
  KEY `MGKZ_EAV_ENTITY_VARCHAR_ATTRIBUTE_ID_VALUE` (`attribute_id`,`value`),
  KEY `MGKZ_EAV_ENTITY_VARCHAR_ENTITY_TYPE_ID_VALUE` (`entity_type_id`,`value`),
  CONSTRAINT `MGKZ_EAV_ENTITY_VARCHAR_ENTITY_ID_MGKZ_EAV_ENTITY_ENTITY_ID` FOREIGN KEY (`entity_id`) REFERENCES `mgkz_eav_entity` (`entity_id`) ON DELETE CASCADE,
  CONSTRAINT `MGKZ_EAV_ENTITY_VARCHAR_STORE_ID_MGKZ_STORE_STORE_ID` FOREIGN KEY (`store_id`) REFERENCES `mgkz_store` (`store_id`) ON DELETE CASCADE,
  CONSTRAINT `MGKZ_EAV_ENTT_VCHR_ENTT_TYPE_ID_MGKZ_EAV_ENTT_TYPE_ENTT_TYPE_ID` FOREIGN KEY (`entity_type_id`) REFERENCES `mgkz_eav_entity_type` (`entity_type_id`) ON DELETE CASCADE
) ENGINE=InnoDB DEFAULT CHARSET=utf8mb4 COLLATE=utf8mb4_general_ci COMMENT='Eav Entity Value Prefix';

--
-- Dumping data for table `mgkz_eav_entity_varchar`
--


--
-- Table structure for table `mgkz_eav_form_element`
--

CREATE TABLE `mgkz_eav_form_element` (
  `element_id` int(10) unsigned NOT NULL AUTO_INCREMENT COMMENT 'Element ID',
  `type_id` smallint(5) unsigned NOT NULL COMMENT 'Type ID',
  `fieldset_id` smallint(5) unsigned DEFAULT NULL COMMENT 'Fieldset ID',
  `attribute_id` smallint(5) unsigned NOT NULL COMMENT 'Attribute ID',
  `sort_order` int(11) NOT NULL DEFAULT 0 COMMENT 'Sort Order',
  PRIMARY KEY (`element_id`),
  UNIQUE KEY `MGKZ_EAV_FORM_ELEMENT_TYPE_ID_ATTRIBUTE_ID` (`type_id`,`attribute_id`),
  KEY `MGKZ_EAV_FORM_ELEMENT_FIELDSET_ID` (`fieldset_id`),
  KEY `MGKZ_EAV_FORM_ELEMENT_ATTRIBUTE_ID` (`attribute_id`),
  CONSTRAINT `MGKZ_EAV_FORM_ELEMENT_TYPE_ID_MGKZ_EAV_FORM_TYPE_TYPE_ID` FOREIGN KEY (`type_id`) REFERENCES `mgkz_eav_form_type` (`type_id`) ON DELETE CASCADE,
  CONSTRAINT `MGKZ_EAV_FORM_ELM_ATTR_ID_MGKZ_EAV_ATTR_ATTR_ID` FOREIGN KEY (`attribute_id`) REFERENCES `mgkz_eav_attribute` (`attribute_id`) ON DELETE CASCADE,
  CONSTRAINT `MGKZ_EAV_FORM_ELM_FSET_ID_MGKZ_EAV_FORM_FSET_FSET_ID` FOREIGN KEY (`fieldset_id`) REFERENCES `mgkz_eav_form_fieldset` (`fieldset_id`) ON DELETE SET NULL
) ENGINE=InnoDB AUTO_INCREMENT=43 DEFAULT CHARSET=utf8mb4 COLLATE=utf8mb4_general_ci COMMENT='Eav Form Element';

--
-- Dumping data for table `mgkz_eav_form_element`
--

INSERT INTO `mgkz_eav_form_element` VALUES
(1,1,NULL,23,0),
(2,1,NULL,25,1),
(3,1,NULL,27,2),
(4,1,NULL,9,3),
(5,1,NULL,28,4),
(6,1,NULL,29,5),
(7,1,NULL,31,6),
(8,1,NULL,33,7),
(9,1,NULL,30,8),
(10,1,NULL,34,9),
(11,1,NULL,35,10),
(12,2,NULL,23,0),
(13,2,NULL,25,1),
(14,2,NULL,27,2),
(15,2,NULL,9,3),
(16,2,NULL,28,4),
(17,2,NULL,29,5),
(18,2,NULL,31,6),
(19,2,NULL,33,7),
(20,2,NULL,30,8),
(21,2,NULL,34,9),
(22,2,NULL,35,10),
(23,3,NULL,23,0),
(24,3,NULL,25,1),
(25,3,NULL,27,2),
(26,3,NULL,28,3),
(27,3,NULL,29,4),
(28,3,NULL,31,5),
(29,3,NULL,33,6),
(30,3,NULL,30,7),
(31,3,NULL,34,8),
(32,3,NULL,35,9),
(33,4,NULL,23,0),
(34,4,NULL,25,1),
(35,4,NULL,27,2),
(36,4,NULL,28,3),
(37,4,NULL,29,4),
(38,4,NULL,31,5),
(39,4,NULL,33,6),
(40,4,NULL,30,7),
(41,4,NULL,34,8),
(42,4,NULL,35,9);

--
-- Table structure for table `mgkz_eav_form_fieldset`
--

CREATE TABLE `mgkz_eav_form_fieldset` (
  `fieldset_id` smallint(5) unsigned NOT NULL AUTO_INCREMENT COMMENT 'Fieldset ID',
  `type_id` smallint(5) unsigned NOT NULL COMMENT 'Type ID',
  `code` varchar(64) NOT NULL COMMENT 'Code',
  `sort_order` int(11) NOT NULL DEFAULT 0 COMMENT 'Sort Order',
  PRIMARY KEY (`fieldset_id`),
  UNIQUE KEY `MGKZ_EAV_FORM_FIELDSET_TYPE_ID_CODE` (`type_id`,`code`),
  CONSTRAINT `MGKZ_EAV_FORM_FIELDSET_TYPE_ID_MGKZ_EAV_FORM_TYPE_TYPE_ID` FOREIGN KEY (`type_id`) REFERENCES `mgkz_eav_form_type` (`type_id`) ON DELETE CASCADE
) ENGINE=InnoDB DEFAULT CHARSET=utf8mb4 COLLATE=utf8mb4_general_ci COMMENT='Eav Form Fieldset';

--
-- Dumping data for table `mgkz_eav_form_fieldset`
--


--
-- Table structure for table `mgkz_eav_form_fieldset_label`
--

CREATE TABLE `mgkz_eav_form_fieldset_label` (
  `fieldset_id` smallint(5) unsigned NOT NULL COMMENT 'Fieldset ID',
  `store_id` smallint(5) unsigned NOT NULL COMMENT 'Store ID',
  `label` varchar(255) NOT NULL COMMENT 'Label',
  PRIMARY KEY (`fieldset_id`,`store_id`),
  KEY `MGKZ_EAV_FORM_FIELDSET_LABEL_STORE_ID` (`store_id`),
  CONSTRAINT `MGKZ_EAV_FORM_FIELDSET_LABEL_STORE_ID_MGKZ_STORE_STORE_ID` FOREIGN KEY (`store_id`) REFERENCES `mgkz_store` (`store_id`) ON DELETE CASCADE,
  CONSTRAINT `MGKZ_EAV_FORM_FSET_LBL_FSET_ID_MGKZ_EAV_FORM_FSET_FSET_ID` FOREIGN KEY (`fieldset_id`) REFERENCES `mgkz_eav_form_fieldset` (`fieldset_id`) ON DELETE CASCADE
) ENGINE=InnoDB DEFAULT CHARSET=utf8mb4 COLLATE=utf8mb4_general_ci COMMENT='Eav Form Fieldset Label';

--
-- Dumping data for table `mgkz_eav_form_fieldset_label`
--


--
-- Table structure for table `mgkz_eav_form_type`
--

CREATE TABLE `mgkz_eav_form_type` (
  `type_id` smallint(5) unsigned NOT NULL AUTO_INCREMENT COMMENT 'Type ID',
  `code` varchar(64) NOT NULL COMMENT 'Code',
  `label` varchar(255) NOT NULL COMMENT 'Label',
  `is_system` smallint(5) unsigned NOT NULL DEFAULT 0 COMMENT 'Is System',
  `theme` varchar(64) DEFAULT NULL COMMENT 'Theme',
  `store_id` smallint(5) unsigned NOT NULL COMMENT 'Store ID',
  PRIMARY KEY (`type_id`),
  UNIQUE KEY `MGKZ_EAV_FORM_TYPE_CODE_THEME_STORE_ID` (`code`,`theme`,`store_id`),
  KEY `MGKZ_EAV_FORM_TYPE_STORE_ID` (`store_id`),
  CONSTRAINT `MGKZ_EAV_FORM_TYPE_STORE_ID_MGKZ_STORE_STORE_ID` FOREIGN KEY (`store_id`) REFERENCES `mgkz_store` (`store_id`) ON DELETE CASCADE
) ENGINE=InnoDB AUTO_INCREMENT=5 DEFAULT CHARSET=utf8mb4 COLLATE=utf8mb4_general_ci COMMENT='Eav Form Type';

--
-- Dumping data for table `mgkz_eav_form_type`
--

INSERT INTO `mgkz_eav_form_type` VALUES
(1,'checkout_onepage_register','checkout_onepage_register',1,'',0),
(2,'checkout_onepage_register_guest','checkout_onepage_register_guest',1,'',0),
(3,'checkout_onepage_billing_address','checkout_onepage_billing_address',1,'',0),
(4,'checkout_onepage_shipping_address','checkout_onepage_shipping_address',1,'',0);

--
-- Table structure for table `mgkz_eav_form_type_entity`
--

CREATE TABLE `mgkz_eav_form_type_entity` (
  `type_id` smallint(5) unsigned NOT NULL COMMENT 'Type ID',
  `entity_type_id` smallint(5) unsigned NOT NULL COMMENT 'Entity Type ID',
  PRIMARY KEY (`type_id`,`entity_type_id`),
  KEY `MGKZ_EAV_FORM_TYPE_ENTITY_ENTITY_TYPE_ID` (`entity_type_id`),
  CONSTRAINT `FK_54B7114172895058BE1A30E6E21580AB` FOREIGN KEY (`entity_type_id`) REFERENCES `mgkz_eav_entity_type` (`entity_type_id`) ON DELETE CASCADE,
  CONSTRAINT `MGKZ_EAV_FORM_TYPE_ENTITY_TYPE_ID_MGKZ_EAV_FORM_TYPE_TYPE_ID` FOREIGN KEY (`type_id`) REFERENCES `mgkz_eav_form_type` (`type_id`) ON DELETE CASCADE
) ENGINE=InnoDB DEFAULT CHARSET=utf8mb4 COLLATE=utf8mb4_general_ci COMMENT='Eav Form Type Entity';

--
-- Dumping data for table `mgkz_eav_form_type_entity`
--

INSERT INTO `mgkz_eav_form_type_entity` VALUES
(1,1),
(1,2),
(2,1),
(2,2),
(3,2),
(4,2);

--
-- Table structure for table `mgkz_email_template`
--

CREATE TABLE `mgkz_email_template` (
  `template_id` int(10) unsigned NOT NULL AUTO_INCREMENT COMMENT 'Template ID',
  `template_code` varchar(150) NOT NULL COMMENT 'Template Name',
  `template_text` text NOT NULL COMMENT 'Template Content',
  `template_styles` text DEFAULT NULL COMMENT 'Templste Styles',
  `template_type` int(10) unsigned DEFAULT NULL COMMENT 'Template Type',
  `template_subject` varchar(200) NOT NULL COMMENT 'Template Subject',
  `template_sender_name` varchar(200) DEFAULT NULL COMMENT 'Template Sender Name',
  `template_sender_email` varchar(200) DEFAULT NULL COMMENT 'Template Sender Email',
  `added_at` timestamp NOT NULL DEFAULT current_timestamp() COMMENT 'Date of Template Creation',
  `modified_at` timestamp NOT NULL DEFAULT current_timestamp() ON UPDATE current_timestamp() COMMENT 'Date of Template Modification',
  `orig_template_code` varchar(200) DEFAULT NULL COMMENT 'Original Template Code',
  `orig_template_variables` text DEFAULT NULL COMMENT 'Original Template Variables',
  `is_legacy` tinyint(1) NOT NULL DEFAULT 0 COMMENT 'Should the template render in legacy mode',
  PRIMARY KEY (`template_id`),
  UNIQUE KEY `MGKZ_EMAIL_TEMPLATE_TEMPLATE_CODE` (`template_code`),
  KEY `MGKZ_EMAIL_TEMPLATE_ADDED_AT` (`added_at`),
  KEY `MGKZ_EMAIL_TEMPLATE_MODIFIED_AT` (`modified_at`)
) ENGINE=InnoDB DEFAULT CHARSET=utf8mb4 COLLATE=utf8mb4_general_ci COMMENT='Email Templates';

--
-- Dumping data for table `mgkz_email_template`
--


--
-- Table structure for table `mgkz_flag`
--

CREATE TABLE `mgkz_flag` (
  `flag_id` int(10) unsigned NOT NULL AUTO_INCREMENT COMMENT 'Flag Id',
  `flag_code` varchar(255) NOT NULL COMMENT 'Flag Code',
  `state` smallint(5) unsigned NOT NULL DEFAULT 0 COMMENT 'Flag State',
  `flag_data` mediumtext DEFAULT NULL COMMENT 'Flag Data',
  `last_update` timestamp NOT NULL DEFAULT current_timestamp() ON UPDATE current_timestamp() COMMENT 'Date of Last Flag Update',
  PRIMARY KEY (`flag_id`),
  KEY `MGKZ_FLAG_LAST_UPDATE` (`last_update`)
) ENGINE=InnoDB AUTO_INCREMENT=5 DEFAULT CHARSET=utf8mb4 COLLATE=utf8mb4_general_ci COMMENT='Flag';

--
-- Dumping data for table `mgkz_flag`
--

INSERT INTO `mgkz_flag` VALUES
(1,'analytics_link_attempts_reverse_counter',0,'24','2025-04-18 15:12:27'),
(2,'feed_metadata_salesOrders',0,'{\"lockedBy\":\"full reindex(legacy)(605730)\"}','2025-04-18 15:12:27'),
(3,'feed_metadata_salesOrderStatuses',0,'{\"lockedBy\":\"full reindex(legacy)(605730)\"}','2025-04-18 15:12:27'),
(4,'feed_metadata_stores',0,'{\"lockedBy\":\"full reindex(legacy)(605730)\"}','2025-04-18 15:12:27');

--
-- Table structure for table `mgkz_gift_message`
--

CREATE TABLE `mgkz_gift_message` (
  `gift_message_id` int(10) unsigned NOT NULL AUTO_INCREMENT COMMENT 'GiftMessage ID',
  `customer_id` int(10) unsigned NOT NULL DEFAULT 0 COMMENT 'Customer ID',
  `sender` varchar(255) DEFAULT NULL COMMENT 'Sender',
  `recipient` varchar(255) DEFAULT NULL COMMENT 'Registrant',
  `message` text DEFAULT NULL COMMENT 'Message',
  PRIMARY KEY (`gift_message_id`)
) ENGINE=InnoDB DEFAULT CHARSET=utf8mb4 COLLATE=utf8mb4_general_ci COMMENT='Gift Message';

--
-- Dumping data for table `mgkz_gift_message`
--


--
-- Table structure for table `mgkz_googleoptimizer_code`
--

CREATE TABLE `mgkz_googleoptimizer_code` (
  `code_id` int(10) unsigned NOT NULL AUTO_INCREMENT COMMENT 'Google experiment code ID',
  `entity_id` int(10) unsigned NOT NULL COMMENT 'Optimized entity ID product ID or catalog ID',
  `entity_type` varchar(50) DEFAULT NULL COMMENT 'Optimized entity type',
  `store_id` smallint(5) unsigned NOT NULL COMMENT 'Store ID',
  `experiment_script` text DEFAULT NULL COMMENT 'Google experiment script',
  PRIMARY KEY (`code_id`),
  UNIQUE KEY `MGKZ_GOOGLEOPTIMIZER_CODE_STORE_ID_ENTITY_ID_ENTITY_TYPE` (`store_id`,`entity_id`,`entity_type`),
  CONSTRAINT `MGKZ_GOOGLEOPTIMIZER_CODE_STORE_ID_MGKZ_STORE_STORE_ID` FOREIGN KEY (`store_id`) REFERENCES `mgkz_store` (`store_id`) ON DELETE CASCADE
) ENGINE=InnoDB DEFAULT CHARSET=utf8mb4 COLLATE=utf8mb4_general_ci COMMENT='Google Experiment code';

--
-- Dumping data for table `mgkz_googleoptimizer_code`
--


--
-- Table structure for table `mgkz_import_history`
--

CREATE TABLE `mgkz_import_history` (
  `history_id` int(10) unsigned NOT NULL AUTO_INCREMENT COMMENT 'History record ID',
  `started_at` timestamp NOT NULL DEFAULT current_timestamp() COMMENT 'Started at',
  `user_id` int(10) unsigned NOT NULL DEFAULT 0 COMMENT 'User ID',
  `imported_file` varchar(255) DEFAULT NULL COMMENT 'Imported file',
  `execution_time` varchar(255) DEFAULT NULL COMMENT 'Execution time',
  `summary` varchar(255) DEFAULT NULL COMMENT 'Summary',
  `error_file` varchar(255) NOT NULL COMMENT 'Imported file with errors',
  PRIMARY KEY (`history_id`)
) ENGINE=InnoDB AUTO_INCREMENT=2 DEFAULT CHARSET=utf8mb4 COLLATE=utf8mb4_general_ci COMMENT='Import history table';

--
-- Dumping data for table `mgkz_import_history`
--

INSERT INTO `mgkz_import_history` VALUES
(1,'2025-04-18 15:12:27',0,NULL,'00:00:57','Created: 1994, Updated: 0, Deleted: 0','');

--
-- Table structure for table `mgkz_importexport_importdata`
--

CREATE TABLE `mgkz_importexport_importdata` (
  `id` int(10) unsigned NOT NULL AUTO_INCREMENT COMMENT 'ID',
  `entity` varchar(50) NOT NULL COMMENT 'Entity',
  `behavior` varchar(10) NOT NULL DEFAULT 'append' COMMENT 'Behavior',
  `data` longtext DEFAULT NULL COMMENT 'Data',
  `is_processed` tinyint(1) NOT NULL DEFAULT 1 COMMENT 'Is Row Processed',
  `updated_at` timestamp NOT NULL DEFAULT current_timestamp() ON UPDATE current_timestamp() COMMENT 'timestamp of last update',
  PRIMARY KEY (`id`)
) ENGINE=InnoDB AUTO_INCREMENT=21 DEFAULT CHARSET=utf8mb4 COLLATE=utf8mb4_general_ci COMMENT='Import Data Table';

--
-- Dumping data for table `mgkz_importexport_importdata`
--

INSERT INTO `mgkz_importexport_importdata` VALUES
(1,'catalog_product','append','[{\"sku\":\"MH01-XS-Black\",\"store_view_code\":null,\"attribute_set_code\":\"Top\",\"product_type\":\"simple\",\"categories\":\"Default Category\\/Men\\/Tops\\/Hoodies & Sweatshirts,Default Category\\/Collections\\/Eco Friendly,Default Category\",\"product_websites\":\"base\",\"name\":\"Chaz Kangeroo Hoodie-XS-Black\",\"description\":\"<p>Ideal for cold-weather training or work outdoors, the Chaz Hoodie promises superior warmth with every wear. Thick material blocks out the wind as ribbed cuffs and bottom band seal in body heat.<\\/p>\\n<p>&bull; Two-tone gray heather hoodie.<br \\/>&bull; Drawstring-adjustable hood. <br \\/>&bull; Machine wash\\/dry.<\\/p>\",\"short_description\":null,\"weight\":\"1\",\"product_online\":\"1\",\"tax_class_name\":\"Taxable Goods\",\"visibility\":\"Not Visible Individually\",\"price\":\"52\",\"special_price\":null,\"special_price_from_date\":null,\"special_price_to_date\":null,\"url_key\":\"chaz-kangeroo-hoodie-xs-black\",\"meta_title\":null,\"meta_keywords\":null,\"meta_description\":null,\"base_image\":\"\\/m\\/h\\/mh01-black_main.jpg\",\"base_image_label\":null,\"small_image\":\"\\/m\\/h\\/mh01-black_main.jpg\",\"small_image_label\":null,\"thumbnail_image\":\"\\/m\\/h\\/mh01-black_main.jpg\",\"thumbnail_image_label\":null,\"created_at\":null,\"updated_at\":null,\"new_from_date\":null,\"new_to_date\":null,\"display_product_options_in\":null,\"map_price\":null,\"msrp_price\":null,\"map_enabled\":null,\"gift_message_available\":null,\"custom_design\":null,\"custom_design_from\":null,\"custom_design_to\":null,\"custom_layout_update\":null,\"page_layout\":null,\"product_options_container\":null,\"msrp_display_actual_price_type\":null,\"country_of_manufacture\":null,\"additional_attributes\":\"has_options=0,required_options=0,size=XS,color=Black\",\"qty\":\"100\",\"out_of_stock_qty\":\"0\",\"use_config_min_qty\":\"1\",\"is_qty_decimal\":\"0\",\"allow_backorders\":\"0\",\"use_config_backorders\":\"1\",\"min_cart_qty\":\"1\",\"use_config_min_sale_qty\":\"1\",\"max_cart_qty\":\"0\",\"use_config_max_sale_qty\":\"1\",\"is_in_stock\":\"1\",\"notify_on_stock_below\":null,\"use_config_notify_stock_qty\":\"1\",\"manage_stock\":\"0\",\"use_config_manage_stock\":\"1\",\"use_config_qty_increments\":\"1\",\"qty_increments\":\"0\",\"use_config_enable_qty_inc\":\"1\",\"enable_qty_increments\":\"0\",\"is_decimal_divided\":\"0\",\"website_id\":\"1\",\"configurable_variations\":null,\"configurable_variation_prices\":null,\"configurable_variation_labels\":null,\"additional_images\":null,\"image\":\"\\/m\\/h\\/mh01-black_main.jpg\",\"image_label\":null,\"thumbnail\":\"\\/m\\/h\\/mh01-black_main.jpg\",\"thumbnail_label\":null,\"_media_image\":null,\"_store\":null,\"_attribute_set\":\"Top\",\"_product_websites\":\"base\",\"status\":\"1\",\"news_from_date\":null,\"news_to_date\":null,\"options_container\":null,\"minimal_price\":null,\"msrp\":null,\"msrp_enabled\":null,\"special_from_date\":null,\"special_to_date\":null,\"min_qty\":\"0\",\"backorders\":\"0\",\"min_sale_qty\":\"1\",\"max_sale_qty\":\"0\",\"notify_stock_qty\":null,\"meta_keyword\":null,\"has_options\":\"0\",\"required_options\":\"0\",\"size\":\"XS\",\"color\":\"Black\"},{\"sku\":\"MH01-XS-Gray\",\"store_view_code\":null,\"attribute_set_code\":\"Top\",\"product_type\":\"simple\",\"categories\":\"Default Category\\/Men\\/Tops\\/Hoodies & Sweatshirts,Default Category\\/Collections\\/Eco Friendly,Default Category\",\"product_websites\":\"base\",\"name\":\"Chaz Kangeroo Hoodie-XS-Gray\",\"description\":\"<p>Ideal for cold-weather training or work outdoors, the Chaz Hoodie promises superior warmth with every wear. Thick material blocks out the wind as ribbed cuffs and bottom band seal in body heat.<\\/p>\\n<p>&bull; Two-tone gray heather hoodie.<br \\/>&bull; Drawstring-adjustable hood. <br \\/>&bull; Machine wash\\/dry.<\\/p>\",\"short_description\":null,\"weight\":\"1\",\"product_online\":\"1\",\"tax_class_name\":\"Taxable Goods\",\"visibility\":\"Not Visible Individually\",\"price\":\"52\",\"special_price\":null,\"special_price_from_date\":null,\"special_price_to_date\":null,\"url_key\":\"chaz-kangeroo-hoodie-xs-gray\",\"meta_title\":null,\"meta_keywords\":null,\"meta_description\":null,\"base_image\":\"\\/m\\/h\\/mh01-gray_main.jpg\",\"base_image_label\":null,\"small_image\":\"\\/m\\/h\\/mh01-gray_main.jpg\",\"small_image_label\":null,\"thumbnail_image\":\"\\/m\\/h\\/mh01-gray_main.jpg\",\"thumbnail_image_label\":null,\"created_at\":null,\"updated_at\":null,\"new_from_date\":null,\"new_to_date\":null,\"display_product_options_in\":null,\"map_price\":null,\"msrp_price\":null,\"map_enabled\":null,\"gift_message_available\":null,\"custom_design\":null,\"custom_design_from\":null,\"custom_design_to\":null,\"custom_layout_update\":null,\"page_layout\":null,\"product_options_container\":null,\"msrp_display_actual_price_type\":null,\"country_of_manufacture\":null,\"additional_attributes\":\"has_options=0,required_options=0,size=XS,color=Gray\",\"qty\":\"100\",\"out_of_stock_qty\":\"0\",\"use_config_min_qty\":\"1\",\"is_qty_decimal\":\"0\",\"allow_backorders\":\"0\",\"use_config_backorders\":\"1\",\"min_cart_qty\":\"1\",\"use_config_min_sale_qty\":\"1\",\"max_cart_qty\":\"0\",\"use_config_max_sale_qty\":\"1\",\"is_in_stock\":\"1\",\"notify_on_stock_below\":null,\"use_config_notify_stock_qty\":\"1\",\"manage_stock\":\"0\",\"use_config_manage_stock\":\"1\",\"use_config_qty_increments\":\"1\",\"qty_increments\":\"0\",\"use_config_enable_qty_inc\":\"1\",\"enable_qty_increments\":\"0\",\"is_decimal_divided\":\"0\",\"website_id\":\"1\",\"configurable_variations\":null,\"configurable_variation_prices\":null,\"configurable_variation_labels\":null,\"additional_images\":\"\\/m\\/h\\/mh01-gray_alt1.jpg,\\/m\\/h\\/mh01-gray_back.jpg\",\"image\":\"\\/m\\/h\\/mh01-gray_main.jpg\",\"image_label\":null,\"thumbnail\":\"\\/m\\/h\\/mh01-gray_main.jpg\",\"thumbnail_label\":null,\"_media_image\":\"\\/m\\/h\\/mh01-gray_alt1.jpg,\\/m\\/h\\/mh01-gray_back.jpg\",\"_store\":null,\"_attribute_set\":\"Top\",\"_product_websites\":\"base\",\"status\":\"1\",\"news_from_date\":null,\"news_to_date\":null,\"options_container\":null,\"minimal_price\":null,\"msrp\":null,\"msrp_enabled\":null,\"special_from_date\":null,\"special_to_date\":null,\"min_qty\":\"0\",\"backorders\":\"0\",\"min_sale_qty\":\"1\",\"max_sale_qty\":\"0\",\"notify_stock_qty\":null,\"meta_keyword\":null,\"has_options\":\"0\",\"required_options\":\"0\",\"size\":\"XS\",\"color\":\"Gray\"},{\"sku\":\"MH01-XS-Orange\",\"store_view_code\":null,\"attribute_set_code\":\"Top\",\"product_type\":\"simple\",\"categories\":\"Default Category\\/Men\\/Tops\\/Hoodies & Sweatshirts,Default Category\\/Collections\\/Eco Friendly,Default Category\",\"product_websites\":\"base\",\"name\":\"Chaz Kangeroo Hoodie-XS-Orange\",\"description\":\"<p>Ideal for cold-weather training or work outdoors, the Chaz Hoodie promises superior warmth with every wear. Thick material blocks out the wind as ribbed cuffs and bottom band seal in body heat.<\\/p>\\n<p>&bull; Two-tone gray heather hoodie.<br \\/>&bull; Drawstring-adjustable hood. <br \\/>&bull; Machine wash\\/dry.<\\/p>\",\"short_description\":null,\"weight\":\"1\",\"product_online\":\"1\",\"tax_class_name\":\"Taxable Goods\",\"visibility\":\"Not Visible Individually\",\"price\":\"52\",\"special_price\":null,\"special_price_from_date\":null,\"special_price_to_date\":null,\"url_key\":\"chaz-kangeroo-hoodie-xs-orange\",\"meta_title\":null,\"meta_keywords\":null,\"meta_description\":null,\"base_image\":\"\\/m\\/h\\/mh01-orange_main.jpg\",\"base_image_label\":null,\"small_image\":\"\\/m\\/h\\/mh01-orange_main.jpg\",\"small_image_label\":null,\"thumbnail_image\":\"\\/m\\/h\\/mh01-orange_main.jpg\",\"thumbnail_image_label\":null,\"created_at\":null,\"updated_at\":null,\"new_from_date\":null,\"new_to_date\":null,\"display_product_options_in\":null,\"map_price\":null,\"msrp_price\":null,\"map_enabled\":null,\"gift_message_available\":null,\"custom_design\":null,\"custom_design_from\":null,\"custom_design_to\":null,\"custom_layout_update\":null,\"page_layout\":null,\"product_options_container\":null,\"msrp_display_actual_price_type\":null,\"country_of_manufacture\":null,\"additional_attributes\":\"has_options=0,required_options=0,size=XS,color=Orange\",\"qty\":\"100\",\"out_of_stock_qty\":\"0\",\"use_config_min_qty\":\"1\",\"is_qty_decimal\":\"0\",\"allow_backorders\":\"0\",\"use_config_backorders\":\"1\",\"min_cart_qty\":\"1\",\"use_config_min_sale_qty\":\"1\",\"max_cart_qty\":\"0\",\"use_config_max_sale_qty\":\"1\",\"is_in_stock\":\"1\",\"notify_on_stock_below\":null,\"use_config_notify_stock_qty\":\"1\",\"manage_stock\":\"0\",\"use_config_manage_stock\":\"1\",\"use_config_qty_increments\":\"1\",\"qty_increments\":\"0\",\"use_config_enable_qty_inc\":\"1\",\"enable_qty_increments\":\"0\",\"is_decimal_divided\":\"0\",\"website_id\":\"1\",\"configurable_variations\":null,\"configurable_variation_prices\":null,\"configurable_variation_labels\":null,\"additional_images\":null,\"image\":\"\\/m\\/h\\/mh01-orange_main.jpg\",\"image_label\":null,\"thumbnail\":\"\\/m\\/h\\/mh01-orange_main.jpg\",\"thumbnail_label\":null,\"_media_image\":null,\"_store\":null,\"_attribute_set\":\"Top\",\"_product_websites\":\"base\",\"status\":\"1\",\"news_from_date\":null,\"news_to_date\":null,\"options_container\":null,\"minimal_price\":null,\"msrp\":null,\"msrp_enabled\":null,\"special_from_date\":null,\"special_to_date\":null,\"min_qty\":\"0\",\"backorders\":\"0\",\"min_sale_qty\":\"1\",\"max_sale_qty\":\"0\",\"notify_stock_qty\":null,\"meta_keyword\":null,\"has_options\":\"0\",\"required_options\":\"0\",\"size\":\"XS\",\"color\":\"Orange\"},{\"sku\":\"MH01-S-Black\",\"store_view_code\":null,\"attribute_set_code\":\"Top\",\"product_type\":\"simple\",\"categories\":\"Default Category\\/Men\\/Tops\\/Hoodies & Sweatshirts,Default Category\\/Collections\\/Eco Friendly,Default Category\",\"product_websites\":\"base\",\"name\":\"Chaz Kangeroo Hoodie-S-Black\",\"description\":\"<p>Ideal for cold-weather training or work outdoors, the Chaz Hoodie promises superior warmth with every wear. Thick material blocks out the wind as ribbed cuffs and bottom band seal in body heat.<\\/p>\\n<p>&bull; Two-tone gray heather hoodie.<br \\/>&bull; Drawstring-adjustable hood. <br \\/>&bull; Machine wash\\/dry.<\\/p>\",\"short_description\":null,\"weight\":\"1\",\"product_online\":\"1\",\"tax_class_name\":\"Taxable Goods\",\"visibility\":\"Not Visible Individually\",\"price\":\"52\",\"special_price\":null,\"special_price_from_date\":null,\"special_price_to_date\":null,\"url_key\":\"chaz-kangeroo-hoodie-s-black\",\"meta_title\":null,\"meta_keywords\":null,\"meta_description\":null,\"base_image\":\"\\/m\\/h\\/mh01-black_main.jpg\",\"base_image_label\":null,\"small_image\":\"\\/m\\/h\\/mh01-black_main.jpg\",\"small_image_label\":null,\"thumbnail_image\":\"\\/m\\/h\\/mh01-black_main.jpg\",\"thumbnail_image_label\":null,\"created_at\":null,\"updated_at\":null,\"new_from_date\":null,\"new_to_date\":null,\"display_product_options_in\":null,\"map_price\":null,\"msrp_price\":null,\"map_enabled\":null,\"gift_message_available\":null,\"custom_design\":null,\"custom_design_from\":null,\"custom_design_to\":null,\"custom_layout_update\":null,\"page_layout\":null,\"product_options_container\":null,\"msrp_display_actual_price_type\":null,\"country_of_manufacture\":null,\"additional_attributes\":\"has_options=0,required_options=0,size=S,color=Black\",\"qty\":\"100\",\"out_of_stock_qty\":\"0\",\"use_config_min_qty\":\"1\",\"is_qty_decimal\":\"0\",\"allow_backorders\":\"0\",\"use_config_backorders\":\"1\",\"min_cart_qty\":\"1\",\"use_config_min_sale_qty\":\"1\",\"max_cart_qty\":\"0\",\"use_config_max_sale_qty\":\"1\",\"is_in_stock\":\"1\",\"notify_on_stock_below\":null,\"use_config_notify_stock_qty\":\"1\",\"manage_stock\":\"0\",\"use_config_manage_stock\":\"1\",\"use_config_qty_increments\":\"1\",\"qty_increments\":\"0\",\"use_config_enable_qty_inc\":\"1\",\"enable_qty_increments\":\"0\",\"is_decimal_divided\":\"0\",\"website_id\":\"1\",\"configurable_variations\":null,\"configurable_variation_prices\":null,\"configurable_variation_labels\":null,\"additional_images\":null,\"image\":\"\\/m\\/h\\/mh01-black_main.jpg\",\"image_label\":null,\"thumbnail\":\"\\/m\\/h\\/mh01-black_main.jpg\",\"thumbnail_label\":null,\"_media_image\":null,\"_store\":null,\"_attribute_set\":\"Top\",\"_product_websites\":\"base\",\"status\":\"1\",\"news_from_date\":null,\"news_to_date\":null,\"options_container\":null,\"minimal_price\":null,\"msrp\":null,\"msrp_enabled\":null,\"special_from_date\":null,\"special_to_date\":null,\"min_qty\":\"0\",\"backorders\":\"0\",\"min_sale_qty\":\"1\",\"max_sale_qty\":\"0\",\"notify_stock_qty\":null,\"meta_keyword\":null,\"has_options\":\"0\",\"required_options\":\"0\",\"size\":\"S\",\"color\":\"Black\"},{\"sku\":\"MH01-S-Gray\",\"store_view_code\":null,\"attribute_set_code\":\"Top\",\"product_type\":\"simple\",\"categories\":\"Default Category\\/Men\\/Tops\\/Hoodies & Sweatshirts,Default Category\\/Collections\\/Eco Friendly,Default Category\",\"product_websites\":\"base\",\"name\":\"Chaz Kangeroo Hoodie-S-Gray\",\"description\":\"<p>Ideal for cold-weather training or work outdoors, the Chaz Hoodie promises superior warmth with every wear. Thick material blocks out the wind as ribbed cuffs and bottom band seal in body heat.<\\/p>\\n<p>&bull; Two-tone gray heather hoodie.<br \\/>&bull; Drawstring-adjustable hood. <br \\/>&bull; Machine wash\\/dry.<\\/p>\",\"short_description\":null,\"weight\":\"1\",\"product_online\":\"1\",\"tax_class_name\":\"Taxable Goods\",\"visibility\":\"Not Visible Individually\",\"price\":\"52\",\"special_price\":null,\"special_price_from_date\":null,\"special_price_to_date\":null,\"url_key\":\"chaz-kangeroo-hoodie-s-gray\",\"meta_title\":null,\"meta_keywords\":null,\"meta_description\":null,\"base_image\":\"\\/m\\/h\\/mh01-gray_main.jpg\",\"base_image_label\":null,\"small_image\":\"\\/m\\/h\\/mh01-gray_main.jpg\",\"small_image_label\":null,\"thumbnail_image\":\"\\/m\\/h\\/mh01-gray_main.jpg\",\"thumbnail_image_label\":null,\"created_at\":null,\"updated_at\":null,\"new_from_date\":null,\"new_to_date\":null,\"display_product_options_in\":null,\"map_price\":null,\"msrp_price\":null,\"map_enabled\":null,\"gift_message_available\":null,\"custom_design\":null,\"custom_design_from\":null,\"custom_design_to\":null,\"custom_layout_update\":null,\"page_layout\":null,\"product_options_container\":null,\"msrp_display_actual_price_type\":null,\"country_of_manufacture\":null,\"additional_attributes\":\"has_options=0,required_options=0,size=S,color=Gray\",\"qty\":\"100\",\"out_of_stock_qty\":\"0\",\"use_config_min_qty\":\"1\",\"is_qty_decimal\":\"0\",\"allow_backorders\":\"0\",\"use_config_backorders\":\"1\",\"min_cart_qty\":\"1\",\"use_config_min_sale_qty\":\"1\",\"max_cart_qty\":\"0\",\"use_config_max_sale_qty\":\"1\",\"is_in_stock\":\"1\",\"notify_on_stock_below\":null,\"use_config_notify_stock_qty\":\"1\",\"manage_stock\":\"0\",\"use_config_manage_stock\":\"1\",\"use_config_qty_increments\":\"1\",\"qty_increments\":\"0\",\"use_config_enable_qty_inc\":\"1\",\"enable_qty_increments\":\"0\",\"is_decimal_divided\":\"0\",\"website_id\":\"1\",\"configurable_variations\":null,\"configurable_variation_prices\":null,\"configurable_variation_labels\":null,\"additional_images\":\"\\/m\\/h\\/mh01-gray_alt1.jpg,\\/m\\/h\\/mh01-gray_back.jpg\",\"image\":\"\\/m\\/h\\/mh01-gray_main.jpg\",\"image_label\":null,\"thumbnail\":\"\\/m\\/h\\/mh01-gray_main.jpg\",\"thumbnail_label\":null,\"_media_image\":\"\\/m\\/h\\/mh01-gray_alt1.jpg,\\/m\\/h\\/mh01-gray_back.jpg\",\"_store\":null,\"_attribute_set\":\"Top\",\"_product_websites\":\"base\",\"status\":\"1\",\"news_from_date\":null,\"news_to_date\":null,\"options_container\":null,\"minimal_price\":null,\"msrp\":null,\"msrp_enabled\":null,\"special_from_date\":null,\"special_to_date\":null,\"min_qty\":\"0\",\"backorders\":\"0\",\"min_sale_qty\":\"1\",\"max_sale_qty\":\"0\",\"notify_stock_qty\":null,\"meta_keyword\":null,\"has_options\":\"0\",\"required_options\":\"0\",\"size\":\"S\",\"color\":\"Gray\"},{\"sku\":\"MH01-S-Orange\",\"store_view_code\":null,\"attribute_set_code\":\"Top\",\"product_type\":\"simple\",\"categories\":\"Default Category\\/Men\\/Tops\\/Hoodies & Sweatshirts,Default Category\\/Collections\\/Eco Friendly,Default Category\",\"product_websites\":\"base\",\"name\":\"Chaz Kangeroo Hoodie-S-Orange\",\"description\":\"<p>Ideal for cold-weather training or work outdoors, the Chaz Hoodie promises superior warmth with every wear. Thick material blocks out the wind as ribbed cuffs and bottom band seal in body heat.<\\/p>\\n<p>&bull; Two-tone gray heather hoodie.<br \\/>&bull; Drawstring-adjustable hood. <br \\/>&bull; Machine wash\\/dry.<\\/p>\",\"short_description\":null,\"weight\":\"1\",\"product_online\":\"1\",\"tax_class_name\":\"Taxable Goods\",\"visibility\":\"Not Visible Individually\",\"price\":\"52\",\"special_price\":null,\"special_price_from_date\":null,\"special_price_to_date\":null,\"url_key\":\"chaz-kangeroo-hoodie-s-orange\",\"meta_title\":null,\"meta_keywords\":null,\"meta_description\":null,\"base_image\":\"\\/m\\/h\\/mh01-orange_main.jpg\",\"base_image_label\":null,\"small_image\":\"\\/m\\/h\\/mh01-orange_main.jpg\",\"small_image_label\":null,\"thumbnail_image\":\"\\/m\\/h\\/mh01-orange_main.jpg\",\"thumbnail_image_label\":null,\"created_at\":null,\"updated_at\":null,\"new_from_date\":null,\"new_to_date\":null,\"display_product_options_in\":null,\"map_price\":null,\"msrp_price\":null,\"map_enabled\":null,\"gift_message_available\":null,\"custom_design\":null,\"custom_design_from\":null,\"custom_design_to\":null,\"custom_layout_update\":null,\"page_layout\":null,\"product_options_container\":null,\"msrp_display_actual_price_type\":null,\"country_of_manufacture\":null,\"additional_attributes\":\"has_options=0,required_options=0,size=S,color=Orange\",\"qty\":\"100\",\"out_of_stock_qty\":\"0\",\"use_config_min_qty\":\"1\",\"is_qty_decimal\":\"0\",\"allow_backorders\":\"0\",\"use_config_backorders\":\"1\",\"min_cart_qty\":\"1\",\"use_config_min_sale_qty\":\"1\",\"max_cart_qty\":\"0\",\"use_config_max_sale_qty\":\"1\",\"is_in_stock\":\"1\",\"notify_on_stock_below\":null,\"use_config_notify_stock_qty\":\"1\",\"manage_stock\":\"0\",\"use_config_manage_stock\":\"1\",\"use_config_qty_increments\":\"1\",\"qty_increments\":\"0\",\"use_config_enable_qty_inc\":\"1\",\"enable_qty_increments\":\"0\",\"is_decimal_divided\":\"0\",\"website_id\":\"1\",\"configurable_variations\":null,\"configurable_variation_prices\":null,\"configurable_variation_labels\":null,\"additional_images\":null,\"image\":\"\\/m\\/h\\/mh01-orange_main.jpg\",\"image_label\":null,\"thumbnail\":\"\\/m\\/h\\/mh01-orange_main.jpg\",\"thumbnail_label\":null,\"_media_image\":null,\"_store\":null,\"_attribute_set\":\"Top\",\"_product_websites\":\"base\",\"status\":\"1\",\"news_from_date\":null,\"news_to_date\":null,\"options_container\":null,\"minimal_price\":null,\"msrp\":null,\"msrp_enabled\":null,\"special_from_date\":null,\"special_to_date\":null,\"min_qty\":\"0\",\"backorders\":\"0\",\"min_sale_qty\":\"1\",\"max_sale_qty\":\"0\",\"notify_stock_qty\":null,\"meta_keyword\":null,\"has_options\":\"0\",\"required_options\":\"0\",\"size\":\"S\",\"color\":\"Orange\"},{\"sku\":\"MH01-M-Black\",\"store_view_code\":null,\"attribute_set_code\":\"Top\",\"product_type\":\"simple\",\"categories\":\"Default Category\\/Men\\/Tops\\/Hoodies & Sweatshirts,Default Category\\/Collections\\/Eco Friendly,Default Category\",\"product_websites\":\"base\",\"name\":\"Chaz Kangeroo Hoodie-M-Black\",\"description\":\"<p>Ideal for cold-weather training or work outdoors, the Chaz Hoodie promises superior warmth with every wear. Thick material blocks out the wind as ribbed cuffs and bottom band seal in body heat.<\\/p>\\n<p>&bull; Two-tone gray heather hoodie.<br \\/>&bull; Drawstring-adjustable hood. <br \\/>&bull; Machine wash\\/dry.<\\/p>\",\"short_description\":null,\"weight\":\"1\",\"product_online\":\"1\",\"tax_class_name\":\"Taxable Goods\",\"visibility\":\"Not Visible Individually\",\"price\":\"52\",\"special_price\":null,\"special_price_from_date\":null,\"special_price_to_date\":null,\"url_key\":\"chaz-kangeroo-hoodie-m-black\",\"meta_title\":null,\"meta_keywords\":null,\"meta_description\":null,\"base_image\":\"\\/m\\/h\\/mh01-black_main.jpg\",\"base_image_label\":null,\"small_image\":\"\\/m\\/h\\/mh01-black_main.jpg\",\"small_image_label\":null,\"thumbnail_image\":\"\\/m\\/h\\/mh01-black_main.jpg\",\"thumbnail_image_label\":null,\"created_at\":null,\"updated_at\":null,\"new_from_date\":null,\"new_to_date\":null,\"display_product_options_in\":null,\"map_price\":null,\"msrp_price\":null,\"map_enabled\":null,\"gift_message_available\":null,\"custom_design\":null,\"custom_design_from\":null,\"custom_design_to\":null,\"custom_layout_update\":null,\"page_layout\":null,\"product_options_container\":null,\"msrp_display_actual_price_type\":null,\"country_of_manufacture\":null,\"additional_attributes\":\"has_options=0,required_options=0,size=M,color=Black\",\"qty\":\"100\",\"out_of_stock_qty\":\"0\",\"use_config_min_qty\":\"1\",\"is_qty_decimal\":\"0\",\"allow_backorders\":\"0\",\"use_config_backorders\":\"1\",\"min_cart_qty\":\"1\",\"use_config_min_sale_qty\":\"1\",\"max_cart_qty\":\"0\",\"use_config_max_sale_qty\":\"1\",\"is_in_stock\":\"1\",\"notify_on_stock_below\":null,\"use_config_notify_stock_qty\":\"1\",\"manage_stock\":\"0\",\"use_config_manage_stock\":\"1\",\"use_config_qty_increments\":\"1\",\"qty_increments\":\"0\",\"use_config_enable_qty_inc\":\"1\",\"enable_qty_increments\":\"0\",\"is_decimal_divided\":\"0\",\"website_id\":\"1\",\"configurable_variations\":null,\"configurable_variation_prices\":null,\"configurable_variation_labels\":null,\"additional_images\":null,\"image\":\"\\/m\\/h\\/mh01-black_main.jpg\",\"image_label\":null,\"thumbnail\":\"\\/m\\/h\\/mh01-black_main.jpg\",\"thumbnail_label\":null,\"_media_image\":null,\"_store\":null,\"_attribute_set\":\"Top\",\"_product_websites\":\"base\",\"status\":\"1\",\"news_from_date\":null,\"news_to_date\":null,\"options_container\":null,\"minimal_price\":null,\"msrp\":null,\"msrp_enabled\":null,\"special_from_date\":null,\"special_to_date\":null,\"min_qty\":\"0\",\"backorders\":\"0\",\"min_sale_qty\":\"1\",\"max_sale_qty\":\"0\",\"notify_stock_qty\":null,\"meta_keyword\":null,\"has_options\":\"0\",\"required_options\":\"0\",\"size\":\"M\",\"color\":\"Black\"},{\"sku\":\"MH01-M-Gray\",\"store_view_code\":null,\"attribute_set_code\":\"Top\",\"product_type\":\"simple\",\"categories\":\"Default Category\\/Men\\/Tops\\/Hoodies & Sweatshirts,Default Category\\/Collections\\/Eco Friendly,Default Category\",\"product_websites\":\"base\",\"name\":\"Chaz Kangeroo Hoodie-M-Gray\",\"description\":\"<p>Ideal for cold-weather training or work outdoors, the Chaz Hoodie promises superior warmth with every wear. Thick material blocks out the wind as ribbed cuffs and bottom band seal in body heat.<\\/p>\\n<p>&bull; Two-tone gray heather hoodie.<br \\/>&bull; Drawstring-adjustable hood. <br \\/>&bull; Machine wash\\/dry.<\\/p>\",\"short_description\":null,\"weight\":\"1\",\"product_online\":\"1\",\"tax_class_name\":\"Taxable Goods\",\"visibility\":\"Not Visible Individually\",\"price\":\"52\",\"special_price\":null,\"special_price_from_date\":null,\"special_price_to_date\":null,\"url_key\":\"chaz-kangeroo-hoodie-m-gray\",\"meta_title\":null,\"meta_keywords\":null,\"meta_description\":null,\"base_image\":\"\\/m\\/h\\/mh01-gray_main.jpg\",\"base_image_label\":null,\"small_image\":\"\\/m\\/h\\/mh01-gray_main.jpg\",\"small_image_label\":null,\"thumbnail_image\":\"\\/m\\/h\\/mh01-gray_main.jpg\",\"thumbnail_image_label\":null,\"created_at\":null,\"updated_at\":null,\"new_from_date\":null,\"new_to_date\":null,\"display_product_options_in\":null,\"map_price\":null,\"msrp_price\":null,\"map_enabled\":null,\"gift_message_available\":null,\"custom_design\":null,\"custom_design_from\":null,\"custom_design_to\":null,\"custom_layout_update\":null,\"page_layout\":null,\"product_options_container\":null,\"msrp_display_actual_price_type\":null,\"country_of_manufacture\":null,\"additional_attributes\":\"has_options=0,required_options=0,size=M,color=Gray\",\"qty\":\"100\",\"out_of_stock_qty\":\"0\",\"use_config_min_qty\":\"1\",\"is_qty_decimal\":\"0\",\"allow_backorders\":\"0\",\"use_config_backorders\":\"1\",\"min_cart_qty\":\"1\",\"use_config_min_sale_qty\":\"1\",\"max_cart_qty\":\"0\",\"use_config_max_sale_qty\":\"1\",\"is_in_stock\":\"1\",\"notify_on_stock_below\":null,\"use_config_notify_stock_qty\":\"1\",\"manage_stock\":\"0\",\"use_config_manage_stock\":\"1\",\"use_config_qty_increments\":\"1\",\"qty_increments\":\"0\",\"use_config_enable_qty_inc\":\"1\",\"enable_qty_increments\":\"0\",\"is_decimal_divided\":\"0\",\"website_id\":\"1\",\"configurable_variations\":null,\"configurable_variation_prices\":null,\"configurable_variation_labels\":null,\"additional_images\":\"\\/m\\/h\\/mh01-gray_alt1.jpg,\\/m\\/h\\/mh01-gray_back.jpg\",\"image\":\"\\/m\\/h\\/mh01-gray_main.jpg\",\"image_label\":null,\"thumbnail\":\"\\/m\\/h\\/mh01-gray_main.jpg\",\"thumbnail_label\":null,\"_media_image\":\"\\/m\\/h\\/mh01-gray_alt1.jpg,\\/m\\/h\\/mh01-gray_back.jpg\",\"_store\":null,\"_attribute_set\":\"Top\",\"_product_websites\":\"base\",\"status\":\"1\",\"news_from_date\":null,\"news_to_date\":null,\"options_container\":null,\"minimal_price\":null,\"msrp\":null,\"msrp_enabled\":null,\"special_from_date\":null,\"special_to_date\":null,\"min_qty\":\"0\",\"backorders\":\"0\",\"min_sale_qty\":\"1\",\"max_sale_qty\":\"0\",\"notify_stock_qty\":null,\"meta_keyword\":null,\"has_options\":\"0\",\"required_options\":\"0\",\"size\":\"M\",\"color\":\"Gray\"},{\"sku\":\"MH01-M-Orange\",\"store_view_code\":null,\"attribute_set_code\":\"Top\",\"product_type\":\"simple\",\"categories\":\"Default Category\\/Men\\/Tops\\/Hoodies & Sweatshirts,Default Category\\/Collections\\/Eco Friendly,Default Category\",\"product_websites\":\"base\",\"name\":\"Chaz Kangeroo Hoodie-M-Orange\",\"description\":\"<p>Ideal for cold-weather training or work outdoors, the Chaz Hoodie promises superior warmth with every wear. Thick material blocks out the wind as ribbed cuffs and bottom band seal in body heat.<\\/p>\\n<p>&bull; Two-tone gray heather hoodie.<br \\/>&bull; Drawstring-adjustable hood. <br \\/>&bull; Machine wash\\/dry.<\\/p>\",\"short_description\":null,\"weight\":\"1\",\"product_online\":\"1\",\"tax_class_name\":\"Taxable Goods\",\"visibility\":\"Not Visible Individually\",\"price\":\"52\",\"special_price\":null,\"special_price_from_date\":null,\"special_price_to_date\":null,\"url_key\":\"chaz-kangeroo-hoodie-m-orange\",\"meta_title\":null,\"meta_keywords\":null,\"meta_description\":null,\"base_image\":\"\\/m\\/h\\/mh01-orange_main.jpg\",\"base_image_label\":null,\"small_image\":\"\\/m\\/h\\/mh01-orange_main.jpg\",\"small_image_label\":null,\"thumbnail_image\":\"\\/m\\/h\\/mh01-orange_main.jpg\",\"thumbnail_image_label\":null,\"created_at\":null,\"updated_at\":null,\"new_from_date\":null,\"new_to_date\":null,\"display_product_options_in\":null,\"map_price\":null,\"msrp_price\":null,\"map_enabled\":null,\"gift_message_available\":null,\"custom_design\":null,\"custom_design_from\":null,\"custom_design_to\":null,\"custom_layout_update\":null,\"page_layout\":null,\"product_options_container\":null,\"msrp_display_actual_price_type\":null,\"country_of_manufacture\":null,\"additional_attributes\":\"has_options=0,required_options=0,size=M,color=Orange\",\"qty\":\"100\",\"out_of_stock_qty\":\"0\",\"use_config_min_qty\":\"1\",\"is_qty_decimal\":\"0\",\"allow_backorders\":\"0\",\"use_config_backorders\":\"1\",\"min_cart_qty\":\"1\",\"use_config_min_sale_qty\":\"1\",\"max_cart_qty\":\"0\",\"use_config_max_sale_qty\":\"1\",\"is_in_stock\":\"1\",\"notify_on_stock_below\":null,\"use_config_notify_stock_qty\":\"1\",\"manage_stock\":\"0\",\"use_config_manage_stock\":\"1\",\"use_config_qty_increments\":\"1\",\"qty_increments\":\"0\",\"use_config_enable_qty_inc\":\"1\",\"enable_qty_increments\":\"0\",\"is_decimal_divided\":\"0\",\"website_id\":\"1\",\"configurable_variations\":null,\"configurable_variation_prices\":null,\"configurable_variation_labels\":null,\"additional_images\":null,\"image\":\"\\/m\\/h\\/mh01-orange_main.jpg\",\"image_label\":null,\"thumbnail\":\"\\/m\\/h\\/mh01-orange_main.jpg\",\"thumbnail_label\":null,\"_media_image\":null,\"_store\":null,\"_attribute_set\":\"Top\",\"_product_websites\":\"base\",\"status\":\"1\",\"news_from_date\":null,\"news_to_date\":null,\"options_container\":null,\"minimal_price\":null,\"msrp\":null,\"msrp_enabled\":null,\"special_from_date\":null,\"special_to_date\":null,\"min_qty\":\"0\",\"backorders\":\"0\",\"min_sale_qty\":\"1\",\"max_sale_qty\":\"0\",\"notify_stock_qty\":null,\"meta_keyword\":null,\"has_options\":\"0\",\"required_options\":\"0\",\"size\":\"M\",\"color\":\"Orange\"},{\"sku\":\"MH01-L-Black\",\"store_view_code\":null,\"attribute_set_code\":\"Top\",\"product_type\":\"simple\",\"categories\":\"Default Category\\/Men\\/Tops\\/Hoodies & Sweatshirts,Default Category\\/Collections\\/Eco Friendly,Default Category\",\"product_websites\":\"base\",\"name\":\"Chaz Kangeroo Hoodie-L-Black\",\"description\":\"<p>Ideal for cold-weather training or work outdoors, the Chaz Hoodie promises superior warmth with every wear. Thick material blocks out the wind as ribbed cuffs and bottom band seal in body heat.<\\/p>\\n<p>&bull; Two-tone gray heather hoodie.<br \\/>&bull; Drawstring-adjustable hood. <br \\/>&bull; Machine wash\\/dry.<\\/p>\",\"short_description\":null,\"weight\":\"1\",\"product_online\":\"1\",\"tax_class_name\":\"Taxable Goods\",\"visibility\":\"Not Visible Individually\",\"price\":\"52\",\"special_price\":null,\"special_price_from_date\":null,\"special_price_to_date\":null,\"url_key\":\"chaz-kangeroo-hoodie-l-black\",\"meta_title\":null,\"meta_keywords\":null,\"meta_description\":null,\"base_image\":\"\\/m\\/h\\/mh01-black_main.jpg\",\"base_image_label\":null,\"small_image\":\"\\/m\\/h\\/mh01-black_main.jpg\",\"small_image_label\":null,\"thumbnail_image\":\"\\/m\\/h\\/mh01-black_main.jpg\",\"thumbnail_image_label\":null,\"created_at\":null,\"updated_at\":null,\"new_from_date\":null,\"new_to_date\":null,\"display_product_options_in\":null,\"map_price\":null,\"msrp_price\":null,\"map_enabled\":null,\"gift_message_available\":null,\"custom_design\":null,\"custom_design_from\":null,\"custom_design_to\":null,\"custom_layout_update\":null,\"page_layout\":null,\"product_options_container\":null,\"msrp_display_actual_price_type\":null,\"country_of_manufacture\":null,\"additional_attributes\":\"has_options=0,required_options=0,size=L,color=Black\",\"qty\":\"100\",\"out_of_stock_qty\":\"0\",\"use_config_min_qty\":\"1\",\"is_qty_decimal\":\"0\",\"allow_backorders\":\"0\",\"use_config_backorders\":\"1\",\"min_cart_qty\":\"1\",\"use_config_min_sale_qty\":\"1\",\"max_cart_qty\":\"0\",\"use_config_max_sale_qty\":\"1\",\"is_in_stock\":\"1\",\"notify_on_stock_below\":null,\"use_config_notify_stock_qty\":\"1\",\"manage_stock\":\"0\",\"use_config_manage_stock\":\"1\",\"use_config_qty_increments\":\"1\",\"qty_increments\":\"0\",\"use_config_enable_qty_inc\":\"1\",\"enable_qty_increments\":\"0\",\"is_decimal_divided\":\"0\",\"website_id\":\"1\",\"configurable_variations\":null,\"configurable_variation_prices\":null,\"configurable_variation_labels\":null,\"additional_images\":null,\"image\":\"\\/m\\/h\\/mh01-black_main.jpg\",\"image_label\":null,\"thumbnail\":\"\\/m\\/h\\/mh01-black_main.jpg\",\"thumbnail_label\":null,\"_media_image\":null,\"_store\":null,\"_attribute_set\":\"Top\",\"_product_websites\":\"base\",\"status\":\"1\",\"news_from_date\":null,\"news_to_date\":null,\"options_container\":null,\"minimal_price\":null,\"msrp\":null,\"msrp_enabled\":null,\"special_from_date\":null,\"special_to_date\":null,\"min_qty\":\"0\",\"backorders\":\"0\",\"min_sale_qty\":\"1\",\"max_sale_qty\":\"0\",\"notify_stock_qty\":null,\"meta_keyword\":null,\"has_options\":\"0\",\"required_options\":\"0\",\"size\":\"L\",\"color\":\"Black\"},{\"sku\":\"MH01-L-Gray\",\"store_view_code\":null,\"attribute_set_code\":\"Top\",\"product_type\":\"simple\",\"categories\":\"Default Category\\/Men\\/Tops\\/Hoodies & Sweatshirts,Default Category\\/Collections\\/Eco Friendly,Default Category\",\"product_websites\":\"base\",\"name\":\"Chaz Kangeroo Hoodie-L-Gray\",\"description\":\"<p>Ideal for cold-weather training or work outdoors, the Chaz Hoodie promises superior warmth with every wear. Thick material blocks out the wind as ribbed cuffs and bottom band seal in body heat.<\\/p>\\n<p>&bull; Two-tone gray heather hoodie.<br \\/>&bull; Drawstring-adjustable hood. <br \\/>&bull; Machine wash\\/dry.<\\/p>\",\"short_description\":null,\"weight\":\"1\",\"product_online\":\"1\",\"tax_class_name\":\"Taxable Goods\",\"visibility\":\"Not Visible Individually\",\"price\":\"52\",\"special_price\":null,\"special_price_from_date\":null,\"special_price_to_date\":null,\"url_key\":\"chaz-kangeroo-hoodie-l-gray\",\"meta_title\":null,\"meta_keywords\":null,\"meta_description\":null,\"base_image\":\"\\/m\\/h\\/mh01-gray_main.jpg\",\"base_image_label\":null,\"small_image\":\"\\/m\\/h\\/mh01-gray_main.jpg\",\"small_image_label\":null,\"thumbnail_image\":\"\\/m\\/h\\/mh01-gray_main.jpg\",\"thumbnail_image_label\":null,\"created_at\":null,\"updated_at\":null,\"new_from_date\":null,\"new_to_date\":null,\"display_product_options_in\":null,\"map_price\":null,\"msrp_price\":null,\"map_enabled\":null,\"gift_message_available\":null,\"custom_design\":null,\"custom_design_from\":null,\"custom_design_to\":null,\"custom_layout_update\":null,\"page_layout\":null,\"product_options_container\":null,\"msrp_display_actual_price_type\":null,\"country_of_manufacture\":null,\"additional_attributes\":\"has_options=0,required_options=0,size=L,color=Gray\",\"qty\":\"100\",\"out_of_stock_qty\":\"0\",\"use_config_min_qty\":\"1\",\"is_qty_decimal\":\"0\",\"allow_backorders\":\"0\",\"use_config_backorders\":\"1\",\"min_cart_qty\":\"1\",\"use_config_min_sale_qty\":\"1\",\"max_cart_qty\":\"0\",\"use_config_max_sale_qty\":\"1\",\"is_in_stock\":\"1\",\"notify_on_stock_below\":null,\"use_config_notify_stock_qty\":\"1\",\"manage_stock\":\"0\",\"use_config_manage_stock\":\"1\",\"use_config_qty_increments\":\"1\",\"qty_increments\":\"0\",\"use_config_enable_qty_inc\":\"1\",\"enable_qty_increments\":\"0\",\"is_decimal_divided\":\"0\",\"website_id\":\"1\",\"configurable_variations\":null,\"configurable_variation_prices\":null,\"configurable_variation_labels\":null,\"additional_images\":\"\\/m\\/h\\/mh01-gray_alt1.jpg,\\/m\\/h\\/mh01-gray_back.jpg\",\"image\":\"\\/m\\/h\\/mh01-gray_main.jpg\",\"image_label\":null,\"thumbnail\":\"\\/m\\/h\\/mh01-gray_main.jpg\",\"thumbnail_label\":null,\"_media_image\":\"\\/m\\/h\\/mh01-gray_alt1.jpg,\\/m\\/h\\/mh01-gray_back.jpg\",\"_store\":null,\"_attribute_set\":\"Top\",\"_product_websites\":\"base\",\"status\":\"1\",\"news_from_date\":null,\"news_to_date\":null,\"options_container\":null,\"minimal_price\":null,\"msrp\":null,\"msrp_enabled\":null,\"special_from_date\":null,\"special_to_date\":null,\"min_qty\":\"0\",\"backorders\":\"0\",\"min_sale_qty\":\"1\",\"max_sale_qty\":\"0\",\"notify_stock_qty\":null,\"meta_keyword\":null,\"has_options\":\"0\",\"required_options\":\"0\",\"size\":\"L\",\"color\":\"Gray\"},{\"sku\":\"MH01-L-Orange\",\"store_view_code\":null,\"attribute_set_code\":\"Top\",\"product_type\":\"simple\",\"categories\":\"Default Category\\/Men\\/Tops\\/Hoodies & Sweatshirts,Default Category\\/Collections\\/Eco Friendly,Default Category\",\"product_websites\":\"base\",\"name\":\"Chaz Kangeroo Hoodie-L-Orange\",\"description\":\"<p>Ideal for cold-weather training or work outdoors, the Chaz Hoodie promises superior warmth with every wear. Thick material blocks out the wind as ribbed cuffs and bottom band seal in body heat.<\\/p>\\n<p>&bull; Two-tone gray heather hoodie.<br \\/>&bull; Drawstring-adjustable hood. <br \\/>&bull; Machine wash\\/dry.<\\/p>\",\"short_description\":null,\"weight\":\"1\",\"product_online\":\"1\",\"tax_class_name\":\"Taxable Goods\",\"visibility\":\"Not Visible Individually\",\"price\":\"52\",\"special_price\":null,\"special_price_from_date\":null,\"special_price_to_date\":null,\"url_key\":\"chaz-kangeroo-hoodie-l-orange\",\"meta_title\":null,\"meta_keywords\":null,\"meta_description\":null,\"base_image\":\"\\/m\\/h\\/mh01-orange_main.jpg\",\"base_image_label\":null,\"small_image\":\"\\/m\\/h\\/mh01-orange_main.jpg\",\"small_image_label\":null,\"thumbnail_image\":\"\\/m\\/h\\/mh01-orange_main.jpg\",\"thumbnail_image_label\":null,\"created_at\":null,\"updated_at\":null,\"new_from_date\":null,\"new_to_date\":null,\"display_product_options_in\":null,\"map_price\":null,\"msrp_price\":null,\"map_enabled\":null,\"gift_message_available\":null,\"custom_design\":null,\"custom_design_from\":null,\"custom_design_to\":null,\"custom_layout_update\":null,\"page_layout\":null,\"product_options_container\":null,\"msrp_display_actual_price_type\":null,\"country_of_manufacture\":null,\"additional_attributes\":\"has_options=0,required_options=0,size=L,color=Orange\",\"qty\":\"100\",\"out_of_stock_qty\":\"0\",\"use_config_min_qty\":\"1\",\"is_qty_decimal\":\"0\",\"allow_backorders\":\"0\",\"use_config_backorders\":\"1\",\"min_cart_qty\":\"1\",\"use_config_min_sale_qty\":\"1\",\"max_cart_qty\":\"0\",\"use_config_max_sale_qty\":\"1\",\"is_in_stock\":\"1\",\"notify_on_stock_below\":null,\"use_config_notify_stock_qty\":\"1\",\"manage_stock\":\"0\",\"use_config_manage_stock\":\"1\",\"use_config_qty_increments\":\"1\",\"qty_increments\":\"0\",\"use_config_enable_qty_inc\":\"1\",\"enable_qty_increments\":\"0\",\"is_decimal_divided\":\"0\",\"website_id\":\"1\",\"configurable_variations\":null,\"configurable_variation_prices\":null,\"configurable_variation_labels\":null,\"additional_images\":null,\"image\":\"\\/m\\/h\\/mh01-orange_main.jpg\",\"image_label\":null,\"thumbnail\":\"\\/m\\/h\\/mh01-orange_main.jpg\",\"thumbnail_label\":null,\"_media_image\":null,\"_store\":null,\"_attribute_set\":\"Top\",\"_product_websites\":\"base\",\"status\":\"1\",\"news_from_date\":null,\"news_to_date\":null,\"options_container\":null,\"minimal_price\":null,\"msrp\":null,\"msrp_enabled\":null,\"special_from_date\":null,\"special_to_date\":null,\"min_qty\":\"0\",\"backorders\":\"0\",\"min_sale_qty\":\"1\",\"max_sale_qty\":\"0\",\"notify_stock_qty\":null,\"meta_keyword\":null,\"has_options\":\"0\",\"required_options\":\"0\",\"size\":\"L\",\"color\":\"Orange\"},{\"sku\":\"MH01-XL-Black\",\"store_view_code\":null,\"attribute_set_code\":\"Top\",\"product_type\":\"simple\",\"categories\":\"Default Category\\/Men\\/Tops\\/Hoodies & Sweatshirts,Default Category\\/Collections\\/Eco Friendly,Default Category\",\"product_websites\":\"base\",\"name\":\"Chaz Kangeroo Hoodie-XL-Black\",\"description\":\"<p>Ideal for cold-weather training or work outdoors, the Chaz Hoodie promises superior warmth with every wear. Thick material blocks out the wind as ribbed cuffs and bottom band seal in body heat.<\\/p>\\n<p>&bull; Two-tone gray heather hoodie.<br \\/>&bull; Drawstring-adjustable hood. <br \\/>&bull; Machine wash\\/dry.<\\/p>\",\"short_description\":null,\"weight\":\"1\",\"product_online\":\"1\",\"tax_class_name\":\"Taxable Goods\",\"visibility\":\"Not Visible Individually\",\"price\":\"52\",\"special_price\":null,\"special_price_from_date\":null,\"special_price_to_date\":null,\"url_key\":\"chaz-kangeroo-hoodie-xl-black\",\"meta_title\":null,\"meta_keywords\":null,\"meta_description\":null,\"base_image\":\"\\/m\\/h\\/mh01-black_main.jpg\",\"base_image_label\":null,\"small_image\":\"\\/m\\/h\\/mh01-black_main.jpg\",\"small_image_label\":null,\"thumbnail_image\":\"\\/m\\/h\\/mh01-black_main.jpg\",\"thumbnail_image_label\":null,\"created_at\":null,\"updated_at\":null,\"new_from_date\":null,\"new_to_date\":null,\"display_product_options_in\":null,\"map_price\":null,\"msrp_price\":null,\"map_enabled\":null,\"gift_message_available\":null,\"custom_design\":null,\"custom_design_from\":null,\"custom_design_to\":null,\"custom_layout_update\":null,\"page_layout\":null,\"product_options_container\":null,\"msrp_display_actual_price_type\":null,\"country_of_manufacture\":null,\"additional_attributes\":\"has_options=0,required_options=0,size=XL,color=Black\",\"qty\":\"100\",\"out_of_stock_qty\":\"0\",\"use_config_min_qty\":\"1\",\"is_qty_decimal\":\"0\",\"allow_backorders\":\"0\",\"use_config_backorders\":\"1\",\"min_cart_qty\":\"1\",\"use_config_min_sale_qty\":\"1\",\"max_cart_qty\":\"0\",\"use_config_max_sale_qty\":\"1\",\"is_in_stock\":\"1\",\"notify_on_stock_below\":null,\"use_config_notify_stock_qty\":\"1\",\"manage_stock\":\"0\",\"use_config_manage_stock\":\"1\",\"use_config_qty_increments\":\"1\",\"qty_increments\":\"0\",\"use_config_enable_qty_inc\":\"1\",\"enable_qty_increments\":\"0\",\"is_decimal_divided\":\"0\",\"website_id\":\"1\",\"configurable_variations\":null,\"configurable_variation_prices\":null,\"configurable_variation_labels\":null,\"additional_images\":null,\"image\":\"\\/m\\/h\\/mh01-black_main.jpg\",\"image_label\":null,\"thumbnail\":\"\\/m\\/h\\/mh01-black_main.jpg\",\"thumbnail_label\":null,\"_media_image\":null,\"_store\":null,\"_attribute_set\":\"Top\",\"_product_websites\":\"base\",\"status\":\"1\",\"news_from_date\":null,\"news_to_date\":null,\"options_container\":null,\"minimal_price\":null,\"msrp\":null,\"msrp_enabled\":null,\"special_from_date\":null,\"special_to_date\":null,\"min_qty\":\"0\",\"backorders\":\"0\",\"min_sale_qty\":\"1\",\"max_sale_qty\":\"0\",\"notify_stock_qty\":null,\"meta_keyword\":null,\"has_options\":\"0\",\"required_options\":\"0\",\"size\":\"XL\",\"color\":\"Black\"},{\"sku\":\"MH01-XL-Gray\",\"store_view_code\":null,\"attribute_set_code\":\"Top\",\"product_type\":\"simple\",\"categories\":\"Default Category\\/Men\\/Tops\\/Hoodies & Sweatshirts,Default Category\\/Collections\\/Eco Friendly,Default Category\",\"product_websites\":\"base\",\"name\":\"Chaz Kangeroo Hoodie-XL-Gray\",\"description\":\"<p>Ideal for cold-weather training or work outdoors, the Chaz Hoodie promises superior warmth with every wear. Thick material blocks out the wind as ribbed cuffs and bottom band seal in body heat.<\\/p>\\n<p>&bull; Two-tone gray heather hoodie.<br \\/>&bull; Drawstring-adjustable hood. <br \\/>&bull; Machine wash\\/dry.<\\/p>\",\"short_description\":null,\"weight\":\"1\",\"product_online\":\"1\",\"tax_class_name\":\"Taxable Goods\",\"visibility\":\"Not Visible Individually\",\"price\":\"52\",\"special_price\":null,\"special_price_from_date\":null,\"special_price_to_date\":null,\"url_key\":\"chaz-kangeroo-hoodie-xl-gray\",\"meta_title\":null,\"meta_keywords\":null,\"meta_description\":null,\"base_image\":\"\\/m\\/h\\/mh01-gray_main.jpg\",\"base_image_label\":null,\"small_image\":\"\\/m\\/h\\/mh01-gray_main.jpg\",\"small_image_label\":null,\"thumbnail_image\":\"\\/m\\/h\\/mh01-gray_main.jpg\",\"thumbnail_image_label\":null,\"created_at\":null,\"updated_at\":null,\"new_from_date\":null,\"new_to_date\":null,\"display_product_options_in\":null,\"map_price\":null,\"msrp_price\":null,\"map_enabled\":null,\"gift_message_available\":null,\"custom_design\":null,\"custom_design_from\":null,\"custom_design_to\":null,\"custom_layout_update\":null,\"page_layout\":null,\"product_options_container\":null,\"msrp_display_actual_price_type\":null,\"country_of_manufacture\":null,\"additional_attributes\":\"has_options=0,required_options=0,size=XL,color=Gray\",\"qty\":\"100\",\"out_of_stock_qty\":\"0\",\"use_config_min_qty\":\"1\",\"is_qty_decimal\":\"0\",\"allow_backorders\":\"0\",\"use_config_backorders\":\"1\",\"min_cart_qty\":\"1\",\"use_config_min_sale_qty\":\"1\",\"max_cart_qty\":\"0\",\"use_config_max_sale_qty\":\"1\",\"is_in_stock\":\"1\",\"notify_on_stock_below\":null,\"use_config_notify_stock_qty\":\"1\",\"manage_stock\":\"0\",\"use_config_manage_stock\":\"1\",\"use_config_qty_increments\":\"1\",\"qty_increments\":\"0\",\"use_config_enable_qty_inc\":\"1\",\"enable_qty_increments\":\"0\",\"is_decimal_divided\":\"0\",\"website_id\":\"1\",\"configurable_variations\":null,\"configurable_variation_prices\":null,\"configurable_variation_labels\":null,\"additional_images\":\"\\/m\\/h\\/mh01-gray_alt1.jpg,\\/m\\/h\\/mh01-gray_back.jpg\",\"image\":\"\\/m\\/h\\/mh01-gray_main.jpg\",\"image_label\":null,\"thumbnail\":\"\\/m\\/h\\/mh01-gray_main.jpg\",\"thumbnail_label\":null,\"_media_image\":\"\\/m\\/h\\/mh01-gray_alt1.jpg,\\/m\\/h\\/mh01-gray_back.jpg\",\"_store\":null,\"_attribute_set\":\"Top\",\"_product_websites\":\"base\",\"status\":\"1\",\"news_from_date\":null,\"news_to_date\":null,\"options_container\":null,\"minimal_price\":null,\"msrp\":null,\"msrp_enabled\":null,\"special_from_date\":null,\"special_to_date\":null,\"min_qty\":\"0\",\"backorders\":\"0\",\"min_sale_qty\":\"1\",\"max_sale_qty\":\"0\",\"notify_stock_qty\":null,\"meta_keyword\":null,\"has_options\":\"0\",\"required_options\":\"0\",\"size\":\"XL\",\"color\":\"Gray\"},{\"sku\":\"MH01-XL-Orange\",\"store_view_code\":null,\"attribute_set_code\":\"Top\",\"product_type\":\"simple\",\"categories\":\"Default Category\\/Men\\/Tops\\/Hoodies & Sweatshirts,Default Category\\/Collections\\/Eco Friendly,Default Category\",\"product_websites\":\"base\",\"name\":\"Chaz Kangeroo Hoodie-XL-Orange\",\"description\":\"<p>Ideal for cold-weather training or work outdoors, the Chaz Hoodie promises superior warmth with every wear. Thick material blocks out the wind as ribbed cuffs and bottom band seal in body heat.<\\/p>\\n<p>&bull; Two-tone gray heather hoodie.<br \\/>&bull; Drawstring-adjustable hood. <br \\/>&bull; Machine wash\\/dry.<\\/p>\",\"short_description\":null,\"weight\":\"1\",\"product_online\":\"1\",\"tax_class_name\":\"Taxable Goods\",\"visibility\":\"Not Visible Individually\",\"price\":\"52\",\"special_price\":null,\"special_price_from_date\":null,\"special_price_to_date\":null,\"url_key\":\"chaz-kangeroo-hoodie-xl-orange\",\"meta_title\":null,\"meta_keywords\":null,\"meta_description\":null,\"base_image\":\"\\/m\\/h\\/mh01-orange_main.jpg\",\"base_image_label\":null,\"small_image\":\"\\/m\\/h\\/mh01-orange_main.jpg\",\"small_image_label\":null,\"thumbnail_image\":\"\\/m\\/h\\/mh01-orange_main.jpg\",\"thumbnail_image_label\":null,\"created_at\":null,\"updated_at\":null,\"new_from_date\":null,\"new_to_date\":null,\"display_product_options_in\":null,\"map_price\":null,\"msrp_price\":null,\"map_enabled\":null,\"gift_message_available\":null,\"custom_design\":null,\"custom_design_from\":null,\"custom_design_to\":null,\"custom_layout_update\":null,\"page_layout\":null,\"product_options_container\":null,\"msrp_display_actual_price_type\":null,\"country_of_manufacture\":null,\"additional_attributes\":\"has_options=0,required_options=0,size=XL,color=Orange\",\"qty\":\"100\",\"out_of_stock_qty\":\"0\",\"use_config_min_qty\":\"1\",\"is_qty_decimal\":\"0\",\"allow_backorders\":\"0\",\"use_config_backorders\":\"1\",\"min_cart_qty\":\"1\",\"use_config_min_sale_qty\":\"1\",\"max_cart_qty\":\"0\",\"use_config_max_sale_qty\":\"1\",\"is_in_stock\":\"1\",\"notify_on_stock_below\":null,\"use_config_notify_stock_qty\":\"1\",\"manage_stock\":\"0\",\"use_config_manage_stock\":\"1\",\"use_config_qty_increments\":\"1\",\"qty_increments\":\"0\",\"use_config_enable_qty_inc\":\"1\",\"enable_qty_increments\":\"0\",\"is_decimal_divided\":\"0\",\"website_id\":\"1\",\"configurable_variations\":null,\"configurable_variation_prices\":null,\"configurable_variation_labels\":null,\"additional_images\":null,\"image\":\"\\/m\\/h\\/mh01-orange_main.jpg\",\"image_label\":null,\"thumbnail\":\"\\/m\\/h\\/mh01-orange_main.jpg\",\"thumbnail_label\":null,\"_media_image\":null,\"_store\":null,\"_attribute_set\":\"Top\",\"_product_websites\":\"base\",\"status\":\"1\",\"news_from_date\":null,\"news_to_date\":null,\"options_container\":null,\"minimal_price\":null,\"msrp\":null,\"msrp_enabled\":null,\"special_from_date\":null,\"special_to_date\":null,\"min_qty\":\"0\",\"backorders\":\"0\",\"min_sale_qty\":\"1\",\"max_sale_qty\":\"0\",\"notify_stock_qty\":null,\"meta_keyword\":null,\"has_options\":\"0\",\"required_options\":\"0\",\"size\":\"XL\",\"color\":\"Orange\"},{\"sku\":\"MH01\",\"store_view_code\":null,\"attribute_set_code\":\"Top\",\"product_type\":\"configurable\",\"categories\":\"Default Category\\/Men\\/Tops\\/Hoodies & Sweatshirts,Default Category\\/Collections\\/Eco Friendly,Default Category\",\"product_websites\":\"base\",\"name\":\"Chaz Kangeroo Hoodie\",\"description\":\"<p>Ideal for cold-weather training or work outdoors, the Chaz Hoodie promises superior warmth with every wear. Thick material blocks out the wind as ribbed cuffs and bottom band seal in body heat.<\\/p>\\n<p>&bull; Two-tone gray heather hoodie.<br \\/>&bull; Drawstring-adjustable hood. <br \\/>&bull; Machine wash\\/dry.<\\/p>\",\"short_description\":null,\"weight\":null,\"product_online\":\"1\",\"tax_class_name\":\"Taxable Goods\",\"visibility\":\"Catalog, Search\",\"price\":\"52\",\"special_price\":null,\"special_price_from_date\":null,\"special_price_to_date\":null,\"url_key\":null,\"meta_title\":null,\"meta_keywords\":null,\"meta_description\":null,\"base_image\":\"\\/m\\/h\\/mh01-gray_main.jpg\",\"base_image_label\":null,\"small_image\":\"\\/m\\/h\\/mh01-gray_main.jpg\",\"small_image_label\":null,\"thumbnail_image\":\"\\/m\\/h\\/mh01-gray_main.jpg\",\"thumbnail_image_label\":null,\"created_at\":null,\"updated_at\":null,\"new_from_date\":null,\"new_to_date\":null,\"display_product_options_in\":null,\"map_price\":null,\"msrp_price\":null,\"map_enabled\":null,\"gift_message_available\":null,\"custom_design\":null,\"custom_design_from\":null,\"custom_design_to\":null,\"custom_layout_update\":null,\"page_layout\":null,\"product_options_container\":null,\"msrp_display_actual_price_type\":null,\"country_of_manufacture\":null,\"additional_attributes\":\"has_options=1,required_options=1,material=Wool,pattern=Color-Blocked,climate=All-weather|Cool|Indoor|Spring|Windy,eco_collection=Yes,performance_fabric=No,erin_recommends=No,new=No,sale=Yes\",\"qty\":\"0\",\"out_of_stock_qty\":\"0\",\"use_config_min_qty\":\"1\",\"is_qty_decimal\":\"0\",\"allow_backorders\":\"0\",\"use_config_backorders\":\"1\",\"min_cart_qty\":\"1\",\"use_config_min_sale_qty\":\"1\",\"max_cart_qty\":\"0\",\"use_config_max_sale_qty\":\"1\",\"is_in_stock\":\"1\",\"notify_on_stock_below\":null,\"use_config_notify_stock_qty\":\"1\",\"manage_stock\":\"0\",\"use_config_manage_stock\":\"1\",\"use_config_qty_increments\":\"1\",\"qty_increments\":\"0\",\"use_config_enable_qty_inc\":\"1\",\"enable_qty_increments\":\"0\",\"is_decimal_divided\":\"0\",\"website_id\":\"1\",\"configurable_variations\":\"sku=MH01-XS-Black,size=XS,color=Black|sku=MH01-XS-Gray,size=XS,color=Gray|sku=MH01-XS-Orange,size=XS,color=Orange|sku=MH01-S-Black,size=S,color=Black|sku=MH01-S-Gray,size=S,color=Gray|sku=MH01-S-Orange,size=S,color=Orange|sku=MH01-M-Black,size=M,color=Black|sku=MH01-M-Gray,size=M,color=Gray|sku=MH01-M-Orange,size=M,color=Orange|sku=MH01-L-Black,size=L,color=Black|sku=MH01-L-Gray,size=L,color=Gray|sku=MH01-L-Orange,size=L,color=Orange|sku=MH01-XL-Black,size=XL,color=Black|sku=MH01-XL-Gray,size=XL,color=Gray|sku=MH01-XL-Orange,size=XL,color=Orange\",\"configurable_variation_prices\":null,\"configurable_variation_labels\":null,\"additional_images\":\"\\/m\\/h\\/mh01-gray_alt1.jpg,\\/m\\/h\\/mh01-gray_back.jpg\",\"image\":\"\\/m\\/h\\/mh01-gray_main.jpg\",\"image_label\":null,\"thumbnail\":\"\\/m\\/h\\/mh01-gray_main.jpg\",\"thumbnail_label\":null,\"_media_image\":\"\\/m\\/h\\/mh01-gray_alt1.jpg,\\/m\\/h\\/mh01-gray_back.jpg\",\"_store\":null,\"_attribute_set\":\"Top\",\"_product_websites\":\"base\",\"status\":\"1\",\"news_from_date\":null,\"news_to_date\":null,\"options_container\":null,\"minimal_price\":null,\"msrp\":null,\"msrp_enabled\":null,\"special_from_date\":null,\"special_to_date\":null,\"min_qty\":\"0\",\"backorders\":\"0\",\"min_sale_qty\":\"1\",\"max_sale_qty\":\"0\",\"notify_stock_qty\":null,\"meta_keyword\":null,\"has_options\":\"1\",\"required_options\":\"1\",\"material\":\"Wool\",\"pattern\":\"Color-Blocked\",\"climate\":[\"All-weather\",\"Cool\",\"Indoor\",\"Spring\",\"Windy\"],\"eco_collection\":\"Yes\",\"performance_fabric\":\"No\",\"erin_recommends\":\"No\",\"new\":\"No\",\"sale\":\"Yes\"},{\"sku\":\"MH02-XS-Black\",\"store_view_code\":null,\"attribute_set_code\":\"Top\",\"product_type\":\"simple\",\"categories\":\"Default Category\\/Men\\/Tops\\/Hoodies & Sweatshirts\",\"product_websites\":\"base\",\"name\":\"Teton Pullover Hoodie-XS-Black\",\"description\":\"<p>This Teton Pullover Hoodie gives you more than laid-back style. It\'s equipped with moisture-wicking fabric to keep light and dry inside, especially in chilly-weather workouts. An elasticized hem lets you move about freely.<\\/p>\\n<p>&bull; Black pullover hoodie.<br \\/>&bull; Soft, brushed interior. <br \\/>&bull; Front hand pockets. <br \\/>&bull; Machine wash\\/dry.<\\/p>\",\"short_description\":null,\"weight\":\"1\",\"product_online\":\"1\",\"tax_class_name\":\"Taxable Goods\",\"visibility\":\"Not Visible Individually\",\"price\":\"70\",\"special_price\":null,\"special_price_from_date\":null,\"special_price_to_date\":null,\"url_key\":\"teton-pullover-hoodie-xs-black\",\"meta_title\":null,\"meta_keywords\":null,\"meta_description\":null,\"base_image\":\"\\/m\\/h\\/mh02-black_main.jpg\",\"base_image_label\":null,\"small_image\":\"\\/m\\/h\\/mh02-black_main.jpg\",\"small_image_label\":null,\"thumbnail_image\":\"\\/m\\/h\\/mh02-black_main.jpg\",\"thumbnail_image_label\":null,\"created_at\":null,\"updated_at\":null,\"new_from_date\":null,\"new_to_date\":null,\"display_product_options_in\":null,\"map_price\":null,\"msrp_price\":null,\"map_enabled\":null,\"gift_message_available\":null,\"custom_design\":null,\"custom_design_from\":null,\"custom_design_to\":null,\"custom_layout_update\":null,\"page_layout\":null,\"product_options_container\":null,\"msrp_display_actual_price_type\":null,\"country_of_manufacture\":null,\"additional_attributes\":\"has_options=0,required_options=0,size=XS,color=Black\",\"qty\":\"100\",\"out_of_stock_qty\":\"0\",\"use_config_min_qty\":\"1\",\"is_qty_decimal\":\"0\",\"allow_backorders\":\"0\",\"use_config_backorders\":\"1\",\"min_cart_qty\":\"1\",\"use_config_min_sale_qty\":\"1\",\"max_cart_qty\":\"0\",\"use_config_max_sale_qty\":\"1\",\"is_in_stock\":\"1\",\"notify_on_stock_below\":null,\"use_config_notify_stock_qty\":\"1\",\"manage_stock\":\"0\",\"use_config_manage_stock\":\"1\",\"use_config_qty_increments\":\"1\",\"qty_increments\":\"0\",\"use_config_enable_qty_inc\":\"1\",\"enable_qty_increments\":\"0\",\"is_decimal_divided\":\"0\",\"website_id\":\"1\",\"configurable_variations\":null,\"configurable_variation_prices\":null,\"configurable_variation_labels\":null,\"additional_images\":\"\\/m\\/h\\/mh02-black_alt1.jpg,\\/m\\/h\\/mh02-black_back.jpg\",\"image\":\"\\/m\\/h\\/mh02-black_main.jpg\",\"image_label\":null,\"thumbnail\":\"\\/m\\/h\\/mh02-black_main.jpg\",\"thumbnail_label\":null,\"_media_image\":\"\\/m\\/h\\/mh02-black_alt1.jpg,\\/m\\/h\\/mh02-black_back.jpg\",\"_store\":null,\"_attribute_set\":\"Top\",\"_product_websites\":\"base\",\"status\":\"1\",\"news_from_date\":null,\"news_to_date\":null,\"options_container\":null,\"minimal_price\":null,\"msrp\":null,\"msrp_enabled\":null,\"special_from_date\":null,\"special_to_date\":null,\"min_qty\":\"0\",\"backorders\":\"0\",\"min_sale_qty\":\"1\",\"max_sale_qty\":\"0\",\"notify_stock_qty\":null,\"meta_keyword\":null,\"has_options\":\"0\",\"required_options\":\"0\",\"size\":\"XS\",\"color\":\"Black\"},{\"sku\":\"MH02-XS-Purple\",\"store_view_code\":null,\"attribute_set_code\":\"Top\",\"product_type\":\"simple\",\"categories\":\"Default Category\\/Men\\/Tops\\/Hoodies & Sweatshirts\",\"product_websites\":\"base\",\"name\":\"Teton Pullover Hoodie-XS-Purple\",\"description\":\"<p>This Teton Pullover Hoodie gives you more than laid-back style. It\'s equipped with moisture-wicking fabric to keep light and dry inside, especially in chilly-weather workouts. An elasticized hem lets you move about freely.<\\/p>\\n<p>&bull; Black pullover hoodie.<br \\/>&bull; Soft, brushed interior. <br \\/>&bull; Front hand pockets. <br \\/>&bull; Machine wash\\/dry.<\\/p>\",\"short_description\":null,\"weight\":\"1\",\"product_online\":\"1\",\"tax_class_name\":\"Taxable Goods\",\"visibility\":\"Not Visible Individually\",\"price\":\"70\",\"special_price\":null,\"special_price_from_date\":null,\"special_price_to_date\":null,\"url_key\":\"teton-pullover-hoodie-xs-purple\",\"meta_title\":null,\"meta_keywords\":null,\"meta_description\":null,\"base_image\":\"\\/m\\/h\\/mh02-purple_main.jpg\",\"base_image_label\":null,\"small_image\":\"\\/m\\/h\\/mh02-purple_main.jpg\",\"small_image_label\":null,\"thumbnail_image\":\"\\/m\\/h\\/mh02-purple_main.jpg\",\"thumbnail_image_label\":null,\"created_at\":null,\"updated_at\":null,\"new_from_date\":null,\"new_to_date\":null,\"display_product_options_in\":null,\"map_price\":null,\"msrp_price\":null,\"map_enabled\":null,\"gift_message_available\":null,\"custom_design\":null,\"custom_design_from\":null,\"custom_design_to\":null,\"custom_layout_update\":null,\"page_layout\":null,\"product_options_container\":null,\"msrp_display_actual_price_type\":null,\"country_of_manufacture\":null,\"additional_attributes\":\"has_options=0,required_options=0,size=XS,color=Purple\",\"qty\":\"100\",\"out_of_stock_qty\":\"0\",\"use_config_min_qty\":\"1\",\"is_qty_decimal\":\"0\",\"allow_backorders\":\"0\",\"use_config_backorders\":\"1\",\"min_cart_qty\":\"1\",\"use_config_min_sale_qty\":\"1\",\"max_cart_qty\":\"0\",\"use_config_max_sale_qty\":\"1\",\"is_in_stock\":\"1\",\"notify_on_stock_below\":null,\"use_config_notify_stock_qty\":\"1\",\"manage_stock\":\"0\",\"use_config_manage_stock\":\"1\",\"use_config_qty_increments\":\"1\",\"qty_increments\":\"0\",\"use_config_enable_qty_inc\":\"1\",\"enable_qty_increments\":\"0\",\"is_decimal_divided\":\"0\",\"website_id\":\"1\",\"configurable_variations\":null,\"configurable_variation_prices\":null,\"configurable_variation_labels\":null,\"additional_images\":null,\"image\":\"\\/m\\/h\\/mh02-purple_main.jpg\",\"image_label\":null,\"thumbnail\":\"\\/m\\/h\\/mh02-purple_main.jpg\",\"thumbnail_label\":null,\"_media_image\":null,\"_store\":null,\"_attribute_set\":\"Top\",\"_product_websites\":\"base\",\"status\":\"1\",\"news_from_date\":null,\"news_to_date\":null,\"options_container\":null,\"minimal_price\":null,\"msrp\":null,\"msrp_enabled\":null,\"special_from_date\":null,\"special_to_date\":null,\"min_qty\":\"0\",\"backorders\":\"0\",\"min_sale_qty\":\"1\",\"max_sale_qty\":\"0\",\"notify_stock_qty\":null,\"meta_keyword\":null,\"has_options\":\"0\",\"required_options\":\"0\",\"size\":\"XS\",\"color\":\"Purple\"},{\"sku\":\"MH02-XS-Red\",\"store_view_code\":null,\"attribute_set_code\":\"Top\",\"product_type\":\"simple\",\"categories\":\"Default Category\\/Men\\/Tops\\/Hoodies & Sweatshirts\",\"product_websites\":\"base\",\"name\":\"Teton Pullover Hoodie-XS-Red\",\"description\":\"<p>This Teton Pullover Hoodie gives you more than laid-back style. It\'s equipped with moisture-wicking fabric to keep light and dry inside, especially in chilly-weather workouts. An elasticized hem lets you move about freely.<\\/p>\\n<p>&bull; Black pullover hoodie.<br \\/>&bull; Soft, brushed interior. <br \\/>&bull; Front hand pockets. <br \\/>&bull; Machine wash\\/dry.<\\/p>\",\"short_description\":null,\"weight\":\"1\",\"product_online\":\"1\",\"tax_class_name\":\"Taxable Goods\",\"visibility\":\"Not Visible Individually\",\"price\":\"70\",\"special_price\":null,\"special_price_from_date\":null,\"special_price_to_date\":null,\"url_key\":\"teton-pullover-hoodie-xs-red\",\"meta_title\":null,\"meta_keywords\":null,\"meta_description\":null,\"base_image\":\"\\/m\\/h\\/mh02-red_main.jpg\",\"base_image_label\":null,\"small_image\":\"\\/m\\/h\\/mh02-red_main.jpg\",\"small_image_label\":null,\"thumbnail_image\":\"\\/m\\/h\\/mh02-red_main.jpg\",\"thumbnail_image_label\":null,\"created_at\":null,\"updated_at\":null,\"new_from_date\":null,\"new_to_date\":null,\"display_product_options_in\":null,\"map_price\":null,\"msrp_price\":null,\"map_enabled\":null,\"gift_message_available\":null,\"custom_design\":null,\"custom_design_from\":null,\"custom_design_to\":null,\"custom_layout_update\":null,\"page_layout\":null,\"product_options_container\":null,\"msrp_display_actual_price_type\":null,\"country_of_manufacture\":null,\"additional_attributes\":\"has_options=0,required_options=0,size=XS,color=Red\",\"qty\":\"100\",\"out_of_stock_qty\":\"0\",\"use_config_min_qty\":\"1\",\"is_qty_decimal\":\"0\",\"allow_backorders\":\"0\",\"use_config_backorders\":\"1\",\"min_cart_qty\":\"1\",\"use_config_min_sale_qty\":\"1\",\"max_cart_qty\":\"0\",\"use_config_max_sale_qty\":\"1\",\"is_in_stock\":\"1\",\"notify_on_stock_below\":null,\"use_config_notify_stock_qty\":\"1\",\"manage_stock\":\"0\",\"use_config_manage_stock\":\"1\",\"use_config_qty_increments\":\"1\",\"qty_increments\":\"0\",\"use_config_enable_qty_inc\":\"1\",\"enable_qty_increments\":\"0\",\"is_decimal_divided\":\"0\",\"website_id\":\"1\",\"configurable_variations\":null,\"configurable_variation_prices\":null,\"configurable_variation_labels\":null,\"additional_images\":null,\"image\":\"\\/m\\/h\\/mh02-red_main.jpg\",\"image_label\":null,\"thumbnail\":\"\\/m\\/h\\/mh02-red_main.jpg\",\"thumbnail_label\":null,\"_media_image\":null,\"_store\":null,\"_attribute_set\":\"Top\",\"_product_websites\":\"base\",\"status\":\"1\",\"news_from_date\":null,\"news_to_date\":null,\"options_container\":null,\"minimal_price\":null,\"msrp\":null,\"msrp_enabled\":null,\"special_from_date\":null,\"special_to_date\":null,\"min_qty\":\"0\",\"backorders\":\"0\",\"min_sale_qty\":\"1\",\"max_sale_qty\":\"0\",\"notify_stock_qty\":null,\"meta_keyword\":null,\"has_options\":\"0\",\"required_options\":\"0\",\"size\":\"XS\",\"color\":\"Red\"},{\"sku\":\"MH02-S-Black\",\"store_view_code\":null,\"attribute_set_code\":\"Top\",\"product_type\":\"simple\",\"categories\":\"Default Category\\/Men\\/Tops\\/Hoodies & Sweatshirts\",\"product_websites\":\"base\",\"name\":\"Teton Pullover Hoodie-S-Black\",\"description\":\"<p>This Teton Pullover Hoodie gives you more than laid-back style. It\'s equipped with moisture-wicking fabric to keep light and dry inside, especially in chilly-weather workouts. An elasticized hem lets you move about freely.<\\/p>\\n<p>&bull; Black pullover hoodie.<br \\/>&bull; Soft, brushed interior. <br \\/>&bull; Front hand pockets. <br \\/>&bull; Machine wash\\/dry.<\\/p>\",\"short_description\":null,\"weight\":\"1\",\"product_online\":\"1\",\"tax_class_name\":\"Taxable Goods\",\"visibility\":\"Not Visible Individually\",\"price\":\"70\",\"special_price\":null,\"special_price_from_date\":null,\"special_price_to_date\":null,\"url_key\":\"teton-pullover-hoodie-s-black\",\"meta_title\":null,\"meta_keywords\":null,\"meta_description\":null,\"base_image\":\"\\/m\\/h\\/mh02-black_main.jpg\",\"base_image_label\":null,\"small_image\":\"\\/m\\/h\\/mh02-black_main.jpg\",\"small_image_label\":null,\"thumbnail_image\":\"\\/m\\/h\\/mh02-black_main.jpg\",\"thumbnail_image_label\":null,\"created_at\":null,\"updated_at\":null,\"new_from_date\":null,\"new_to_date\":null,\"display_product_options_in\":null,\"map_price\":null,\"msrp_price\":null,\"map_enabled\":null,\"gift_message_available\":null,\"custom_design\":null,\"custom_design_from\":null,\"custom_design_to\":null,\"custom_layout_update\":null,\"page_layout\":null,\"product_options_container\":null,\"msrp_display_actual_price_type\":null,\"country_of_manufacture\":null,\"additional_attributes\":\"has_options=0,required_options=0,size=S,color=Black\",\"qty\":\"100\",\"out_of_stock_qty\":\"0\",\"use_config_min_qty\":\"1\",\"is_qty_decimal\":\"0\",\"allow_backorders\":\"0\",\"use_config_backorders\":\"1\",\"min_cart_qty\":\"1\",\"use_config_min_sale_qty\":\"1\",\"max_cart_qty\":\"0\",\"use_config_max_sale_qty\":\"1\",\"is_in_stock\":\"1\",\"notify_on_stock_below\":null,\"use_config_notify_stock_qty\":\"1\",\"manage_stock\":\"0\",\"use_config_manage_stock\":\"1\",\"use_config_qty_increments\":\"1\",\"qty_increments\":\"0\",\"use_config_enable_qty_inc\":\"1\",\"enable_qty_increments\":\"0\",\"is_decimal_divided\":\"0\",\"website_id\":\"1\",\"configurable_variations\":null,\"configurable_variation_prices\":null,\"configurable_variation_labels\":null,\"additional_images\":\"\\/m\\/h\\/mh02-black_alt1.jpg,\\/m\\/h\\/mh02-black_back.jpg\",\"image\":\"\\/m\\/h\\/mh02-black_main.jpg\",\"image_label\":null,\"thumbnail\":\"\\/m\\/h\\/mh02-black_main.jpg\",\"thumbnail_label\":null,\"_media_image\":\"\\/m\\/h\\/mh02-black_alt1.jpg,\\/m\\/h\\/mh02-black_back.jpg\",\"_store\":null,\"_attribute_set\":\"Top\",\"_product_websites\":\"base\",\"status\":\"1\",\"news_from_date\":null,\"news_to_date\":null,\"options_container\":null,\"minimal_price\":null,\"msrp\":null,\"msrp_enabled\":null,\"special_from_date\":null,\"special_to_date\":null,\"min_qty\":\"0\",\"backorders\":\"0\",\"min_sale_qty\":\"1\",\"max_sale_qty\":\"0\",\"notify_stock_qty\":null,\"meta_keyword\":null,\"has_options\":\"0\",\"required_options\":\"0\",\"size\":\"S\",\"color\":\"Black\"},{\"sku\":\"MH02-S-Purple\",\"store_view_code\":null,\"attribute_set_code\":\"Top\",\"product_type\":\"simple\",\"categories\":\"Default Category\\/Men\\/Tops\\/Hoodies & Sweatshirts\",\"product_websites\":\"base\",\"name\":\"Teton Pullover Hoodie-S-Purple\",\"description\":\"<p>This Teton Pullover Hoodie gives you more than laid-back style. It\'s equipped with moisture-wicking fabric to keep light and dry inside, especially in chilly-weather workouts. An elasticized hem lets you move about freely.<\\/p>\\n<p>&bull; Black pullover hoodie.<br \\/>&bull; Soft, brushed interior. <br \\/>&bull; Front hand pockets. <br \\/>&bull; Machine wash\\/dry.<\\/p>\",\"short_description\":null,\"weight\":\"1\",\"product_online\":\"1\",\"tax_class_name\":\"Taxable Goods\",\"visibility\":\"Not Visible Individually\",\"price\":\"70\",\"special_price\":null,\"special_price_from_date\":null,\"special_price_to_date\":null,\"url_key\":\"teton-pullover-hoodie-s-purple\",\"meta_title\":null,\"meta_keywords\":null,\"meta_description\":null,\"base_image\":\"\\/m\\/h\\/mh02-purple_main.jpg\",\"base_image_label\":null,\"small_image\":\"\\/m\\/h\\/mh02-purple_main.jpg\",\"small_image_label\":null,\"thumbnail_image\":\"\\/m\\/h\\/mh02-purple_main.jpg\",\"thumbnail_image_label\":null,\"created_at\":null,\"updated_at\":null,\"new_from_date\":null,\"new_to_date\":null,\"display_product_options_in\":null,\"map_price\":null,\"msrp_price\":null,\"map_enabled\":null,\"gift_message_available\":null,\"custom_design\":null,\"custom_design_from\":null,\"custom_design_to\":null,\"custom_layout_update\":null,\"page_layout\":null,\"product_options_container\":null,\"msrp_display_actual_price_type\":null,\"country_of_manufacture\":null,\"additional_attributes\":\"has_options=0,required_options=0,size=S,color=Purple\",\"qty\":\"100\",\"out_of_stock_qty\":\"0\",\"use_config_min_qty\":\"1\",\"is_qty_decimal\":\"0\",\"allow_backorders\":\"0\",\"use_config_backorders\":\"1\",\"min_cart_qty\":\"1\",\"use_config_min_sale_qty\":\"1\",\"max_cart_qty\":\"0\",\"use_config_max_sale_qty\":\"1\",\"is_in_stock\":\"1\",\"notify_on_stock_below\":null,\"use_config_notify_stock_qty\":\"1\",\"manage_stock\":\"0\",\"use_config_manage_stock\":\"1\",\"use_config_qty_increments\":\"1\",\"qty_increments\":\"0\",\"use_config_enable_qty_inc\":\"1\",\"enable_qty_increments\":\"0\",\"is_decimal_divided\":\"0\",\"website_id\":\"1\",\"configurable_variations\":null,\"configurable_variation_prices\":null,\"configurable_variation_labels\":null,\"additional_images\":null,\"image\":\"\\/m\\/h\\/mh02-purple_main.jpg\",\"image_label\":null,\"thumbnail\":\"\\/m\\/h\\/mh02-purple_main.jpg\",\"thumbnail_label\":null,\"_media_image\":null,\"_store\":null,\"_attribute_set\":\"Top\",\"_product_websites\":\"base\",\"status\":\"1\",\"news_from_date\":null,\"news_to_date\":null,\"options_container\":null,\"minimal_price\":null,\"msrp\":null,\"msrp_enabled\":null,\"special_from_date\":null,\"special_to_date\":null,\"min_qty\":\"0\",\"backorders\":\"0\",\"min_sale_qty\":\"1\",\"max_sale_qty\":\"0\",\"notify_stock_qty\":null,\"meta_keyword\":null,\"has_options\":\"0\",\"required_options\":\"0\",\"size\":\"S\",\"color\":\"Purple\"},{\"sku\":\"MH02-S-Red\",\"store_view_code\":null,\"attribute_set_code\":\"Top\",\"product_type\":\"simple\",\"categories\":\"Default Category\\/Men\\/Tops\\/Hoodies & Sweatshirts\",\"product_websites\":\"base\",\"name\":\"Teton Pullover Hoodie-S-Red\",\"description\":\"<p>This Teton Pullover Hoodie gives you more than laid-back style. It\'s equipped with moisture-wicking fabric to keep light and dry inside, especially in chilly-weather workouts. An elasticized hem lets you move about freely.<\\/p>\\n<p>&bull; Black pullover hoodie.<br \\/>&bull; Soft, brushed interior. <br \\/>&bull; Front hand pockets. <br \\/>&bull; Machine wash\\/dry.<\\/p>\",\"short_description\":null,\"weight\":\"1\",\"product_online\":\"1\",\"tax_class_name\":\"Taxable Goods\",\"visibility\":\"Not Visible Individually\",\"price\":\"70\",\"special_price\":null,\"special_price_from_date\":null,\"special_price_to_date\":null,\"url_key\":\"teton-pullover-hoodie-s-red\",\"meta_title\":null,\"meta_keywords\":null,\"meta_description\":null,\"base_image\":\"\\/m\\/h\\/mh02-red_main.jpg\",\"base_image_label\":null,\"small_image\":\"\\/m\\/h\\/mh02-red_main.jpg\",\"small_image_label\":null,\"thumbnail_image\":\"\\/m\\/h\\/mh02-red_main.jpg\",\"thumbnail_image_label\":null,\"created_at\":null,\"updated_at\":null,\"new_from_date\":null,\"new_to_date\":null,\"display_product_options_in\":null,\"map_price\":null,\"msrp_price\":null,\"map_enabled\":null,\"gift_message_available\":null,\"custom_design\":null,\"custom_design_from\":null,\"custom_design_to\":null,\"custom_layout_update\":null,\"page_layout\":null,\"product_options_container\":null,\"msrp_display_actual_price_type\":null,\"country_of_manufacture\":null,\"additional_attributes\":\"has_options=0,required_options=0,size=S,color=Red\",\"qty\":\"100\",\"out_of_stock_qty\":\"0\",\"use_config_min_qty\":\"1\",\"is_qty_decimal\":\"0\",\"allow_backorders\":\"0\",\"use_config_backorders\":\"1\",\"min_cart_qty\":\"1\",\"use_config_min_sale_qty\":\"1\",\"max_cart_qty\":\"0\",\"use_config_max_sale_qty\":\"1\",\"is_in_stock\":\"1\",\"notify_on_stock_below\":null,\"use_config_notify_stock_qty\":\"1\",\"manage_stock\":\"0\",\"use_config_manage_stock\":\"1\",\"use_config_qty_increments\":\"1\",\"qty_increments\":\"0\",\"use_config_enable_qty_inc\":\"1\",\"enable_qty_increments\":\"0\",\"is_decimal_divided\":\"0\",\"website_id\":\"1\",\"configurable_variations\":null,\"configurable_variation_prices\":null,\"configurable_variation_labels\":null,\"additional_images\":null,\"image\":\"\\/m\\/h\\/mh02-red_main.jpg\",\"image_label\":null,\"thumbnail\":\"\\/m\\/h\\/mh02-red_main.jpg\",\"thumbnail_label\":null,\"_media_image\":null,\"_store\":null,\"_attribute_set\":\"Top\",\"_product_websites\":\"base\",\"status\":\"1\",\"news_from_date\":null,\"news_to_date\":null,\"options_container\":null,\"minimal_price\":null,\"msrp\":null,\"msrp_enabled\":null,\"special_from_date\":null,\"special_to_date\":null,\"min_qty\":\"0\",\"backorders\":\"0\",\"min_sale_qty\":\"1\",\"max_sale_qty\":\"0\",\"notify_stock_qty\":null,\"meta_keyword\":null,\"has_options\":\"0\",\"required_options\":\"0\",\"size\":\"S\",\"color\":\"Red\"},{\"sku\":\"MH02-M-Black\",\"store_view_code\":null,\"attribute_set_code\":\"Top\",\"product_type\":\"simple\",\"categories\":\"Default Category\\/Men\\/Tops\\/Hoodies & Sweatshirts\",\"product_websites\":\"base\",\"name\":\"Teton Pullover Hoodie-M-Black\",\"description\":\"<p>This Teton Pullover Hoodie gives you more than laid-back style. It\'s equipped with moisture-wicking fabric to keep light and dry inside, especially in chilly-weather workouts. An elasticized hem lets you move about freely.<\\/p>\\n<p>&bull; Black pullover hoodie.<br \\/>&bull; Soft, brushed interior. <br \\/>&bull; Front hand pockets. <br \\/>&bull; Machine wash\\/dry.<\\/p>\",\"short_description\":null,\"weight\":\"1\",\"product_online\":\"1\",\"tax_class_name\":\"Taxable Goods\",\"visibility\":\"Not Visible Individually\",\"price\":\"70\",\"special_price\":null,\"special_price_from_date\":null,\"special_price_to_date\":null,\"url_key\":\"teton-pullover-hoodie-m-black\",\"meta_title\":null,\"meta_keywords\":null,\"meta_description\":null,\"base_image\":\"\\/m\\/h\\/mh02-black_main.jpg\",\"base_image_label\":null,\"small_image\":\"\\/m\\/h\\/mh02-black_main.jpg\",\"small_image_label\":null,\"thumbnail_image\":\"\\/m\\/h\\/mh02-black_main.jpg\",\"thumbnail_image_label\":null,\"created_at\":null,\"updated_at\":null,\"new_from_date\":null,\"new_to_date\":null,\"display_product_options_in\":null,\"map_price\":null,\"msrp_price\":null,\"map_enabled\":null,\"gift_message_available\":null,\"custom_design\":null,\"custom_design_from\":null,\"custom_design_to\":null,\"custom_layout_update\":null,\"page_layout\":null,\"product_options_container\":null,\"msrp_display_actual_price_type\":null,\"country_of_manufacture\":null,\"additional_attributes\":\"has_options=0,required_options=0,size=M,color=Black\",\"qty\":\"100\",\"out_of_stock_qty\":\"0\",\"use_config_min_qty\":\"1\",\"is_qty_decimal\":\"0\",\"allow_backorders\":\"0\",\"use_config_backorders\":\"1\",\"min_cart_qty\":\"1\",\"use_config_min_sale_qty\":\"1\",\"max_cart_qty\":\"0\",\"use_config_max_sale_qty\":\"1\",\"is_in_stock\":\"1\",\"notify_on_stock_below\":null,\"use_config_notify_stock_qty\":\"1\",\"manage_stock\":\"0\",\"use_config_manage_stock\":\"1\",\"use_config_qty_increments\":\"1\",\"qty_increments\":\"0\",\"use_config_enable_qty_inc\":\"1\",\"enable_qty_increments\":\"0\",\"is_decimal_divided\":\"0\",\"website_id\":\"1\",\"configurable_variations\":null,\"configurable_variation_prices\":null,\"configurable_variation_labels\":null,\"additional_images\":\"\\/m\\/h\\/mh02-black_alt1.jpg,\\/m\\/h\\/mh02-black_back.jpg\",\"image\":\"\\/m\\/h\\/mh02-black_main.jpg\",\"image_label\":null,\"thumbnail\":\"\\/m\\/h\\/mh02-black_main.jpg\",\"thumbnail_label\":null,\"_media_image\":\"\\/m\\/h\\/mh02-black_alt1.jpg,\\/m\\/h\\/mh02-black_back.jpg\",\"_store\":null,\"_attribute_set\":\"Top\",\"_product_websites\":\"base\",\"status\":\"1\",\"news_from_date\":null,\"news_to_date\":null,\"options_container\":null,\"minimal_price\":null,\"msrp\":null,\"msrp_enabled\":null,\"special_from_date\":null,\"special_to_date\":null,\"min_qty\":\"0\",\"backorders\":\"0\",\"min_sale_qty\":\"1\",\"max_sale_qty\":\"0\",\"notify_stock_qty\":null,\"meta_keyword\":null,\"has_options\":\"0\",\"required_options\":\"0\",\"size\":\"M\",\"color\":\"Black\"},{\"sku\":\"MH02-M-Purple\",\"store_view_code\":null,\"attribute_set_code\":\"Top\",\"product_type\":\"simple\",\"categories\":\"Default Category\\/Men\\/Tops\\/Hoodies & Sweatshirts\",\"product_websites\":\"base\",\"name\":\"Teton Pullover Hoodie-M-Purple\",\"description\":\"<p>This Teton Pullover Hoodie gives you more than laid-back style. It\'s equipped with moisture-wicking fabric to keep light and dry inside, especially in chilly-weather workouts. An elasticized hem lets you move about freely.<\\/p>\\n<p>&bull; Black pullover hoodie.<br \\/>&bull; Soft, brushed interior. <br \\/>&bull; Front hand pockets. <br \\/>&bull; Machine wash\\/dry.<\\/p>\",\"short_description\":null,\"weight\":\"1\",\"product_online\":\"1\",\"tax_class_name\":\"Taxable Goods\",\"visibility\":\"Not Visible Individually\",\"price\":\"70\",\"special_price\":null,\"special_price_from_date\":null,\"special_price_to_date\":null,\"url_key\":\"teton-pullover-hoodie-m-purple\",\"meta_title\":null,\"meta_keywords\":null,\"meta_description\":null,\"base_image\":\"\\/m\\/h\\/mh02-purple_main.jpg\",\"base_image_label\":null,\"small_image\":\"\\/m\\/h\\/mh02-purple_main.jpg\",\"small_image_label\":null,\"thumbnail_image\":\"\\/m\\/h\\/mh02-purple_main.jpg\",\"thumbnail_image_label\":null,\"created_at\":null,\"updated_at\":null,\"new_from_date\":null,\"new_to_date\":null,\"display_product_options_in\":null,\"map_price\":null,\"msrp_price\":null,\"map_enabled\":null,\"gift_message_available\":null,\"custom_design\":null,\"custom_design_from\":null,\"custom_design_to\":null,\"custom_layout_update\":null,\"page_layout\":null,\"product_options_container\":null,\"msrp_display_actual_price_type\":null,\"country_of_manufacture\":null,\"additional_attributes\":\"has_options=0,required_options=0,size=M,color=Purple\",\"qty\":\"100\",\"out_of_stock_qty\":\"0\",\"use_config_min_qty\":\"1\",\"is_qty_decimal\":\"0\",\"allow_backorders\":\"0\",\"use_config_backorders\":\"1\",\"min_cart_qty\":\"1\",\"use_config_min_sale_qty\":\"1\",\"max_cart_qty\":\"0\",\"use_config_max_sale_qty\":\"1\",\"is_in_stock\":\"1\",\"notify_on_stock_below\":null,\"use_config_notify_stock_qty\":\"1\",\"manage_stock\":\"0\",\"use_config_manage_stock\":\"1\",\"use_config_qty_increments\":\"1\",\"qty_increments\":\"0\",\"use_config_enable_qty_inc\":\"1\",\"enable_qty_increments\":\"0\",\"is_decimal_divided\":\"0\",\"website_id\":\"1\",\"configurable_variations\":null,\"configurable_variation_prices\":null,\"configurable_variation_labels\":null,\"additional_images\":null,\"image\":\"\\/m\\/h\\/mh02-purple_main.jpg\",\"image_label\":null,\"thumbnail\":\"\\/m\\/h\\/mh02-purple_main.jpg\",\"thumbnail_label\":null,\"_media_image\":null,\"_store\":null,\"_attribute_set\":\"Top\",\"_product_websites\":\"base\",\"status\":\"1\",\"news_from_date\":null,\"news_to_date\":null,\"options_container\":null,\"minimal_price\":null,\"msrp\":null,\"msrp_enabled\":null,\"special_from_date\":null,\"special_to_date\":null,\"min_qty\":\"0\",\"backorders\":\"0\",\"min_sale_qty\":\"1\",\"max_sale_qty\":\"0\",\"notify_stock_qty\":null,\"meta_keyword\":null,\"has_options\":\"0\",\"required_options\":\"0\",\"size\":\"M\",\"color\":\"Purple\"},{\"sku\":\"MH02-M-Red\",\"store_view_code\":null,\"attribute_set_code\":\"Top\",\"product_type\":\"simple\",\"categories\":\"Default Category\\/Men\\/Tops\\/Hoodies & Sweatshirts\",\"product_websites\":\"base\",\"name\":\"Teton Pullover Hoodie-M-Red\",\"description\":\"<p>This Teton Pullover Hoodie gives you more than laid-back style. It\'s equipped with moisture-wicking fabric to keep light and dry inside, especially in chilly-weather workouts. An elasticized hem lets you move about freely.<\\/p>\\n<p>&bull; Black pullover hoodie.<br \\/>&bull; Soft, brushed interior. <br \\/>&bull; Front hand pockets. <br \\/>&bull; Machine wash\\/dry.<\\/p>\",\"short_description\":null,\"weight\":\"1\",\"product_online\":\"1\",\"tax_class_name\":\"Taxable Goods\",\"visibility\":\"Not Visible Individually\",\"price\":\"70\",\"special_price\":null,\"special_price_from_date\":null,\"special_price_to_date\":null,\"url_key\":\"teton-pullover-hoodie-m-red\",\"meta_title\":null,\"meta_keywords\":null,\"meta_description\":null,\"base_image\":\"\\/m\\/h\\/mh02-red_main.jpg\",\"base_image_label\":null,\"small_image\":\"\\/m\\/h\\/mh02-red_main.jpg\",\"small_image_label\":null,\"thumbnail_image\":\"\\/m\\/h\\/mh02-red_main.jpg\",\"thumbnail_image_label\":null,\"created_at\":null,\"updated_at\":null,\"new_from_date\":null,\"new_to_date\":null,\"display_product_options_in\":null,\"map_price\":null,\"msrp_price\":null,\"map_enabled\":null,\"gift_message_available\":null,\"custom_design\":null,\"custom_design_from\":null,\"custom_design_to\":null,\"custom_layout_update\":null,\"page_layout\":null,\"product_options_container\":null,\"msrp_display_actual_price_type\":null,\"country_of_manufacture\":null,\"additional_attributes\":\"has_options=0,required_options=0,size=M,color=Red\",\"qty\":\"100\",\"out_of_stock_qty\":\"0\",\"use_config_min_qty\":\"1\",\"is_qty_decimal\":\"0\",\"allow_backorders\":\"0\",\"use_config_backorders\":\"1\",\"min_cart_qty\":\"1\",\"use_config_min_sale_qty\":\"1\",\"max_cart_qty\":\"0\",\"use_config_max_sale_qty\":\"1\",\"is_in_stock\":\"1\",\"notify_on_stock_below\":null,\"use_config_notify_stock_qty\":\"1\",\"manage_stock\":\"0\",\"use_config_manage_stock\":\"1\",\"use_config_qty_increments\":\"1\",\"qty_increments\":\"0\",\"use_config_enable_qty_inc\":\"1\",\"enable_qty_increments\":\"0\",\"is_decimal_divided\":\"0\",\"website_id\":\"1\",\"configurable_variations\":null,\"configurable_variation_prices\":null,\"configurable_variation_labels\":null,\"additional_images\":null,\"image\":\"\\/m\\/h\\/mh02-red_main.jpg\",\"image_label\":null,\"thumbnail\":\"\\/m\\/h\\/mh02-red_main.jpg\",\"thumbnail_label\":null,\"_media_image\":null,\"_store\":null,\"_attribute_set\":\"Top\",\"_product_websites\":\"base\",\"status\":\"1\",\"news_from_date\":null,\"news_to_date\":null,\"options_container\":null,\"minimal_price\":null,\"msrp\":null,\"msrp_enabled\":null,\"special_from_date\":null,\"special_to_date\":null,\"min_qty\":\"0\",\"backorders\":\"0\",\"min_sale_qty\":\"1\",\"max_sale_qty\":\"0\",\"notify_stock_qty\":null,\"meta_keyword\":null,\"has_options\":\"0\",\"required_options\":\"0\",\"size\":\"M\",\"color\":\"Red\"},{\"sku\":\"MH02-L-Black\",\"store_view_code\":null,\"attribute_set_code\":\"Top\",\"product_type\":\"simple\",\"categories\":\"Default Category\\/Men\\/Tops\\/Hoodies & Sweatshirts\",\"product_websites\":\"base\",\"name\":\"Teton Pullover Hoodie-L-Black\",\"description\":\"<p>This Teton Pullover Hoodie gives you more than laid-back style. It\'s equipped with moisture-wicking fabric to keep light and dry inside, especially in chilly-weather workouts. An elasticized hem lets you move about freely.<\\/p>\\n<p>&bull; Black pullover hoodie.<br \\/>&bull; Soft, brushed interior. <br \\/>&bull; Front hand pockets. <br \\/>&bull; Machine wash\\/dry.<\\/p>\",\"short_description\":null,\"weight\":\"1\",\"product_online\":\"1\",\"tax_class_name\":\"Taxable Goods\",\"visibility\":\"Not Visible Individually\",\"price\":\"70\",\"special_price\":null,\"special_price_from_date\":null,\"special_price_to_date\":null,\"url_key\":\"teton-pullover-hoodie-l-black\",\"meta_title\":null,\"meta_keywords\":null,\"meta_description\":null,\"base_image\":\"\\/m\\/h\\/mh02-black_main.jpg\",\"base_image_label\":null,\"small_image\":\"\\/m\\/h\\/mh02-black_main.jpg\",\"small_image_label\":null,\"thumbnail_image\":\"\\/m\\/h\\/mh02-black_main.jpg\",\"thumbnail_image_label\":null,\"created_at\":null,\"updated_at\":null,\"new_from_date\":null,\"new_to_date\":null,\"display_product_options_in\":null,\"map_price\":null,\"msrp_price\":null,\"map_enabled\":null,\"gift_message_available\":null,\"custom_design\":null,\"custom_design_from\":null,\"custom_design_to\":null,\"custom_layout_update\":null,\"page_layout\":null,\"product_options_container\":null,\"msrp_display_actual_price_type\":null,\"country_of_manufacture\":null,\"additional_attributes\":\"has_options=0,required_options=0,size=L,color=Black\",\"qty\":\"100\",\"out_of_stock_qty\":\"0\",\"use_config_min_qty\":\"1\",\"is_qty_decimal\":\"0\",\"allow_backorders\":\"0\",\"use_config_backorders\":\"1\",\"min_cart_qty\":\"1\",\"use_config_min_sale_qty\":\"1\",\"max_cart_qty\":\"0\",\"use_config_max_sale_qty\":\"1\",\"is_in_stock\":\"1\",\"notify_on_stock_below\":null,\"use_config_notify_stock_qty\":\"1\",\"manage_stock\":\"0\",\"use_config_manage_stock\":\"1\",\"use_config_qty_increments\":\"1\",\"qty_increments\":\"0\",\"use_config_enable_qty_inc\":\"1\",\"enable_qty_increments\":\"0\",\"is_decimal_divided\":\"0\",\"website_id\":\"1\",\"configurable_variations\":null,\"configurable_variation_prices\":null,\"configurable_variation_labels\":null,\"additional_images\":\"\\/m\\/h\\/mh02-black_alt1.jpg,\\/m\\/h\\/mh02-black_back.jpg\",\"image\":\"\\/m\\/h\\/mh02-black_main.jpg\",\"image_label\":null,\"thumbnail\":\"\\/m\\/h\\/mh02-black_main.jpg\",\"thumbnail_label\":null,\"_media_image\":\"\\/m\\/h\\/mh02-black_alt1.jpg,\\/m\\/h\\/mh02-black_back.jpg\",\"_store\":null,\"_attribute_set\":\"Top\",\"_product_websites\":\"base\",\"status\":\"1\",\"news_from_date\":null,\"news_to_date\":null,\"options_container\":null,\"minimal_price\":null,\"msrp\":null,\"msrp_enabled\":null,\"special_from_date\":null,\"special_to_date\":null,\"min_qty\":\"0\",\"backorders\":\"0\",\"min_sale_qty\":\"1\",\"max_sale_qty\":\"0\",\"notify_stock_qty\":null,\"meta_keyword\":null,\"has_options\":\"0\",\"required_options\":\"0\",\"size\":\"L\",\"color\":\"Black\"},{\"sku\":\"MH02-L-Purple\",\"store_view_code\":null,\"attribute_set_code\":\"Top\",\"product_type\":\"simple\",\"categories\":\"Default Category\\/Men\\/Tops\\/Hoodies & Sweatshirts\",\"product_websites\":\"base\",\"name\":\"Teton Pullover Hoodie-L-Purple\",\"description\":\"<p>This Teton Pullover Hoodie gives you more than laid-back style. It\'s equipped with moisture-wicking fabric to keep light and dry inside, especially in chilly-weather workouts. An elasticized hem lets you move about freely.<\\/p>\\n<p>&bull; Black pullover hoodie.<br \\/>&bull; Soft, brushed interior. <br \\/>&bull; Front hand pockets. <br \\/>&bull; Machine wash\\/dry.<\\/p>\",\"short_description\":null,\"weight\":\"1\",\"product_online\":\"1\",\"tax_class_name\":\"Taxable Goods\",\"visibility\":\"Not Visible Individually\",\"price\":\"70\",\"special_price\":null,\"special_price_from_date\":null,\"special_price_to_date\":null,\"url_key\":\"teton-pullover-hoodie-l-purple\",\"meta_title\":null,\"meta_keywords\":null,\"meta_description\":null,\"base_image\":\"\\/m\\/h\\/mh02-purple_main.jpg\",\"base_image_label\":null,\"small_image\":\"\\/m\\/h\\/mh02-purple_main.jpg\",\"small_image_label\":null,\"thumbnail_image\":\"\\/m\\/h\\/mh02-purple_main.jpg\",\"thumbnail_image_label\":null,\"created_at\":null,\"updated_at\":null,\"new_from_date\":null,\"new_to_date\":null,\"display_product_options_in\":null,\"map_price\":null,\"msrp_price\":null,\"map_enabled\":null,\"gift_message_available\":null,\"custom_design\":null,\"custom_design_from\":null,\"custom_design_to\":null,\"custom_layout_update\":null,\"page_layout\":null,\"product_options_container\":null,\"msrp_display_actual_price_type\":null,\"country_of_manufacture\":null,\"additional_attributes\":\"has_options=0,required_options=0,size=L,color=Purple\",\"qty\":\"100\",\"out_of_stock_qty\":\"0\",\"use_config_min_qty\":\"1\",\"is_qty_decimal\":\"0\",\"allow_backorders\":\"0\",\"use_config_backorders\":\"1\",\"min_cart_qty\":\"1\",\"use_config_min_sale_qty\":\"1\",\"max_cart_qty\":\"0\",\"use_config_max_sale_qty\":\"1\",\"is_in_stock\":\"1\",\"notify_on_stock_below\":null,\"use_config_notify_stock_qty\":\"1\",\"manage_stock\":\"0\",\"use_config_manage_stock\":\"1\",\"use_config_qty_increments\":\"1\",\"qty_increments\":\"0\",\"use_config_enable_qty_inc\":\"1\",\"enable_qty_increments\":\"0\",\"is_decimal_divided\":\"0\",\"website_id\":\"1\",\"configurable_variations\":null,\"configurable_variation_prices\":null,\"configurable_variation_labels\":null,\"additional_images\":null,\"image\":\"\\/m\\/h\\/mh02-purple_main.jpg\",\"image_label\":null,\"thumbnail\":\"\\/m\\/h\\/mh02-purple_main.jpg\",\"thumbnail_label\":null,\"_media_image\":null,\"_store\":null,\"_attribute_set\":\"Top\",\"_product_websites\":\"base\",\"status\":\"1\",\"news_from_date\":null,\"news_to_date\":null,\"options_container\":null,\"minimal_price\":null,\"msrp\":null,\"msrp_enabled\":null,\"special_from_date\":null,\"special_to_date\":null,\"min_qty\":\"0\",\"backorders\":\"0\",\"min_sale_qty\":\"1\",\"max_sale_qty\":\"0\",\"notify_stock_qty\":null,\"meta_keyword\":null,\"has_options\":\"0\",\"required_options\":\"0\",\"size\":\"L\",\"color\":\"Purple\"},{\"sku\":\"MH02-L-Red\",\"store_view_code\":null,\"attribute_set_code\":\"Top\",\"product_type\":\"simple\",\"categories\":\"Default Category\\/Men\\/Tops\\/Hoodies & Sweatshirts\",\"product_websites\":\"base\",\"name\":\"Teton Pullover Hoodie-L-Red\",\"description\":\"<p>This Teton Pullover Hoodie gives you more than laid-back style. It\'s equipped with moisture-wicking fabric to keep light and dry inside, especially in chilly-weather workouts. An elasticized hem lets you move about freely.<\\/p>\\n<p>&bull; Black pullover hoodie.<br \\/>&bull; Soft, brushed interior. <br \\/>&bull; Front hand pockets. <br \\/>&bull; Machine wash\\/dry.<\\/p>\",\"short_description\":null,\"weight\":\"1\",\"product_online\":\"1\",\"tax_class_name\":\"Taxable Goods\",\"visibility\":\"Not Visible Individually\",\"price\":\"70\",\"special_price\":null,\"special_price_from_date\":null,\"special_price_to_date\":null,\"url_key\":\"teton-pullover-hoodie-l-red\",\"meta_title\":null,\"meta_keywords\":null,\"meta_description\":null,\"base_image\":\"\\/m\\/h\\/mh02-red_main.jpg\",\"base_image_label\":null,\"small_image\":\"\\/m\\/h\\/mh02-red_main.jpg\",\"small_image_label\":null,\"thumbnail_image\":\"\\/m\\/h\\/mh02-red_main.jpg\",\"thumbnail_image_label\":null,\"created_at\":null,\"updated_at\":null,\"new_from_date\":null,\"new_to_date\":null,\"display_product_options_in\":null,\"map_price\":null,\"msrp_price\":null,\"map_enabled\":null,\"gift_message_available\":null,\"custom_design\":null,\"custom_design_from\":null,\"custom_design_to\":null,\"custom_layout_update\":null,\"page_layout\":null,\"product_options_container\":null,\"msrp_display_actual_price_type\":null,\"country_of_manufacture\":null,\"additional_attributes\":\"has_options=0,required_options=0,size=L,color=Red\",\"qty\":\"100\",\"out_of_stock_qty\":\"0\",\"use_config_min_qty\":\"1\",\"is_qty_decimal\":\"0\",\"allow_backorders\":\"0\",\"use_config_backorders\":\"1\",\"min_cart_qty\":\"1\",\"use_config_min_sale_qty\":\"1\",\"max_cart_qty\":\"0\",\"use_config_max_sale_qty\":\"1\",\"is_in_stock\":\"1\",\"notify_on_stock_below\":null,\"use_config_notify_stock_qty\":\"1\",\"manage_stock\":\"0\",\"use_config_manage_stock\":\"1\",\"use_config_qty_increments\":\"1\",\"qty_increments\":\"0\",\"use_config_enable_qty_inc\":\"1\",\"enable_qty_increments\":\"0\",\"is_decimal_divided\":\"0\",\"website_id\":\"1\",\"configurable_variations\":null,\"configurable_variation_prices\":null,\"configurable_variation_labels\":null,\"additional_images\":null,\"image\":\"\\/m\\/h\\/mh02-red_main.jpg\",\"image_label\":null,\"thumbnail\":\"\\/m\\/h\\/mh02-red_main.jpg\",\"thumbnail_label\":null,\"_media_image\":null,\"_store\":null,\"_attribute_set\":\"Top\",\"_product_websites\":\"base\",\"status\":\"1\",\"news_from_date\":null,\"news_to_date\":null,\"options_container\":null,\"minimal_price\":null,\"msrp\":null,\"msrp_enabled\":null,\"special_from_date\":null,\"special_to_date\":null,\"min_qty\":\"0\",\"backorders\":\"0\",\"min_sale_qty\":\"1\",\"max_sale_qty\":\"0\",\"notify_stock_qty\":null,\"meta_keyword\":null,\"has_options\":\"0\",\"required_options\":\"0\",\"size\":\"L\",\"color\":\"Red\"},{\"sku\":\"MH02-XL-Black\",\"store_view_code\":null,\"attribute_set_code\":\"Top\",\"product_type\":\"simple\",\"categories\":\"Default Category\\/Men\\/Tops\\/Hoodies & Sweatshirts\",\"product_websites\":\"base\",\"name\":\"Teton Pullover Hoodie-XL-Black\",\"description\":\"<p>This Teton Pullover Hoodie gives you more than laid-back style. It\'s equipped with moisture-wicking fabric to keep light and dry inside, especially in chilly-weather workouts. An elasticized hem lets you move about freely.<\\/p>\\n<p>&bull; Black pullover hoodie.<br \\/>&bull; Soft, brushed interior. <br \\/>&bull; Front hand pockets. <br \\/>&bull; Machine wash\\/dry.<\\/p>\",\"short_description\":null,\"weight\":\"1\",\"product_online\":\"1\",\"tax_class_name\":\"Taxable Goods\",\"visibility\":\"Not Visible Individually\",\"price\":\"70\",\"special_price\":null,\"special_price_from_date\":null,\"special_price_to_date\":null,\"url_key\":\"teton-pullover-hoodie-xl-black\",\"meta_title\":null,\"meta_keywords\":null,\"meta_description\":null,\"base_image\":\"\\/m\\/h\\/mh02-black_main.jpg\",\"base_image_label\":null,\"small_image\":\"\\/m\\/h\\/mh02-black_main.jpg\",\"small_image_label\":null,\"thumbnail_image\":\"\\/m\\/h\\/mh02-black_main.jpg\",\"thumbnail_image_label\":null,\"created_at\":null,\"updated_at\":null,\"new_from_date\":null,\"new_to_date\":null,\"display_product_options_in\":null,\"map_price\":null,\"msrp_price\":null,\"map_enabled\":null,\"gift_message_available\":null,\"custom_design\":null,\"custom_design_from\":null,\"custom_design_to\":null,\"custom_layout_update\":null,\"page_layout\":null,\"product_options_container\":null,\"msrp_display_actual_price_type\":null,\"country_of_manufacture\":null,\"additional_attributes\":\"has_options=0,required_options=0,size=XL,color=Black\",\"qty\":\"100\",\"out_of_stock_qty\":\"0\",\"use_config_min_qty\":\"1\",\"is_qty_decimal\":\"0\",\"allow_backorders\":\"0\",\"use_config_backorders\":\"1\",\"min_cart_qty\":\"1\",\"use_config_min_sale_qty\":\"1\",\"max_cart_qty\":\"0\",\"use_config_max_sale_qty\":\"1\",\"is_in_stock\":\"1\",\"notify_on_stock_below\":null,\"use_config_notify_stock_qty\":\"1\",\"manage_stock\":\"0\",\"use_config_manage_stock\":\"1\",\"use_config_qty_increments\":\"1\",\"qty_increments\":\"0\",\"use_config_enable_qty_inc\":\"1\",\"enable_qty_increments\":\"0\",\"is_decimal_divided\":\"0\",\"website_id\":\"1\",\"configurable_variations\":null,\"configurable_variation_prices\":null,\"configurable_variation_labels\":null,\"additional_images\":\"\\/m\\/h\\/mh02-black_alt1.jpg,\\/m\\/h\\/mh02-black_back.jpg\",\"image\":\"\\/m\\/h\\/mh02-black_main.jpg\",\"image_label\":null,\"thumbnail\":\"\\/m\\/h\\/mh02-black_main.jpg\",\"thumbnail_label\":null,\"_media_image\":\"\\/m\\/h\\/mh02-black_alt1.jpg,\\/m\\/h\\/mh02-black_back.jpg\",\"_store\":null,\"_attribute_set\":\"Top\",\"_product_websites\":\"base\",\"status\":\"1\",\"news_from_date\":null,\"news_to_date\":null,\"options_container\":null,\"minimal_price\":null,\"msrp\":null,\"msrp_enabled\":null,\"special_from_date\":null,\"special_to_date\":null,\"min_qty\":\"0\",\"backorders\":\"0\",\"min_sale_qty\":\"1\",\"max_sale_qty\":\"0\",\"notify_stock_qty\":null,\"meta_keyword\":null,\"has_options\":\"0\",\"required_options\":\"0\",\"size\":\"XL\",\"color\":\"Black\"},{\"sku\":\"MH02-XL-Purple\",\"store_view_code\":null,\"attribute_set_code\":\"Top\",\"product_type\":\"simple\",\"categories\":\"Default Category\\/Men\\/Tops\\/Hoodies & Sweatshirts\",\"product_websites\":\"base\",\"name\":\"Teton Pullover Hoodie-XL-Purple\",\"description\":\"<p>This Teton Pullover Hoodie gives you more than laid-back style. It\'s equipped with moisture-wicking fabric to keep light and dry inside, especially in chilly-weather workouts. An elasticized hem lets you move about freely.<\\/p>\\n<p>&bull; Black pullover hoodie.<br \\/>&bull; Soft, brushed interior. <br \\/>&bull; Front hand pockets. <br \\/>&bull; Machine wash\\/dry.<\\/p>\",\"short_description\":null,\"weight\":\"1\",\"product_online\":\"1\",\"tax_class_name\":\"Taxable Goods\",\"visibility\":\"Not Visible Individually\",\"price\":\"70\",\"special_price\":null,\"special_price_from_date\":null,\"special_price_to_date\":null,\"url_key\":\"teton-pullover-hoodie-xl-purple\",\"meta_title\":null,\"meta_keywords\":null,\"meta_description\":null,\"base_image\":\"\\/m\\/h\\/mh02-purple_main.jpg\",\"base_image_label\":null,\"small_image\":\"\\/m\\/h\\/mh02-purple_main.jpg\",\"small_image_label\":null,\"thumbnail_image\":\"\\/m\\/h\\/mh02-purple_main.jpg\",\"thumbnail_image_label\":null,\"created_at\":null,\"updated_at\":null,\"new_from_date\":null,\"new_to_date\":null,\"display_product_options_in\":null,\"map_price\":null,\"msrp_price\":null,\"map_enabled\":null,\"gift_message_available\":null,\"custom_design\":null,\"custom_design_from\":null,\"custom_design_to\":null,\"custom_layout_update\":null,\"page_layout\":null,\"product_options_container\":null,\"msrp_display_actual_price_type\":null,\"country_of_manufacture\":null,\"additional_attributes\":\"has_options=0,required_options=0,size=XL,color=Purple\",\"qty\":\"100\",\"out_of_stock_qty\":\"0\",\"use_config_min_qty\":\"1\",\"is_qty_decimal\":\"0\",\"allow_backorders\":\"0\",\"use_config_backorders\":\"1\",\"min_cart_qty\":\"1\",\"use_config_min_sale_qty\":\"1\",\"max_cart_qty\":\"0\",\"use_config_max_sale_qty\":\"1\",\"is_in_stock\":\"1\",\"notify_on_stock_below\":null,\"use_config_notify_stock_qty\":\"1\",\"manage_stock\":\"0\",\"use_config_manage_stock\":\"1\",\"use_config_qty_increments\":\"1\",\"qty_increments\":\"0\",\"use_config_enable_qty_inc\":\"1\",\"enable_qty_increments\":\"0\",\"is_decimal_divided\":\"0\",\"website_id\":\"1\",\"configurable_variations\":null,\"configurable_variation_prices\":null,\"configurable_variation_labels\":null,\"additional_images\":null,\"image\":\"\\/m\\/h\\/mh02-purple_main.jpg\",\"image_label\":null,\"thumbnail\":\"\\/m\\/h\\/mh02-purple_main.jpg\",\"thumbnail_label\":null,\"_media_image\":null,\"_store\":null,\"_attribute_set\":\"Top\",\"_product_websites\":\"base\",\"status\":\"1\",\"news_from_date\":null,\"news_to_date\":null,\"options_container\":null,\"minimal_price\":null,\"msrp\":null,\"msrp_enabled\":null,\"special_from_date\":null,\"special_to_date\":null,\"min_qty\":\"0\",\"backorders\":\"0\",\"min_sale_qty\":\"1\",\"max_sale_qty\":\"0\",\"notify_stock_qty\":null,\"meta_keyword\":null,\"has_options\":\"0\",\"required_options\":\"0\",\"size\":\"XL\",\"color\":\"Purple\"},{\"sku\":\"MH02-XL-Red\",\"store_view_code\":null,\"attribute_set_code\":\"Top\",\"product_type\":\"simple\",\"categories\":\"Default Category\\/Men\\/Tops\\/Hoodies & Sweatshirts\",\"product_websites\":\"base\",\"name\":\"Teton Pullover Hoodie-XL-Red\",\"description\":\"<p>This Teton Pullover Hoodie gives you more than laid-back style. It\'s equipped with moisture-wicking fabric to keep light and dry inside, especially in chilly-weather workouts. An elasticized hem lets you move about freely.<\\/p>\\n<p>&bull; Black pullover hoodie.<br \\/>&bull; Soft, brushed interior. <br \\/>&bull; Front hand pockets. <br \\/>&bull; Machine wash\\/dry.<\\/p>\",\"short_description\":null,\"weight\":\"1\",\"product_online\":\"1\",\"tax_class_name\":\"Taxable Goods\",\"visibility\":\"Not Visible Individually\",\"price\":\"70\",\"special_price\":null,\"special_price_from_date\":null,\"special_price_to_date\":null,\"url_key\":\"teton-pullover-hoodie-xl-red\",\"meta_title\":null,\"meta_keywords\":null,\"meta_description\":null,\"base_image\":\"\\/m\\/h\\/mh02-red_main.jpg\",\"base_image_label\":null,\"small_image\":\"\\/m\\/h\\/mh02-red_main.jpg\",\"small_image_label\":null,\"thumbnail_image\":\"\\/m\\/h\\/mh02-red_main.jpg\",\"thumbnail_image_label\":null,\"created_at\":null,\"updated_at\":null,\"new_from_date\":null,\"new_to_date\":null,\"display_product_options_in\":null,\"map_price\":null,\"msrp_price\":null,\"map_enabled\":null,\"gift_message_available\":null,\"custom_design\":null,\"custom_design_from\":null,\"custom_design_to\":null,\"custom_layout_update\":null,\"page_layout\":null,\"product_options_container\":null,\"msrp_display_actual_price_type\":null,\"country_of_manufacture\":null,\"additional_attributes\":\"has_options=0,required_options=0,size=XL,color=Red\",\"qty\":\"100\",\"out_of_stock_qty\":\"0\",\"use_config_min_qty\":\"1\",\"is_qty_decimal\":\"0\",\"allow_backorders\":\"0\",\"use_config_backorders\":\"1\",\"min_cart_qty\":\"1\",\"use_config_min_sale_qty\":\"1\",\"max_cart_qty\":\"0\",\"use_config_max_sale_qty\":\"1\",\"is_in_stock\":\"1\",\"notify_on_stock_below\":null,\"use_config_notify_stock_qty\":\"1\",\"manage_stock\":\"0\",\"use_config_manage_stock\":\"1\",\"use_config_qty_increments\":\"1\",\"qty_increments\":\"0\",\"use_config_enable_qty_inc\":\"1\",\"enable_qty_increments\":\"0\",\"is_decimal_divided\":\"0\",\"website_id\":\"1\",\"configurable_variations\":null,\"configurable_variation_prices\":null,\"configurable_variation_labels\":null,\"additional_images\":null,\"image\":\"\\/m\\/h\\/mh02-red_main.jpg\",\"image_label\":null,\"thumbnail\":\"\\/m\\/h\\/mh02-red_main.jpg\",\"thumbnail_label\":null,\"_media_image\":null,\"_store\":null,\"_attribute_set\":\"Top\",\"_product_websites\":\"base\",\"status\":\"1\",\"news_from_date\":null,\"news_to_date\":null,\"options_container\":null,\"minimal_price\":null,\"msrp\":null,\"msrp_enabled\":null,\"special_from_date\":null,\"special_to_date\":null,\"min_qty\":\"0\",\"backorders\":\"0\",\"min_sale_qty\":\"1\",\"max_sale_qty\":\"0\",\"notify_stock_qty\":null,\"meta_keyword\":null,\"has_options\":\"0\",\"required_options\":\"0\",\"size\":\"XL\",\"color\":\"Red\"},{\"sku\":\"MH02\",\"store_view_code\":null,\"attribute_set_code\":\"Top\",\"product_type\":\"configurable\",\"categories\":\"Default Category\\/Men\\/Tops\\/Hoodies & Sweatshirts\",\"product_websites\":\"base\",\"name\":\"Teton Pullover Hoodie\",\"description\":\"<p>This Teton Pullover Hoodie gives you more than laid-back style. It\'s equipped with moisture-wicking fabric to keep light and dry inside, especially in chilly-weather workouts. An elasticized hem lets you move about freely.<\\/p>\\n<p>&bull; Black pullover hoodie.<br \\/>&bull; Soft, brushed interior. <br \\/>&bull; Front hand pockets. <br \\/>&bull; Machine wash\\/dry.<\\/p>\",\"short_description\":null,\"weight\":null,\"product_online\":\"1\",\"tax_class_name\":\"Taxable Goods\",\"visibility\":\"Catalog, Search\",\"price\":\"70\",\"special_price\":null,\"special_price_from_date\":null,\"special_price_to_date\":null,\"url_key\":null,\"meta_title\":null,\"meta_keywords\":null,\"meta_description\":null,\"base_image\":\"\\/m\\/h\\/mh02-black_main.jpg\",\"base_image_label\":null,\"small_image\":\"\\/m\\/h\\/mh02-black_main.jpg\",\"small_image_label\":null,\"thumbnail_image\":\"\\/m\\/h\\/mh02-black_main.jpg\",\"thumbnail_image_label\":null,\"created_at\":null,\"updated_at\":null,\"new_from_date\":null,\"new_to_date\":null,\"display_product_options_in\":null,\"map_price\":null,\"msrp_price\":null,\"map_enabled\":null,\"gift_message_available\":null,\"custom_design\":null,\"custom_design_from\":null,\"custom_design_to\":null,\"custom_layout_update\":null,\"page_layout\":null,\"product_options_container\":null,\"msrp_display_actual_price_type\":null,\"country_of_manufacture\":null,\"additional_attributes\":\"has_options=1,required_options=1,material=Wool|Fleece|Nylon,pattern=Solid,climate=All-weather|Cool|Indoor|Spring|Windy,eco_collection=No,performance_fabric=No,erin_recommends=No,new=Yes,sale=No\",\"qty\":\"0\",\"out_of_stock_qty\":\"0\",\"use_config_min_qty\":\"1\",\"is_qty_decimal\":\"0\",\"allow_backorders\":\"0\",\"use_config_backorders\":\"1\",\"min_cart_qty\":\"1\",\"use_config_min_sale_qty\":\"1\",\"max_cart_qty\":\"0\",\"use_config_max_sale_qty\":\"1\",\"is_in_stock\":\"1\",\"notify_on_stock_below\":null,\"use_config_notify_stock_qty\":\"1\",\"manage_stock\":\"0\",\"use_config_manage_stock\":\"1\",\"use_config_qty_increments\":\"1\",\"qty_increments\":\"0\",\"use_config_enable_qty_inc\":\"1\",\"enable_qty_increments\":\"0\",\"is_decimal_divided\":\"0\",\"website_id\":\"1\",\"configurable_variations\":\"sku=MH02-XS-Black,size=XS,color=Black|sku=MH02-XS-Purple,size=XS,color=Purple|sku=MH02-XS-Red,size=XS,color=Red|sku=MH02-S-Black,size=S,color=Black|sku=MH02-S-Purple,size=S,color=Purple|sku=MH02-S-Red,size=S,color=Red|sku=MH02-M-Black,size=M,color=Black|sku=MH02-M-Purple,size=M,color=Purple|sku=MH02-M-Red,size=M,color=Red|sku=MH02-L-Black,size=L,color=Black|sku=MH02-L-Purple,size=L,color=Purple|sku=MH02-L-Red,size=L,color=Red|sku=MH02-XL-Black,size=XL,color=Black|sku=MH02-XL-Purple,size=XL,color=Purple|sku=MH02-XL-Red,size=XL,color=Red\",\"configurable_variation_prices\":null,\"configurable_variation_labels\":null,\"additional_images\":\"\\/m\\/h\\/mh02-black_alt1.jpg,\\/m\\/h\\/mh02-black_back.jpg\",\"image\":\"\\/m\\/h\\/mh02-black_main.jpg\",\"image_label\":null,\"thumbnail\":\"\\/m\\/h\\/mh02-black_main.jpg\",\"thumbnail_label\":null,\"_media_image\":\"\\/m\\/h\\/mh02-black_alt1.jpg,\\/m\\/h\\/mh02-black_back.jpg\",\"_store\":null,\"_attribute_set\":\"Top\",\"_product_websites\":\"base\",\"status\":\"1\",\"news_from_date\":null,\"news_to_date\":null,\"options_container\":null,\"minimal_price\":null,\"msrp\":null,\"msrp_enabled\":null,\"special_from_date\":null,\"special_to_date\":null,\"min_qty\":\"0\",\"backorders\":\"0\",\"min_sale_qty\":\"1\",\"max_sale_qty\":\"0\",\"notify_stock_qty\":null,\"meta_keyword\":null,\"has_options\":\"1\",\"required_options\":\"1\",\"material\":[\"Wool\",\"Fleece\",\"Nylon\"],\"pattern\":\"Solid\",\"climate\":[\"All-weather\",\"Cool\",\"Indoor\",\"Spring\",\"Windy\"],\"eco_collection\":\"No\",\"performance_fabric\":\"No\",\"erin_recommends\":\"No\",\"new\":\"Yes\",\"sale\":\"No\"},{\"sku\":\"MH03-XS-Black\",\"store_view_code\":null,\"attribute_set_code\":\"Top\",\"product_type\":\"simple\",\"categories\":\"Default Category\\/Men\\/Tops\\/Hoodies & Sweatshirts,Default Category\\/Collections\\/Eco Friendly,Default Category\",\"product_websites\":\"base\",\"name\":\"Bruno Compete Hoodie-XS-Black\",\"description\":\"<p>Stay comfortable and stay in the race no matter what the weather\'s up to. The Bruno Compete Hoodie\'s water-repellent exterior shields you from the elements, while advanced fabric technology inside wicks moisture to keep you dry.<\\/p>\\n<p>&bull; Full zip black hoodie pullover. <br \\/>&bull; Adjustable drawstring hood. <br \\/>&bull; Ribbed cuffs\\/waistband. <br \\/>&bull; Kangaroo pocket. <br \\/>&bull; Machine wash\\/dry.<\\/p>\",\"short_description\":null,\"weight\":\"1\",\"product_online\":\"1\",\"tax_class_name\":\"Taxable Goods\",\"visibility\":\"Not Visible Individually\",\"price\":\"63\",\"special_price\":null,\"special_price_from_date\":null,\"special_price_to_date\":null,\"url_key\":\"bruno-compete-hoodie-xs-black\",\"meta_title\":null,\"meta_keywords\":null,\"meta_description\":null,\"base_image\":\"\\/m\\/h\\/mh03-black_main.jpg\",\"base_image_label\":null,\"small_image\":\"\\/m\\/h\\/mh03-black_main.jpg\",\"small_image_label\":null,\"thumbnail_image\":\"\\/m\\/h\\/mh03-black_main.jpg\",\"thumbnail_image_label\":null,\"created_at\":null,\"updated_at\":null,\"new_from_date\":null,\"new_to_date\":null,\"display_product_options_in\":null,\"map_price\":null,\"msrp_price\":null,\"map_enabled\":null,\"gift_message_available\":null,\"custom_design\":null,\"custom_design_from\":null,\"custom_design_to\":null,\"custom_layout_update\":null,\"page_layout\":null,\"product_options_container\":null,\"msrp_display_actual_price_type\":null,\"country_of_manufacture\":null,\"additional_attributes\":\"has_options=0,required_options=0,size=XS,color=Black\",\"qty\":\"100\",\"out_of_stock_qty\":\"0\",\"use_config_min_qty\":\"1\",\"is_qty_decimal\":\"0\",\"allow_backorders\":\"0\",\"use_config_backorders\":\"1\",\"min_cart_qty\":\"1\",\"use_config_min_sale_qty\":\"1\",\"max_cart_qty\":\"0\",\"use_config_max_sale_qty\":\"1\",\"is_in_stock\":\"1\",\"notify_on_stock_below\":null,\"use_config_notify_stock_qty\":\"1\",\"manage_stock\":\"0\",\"use_config_manage_stock\":\"1\",\"use_config_qty_increments\":\"1\",\"qty_increments\":\"0\",\"use_config_enable_qty_inc\":\"1\",\"enable_qty_increments\":\"0\",\"is_decimal_divided\":\"0\",\"website_id\":\"1\",\"configurable_variations\":null,\"configurable_variation_prices\":null,\"configurable_variation_labels\":null,\"additional_images\":\"\\/m\\/h\\/mh03-black_alt1.jpg,\\/m\\/h\\/mh03-black_back.jpg\",\"image\":\"\\/m\\/h\\/mh03-black_main.jpg\",\"image_label\":null,\"thumbnail\":\"\\/m\\/h\\/mh03-black_main.jpg\",\"thumbnail_label\":null,\"_media_image\":\"\\/m\\/h\\/mh03-black_alt1.jpg,\\/m\\/h\\/mh03-black_back.jpg\",\"_store\":null,\"_attribute_set\":\"Top\",\"_product_websites\":\"base\",\"status\":\"1\",\"news_from_date\":null,\"news_to_date\":null,\"options_container\":null,\"minimal_price\":null,\"msrp\":null,\"msrp_enabled\":null,\"special_from_date\":null,\"special_to_date\":null,\"min_qty\":\"0\",\"backorders\":\"0\",\"min_sale_qty\":\"1\",\"max_sale_qty\":\"0\",\"notify_stock_qty\":null,\"meta_keyword\":null,\"has_options\":\"0\",\"required_options\":\"0\",\"size\":\"XS\",\"color\":\"Black\"},{\"sku\":\"MH03-XS-Blue\",\"store_view_code\":null,\"attribute_set_code\":\"Top\",\"product_type\":\"simple\",\"categories\":\"Default Category\\/Men\\/Tops\\/Hoodies & Sweatshirts,Default Category\\/Collections\\/Eco Friendly,Default Category\",\"product_websites\":\"base\",\"name\":\"Bruno Compete Hoodie-XS-Blue\",\"description\":\"<p>Stay comfortable and stay in the race no matter what the weather\'s up to. The Bruno Compete Hoodie\'s water-repellent exterior shields you from the elements, while advanced fabric technology inside wicks moisture to keep you dry.<\\/p>\\n<p>&bull; Full zip black hoodie pullover. <br \\/>&bull; Adjustable drawstring hood. <br \\/>&bull; Ribbed cuffs\\/waistband. <br \\/>&bull; Kangaroo pocket. <br \\/>&bull; Machine wash\\/dry.<\\/p>\",\"short_description\":null,\"weight\":\"1\",\"product_online\":\"1\",\"tax_class_name\":\"Taxable Goods\",\"visibility\":\"Not Visible Individually\",\"price\":\"63\",\"special_price\":null,\"special_price_from_date\":null,\"special_price_to_date\":null,\"url_key\":\"bruno-compete-hoodie-xs-blue\",\"meta_title\":null,\"meta_keywords\":null,\"meta_description\":null,\"base_image\":\"\\/m\\/h\\/mh03-blue_main.jpg\",\"base_image_label\":null,\"small_image\":\"\\/m\\/h\\/mh03-blue_main.jpg\",\"small_image_label\":null,\"thumbnail_image\":\"\\/m\\/h\\/mh03-blue_main.jpg\",\"thumbnail_image_label\":null,\"created_at\":null,\"updated_at\":null,\"new_from_date\":null,\"new_to_date\":null,\"display_product_options_in\":null,\"map_price\":null,\"msrp_price\":null,\"map_enabled\":null,\"gift_message_available\":null,\"custom_design\":null,\"custom_design_from\":null,\"custom_design_to\":null,\"custom_layout_update\":null,\"page_layout\":null,\"product_options_container\":null,\"msrp_display_actual_price_type\":null,\"country_of_manufacture\":null,\"additional_attributes\":\"has_options=0,required_options=0,size=XS,color=Blue\",\"qty\":\"100\",\"out_of_stock_qty\":\"0\",\"use_config_min_qty\":\"1\",\"is_qty_decimal\":\"0\",\"allow_backorders\":\"0\",\"use_config_backorders\":\"1\",\"min_cart_qty\":\"1\",\"use_config_min_sale_qty\":\"1\",\"max_cart_qty\":\"0\",\"use_config_max_sale_qty\":\"1\",\"is_in_stock\":\"1\",\"notify_on_stock_below\":null,\"use_config_notify_stock_qty\":\"1\",\"manage_stock\":\"0\",\"use_config_manage_stock\":\"1\",\"use_config_qty_increments\":\"1\",\"qty_increments\":\"0\",\"use_config_enable_qty_inc\":\"1\",\"enable_qty_increments\":\"0\",\"is_decimal_divided\":\"0\",\"website_id\":\"1\",\"configurable_variations\":null,\"configurable_variation_prices\":null,\"configurable_variation_labels\":null,\"additional_images\":null,\"image\":\"\\/m\\/h\\/mh03-blue_main.jpg\",\"image_label\":null,\"thumbnail\":\"\\/m\\/h\\/mh03-blue_main.jpg\",\"thumbnail_label\":null,\"_media_image\":null,\"_store\":null,\"_attribute_set\":\"Top\",\"_product_websites\":\"base\",\"status\":\"1\",\"news_from_date\":null,\"news_to_date\":null,\"options_container\":null,\"minimal_price\":null,\"msrp\":null,\"msrp_enabled\":null,\"special_from_date\":null,\"special_to_date\":null,\"min_qty\":\"0\",\"backorders\":\"0\",\"min_sale_qty\":\"1\",\"max_sale_qty\":\"0\",\"notify_stock_qty\":null,\"meta_keyword\":null,\"has_options\":\"0\",\"required_options\":\"0\",\"size\":\"XS\",\"color\":\"Blue\"},{\"sku\":\"MH03-XS-Green\",\"store_view_code\":null,\"attribute_set_code\":\"Top\",\"product_type\":\"simple\",\"categories\":\"Default Category\\/Men\\/Tops\\/Hoodies & Sweatshirts,Default Category\\/Collections\\/Eco Friendly,Default Category\",\"product_websites\":\"base\",\"name\":\"Bruno Compete Hoodie-XS-Green\",\"description\":\"<p>Stay comfortable and stay in the race no matter what the weather\'s up to. The Bruno Compete Hoodie\'s water-repellent exterior shields you from the elements, while advanced fabric technology inside wicks moisture to keep you dry.<\\/p>\\n<p>&bull; Full zip black hoodie pullover. <br \\/>&bull; Adjustable drawstring hood. <br \\/>&bull; Ribbed cuffs\\/waistband. <br \\/>&bull; Kangaroo pocket. <br \\/>&bull; Machine wash\\/dry.<\\/p>\",\"short_description\":null,\"weight\":\"1\",\"product_online\":\"1\",\"tax_class_name\":\"Taxable Goods\",\"visibility\":\"Not Visible Individually\",\"price\":\"63\",\"special_price\":null,\"special_price_from_date\":null,\"special_price_to_date\":null,\"url_key\":\"bruno-compete-hoodie-xs-green\",\"meta_title\":null,\"meta_keywords\":null,\"meta_description\":null,\"base_image\":\"\\/m\\/h\\/mh03-green_main.jpg\",\"base_image_label\":null,\"small_image\":\"\\/m\\/h\\/mh03-green_main.jpg\",\"small_image_label\":null,\"thumbnail_image\":\"\\/m\\/h\\/mh03-green_main.jpg\",\"thumbnail_image_label\":null,\"created_at\":null,\"updated_at\":null,\"new_from_date\":null,\"new_to_date\":null,\"display_product_options_in\":null,\"map_price\":null,\"msrp_price\":null,\"map_enabled\":null,\"gift_message_available\":null,\"custom_design\":null,\"custom_design_from\":null,\"custom_design_to\":null,\"custom_layout_update\":null,\"page_layout\":null,\"product_options_container\":null,\"msrp_display_actual_price_type\":null,\"country_of_manufacture\":null,\"additional_attributes\":\"has_options=0,required_options=0,size=XS,color=Green\",\"qty\":\"100\",\"out_of_stock_qty\":\"0\",\"use_config_min_qty\":\"1\",\"is_qty_decimal\":\"0\",\"allow_backorders\":\"0\",\"use_config_backorders\":\"1\",\"min_cart_qty\":\"1\",\"use_config_min_sale_qty\":\"1\",\"max_cart_qty\":\"0\",\"use_config_max_sale_qty\":\"1\",\"is_in_stock\":\"1\",\"notify_on_stock_below\":null,\"use_config_notify_stock_qty\":\"1\",\"manage_stock\":\"0\",\"use_config_manage_stock\":\"1\",\"use_config_qty_increments\":\"1\",\"qty_increments\":\"0\",\"use_config_enable_qty_inc\":\"1\",\"enable_qty_increments\":\"0\",\"is_decimal_divided\":\"0\",\"website_id\":\"1\",\"configurable_variations\":null,\"configurable_variation_prices\":null,\"configurable_variation_labels\":null,\"additional_images\":null,\"image\":\"\\/m\\/h\\/mh03-green_main.jpg\",\"image_label\":null,\"thumbnail\":\"\\/m\\/h\\/mh03-green_main.jpg\",\"thumbnail_label\":null,\"_media_image\":null,\"_store\":null,\"_attribute_set\":\"Top\",\"_product_websites\":\"base\",\"status\":\"1\",\"news_from_date\":null,\"news_to_date\":null,\"options_container\":null,\"minimal_price\":null,\"msrp\":null,\"msrp_enabled\":null,\"special_from_date\":null,\"special_to_date\":null,\"min_qty\":\"0\",\"backorders\":\"0\",\"min_sale_qty\":\"1\",\"max_sale_qty\":\"0\",\"notify_stock_qty\":null,\"meta_keyword\":null,\"has_options\":\"0\",\"required_options\":\"0\",\"size\":\"XS\",\"color\":\"Green\"},{\"sku\":\"MH03-S-Black\",\"store_view_code\":null,\"attribute_set_code\":\"Top\",\"product_type\":\"simple\",\"categories\":\"Default Category\\/Men\\/Tops\\/Hoodies & Sweatshirts,Default Category\\/Collections\\/Eco Friendly,Default Category\",\"product_websites\":\"base\",\"name\":\"Bruno Compete Hoodie-S-Black\",\"description\":\"<p>Stay comfortable and stay in the race no matter what the weather\'s up to. The Bruno Compete Hoodie\'s water-repellent exterior shields you from the elements, while advanced fabric technology inside wicks moisture to keep you dry.<\\/p>\\n<p>&bull; Full zip black hoodie pullover. <br \\/>&bull; Adjustable drawstring hood. <br \\/>&bull; Ribbed cuffs\\/waistband. <br \\/>&bull; Kangaroo pocket. <br \\/>&bull; Machine wash\\/dry.<\\/p>\",\"short_description\":null,\"weight\":\"1\",\"product_online\":\"1\",\"tax_class_name\":\"Taxable Goods\",\"visibility\":\"Not Visible Individually\",\"price\":\"63\",\"special_price\":null,\"special_price_from_date\":null,\"special_price_to_date\":null,\"url_key\":\"bruno-compete-hoodie-s-black\",\"meta_title\":null,\"meta_keywords\":null,\"meta_description\":null,\"base_image\":\"\\/m\\/h\\/mh03-black_main.jpg\",\"base_image_label\":null,\"small_image\":\"\\/m\\/h\\/mh03-black_main.jpg\",\"small_image_label\":null,\"thumbnail_image\":\"\\/m\\/h\\/mh03-black_main.jpg\",\"thumbnail_image_label\":null,\"created_at\":null,\"updated_at\":null,\"new_from_date\":null,\"new_to_date\":null,\"display_product_options_in\":null,\"map_price\":null,\"msrp_price\":null,\"map_enabled\":null,\"gift_message_available\":null,\"custom_design\":null,\"custom_design_from\":null,\"custom_design_to\":null,\"custom_layout_update\":null,\"page_layout\":null,\"product_options_container\":null,\"msrp_display_actual_price_type\":null,\"country_of_manufacture\":null,\"additional_attributes\":\"has_options=0,required_options=0,size=S,color=Black\",\"qty\":\"100\",\"out_of_stock_qty\":\"0\",\"use_config_min_qty\":\"1\",\"is_qty_decimal\":\"0\",\"allow_backorders\":\"0\",\"use_config_backorders\":\"1\",\"min_cart_qty\":\"1\",\"use_config_min_sale_qty\":\"1\",\"max_cart_qty\":\"0\",\"use_config_max_sale_qty\":\"1\",\"is_in_stock\":\"1\",\"notify_on_stock_below\":null,\"use_config_notify_stock_qty\":\"1\",\"manage_stock\":\"0\",\"use_config_manage_stock\":\"1\",\"use_config_qty_increments\":\"1\",\"qty_increments\":\"0\",\"use_config_enable_qty_inc\":\"1\",\"enable_qty_increments\":\"0\",\"is_decimal_divided\":\"0\",\"website_id\":\"1\",\"configurable_variations\":null,\"configurable_variation_prices\":null,\"configurable_variation_labels\":null,\"additional_images\":\"\\/m\\/h\\/mh03-black_alt1.jpg,\\/m\\/h\\/mh03-black_back.jpg\",\"image\":\"\\/m\\/h\\/mh03-black_main.jpg\",\"image_label\":null,\"thumbnail\":\"\\/m\\/h\\/mh03-black_main.jpg\",\"thumbnail_label\":null,\"_media_image\":\"\\/m\\/h\\/mh03-black_alt1.jpg,\\/m\\/h\\/mh03-black_back.jpg\",\"_store\":null,\"_attribute_set\":\"Top\",\"_product_websites\":\"base\",\"status\":\"1\",\"news_from_date\":null,\"news_to_date\":null,\"options_container\":null,\"minimal_price\":null,\"msrp\":null,\"msrp_enabled\":null,\"special_from_date\":null,\"special_to_date\":null,\"min_qty\":\"0\",\"backorders\":\"0\",\"min_sale_qty\":\"1\",\"max_sale_qty\":\"0\",\"notify_stock_qty\":null,\"meta_keyword\":null,\"has_options\":\"0\",\"required_options\":\"0\",\"size\":\"S\",\"color\":\"Black\"},{\"sku\":\"MH03-S-Blue\",\"store_view_code\":null,\"attribute_set_code\":\"Top\",\"product_type\":\"simple\",\"categories\":\"Default Category\\/Men\\/Tops\\/Hoodies & Sweatshirts,Default Category\\/Collections\\/Eco Friendly,Default Category\",\"product_websites\":\"base\",\"name\":\"Bruno Compete Hoodie-S-Blue\",\"description\":\"<p>Stay comfortable and stay in the race no matter what the weather\'s up to. The Bruno Compete Hoodie\'s water-repellent exterior shields you from the elements, while advanced fabric technology inside wicks moisture to keep you dry.<\\/p>\\n<p>&bull; Full zip black hoodie pullover. <br \\/>&bull; Adjustable drawstring hood. <br \\/>&bull; Ribbed cuffs\\/waistband. <br \\/>&bull; Kangaroo pocket. <br \\/>&bull; Machine wash\\/dry.<\\/p>\",\"short_description\":null,\"weight\":\"1\",\"product_online\":\"1\",\"tax_class_name\":\"Taxable Goods\",\"visibility\":\"Not Visible Individually\",\"price\":\"63\",\"special_price\":null,\"special_price_from_date\":null,\"special_price_to_date\":null,\"url_key\":\"bruno-compete-hoodie-s-blue\",\"meta_title\":null,\"meta_keywords\":null,\"meta_description\":null,\"base_image\":\"\\/m\\/h\\/mh03-blue_main.jpg\",\"base_image_label\":null,\"small_image\":\"\\/m\\/h\\/mh03-blue_main.jpg\",\"small_image_label\":null,\"thumbnail_image\":\"\\/m\\/h\\/mh03-blue_main.jpg\",\"thumbnail_image_label\":null,\"created_at\":null,\"updated_at\":null,\"new_from_date\":null,\"new_to_date\":null,\"display_product_options_in\":null,\"map_price\":null,\"msrp_price\":null,\"map_enabled\":null,\"gift_message_available\":null,\"custom_design\":null,\"custom_design_from\":null,\"custom_design_to\":null,\"custom_layout_update\":null,\"page_layout\":null,\"product_options_container\":null,\"msrp_display_actual_price_type\":null,\"country_of_manufacture\":null,\"additional_attributes\":\"has_options=0,required_options=0,size=S,color=Blue\",\"qty\":\"100\",\"out_of_stock_qty\":\"0\",\"use_config_min_qty\":\"1\",\"is_qty_decimal\":\"0\",\"allow_backorders\":\"0\",\"use_config_backorders\":\"1\",\"min_cart_qty\":\"1\",\"use_config_min_sale_qty\":\"1\",\"max_cart_qty\":\"0\",\"use_config_max_sale_qty\":\"1\",\"is_in_stock\":\"1\",\"notify_on_stock_below\":null,\"use_config_notify_stock_qty\":\"1\",\"manage_stock\":\"0\",\"use_config_manage_stock\":\"1\",\"use_config_qty_increments\":\"1\",\"qty_increments\":\"0\",\"use_config_enable_qty_inc\":\"1\",\"enable_qty_increments\":\"0\",\"is_decimal_divided\":\"0\",\"website_id\":\"1\",\"configurable_variations\":null,\"configurable_variation_prices\":null,\"configurable_variation_labels\":null,\"additional_images\":null,\"image\":\"\\/m\\/h\\/mh03-blue_main.jpg\",\"image_label\":null,\"thumbnail\":\"\\/m\\/h\\/mh03-blue_main.jpg\",\"thumbnail_label\":null,\"_media_image\":null,\"_store\":null,\"_attribute_set\":\"Top\",\"_product_websites\":\"base\",\"status\":\"1\",\"news_from_date\":null,\"news_to_date\":null,\"options_container\":null,\"minimal_price\":null,\"msrp\":null,\"msrp_enabled\":null,\"special_from_date\":null,\"special_to_date\":null,\"min_qty\":\"0\",\"backorders\":\"0\",\"min_sale_qty\":\"1\",\"max_sale_qty\":\"0\",\"notify_stock_qty\":null,\"meta_keyword\":null,\"has_options\":\"0\",\"required_options\":\"0\",\"size\":\"S\",\"color\":\"Blue\"},{\"sku\":\"MH03-S-Green\",\"store_view_code\":null,\"attribute_set_code\":\"Top\",\"product_type\":\"simple\",\"categories\":\"Default Category\\/Men\\/Tops\\/Hoodies & Sweatshirts,Default Category\\/Collections\\/Eco Friendly,Default Category\",\"product_websites\":\"base\",\"name\":\"Bruno Compete Hoodie-S-Green\",\"description\":\"<p>Stay comfortable and stay in the race no matter what the weather\'s up to. The Bruno Compete Hoodie\'s water-repellent exterior shields you from the elements, while advanced fabric technology inside wicks moisture to keep you dry.<\\/p>\\n<p>&bull; Full zip black hoodie pullover. <br \\/>&bull; Adjustable drawstring hood. <br \\/>&bull; Ribbed cuffs\\/waistband. <br \\/>&bull; Kangaroo pocket. <br \\/>&bull; Machine wash\\/dry.<\\/p>\",\"short_description\":null,\"weight\":\"1\",\"product_online\":\"1\",\"tax_class_name\":\"Taxable Goods\",\"visibility\":\"Not Visible Individually\",\"price\":\"63\",\"special_price\":null,\"special_price_from_date\":null,\"special_price_to_date\":null,\"url_key\":\"bruno-compete-hoodie-s-green\",\"meta_title\":null,\"meta_keywords\":null,\"meta_description\":null,\"base_image\":\"\\/m\\/h\\/mh03-green_main.jpg\",\"base_image_label\":null,\"small_image\":\"\\/m\\/h\\/mh03-green_main.jpg\",\"small_image_label\":null,\"thumbnail_image\":\"\\/m\\/h\\/mh03-green_main.jpg\",\"thumbnail_image_label\":null,\"created_at\":null,\"updated_at\":null,\"new_from_date\":null,\"new_to_date\":null,\"display_product_options_in\":null,\"map_price\":null,\"msrp_price\":null,\"map_enabled\":null,\"gift_message_available\":null,\"custom_design\":null,\"custom_design_from\":null,\"custom_design_to\":null,\"custom_layout_update\":null,\"page_layout\":null,\"product_options_container\":null,\"msrp_display_actual_price_type\":null,\"country_of_manufacture\":null,\"additional_attributes\":\"has_options=0,required_options=0,size=S,color=Green\",\"qty\":\"100\",\"out_of_stock_qty\":\"0\",\"use_config_min_qty\":\"1\",\"is_qty_decimal\":\"0\",\"allow_backorders\":\"0\",\"use_config_backorders\":\"1\",\"min_cart_qty\":\"1\",\"use_config_min_sale_qty\":\"1\",\"max_cart_qty\":\"0\",\"use_config_max_sale_qty\":\"1\",\"is_in_stock\":\"1\",\"notify_on_stock_below\":null,\"use_config_notify_stock_qty\":\"1\",\"manage_stock\":\"0\",\"use_config_manage_stock\":\"1\",\"use_config_qty_increments\":\"1\",\"qty_increments\":\"0\",\"use_config_enable_qty_inc\":\"1\",\"enable_qty_increments\":\"0\",\"is_decimal_divided\":\"0\",\"website_id\":\"1\",\"configurable_variations\":null,\"configurable_variation_prices\":null,\"configurable_variation_labels\":null,\"additional_images\":null,\"image\":\"\\/m\\/h\\/mh03-green_main.jpg\",\"image_label\":null,\"thumbnail\":\"\\/m\\/h\\/mh03-green_main.jpg\",\"thumbnail_label\":null,\"_media_image\":null,\"_store\":null,\"_attribute_set\":\"Top\",\"_product_websites\":\"base\",\"status\":\"1\",\"news_from_date\":null,\"news_to_date\":null,\"options_container\":null,\"minimal_price\":null,\"msrp\":null,\"msrp_enabled\":null,\"special_from_date\":null,\"special_to_date\":null,\"min_qty\":\"0\",\"backorders\":\"0\",\"min_sale_qty\":\"1\",\"max_sale_qty\":\"0\",\"notify_stock_qty\":null,\"meta_keyword\":null,\"has_options\":\"0\",\"required_options\":\"0\",\"size\":\"S\",\"color\":\"Green\"},{\"sku\":\"MH03-M-Black\",\"store_view_code\":null,\"attribute_set_code\":\"Top\",\"product_type\":\"simple\",\"categories\":\"Default Category\\/Men\\/Tops\\/Hoodies & Sweatshirts,Default Category\\/Collections\\/Eco Friendly,Default Category\",\"product_websites\":\"base\",\"name\":\"Bruno Compete Hoodie-M-Black\",\"description\":\"<p>Stay comfortable and stay in the race no matter what the weather\'s up to. The Bruno Compete Hoodie\'s water-repellent exterior shields you from the elements, while advanced fabric technology inside wicks moisture to keep you dry.<\\/p>\\n<p>&bull; Full zip black hoodie pullover. <br \\/>&bull; Adjustable drawstring hood. <br \\/>&bull; Ribbed cuffs\\/waistband. <br \\/>&bull; Kangaroo pocket. <br \\/>&bull; Machine wash\\/dry.<\\/p>\",\"short_description\":null,\"weight\":\"1\",\"product_online\":\"1\",\"tax_class_name\":\"Taxable Goods\",\"visibility\":\"Not Visible Individually\",\"price\":\"63\",\"special_price\":null,\"special_price_from_date\":null,\"special_price_to_date\":null,\"url_key\":\"bruno-compete-hoodie-m-black\",\"meta_title\":null,\"meta_keywords\":null,\"meta_description\":null,\"base_image\":\"\\/m\\/h\\/mh03-black_main.jpg\",\"base_image_label\":null,\"small_image\":\"\\/m\\/h\\/mh03-black_main.jpg\",\"small_image_label\":null,\"thumbnail_image\":\"\\/m\\/h\\/mh03-black_main.jpg\",\"thumbnail_image_label\":null,\"created_at\":null,\"updated_at\":null,\"new_from_date\":null,\"new_to_date\":null,\"display_product_options_in\":null,\"map_price\":null,\"msrp_price\":null,\"map_enabled\":null,\"gift_message_available\":null,\"custom_design\":null,\"custom_design_from\":null,\"custom_design_to\":null,\"custom_layout_update\":null,\"page_layout\":null,\"product_options_container\":null,\"msrp_display_actual_price_type\":null,\"country_of_manufacture\":null,\"additional_attributes\":\"has_options=0,required_options=0,size=M,color=Black\",\"qty\":\"100\",\"out_of_stock_qty\":\"0\",\"use_config_min_qty\":\"1\",\"is_qty_decimal\":\"0\",\"allow_backorders\":\"0\",\"use_config_backorders\":\"1\",\"min_cart_qty\":\"1\",\"use_config_min_sale_qty\":\"1\",\"max_cart_qty\":\"0\",\"use_config_max_sale_qty\":\"1\",\"is_in_stock\":\"1\",\"notify_on_stock_below\":null,\"use_config_notify_stock_qty\":\"1\",\"manage_stock\":\"0\",\"use_config_manage_stock\":\"1\",\"use_config_qty_increments\":\"1\",\"qty_increments\":\"0\",\"use_config_enable_qty_inc\":\"1\",\"enable_qty_increments\":\"0\",\"is_decimal_divided\":\"0\",\"website_id\":\"1\",\"configurable_variations\":null,\"configurable_variation_prices\":null,\"configurable_variation_labels\":null,\"additional_images\":\"\\/m\\/h\\/mh03-black_alt1.jpg,\\/m\\/h\\/mh03-black_back.jpg\",\"image\":\"\\/m\\/h\\/mh03-black_main.jpg\",\"image_label\":null,\"thumbnail\":\"\\/m\\/h\\/mh03-black_main.jpg\",\"thumbnail_label\":null,\"_media_image\":\"\\/m\\/h\\/mh03-black_alt1.jpg,\\/m\\/h\\/mh03-black_back.jpg\",\"_store\":null,\"_attribute_set\":\"Top\",\"_product_websites\":\"base\",\"status\":\"1\",\"news_from_date\":null,\"news_to_date\":null,\"options_container\":null,\"minimal_price\":null,\"msrp\":null,\"msrp_enabled\":null,\"special_from_date\":null,\"special_to_date\":null,\"min_qty\":\"0\",\"backorders\":\"0\",\"min_sale_qty\":\"1\",\"max_sale_qty\":\"0\",\"notify_stock_qty\":null,\"meta_keyword\":null,\"has_options\":\"0\",\"required_options\":\"0\",\"size\":\"M\",\"color\":\"Black\"},{\"sku\":\"MH03-M-Blue\",\"store_view_code\":null,\"attribute_set_code\":\"Top\",\"product_type\":\"simple\",\"categories\":\"Default Category\\/Men\\/Tops\\/Hoodies & Sweatshirts,Default Category\\/Collections\\/Eco Friendly,Default Category\",\"product_websites\":\"base\",\"name\":\"Bruno Compete Hoodie-M-Blue\",\"description\":\"<p>Stay comfortable and stay in the race no matter what the weather\'s up to. The Bruno Compete Hoodie\'s water-repellent exterior shields you from the elements, while advanced fabric technology inside wicks moisture to keep you dry.<\\/p>\\n<p>&bull; Full zip black hoodie pullover. <br \\/>&bull; Adjustable drawstring hood. <br \\/>&bull; Ribbed cuffs\\/waistband. <br \\/>&bull; Kangaroo pocket. <br \\/>&bull; Machine wash\\/dry.<\\/p>\",\"short_description\":null,\"weight\":\"1\",\"product_online\":\"1\",\"tax_class_name\":\"Taxable Goods\",\"visibility\":\"Not Visible Individually\",\"price\":\"63\",\"special_price\":null,\"special_price_from_date\":null,\"special_price_to_date\":null,\"url_key\":\"bruno-compete-hoodie-m-blue\",\"meta_title\":null,\"meta_keywords\":null,\"meta_description\":null,\"base_image\":\"\\/m\\/h\\/mh03-blue_main.jpg\",\"base_image_label\":null,\"small_image\":\"\\/m\\/h\\/mh03-blue_main.jpg\",\"small_image_label\":null,\"thumbnail_image\":\"\\/m\\/h\\/mh03-blue_main.jpg\",\"thumbnail_image_label\":null,\"created_at\":null,\"updated_at\":null,\"new_from_date\":null,\"new_to_date\":null,\"display_product_options_in\":null,\"map_price\":null,\"msrp_price\":null,\"map_enabled\":null,\"gift_message_available\":null,\"custom_design\":null,\"custom_design_from\":null,\"custom_design_to\":null,\"custom_layout_update\":null,\"page_layout\":null,\"product_options_container\":null,\"msrp_display_actual_price_type\":null,\"country_of_manufacture\":null,\"additional_attributes\":\"has_options=0,required_options=0,size=M,color=Blue\",\"qty\":\"100\",\"out_of_stock_qty\":\"0\",\"use_config_min_qty\":\"1\",\"is_qty_decimal\":\"0\",\"allow_backorders\":\"0\",\"use_config_backorders\":\"1\",\"min_cart_qty\":\"1\",\"use_config_min_sale_qty\":\"1\",\"max_cart_qty\":\"0\",\"use_config_max_sale_qty\":\"1\",\"is_in_stock\":\"1\",\"notify_on_stock_below\":null,\"use_config_notify_stock_qty\":\"1\",\"manage_stock\":\"0\",\"use_config_manage_stock\":\"1\",\"use_config_qty_increments\":\"1\",\"qty_increments\":\"0\",\"use_config_enable_qty_inc\":\"1\",\"enable_qty_increments\":\"0\",\"is_decimal_divided\":\"0\",\"website_id\":\"1\",\"configurable_variations\":null,\"configurable_variation_prices\":null,\"configurable_variation_labels\":null,\"additional_images\":null,\"image\":\"\\/m\\/h\\/mh03-blue_main.jpg\",\"image_label\":null,\"thumbnail\":\"\\/m\\/h\\/mh03-blue_main.jpg\",\"thumbnail_label\":null,\"_media_image\":null,\"_store\":null,\"_attribute_set\":\"Top\",\"_product_websites\":\"base\",\"status\":\"1\",\"news_from_date\":null,\"news_to_date\":null,\"options_container\":null,\"minimal_price\":null,\"msrp\":null,\"msrp_enabled\":null,\"special_from_date\":null,\"special_to_date\":null,\"min_qty\":\"0\",\"backorders\":\"0\",\"min_sale_qty\":\"1\",\"max_sale_qty\":\"0\",\"notify_stock_qty\":null,\"meta_keyword\":null,\"has_options\":\"0\",\"required_options\":\"0\",\"size\":\"M\",\"color\":\"Blue\"},{\"sku\":\"MH03-M-Green\",\"store_view_code\":null,\"attribute_set_code\":\"Top\",\"product_type\":\"simple\",\"categories\":\"Default Category\\/Men\\/Tops\\/Hoodies & Sweatshirts,Default Category\\/Collections\\/Eco Friendly,Default Category\",\"product_websites\":\"base\",\"name\":\"Bruno Compete Hoodie-M-Green\",\"description\":\"<p>Stay comfortable and stay in the race no matter what the weather\'s up to. The Bruno Compete Hoodie\'s water-repellent exterior shields you from the elements, while advanced fabric technology inside wicks moisture to keep you dry.<\\/p>\\n<p>&bull; Full zip black hoodie pullover. <br \\/>&bull; Adjustable drawstring hood. <br \\/>&bull; Ribbed cuffs\\/waistband. <br \\/>&bull; Kangaroo pocket. <br \\/>&bull; Machine wash\\/dry.<\\/p>\",\"short_description\":null,\"weight\":\"1\",\"product_online\":\"1\",\"tax_class_name\":\"Taxable Goods\",\"visibility\":\"Not Visible Individually\",\"price\":\"63\",\"special_price\":null,\"special_price_from_date\":null,\"special_price_to_date\":null,\"url_key\":\"bruno-compete-hoodie-m-green\",\"meta_title\":null,\"meta_keywords\":null,\"meta_description\":null,\"base_image\":\"\\/m\\/h\\/mh03-green_main.jpg\",\"base_image_label\":null,\"small_image\":\"\\/m\\/h\\/mh03-green_main.jpg\",\"small_image_label\":null,\"thumbnail_image\":\"\\/m\\/h\\/mh03-green_main.jpg\",\"thumbnail_image_label\":null,\"created_at\":null,\"updated_at\":null,\"new_from_date\":null,\"new_to_date\":null,\"display_product_options_in\":null,\"map_price\":null,\"msrp_price\":null,\"map_enabled\":null,\"gift_message_available\":null,\"custom_design\":null,\"custom_design_from\":null,\"custom_design_to\":null,\"custom_layout_update\":null,\"page_layout\":null,\"product_options_container\":null,\"msrp_display_actual_price_type\":null,\"country_of_manufacture\":null,\"additional_attributes\":\"has_options=0,required_options=0,size=M,color=Green\",\"qty\":\"100\",\"out_of_stock_qty\":\"0\",\"use_config_min_qty\":\"1\",\"is_qty_decimal\":\"0\",\"allow_backorders\":\"0\",\"use_config_backorders\":\"1\",\"min_cart_qty\":\"1\",\"use_config_min_sale_qty\":\"1\",\"max_cart_qty\":\"0\",\"use_config_max_sale_qty\":\"1\",\"is_in_stock\":\"1\",\"notify_on_stock_below\":null,\"use_config_notify_stock_qty\":\"1\",\"manage_stock\":\"0\",\"use_config_manage_stock\":\"1\",\"use_config_qty_increments\":\"1\",\"qty_increments\":\"0\",\"use_config_enable_qty_inc\":\"1\",\"enable_qty_increments\":\"0\",\"is_decimal_divided\":\"0\",\"website_id\":\"1\",\"configurable_variations\":null,\"configurable_variation_prices\":null,\"configurable_variation_labels\":null,\"additional_images\":null,\"image\":\"\\/m\\/h\\/mh03-green_main.jpg\",\"image_label\":null,\"thumbnail\":\"\\/m\\/h\\/mh03-green_main.jpg\",\"thumbnail_label\":null,\"_media_image\":null,\"_store\":null,\"_attribute_set\":\"Top\",\"_product_websites\":\"base\",\"status\":\"1\",\"news_from_date\":null,\"news_to_date\":null,\"options_container\":null,\"minimal_price\":null,\"msrp\":null,\"msrp_enabled\":null,\"special_from_date\":null,\"special_to_date\":null,\"min_qty\":\"0\",\"backorders\":\"0\",\"min_sale_qty\":\"1\",\"max_sale_qty\":\"0\",\"notify_stock_qty\":null,\"meta_keyword\":null,\"has_options\":\"0\",\"required_options\":\"0\",\"size\":\"M\",\"color\":\"Green\"},{\"sku\":\"MH03-L-Black\",\"store_view_code\":null,\"attribute_set_code\":\"Top\",\"product_type\":\"simple\",\"categories\":\"Default Category\\/Men\\/Tops\\/Hoodies & Sweatshirts,Default Category\\/Collections\\/Eco Friendly,Default Category\",\"product_websites\":\"base\",\"name\":\"Bruno Compete Hoodie-L-Black\",\"description\":\"<p>Stay comfortable and stay in the race no matter what the weather\'s up to. The Bruno Compete Hoodie\'s water-repellent exterior shields you from the elements, while advanced fabric technology inside wicks moisture to keep you dry.<\\/p>\\n<p>&bull; Full zip black hoodie pullover. <br \\/>&bull; Adjustable drawstring hood. <br \\/>&bull; Ribbed cuffs\\/waistband. <br \\/>&bull; Kangaroo pocket. <br \\/>&bull; Machine wash\\/dry.<\\/p>\",\"short_description\":null,\"weight\":\"1\",\"product_online\":\"1\",\"tax_class_name\":\"Taxable Goods\",\"visibility\":\"Not Visible Individually\",\"price\":\"63\",\"special_price\":null,\"special_price_from_date\":null,\"special_price_to_date\":null,\"url_key\":\"bruno-compete-hoodie-l-black\",\"meta_title\":null,\"meta_keywords\":null,\"meta_description\":null,\"base_image\":\"\\/m\\/h\\/mh03-black_main.jpg\",\"base_image_label\":null,\"small_image\":\"\\/m\\/h\\/mh03-black_main.jpg\",\"small_image_label\":null,\"thumbnail_image\":\"\\/m\\/h\\/mh03-black_main.jpg\",\"thumbnail_image_label\":null,\"created_at\":null,\"updated_at\":null,\"new_from_date\":null,\"new_to_date\":null,\"display_product_options_in\":null,\"map_price\":null,\"msrp_price\":null,\"map_enabled\":null,\"gift_message_available\":null,\"custom_design\":null,\"custom_design_from\":null,\"custom_design_to\":null,\"custom_layout_update\":null,\"page_layout\":null,\"product_options_container\":null,\"msrp_display_actual_price_type\":null,\"country_of_manufacture\":null,\"additional_attributes\":\"has_options=0,required_options=0,size=L,color=Black\",\"qty\":\"100\",\"out_of_stock_qty\":\"0\",\"use_config_min_qty\":\"1\",\"is_qty_decimal\":\"0\",\"allow_backorders\":\"0\",\"use_config_backorders\":\"1\",\"min_cart_qty\":\"1\",\"use_config_min_sale_qty\":\"1\",\"max_cart_qty\":\"0\",\"use_config_max_sale_qty\":\"1\",\"is_in_stock\":\"1\",\"notify_on_stock_below\":null,\"use_config_notify_stock_qty\":\"1\",\"manage_stock\":\"0\",\"use_config_manage_stock\":\"1\",\"use_config_qty_increments\":\"1\",\"qty_increments\":\"0\",\"use_config_enable_qty_inc\":\"1\",\"enable_qty_increments\":\"0\",\"is_decimal_divided\":\"0\",\"website_id\":\"1\",\"configurable_variations\":null,\"configurable_variation_prices\":null,\"configurable_variation_labels\":null,\"additional_images\":\"\\/m\\/h\\/mh03-black_alt1.jpg,\\/m\\/h\\/mh03-black_back.jpg\",\"image\":\"\\/m\\/h\\/mh03-black_main.jpg\",\"image_label\":null,\"thumbnail\":\"\\/m\\/h\\/mh03-black_main.jpg\",\"thumbnail_label\":null,\"_media_image\":\"\\/m\\/h\\/mh03-black_alt1.jpg,\\/m\\/h\\/mh03-black_back.jpg\",\"_store\":null,\"_attribute_set\":\"Top\",\"_product_websites\":\"base\",\"status\":\"1\",\"news_from_date\":null,\"news_to_date\":null,\"options_container\":null,\"minimal_price\":null,\"msrp\":null,\"msrp_enabled\":null,\"special_from_date\":null,\"special_to_date\":null,\"min_qty\":\"0\",\"backorders\":\"0\",\"min_sale_qty\":\"1\",\"max_sale_qty\":\"0\",\"notify_stock_qty\":null,\"meta_keyword\":null,\"has_options\":\"0\",\"required_options\":\"0\",\"size\":\"L\",\"color\":\"Black\"},{\"sku\":\"MH03-L-Blue\",\"store_view_code\":null,\"attribute_set_code\":\"Top\",\"product_type\":\"simple\",\"categories\":\"Default Category\\/Men\\/Tops\\/Hoodies & Sweatshirts,Default Category\\/Collections\\/Eco Friendly,Default Category\",\"product_websites\":\"base\",\"name\":\"Bruno Compete Hoodie-L-Blue\",\"description\":\"<p>Stay comfortable and stay in the race no matter what the weather\'s up to. The Bruno Compete Hoodie\'s water-repellent exterior shields you from the elements, while advanced fabric technology inside wicks moisture to keep you dry.<\\/p>\\n<p>&bull; Full zip black hoodie pullover. <br \\/>&bull; Adjustable drawstring hood. <br \\/>&bull; Ribbed cuffs\\/waistband. <br \\/>&bull; Kangaroo pocket. <br \\/>&bull; Machine wash\\/dry.<\\/p>\",\"short_description\":null,\"weight\":\"1\",\"product_online\":\"1\",\"tax_class_name\":\"Taxable Goods\",\"visibility\":\"Not Visible Individually\",\"price\":\"63\",\"special_price\":null,\"special_price_from_date\":null,\"special_price_to_date\":null,\"url_key\":\"bruno-compete-hoodie-l-blue\",\"meta_title\":null,\"meta_keywords\":null,\"meta_description\":null,\"base_image\":\"\\/m\\/h\\/mh03-blue_main.jpg\",\"base_image_label\":null,\"small_image\":\"\\/m\\/h\\/mh03-blue_main.jpg\",\"small_image_label\":null,\"thumbnail_image\":\"\\/m\\/h\\/mh03-blue_main.jpg\",\"thumbnail_image_label\":null,\"created_at\":null,\"updated_at\":null,\"new_from_date\":null,\"new_to_date\":null,\"display_product_options_in\":null,\"map_price\":null,\"msrp_price\":null,\"map_enabled\":null,\"gift_message_available\":null,\"custom_design\":null,\"custom_design_from\":null,\"custom_design_to\":null,\"custom_layout_update\":null,\"page_layout\":null,\"product_options_container\":null,\"msrp_display_actual_price_type\":null,\"country_of_manufacture\":null,\"additional_attributes\":\"has_options=0,required_options=0,size=L,color=Blue\",\"qty\":\"100\",\"out_of_stock_qty\":\"0\",\"use_config_min_qty\":\"1\",\"is_qty_decimal\":\"0\",\"allow_backorders\":\"0\",\"use_config_backorders\":\"1\",\"min_cart_qty\":\"1\",\"use_config_min_sale_qty\":\"1\",\"max_cart_qty\":\"0\",\"use_config_max_sale_qty\":\"1\",\"is_in_stock\":\"1\",\"notify_on_stock_below\":null,\"use_config_notify_stock_qty\":\"1\",\"manage_stock\":\"0\",\"use_config_manage_stock\":\"1\",\"use_config_qty_increments\":\"1\",\"qty_increments\":\"0\",\"use_config_enable_qty_inc\":\"1\",\"enable_qty_increments\":\"0\",\"is_decimal_divided\":\"0\",\"website_id\":\"1\",\"configurable_variations\":null,\"configurable_variation_prices\":null,\"configurable_variation_labels\":null,\"additional_images\":null,\"image\":\"\\/m\\/h\\/mh03-blue_main.jpg\",\"image_label\":null,\"thumbnail\":\"\\/m\\/h\\/mh03-blue_main.jpg\",\"thumbnail_label\":null,\"_media_image\":null,\"_store\":null,\"_attribute_set\":\"Top\",\"_product_websites\":\"base\",\"status\":\"1\",\"news_from_date\":null,\"news_to_date\":null,\"options_container\":null,\"minimal_price\":null,\"msrp\":null,\"msrp_enabled\":null,\"special_from_date\":null,\"special_to_date\":null,\"min_qty\":\"0\",\"backorders\":\"0\",\"min_sale_qty\":\"1\",\"max_sale_qty\":\"0\",\"notify_stock_qty\":null,\"meta_keyword\":null,\"has_options\":\"0\",\"required_options\":\"0\",\"size\":\"L\",\"color\":\"Blue\"},{\"sku\":\"MH03-L-Green\",\"store_view_code\":null,\"attribute_set_code\":\"Top\",\"product_type\":\"simple\",\"categories\":\"Default Category\\/Men\\/Tops\\/Hoodies & Sweatshirts,Default Category\\/Collections\\/Eco Friendly,Default Category\",\"product_websites\":\"base\",\"name\":\"Bruno Compete Hoodie-L-Green\",\"description\":\"<p>Stay comfortable and stay in the race no matter what the weather\'s up to. The Bruno Compete Hoodie\'s water-repellent exterior shields you from the elements, while advanced fabric technology inside wicks moisture to keep you dry.<\\/p>\\n<p>&bull; Full zip black hoodie pullover. <br \\/>&bull; Adjustable drawstring hood. <br \\/>&bull; Ribbed cuffs\\/waistband. <br \\/>&bull; Kangaroo pocket. <br \\/>&bull; Machine wash\\/dry.<\\/p>\",\"short_description\":null,\"weight\":\"1\",\"product_online\":\"1\",\"tax_class_name\":\"Taxable Goods\",\"visibility\":\"Not Visible Individually\",\"price\":\"63\",\"special_price\":null,\"special_price_from_date\":null,\"special_price_to_date\":null,\"url_key\":\"bruno-compete-hoodie-l-green\",\"meta_title\":null,\"meta_keywords\":null,\"meta_description\":null,\"base_image\":\"\\/m\\/h\\/mh03-green_main.jpg\",\"base_image_label\":null,\"small_image\":\"\\/m\\/h\\/mh03-green_main.jpg\",\"small_image_label\":null,\"thumbnail_image\":\"\\/m\\/h\\/mh03-green_main.jpg\",\"thumbnail_image_label\":null,\"created_at\":null,\"updated_at\":null,\"new_from_date\":null,\"new_to_date\":null,\"display_product_options_in\":null,\"map_price\":null,\"msrp_price\":null,\"map_enabled\":null,\"gift_message_available\":null,\"custom_design\":null,\"custom_design_from\":null,\"custom_design_to\":null,\"custom_layout_update\":null,\"page_layout\":null,\"product_options_container\":null,\"msrp_display_actual_price_type\":null,\"country_of_manufacture\":null,\"additional_attributes\":\"has_options=0,required_options=0,size=L,color=Green\",\"qty\":\"100\",\"out_of_stock_qty\":\"0\",\"use_config_min_qty\":\"1\",\"is_qty_decimal\":\"0\",\"allow_backorders\":\"0\",\"use_config_backorders\":\"1\",\"min_cart_qty\":\"1\",\"use_config_min_sale_qty\":\"1\",\"max_cart_qty\":\"0\",\"use_config_max_sale_qty\":\"1\",\"is_in_stock\":\"1\",\"notify_on_stock_below\":null,\"use_config_notify_stock_qty\":\"1\",\"manage_stock\":\"0\",\"use_config_manage_stock\":\"1\",\"use_config_qty_increments\":\"1\",\"qty_increments\":\"0\",\"use_config_enable_qty_inc\":\"1\",\"enable_qty_increments\":\"0\",\"is_decimal_divided\":\"0\",\"website_id\":\"1\",\"configurable_variations\":null,\"configurable_variation_prices\":null,\"configurable_variation_labels\":null,\"additional_images\":null,\"image\":\"\\/m\\/h\\/mh03-green_main.jpg\",\"image_label\":null,\"thumbnail\":\"\\/m\\/h\\/mh03-green_main.jpg\",\"thumbnail_label\":null,\"_media_image\":null,\"_store\":null,\"_attribute_set\":\"Top\",\"_product_websites\":\"base\",\"status\":\"1\",\"news_from_date\":null,\"news_to_date\":null,\"options_container\":null,\"minimal_price\":null,\"msrp\":null,\"msrp_enabled\":null,\"special_from_date\":null,\"special_to_date\":null,\"min_qty\":\"0\",\"backorders\":\"0\",\"min_sale_qty\":\"1\",\"max_sale_qty\":\"0\",\"notify_stock_qty\":null,\"meta_keyword\":null,\"has_options\":\"0\",\"required_options\":\"0\",\"size\":\"L\",\"color\":\"Green\"},{\"sku\":\"MH03-XL-Black\",\"store_view_code\":null,\"attribute_set_code\":\"Top\",\"product_type\":\"simple\",\"categories\":\"Default Category\\/Men\\/Tops\\/Hoodies & Sweatshirts,Default Category\\/Collections\\/Eco Friendly,Default Category\",\"product_websites\":\"base\",\"name\":\"Bruno Compete Hoodie-XL-Black\",\"description\":\"<p>Stay comfortable and stay in the race no matter what the weather\'s up to. The Bruno Compete Hoodie\'s water-repellent exterior shields you from the elements, while advanced fabric technology inside wicks moisture to keep you dry.<\\/p>\\n<p>&bull; Full zip black hoodie pullover. <br \\/>&bull; Adjustable drawstring hood. <br \\/>&bull; Ribbed cuffs\\/waistband. <br \\/>&bull; Kangaroo pocket. <br \\/>&bull; Machine wash\\/dry.<\\/p>\",\"short_description\":null,\"weight\":\"1\",\"product_online\":\"1\",\"tax_class_name\":\"Taxable Goods\",\"visibility\":\"Not Visible Individually\",\"price\":\"63\",\"special_price\":null,\"special_price_from_date\":null,\"special_price_to_date\":null,\"url_key\":\"bruno-compete-hoodie-xl-black\",\"meta_title\":null,\"meta_keywords\":null,\"meta_description\":null,\"base_image\":\"\\/m\\/h\\/mh03-black_main.jpg\",\"base_image_label\":null,\"small_image\":\"\\/m\\/h\\/mh03-black_main.jpg\",\"small_image_label\":null,\"thumbnail_image\":\"\\/m\\/h\\/mh03-black_main.jpg\",\"thumbnail_image_label\":null,\"created_at\":null,\"updated_at\":null,\"new_from_date\":null,\"new_to_date\":null,\"display_product_options_in\":null,\"map_price\":null,\"msrp_price\":null,\"map_enabled\":null,\"gift_message_available\":null,\"custom_design\":null,\"custom_design_from\":null,\"custom_design_to\":null,\"custom_layout_update\":null,\"page_layout\":null,\"product_options_container\":null,\"msrp_display_actual_price_type\":null,\"country_of_manufacture\":null,\"additional_attributes\":\"has_options=0,required_options=0,size=XL,color=Black\",\"qty\":\"100\",\"out_of_stock_qty\":\"0\",\"use_config_min_qty\":\"1\",\"is_qty_decimal\":\"0\",\"allow_backorders\":\"0\",\"use_config_backorders\":\"1\",\"min_cart_qty\":\"1\",\"use_config_min_sale_qty\":\"1\",\"max_cart_qty\":\"0\",\"use_config_max_sale_qty\":\"1\",\"is_in_stock\":\"1\",\"notify_on_stock_below\":null,\"use_config_notify_stock_qty\":\"1\",\"manage_stock\":\"0\",\"use_config_manage_stock\":\"1\",\"use_config_qty_increments\":\"1\",\"qty_increments\":\"0\",\"use_config_enable_qty_inc\":\"1\",\"enable_qty_increments\":\"0\",\"is_decimal_divided\":\"0\",\"website_id\":\"1\",\"configurable_variations\":null,\"configurable_variation_prices\":null,\"configurable_variation_labels\":null,\"additional_images\":\"\\/m\\/h\\/mh03-black_alt1.jpg,\\/m\\/h\\/mh03-black_back.jpg\",\"image\":\"\\/m\\/h\\/mh03-black_main.jpg\",\"image_label\":null,\"thumbnail\":\"\\/m\\/h\\/mh03-black_main.jpg\",\"thumbnail_label\":null,\"_media_image\":\"\\/m\\/h\\/mh03-black_alt1.jpg,\\/m\\/h\\/mh03-black_back.jpg\",\"_store\":null,\"_attribute_set\":\"Top\",\"_product_websites\":\"base\",\"status\":\"1\",\"news_from_date\":null,\"news_to_date\":null,\"options_container\":null,\"minimal_price\":null,\"msrp\":null,\"msrp_enabled\":null,\"special_from_date\":null,\"special_to_date\":null,\"min_qty\":\"0\",\"backorders\":\"0\",\"min_sale_qty\":\"1\",\"max_sale_qty\":\"0\",\"notify_stock_qty\":null,\"meta_keyword\":null,\"has_options\":\"0\",\"required_options\":\"0\",\"size\":\"XL\",\"color\":\"Black\"},{\"sku\":\"MH03-XL-Blue\",\"store_view_code\":null,\"attribute_set_code\":\"Top\",\"product_type\":\"simple\",\"categories\":\"Default Category\\/Men\\/Tops\\/Hoodies & Sweatshirts,Default Category\\/Collections\\/Eco Friendly,Default Category\",\"product_websites\":\"base\",\"name\":\"Bruno Compete Hoodie-XL-Blue\",\"description\":\"<p>Stay comfortable and stay in the race no matter what the weather\'s up to. The Bruno Compete Hoodie\'s water-repellent exterior shields you from the elements, while advanced fabric technology inside wicks moisture to keep you dry.<\\/p>\\n<p>&bull; Full zip black hoodie pullover. <br \\/>&bull; Adjustable drawstring hood. <br \\/>&bull; Ribbed cuffs\\/waistband. <br \\/>&bull; Kangaroo pocket. <br \\/>&bull; Machine wash\\/dry.<\\/p>\",\"short_description\":null,\"weight\":\"1\",\"product_online\":\"1\",\"tax_class_name\":\"Taxable Goods\",\"visibility\":\"Not Visible Individually\",\"price\":\"63\",\"special_price\":null,\"special_price_from_date\":null,\"special_price_to_date\":null,\"url_key\":\"bruno-compete-hoodie-xl-blue\",\"meta_title\":null,\"meta_keywords\":null,\"meta_description\":null,\"base_image\":\"\\/m\\/h\\/mh03-blue_main.jpg\",\"base_image_label\":null,\"small_image\":\"\\/m\\/h\\/mh03-blue_main.jpg\",\"small_image_label\":null,\"thumbnail_image\":\"\\/m\\/h\\/mh03-blue_main.jpg\",\"thumbnail_image_label\":null,\"created_at\":null,\"updated_at\":null,\"new_from_date\":null,\"new_to_date\":null,\"display_product_options_in\":null,\"map_price\":null,\"msrp_price\":null,\"map_enabled\":null,\"gift_message_available\":null,\"custom_design\":null,\"custom_design_from\":null,\"custom_design_to\":null,\"custom_layout_update\":null,\"page_layout\":null,\"product_options_container\":null,\"msrp_display_actual_price_type\":null,\"country_of_manufacture\":null,\"additional_attributes\":\"has_options=0,required_options=0,size=XL,color=Blue\",\"qty\":\"100\",\"out_of_stock_qty\":\"0\",\"use_config_min_qty\":\"1\",\"is_qty_decimal\":\"0\",\"allow_backorders\":\"0\",\"use_config_backorders\":\"1\",\"min_cart_qty\":\"1\",\"use_config_min_sale_qty\":\"1\",\"max_cart_qty\":\"0\",\"use_config_max_sale_qty\":\"1\",\"is_in_stock\":\"1\",\"notify_on_stock_below\":null,\"use_config_notify_stock_qty\":\"1\",\"manage_stock\":\"0\",\"use_config_manage_stock\":\"1\",\"use_config_qty_increments\":\"1\",\"qty_increments\":\"0\",\"use_config_enable_qty_inc\":\"1\",\"enable_qty_increments\":\"0\",\"is_decimal_divided\":\"0\",\"website_id\":\"1\",\"configurable_variations\":null,\"configurable_variation_prices\":null,\"configurable_variation_labels\":null,\"additional_images\":null,\"image\":\"\\/m\\/h\\/mh03-blue_main.jpg\",\"image_label\":null,\"thumbnail\":\"\\/m\\/h\\/mh03-blue_main.jpg\",\"thumbnail_label\":null,\"_media_image\":null,\"_store\":null,\"_attribute_set\":\"Top\",\"_product_websites\":\"base\",\"status\":\"1\",\"news_from_date\":null,\"news_to_date\":null,\"options_container\":null,\"minimal_price\":null,\"msrp\":null,\"msrp_enabled\":null,\"special_from_date\":null,\"special_to_date\":null,\"min_qty\":\"0\",\"backorders\":\"0\",\"min_sale_qty\":\"1\",\"max_sale_qty\":\"0\",\"notify_stock_qty\":null,\"meta_keyword\":null,\"has_options\":\"0\",\"required_options\":\"0\",\"size\":\"XL\",\"color\":\"Blue\"},{\"sku\":\"MH03-XL-Green\",\"store_view_code\":null,\"attribute_set_code\":\"Top\",\"product_type\":\"simple\",\"categories\":\"Default Category\\/Men\\/Tops\\/Hoodies & Sweatshirts,Default Category\\/Collections\\/Eco Friendly,Default Category\",\"product_websites\":\"base\",\"name\":\"Bruno Compete Hoodie-XL-Green\",\"description\":\"<p>Stay comfortable and stay in the race no matter what the weather\'s up to. The Bruno Compete Hoodie\'s water-repellent exterior shields you from the elements, while advanced fabric technology inside wicks moisture to keep you dry.<\\/p>\\n<p>&bull; Full zip black hoodie pullover. <br \\/>&bull; Adjustable drawstring hood. <br \\/>&bull; Ribbed cuffs\\/waistband. <br \\/>&bull; Kangaroo pocket. <br \\/>&bull; Machine wash\\/dry.<\\/p>\",\"short_description\":null,\"weight\":\"1\",\"product_online\":\"1\",\"tax_class_name\":\"Taxable Goods\",\"visibility\":\"Not Visible Individually\",\"price\":\"63\",\"special_price\":null,\"special_price_from_date\":null,\"special_price_to_date\":null,\"url_key\":\"bruno-compete-hoodie-xl-green\",\"meta_title\":null,\"meta_keywords\":null,\"meta_description\":null,\"base_image\":\"\\/m\\/h\\/mh03-green_main.jpg\",\"base_image_label\":null,\"small_image\":\"\\/m\\/h\\/mh03-green_main.jpg\",\"small_image_label\":null,\"thumbnail_image\":\"\\/m\\/h\\/mh03-green_main.jpg\",\"thumbnail_image_label\":null,\"created_at\":null,\"updated_at\":null,\"new_from_date\":null,\"new_to_date\":null,\"display_product_options_in\":null,\"map_price\":null,\"msrp_price\":null,\"map_enabled\":null,\"gift_message_available\":null,\"custom_design\":null,\"custom_design_from\":null,\"custom_design_to\":null,\"custom_layout_update\":null,\"page_layout\":null,\"product_options_container\":null,\"msrp_display_actual_price_type\":null,\"country_of_manufacture\":null,\"additional_attributes\":\"has_options=0,required_options=0,size=XL,color=Green\",\"qty\":\"100\",\"out_of_stock_qty\":\"0\",\"use_config_min_qty\":\"1\",\"is_qty_decimal\":\"0\",\"allow_backorders\":\"0\",\"use_config_backorders\":\"1\",\"min_cart_qty\":\"1\",\"use_config_min_sale_qty\":\"1\",\"max_cart_qty\":\"0\",\"use_config_max_sale_qty\":\"1\",\"is_in_stock\":\"1\",\"notify_on_stock_below\":null,\"use_config_notify_stock_qty\":\"1\",\"manage_stock\":\"0\",\"use_config_manage_stock\":\"1\",\"use_config_qty_increments\":\"1\",\"qty_increments\":\"0\",\"use_config_enable_qty_inc\":\"1\",\"enable_qty_increments\":\"0\",\"is_decimal_divided\":\"0\",\"website_id\":\"1\",\"configurable_variations\":null,\"configurable_variation_prices\":null,\"configurable_variation_labels\":null,\"additional_images\":null,\"image\":\"\\/m\\/h\\/mh03-green_main.jpg\",\"image_label\":null,\"thumbnail\":\"\\/m\\/h\\/mh03-green_main.jpg\",\"thumbnail_label\":null,\"_media_image\":null,\"_store\":null,\"_attribute_set\":\"Top\",\"_product_websites\":\"base\",\"status\":\"1\",\"news_from_date\":null,\"news_to_date\":null,\"options_container\":null,\"minimal_price\":null,\"msrp\":null,\"msrp_enabled\":null,\"special_from_date\":null,\"special_to_date\":null,\"min_qty\":\"0\",\"backorders\":\"0\",\"min_sale_qty\":\"1\",\"max_sale_qty\":\"0\",\"notify_stock_qty\":null,\"meta_keyword\":null,\"has_options\":\"0\",\"required_options\":\"0\",\"size\":\"XL\",\"color\":\"Green\"},{\"sku\":\"MH03\",\"store_view_code\":null,\"attribute_set_code\":\"Top\",\"product_type\":\"configurable\",\"categories\":\"Default Category\\/Men\\/Tops\\/Hoodies & Sweatshirts,Default Category\\/Collections\\/Eco Friendly,Default Category\",\"product_websites\":\"base\",\"name\":\"Bruno Compete Hoodie\",\"description\":\"<p>Stay comfortable and stay in the race no matter what the weather\'s up to. The Bruno Compete Hoodie\'s water-repellent exterior shields you from the elements, while advanced fabric technology inside wicks moisture to keep you dry.<\\/p>\\n<p>&bull; Full zip black hoodie pullover. <br \\/>&bull; Adjustable drawstring hood. <br \\/>&bull; Ribbed cuffs\\/waistband. <br \\/>&bull; Kangaroo pocket. <br \\/>&bull; Machine wash\\/dry.<\\/p>\",\"short_description\":null,\"weight\":null,\"product_online\":\"1\",\"tax_class_name\":\"Taxable Goods\",\"visibility\":\"Catalog, Search\",\"price\":\"63\",\"special_price\":null,\"special_price_from_date\":null,\"special_price_to_date\":null,\"url_key\":null,\"meta_title\":null,\"meta_keywords\":null,\"meta_description\":null,\"base_image\":\"\\/m\\/h\\/mh03-black_main.jpg\",\"base_image_label\":null,\"small_image\":\"\\/m\\/h\\/mh03-black_main.jpg\",\"small_image_label\":null,\"thumbnail_image\":\"\\/m\\/h\\/mh03-black_main.jpg\",\"thumbnail_image_label\":null,\"created_at\":null,\"updated_at\":null,\"new_from_date\":null,\"new_to_date\":null,\"display_product_options_in\":null,\"map_price\":null,\"msrp_price\":null,\"map_enabled\":null,\"gift_message_available\":null,\"custom_design\":null,\"custom_design_from\":null,\"custom_design_to\":null,\"custom_layout_update\":null,\"page_layout\":null,\"product_options_container\":null,\"msrp_display_actual_price_type\":null,\"country_of_manufacture\":null,\"additional_attributes\":\"has_options=1,required_options=1,material=Organic Cotton,pattern=Solid,climate=All-weather|Cool|Indoor|Spring|Windy,eco_collection=Yes,performance_fabric=No,erin_recommends=Yes,new=Yes,sale=No\",\"qty\":\"0\",\"out_of_stock_qty\":\"0\",\"use_config_min_qty\":\"1\",\"is_qty_decimal\":\"0\",\"allow_backorders\":\"0\",\"use_config_backorders\":\"1\",\"min_cart_qty\":\"1\",\"use_config_min_sale_qty\":\"1\",\"max_cart_qty\":\"0\",\"use_config_max_sale_qty\":\"1\",\"is_in_stock\":\"1\",\"notify_on_stock_below\":null,\"use_config_notify_stock_qty\":\"1\",\"manage_stock\":\"0\",\"use_config_manage_stock\":\"1\",\"use_config_qty_increments\":\"1\",\"qty_increments\":\"0\",\"use_config_enable_qty_inc\":\"1\",\"enable_qty_increments\":\"0\",\"is_decimal_divided\":\"0\",\"website_id\":\"1\",\"configurable_variations\":\"sku=MH03-XS-Black,size=XS,color=Black|sku=MH03-XS-Blue,size=XS,color=Blue|sku=MH03-XS-Green,size=XS,color=Green|sku=MH03-S-Black,size=S,color=Black|sku=MH03-S-Blue,size=S,color=Blue|sku=MH03-S-Green,size=S,color=Green|sku=MH03-M-Black,size=M,color=Black|sku=MH03-M-Blue,size=M,color=Blue|sku=MH03-M-Green,size=M,color=Green|sku=MH03-L-Black,size=L,color=Black|sku=MH03-L-Blue,size=L,color=Blue|sku=MH03-L-Green,size=L,color=Green|sku=MH03-XL-Black,size=XL,color=Black|sku=MH03-XL-Blue,size=XL,color=Blue|sku=MH03-XL-Green,size=XL,color=Green\",\"configurable_variation_prices\":null,\"configurable_variation_labels\":null,\"additional_images\":\"\\/m\\/h\\/mh03-black_alt1.jpg,\\/m\\/h\\/mh03-black_back.jpg\",\"image\":\"\\/m\\/h\\/mh03-black_main.jpg\",\"image_label\":null,\"thumbnail\":\"\\/m\\/h\\/mh03-black_main.jpg\",\"thumbnail_label\":null,\"_media_image\":\"\\/m\\/h\\/mh03-black_alt1.jpg,\\/m\\/h\\/mh03-black_back.jpg\",\"_store\":null,\"_attribute_set\":\"Top\",\"_product_websites\":\"base\",\"status\":\"1\",\"news_from_date\":null,\"news_to_date\":null,\"options_container\":null,\"minimal_price\":null,\"msrp\":null,\"msrp_enabled\":null,\"special_from_date\":null,\"special_to_date\":null,\"min_qty\":\"0\",\"backorders\":\"0\",\"min_sale_qty\":\"1\",\"max_sale_qty\":\"0\",\"notify_stock_qty\":null,\"meta_keyword\":null,\"has_options\":\"1\",\"required_options\":\"1\",\"material\":\"Organic Cotton\",\"pattern\":\"Solid\",\"climate\":[\"All-weather\",\"Cool\",\"Indoor\",\"Spring\",\"Windy\"],\"eco_collection\":\"Yes\",\"performance_fabric\":\"No\",\"erin_recommends\":\"Yes\",\"new\":\"Yes\",\"sale\":\"No\"},{\"sku\":\"MH04-XS-Green\",\"store_view_code\":null,\"attribute_set_code\":\"Top\",\"product_type\":\"simple\",\"categories\":\"Default Category\\/Men\\/Tops\\/Hoodies & Sweatshirts,Default Category\\/Collections\\/Eco Friendly,Default Category\",\"product_websites\":\"base\",\"name\":\"Frankie  Sweatshirt-XS-Green\",\"description\":\"<p>The Frankie Sweatshirt is your best friend at long afternoon stadium stints or winter trailside campsites. The soft fleece fabric keeps you toasty as moisture-wicking technology kicks in when the sun comes out.<\\/p>\\n<p>&bull; Light green crewneck sweatshirt.<br \\/>&bull; Hand pockets.<br \\/>&bull; Relaxed fit.<br \\/>&bull; Machine wash\\/dry.<\\/p>\",\"short_description\":null,\"weight\":\"1\",\"product_online\":\"1\",\"tax_class_name\":\"Taxable Goods\",\"visibility\":\"Not Visible Individually\",\"price\":\"60\",\"special_price\":null,\"special_price_from_date\":null,\"special_price_to_date\":null,\"url_key\":\"frankie-sweatshirt-xs-green\",\"meta_title\":null,\"meta_keywords\":null,\"meta_description\":null,\"base_image\":\"\\/m\\/h\\/mh04-green_main.jpg\",\"base_image_label\":null,\"small_image\":\"\\/m\\/h\\/mh04-green_main.jpg\",\"small_image_label\":null,\"thumbnail_image\":\"\\/m\\/h\\/mh04-green_main.jpg\",\"thumbnail_image_label\":null,\"created_at\":null,\"updated_at\":null,\"new_from_date\":null,\"new_to_date\":null,\"display_product_options_in\":null,\"map_price\":null,\"msrp_price\":null,\"map_enabled\":null,\"gift_message_available\":null,\"custom_design\":null,\"custom_design_from\":null,\"custom_design_to\":null,\"custom_layout_update\":null,\"page_layout\":null,\"product_options_container\":null,\"msrp_display_actual_price_type\":null,\"country_of_manufacture\":null,\"additional_attributes\":\"has_options=0,required_options=0,size=XS,color=Green\",\"qty\":\"100\",\"out_of_stock_qty\":\"0\",\"use_config_min_qty\":\"1\",\"is_qty_decimal\":\"0\",\"allow_backorders\":\"0\",\"use_config_backorders\":\"1\",\"min_cart_qty\":\"1\",\"use_config_min_sale_qty\":\"1\",\"max_cart_qty\":\"0\",\"use_config_max_sale_qty\":\"1\",\"is_in_stock\":\"1\",\"notify_on_stock_below\":null,\"use_config_notify_stock_qty\":\"1\",\"manage_stock\":\"0\",\"use_config_manage_stock\":\"1\",\"use_config_qty_increments\":\"1\",\"qty_increments\":\"0\",\"use_config_enable_qty_inc\":\"1\",\"enable_qty_increments\":\"0\",\"is_decimal_divided\":\"0\",\"website_id\":\"1\",\"configurable_variations\":null,\"configurable_variation_prices\":null,\"configurable_variation_labels\":null,\"additional_images\":\"\\/m\\/h\\/mh04-green_alt1.jpg,\\/m\\/h\\/mh04-green_back.jpg\",\"image\":\"\\/m\\/h\\/mh04-green_main.jpg\",\"image_label\":null,\"thumbnail\":\"\\/m\\/h\\/mh04-green_main.jpg\",\"thumbnail_label\":null,\"_media_image\":\"\\/m\\/h\\/mh04-green_alt1.jpg,\\/m\\/h\\/mh04-green_back.jpg\",\"_store\":null,\"_attribute_set\":\"Top\",\"_product_websites\":\"base\",\"status\":\"1\",\"news_from_date\":null,\"news_to_date\":null,\"options_container\":null,\"minimal_price\":null,\"msrp\":null,\"msrp_enabled\":null,\"special_from_date\":null,\"special_to_date\":null,\"min_qty\":\"0\",\"backorders\":\"0\",\"min_sale_qty\":\"1\",\"max_sale_qty\":\"0\",\"notify_stock_qty\":null,\"meta_keyword\":null,\"has_options\":\"0\",\"required_options\":\"0\",\"size\":\"XS\",\"color\":\"Green\"},{\"sku\":\"MH04-XS-White\",\"store_view_code\":null,\"attribute_set_code\":\"Top\",\"product_type\":\"simple\",\"categories\":\"Default Category\\/Men\\/Tops\\/Hoodies & Sweatshirts,Default Category\\/Collections\\/Eco Friendly,Default Category\",\"product_websites\":\"base\",\"name\":\"Frankie  Sweatshirt-XS-White\",\"description\":\"<p>The Frankie Sweatshirt is your best friend at long afternoon stadium stints or winter trailside campsites. The soft fleece fabric keeps you toasty as moisture-wicking technology kicks in when the sun comes out.<\\/p>\\n<p>&bull; Light green crewneck sweatshirt.<br \\/>&bull; Hand pockets.<br \\/>&bull; Relaxed fit.<br \\/>&bull; Machine wash\\/dry.<\\/p>\",\"short_description\":null,\"weight\":\"1\",\"product_online\":\"1\",\"tax_class_name\":\"Taxable Goods\",\"visibility\":\"Not Visible Individually\",\"price\":\"60\",\"special_price\":null,\"special_price_from_date\":null,\"special_price_to_date\":null,\"url_key\":\"frankie-sweatshirt-xs-white\",\"meta_title\":null,\"meta_keywords\":null,\"meta_description\":null,\"base_image\":\"\\/m\\/h\\/mh04-white_main.jpg\",\"base_image_label\":null,\"small_image\":\"\\/m\\/h\\/mh04-white_main.jpg\",\"small_image_label\":null,\"thumbnail_image\":\"\\/m\\/h\\/mh04-white_main.jpg\",\"thumbnail_image_label\":null,\"created_at\":null,\"updated_at\":null,\"new_from_date\":null,\"new_to_date\":null,\"display_product_options_in\":null,\"map_price\":null,\"msrp_price\":null,\"map_enabled\":null,\"gift_message_available\":null,\"custom_design\":null,\"custom_design_from\":null,\"custom_design_to\":null,\"custom_layout_update\":null,\"page_layout\":null,\"product_options_container\":null,\"msrp_display_actual_price_type\":null,\"country_of_manufacture\":null,\"additional_attributes\":\"has_options=0,required_options=0,size=XS,color=White\",\"qty\":\"100\",\"out_of_stock_qty\":\"0\",\"use_config_min_qty\":\"1\",\"is_qty_decimal\":\"0\",\"allow_backorders\":\"0\",\"use_config_backorders\":\"1\",\"min_cart_qty\":\"1\",\"use_config_min_sale_qty\":\"1\",\"max_cart_qty\":\"0\",\"use_config_max_sale_qty\":\"1\",\"is_in_stock\":\"1\",\"notify_on_stock_below\":null,\"use_config_notify_stock_qty\":\"1\",\"manage_stock\":\"0\",\"use_config_manage_stock\":\"1\",\"use_config_qty_increments\":\"1\",\"qty_increments\":\"0\",\"use_config_enable_qty_inc\":\"1\",\"enable_qty_increments\":\"0\",\"is_decimal_divided\":\"0\",\"website_id\":\"1\",\"configurable_variations\":null,\"configurable_variation_prices\":null,\"configurable_variation_labels\":null,\"additional_images\":null,\"image\":\"\\/m\\/h\\/mh04-white_main.jpg\",\"image_label\":null,\"thumbnail\":\"\\/m\\/h\\/mh04-white_main.jpg\",\"thumbnail_label\":null,\"_media_image\":null,\"_store\":null,\"_attribute_set\":\"Top\",\"_product_websites\":\"base\",\"status\":\"1\",\"news_from_date\":null,\"news_to_date\":null,\"options_container\":null,\"minimal_price\":null,\"msrp\":null,\"msrp_enabled\":null,\"special_from_date\":null,\"special_to_date\":null,\"min_qty\":\"0\",\"backorders\":\"0\",\"min_sale_qty\":\"1\",\"max_sale_qty\":\"0\",\"notify_stock_qty\":null,\"meta_keyword\":null,\"has_options\":\"0\",\"required_options\":\"0\",\"size\":\"XS\",\"color\":\"White\"},{\"sku\":\"MH04-XS-Yellow\",\"store_view_code\":null,\"attribute_set_code\":\"Top\",\"product_type\":\"simple\",\"categories\":\"Default Category\\/Men\\/Tops\\/Hoodies & Sweatshirts,Default Category\\/Collections\\/Eco Friendly,Default Category\",\"product_websites\":\"base\",\"name\":\"Frankie  Sweatshirt-XS-Yellow\",\"description\":\"<p>The Frankie Sweatshirt is your best friend at long afternoon stadium stints or winter trailside campsites. The soft fleece fabric keeps you toasty as moisture-wicking technology kicks in when the sun comes out.<\\/p>\\n<p>&bull; Light green crewneck sweatshirt.<br \\/>&bull; Hand pockets.<br \\/>&bull; Relaxed fit.<br \\/>&bull; Machine wash\\/dry.<\\/p>\",\"short_description\":null,\"weight\":\"1\",\"product_online\":\"1\",\"tax_class_name\":\"Taxable Goods\",\"visibility\":\"Not Visible Individually\",\"price\":\"60\",\"special_price\":null,\"special_price_from_date\":null,\"special_price_to_date\":null,\"url_key\":\"frankie-sweatshirt-xs-yellow\",\"meta_title\":null,\"meta_keywords\":null,\"meta_description\":null,\"base_image\":\"\\/m\\/h\\/mh04-yellow_main.jpg\",\"base_image_label\":null,\"small_image\":\"\\/m\\/h\\/mh04-yellow_main.jpg\",\"small_image_label\":null,\"thumbnail_image\":\"\\/m\\/h\\/mh04-yellow_main.jpg\",\"thumbnail_image_label\":null,\"created_at\":null,\"updated_at\":null,\"new_from_date\":null,\"new_to_date\":null,\"display_product_options_in\":null,\"map_price\":null,\"msrp_price\":null,\"map_enabled\":null,\"gift_message_available\":null,\"custom_design\":null,\"custom_design_from\":null,\"custom_design_to\":null,\"custom_layout_update\":null,\"page_layout\":null,\"product_options_container\":null,\"msrp_display_actual_price_type\":null,\"country_of_manufacture\":null,\"additional_attributes\":\"has_options=0,required_options=0,size=XS,color=Yellow\",\"qty\":\"100\",\"out_of_stock_qty\":\"0\",\"use_config_min_qty\":\"1\",\"is_qty_decimal\":\"0\",\"allow_backorders\":\"0\",\"use_config_backorders\":\"1\",\"min_cart_qty\":\"1\",\"use_config_min_sale_qty\":\"1\",\"max_cart_qty\":\"0\",\"use_config_max_sale_qty\":\"1\",\"is_in_stock\":\"1\",\"notify_on_stock_below\":null,\"use_config_notify_stock_qty\":\"1\",\"manage_stock\":\"0\",\"use_config_manage_stock\":\"1\",\"use_config_qty_increments\":\"1\",\"qty_increments\":\"0\",\"use_config_enable_qty_inc\":\"1\",\"enable_qty_increments\":\"0\",\"is_decimal_divided\":\"0\",\"website_id\":\"1\",\"configurable_variations\":null,\"configurable_variation_prices\":null,\"configurable_variation_labels\":null,\"additional_images\":null,\"image\":\"\\/m\\/h\\/mh04-yellow_main.jpg\",\"image_label\":null,\"thumbnail\":\"\\/m\\/h\\/mh04-yellow_main.jpg\",\"thumbnail_label\":null,\"_media_image\":null,\"_store\":null,\"_attribute_set\":\"Top\",\"_product_websites\":\"base\",\"status\":\"1\",\"news_from_date\":null,\"news_to_date\":null,\"options_container\":null,\"minimal_price\":null,\"msrp\":null,\"msrp_enabled\":null,\"special_from_date\":null,\"special_to_date\":null,\"min_qty\":\"0\",\"backorders\":\"0\",\"min_sale_qty\":\"1\",\"max_sale_qty\":\"0\",\"notify_stock_qty\":null,\"meta_keyword\":null,\"has_options\":\"0\",\"required_options\":\"0\",\"size\":\"XS\",\"color\":\"Yellow\"},{\"sku\":\"MH04-S-Green\",\"store_view_code\":null,\"attribute_set_code\":\"Top\",\"product_type\":\"simple\",\"categories\":\"Default Category\\/Men\\/Tops\\/Hoodies & Sweatshirts,Default Category\\/Collections\\/Eco Friendly,Default Category\",\"product_websites\":\"base\",\"name\":\"Frankie  Sweatshirt-S-Green\",\"description\":\"<p>The Frankie Sweatshirt is your best friend at long afternoon stadium stints or winter trailside campsites. The soft fleece fabric keeps you toasty as moisture-wicking technology kicks in when the sun comes out.<\\/p>\\n<p>&bull; Light green crewneck sweatshirt.<br \\/>&bull; Hand pockets.<br \\/>&bull; Relaxed fit.<br \\/>&bull; Machine wash\\/dry.<\\/p>\",\"short_description\":null,\"weight\":\"1\",\"product_online\":\"1\",\"tax_class_name\":\"Taxable Goods\",\"visibility\":\"Not Visible Individually\",\"price\":\"60\",\"special_price\":null,\"special_price_from_date\":null,\"special_price_to_date\":null,\"url_key\":\"frankie-sweatshirt-s-green\",\"meta_title\":null,\"meta_keywords\":null,\"meta_description\":null,\"base_image\":\"\\/m\\/h\\/mh04-green_main.jpg\",\"base_image_label\":null,\"small_image\":\"\\/m\\/h\\/mh04-green_main.jpg\",\"small_image_label\":null,\"thumbnail_image\":\"\\/m\\/h\\/mh04-green_main.jpg\",\"thumbnail_image_label\":null,\"created_at\":null,\"updated_at\":null,\"new_from_date\":null,\"new_to_date\":null,\"display_product_options_in\":null,\"map_price\":null,\"msrp_price\":null,\"map_enabled\":null,\"gift_message_available\":null,\"custom_design\":null,\"custom_design_from\":null,\"custom_design_to\":null,\"custom_layout_update\":null,\"page_layout\":null,\"product_options_container\":null,\"msrp_display_actual_price_type\":null,\"country_of_manufacture\":null,\"additional_attributes\":\"has_options=0,required_options=0,size=S,color=Green\",\"qty\":\"100\",\"out_of_stock_qty\":\"0\",\"use_config_min_qty\":\"1\",\"is_qty_decimal\":\"0\",\"allow_backorders\":\"0\",\"use_config_backorders\":\"1\",\"min_cart_qty\":\"1\",\"use_config_min_sale_qty\":\"1\",\"max_cart_qty\":\"0\",\"use_config_max_sale_qty\":\"1\",\"is_in_stock\":\"1\",\"notify_on_stock_below\":null,\"use_config_notify_stock_qty\":\"1\",\"manage_stock\":\"0\",\"use_config_manage_stock\":\"1\",\"use_config_qty_increments\":\"1\",\"qty_increments\":\"0\",\"use_config_enable_qty_inc\":\"1\",\"enable_qty_increments\":\"0\",\"is_decimal_divided\":\"0\",\"website_id\":\"1\",\"configurable_variations\":null,\"configurable_variation_prices\":null,\"configurable_variation_labels\":null,\"additional_images\":\"\\/m\\/h\\/mh04-green_alt1.jpg,\\/m\\/h\\/mh04-green_back.jpg\",\"image\":\"\\/m\\/h\\/mh04-green_main.jpg\",\"image_label\":null,\"thumbnail\":\"\\/m\\/h\\/mh04-green_main.jpg\",\"thumbnail_label\":null,\"_media_image\":\"\\/m\\/h\\/mh04-green_alt1.jpg,\\/m\\/h\\/mh04-green_back.jpg\",\"_store\":null,\"_attribute_set\":\"Top\",\"_product_websites\":\"base\",\"status\":\"1\",\"news_from_date\":null,\"news_to_date\":null,\"options_container\":null,\"minimal_price\":null,\"msrp\":null,\"msrp_enabled\":null,\"special_from_date\":null,\"special_to_date\":null,\"min_qty\":\"0\",\"backorders\":\"0\",\"min_sale_qty\":\"1\",\"max_sale_qty\":\"0\",\"notify_stock_qty\":null,\"meta_keyword\":null,\"has_options\":\"0\",\"required_options\":\"0\",\"size\":\"S\",\"color\":\"Green\"},{\"sku\":\"MH04-S-White\",\"store_view_code\":null,\"attribute_set_code\":\"Top\",\"product_type\":\"simple\",\"categories\":\"Default Category\\/Men\\/Tops\\/Hoodies & Sweatshirts,Default Category\\/Collections\\/Eco Friendly,Default Category\",\"product_websites\":\"base\",\"name\":\"Frankie  Sweatshirt-S-White\",\"description\":\"<p>The Frankie Sweatshirt is your best friend at long afternoon stadium stints or winter trailside campsites. The soft fleece fabric keeps you toasty as moisture-wicking technology kicks in when the sun comes out.<\\/p>\\n<p>&bull; Light green crewneck sweatshirt.<br \\/>&bull; Hand pockets.<br \\/>&bull; Relaxed fit.<br \\/>&bull; Machine wash\\/dry.<\\/p>\",\"short_description\":null,\"weight\":\"1\",\"product_online\":\"1\",\"tax_class_name\":\"Taxable Goods\",\"visibility\":\"Not Visible Individually\",\"price\":\"60\",\"special_price\":null,\"special_price_from_date\":null,\"special_price_to_date\":null,\"url_key\":\"frankie-sweatshirt-s-white\",\"meta_title\":null,\"meta_keywords\":null,\"meta_description\":null,\"base_image\":\"\\/m\\/h\\/mh04-white_main.jpg\",\"base_image_label\":null,\"small_image\":\"\\/m\\/h\\/mh04-white_main.jpg\",\"small_image_label\":null,\"thumbnail_image\":\"\\/m\\/h\\/mh04-white_main.jpg\",\"thumbnail_image_label\":null,\"created_at\":null,\"updated_at\":null,\"new_from_date\":null,\"new_to_date\":null,\"display_product_options_in\":null,\"map_price\":null,\"msrp_price\":null,\"map_enabled\":null,\"gift_message_available\":null,\"custom_design\":null,\"custom_design_from\":null,\"custom_design_to\":null,\"custom_layout_update\":null,\"page_layout\":null,\"product_options_container\":null,\"msrp_display_actual_price_type\":null,\"country_of_manufacture\":null,\"additional_attributes\":\"has_options=0,required_options=0,size=S,color=White\",\"qty\":\"100\",\"out_of_stock_qty\":\"0\",\"use_config_min_qty\":\"1\",\"is_qty_decimal\":\"0\",\"allow_backorders\":\"0\",\"use_config_backorders\":\"1\",\"min_cart_qty\":\"1\",\"use_config_min_sale_qty\":\"1\",\"max_cart_qty\":\"0\",\"use_config_max_sale_qty\":\"1\",\"is_in_stock\":\"1\",\"notify_on_stock_below\":null,\"use_config_notify_stock_qty\":\"1\",\"manage_stock\":\"0\",\"use_config_manage_stock\":\"1\",\"use_config_qty_increments\":\"1\",\"qty_increments\":\"0\",\"use_config_enable_qty_inc\":\"1\",\"enable_qty_increments\":\"0\",\"is_decimal_divided\":\"0\",\"website_id\":\"1\",\"configurable_variations\":null,\"configurable_variation_prices\":null,\"configurable_variation_labels\":null,\"additional_images\":null,\"image\":\"\\/m\\/h\\/mh04-white_main.jpg\",\"image_label\":null,\"thumbnail\":\"\\/m\\/h\\/mh04-white_main.jpg\",\"thumbnail_label\":null,\"_media_image\":null,\"_store\":null,\"_attribute_set\":\"Top\",\"_product_websites\":\"base\",\"status\":\"1\",\"news_from_date\":null,\"news_to_date\":null,\"options_container\":null,\"minimal_price\":null,\"msrp\":null,\"msrp_enabled\":null,\"special_from_date\":null,\"special_to_date\":null,\"min_qty\":\"0\",\"backorders\":\"0\",\"min_sale_qty\":\"1\",\"max_sale_qty\":\"0\",\"notify_stock_qty\":null,\"meta_keyword\":null,\"has_options\":\"0\",\"required_options\":\"0\",\"size\":\"S\",\"color\":\"White\"},{\"sku\":\"MH04-S-Yellow\",\"store_view_code\":null,\"attribute_set_code\":\"Top\",\"product_type\":\"simple\",\"categories\":\"Default Category\\/Men\\/Tops\\/Hoodies & Sweatshirts,Default Category\\/Collections\\/Eco Friendly,Default Category\",\"product_websites\":\"base\",\"name\":\"Frankie  Sweatshirt-S-Yellow\",\"description\":\"<p>The Frankie Sweatshirt is your best friend at long afternoon stadium stints or winter trailside campsites. The soft fleece fabric keeps you toasty as moisture-wicking technology kicks in when the sun comes out.<\\/p>\\n<p>&bull; Light green crewneck sweatshirt.<br \\/>&bull; Hand pockets.<br \\/>&bull; Relaxed fit.<br \\/>&bull; Machine wash\\/dry.<\\/p>\",\"short_description\":null,\"weight\":\"1\",\"product_online\":\"1\",\"tax_class_name\":\"Taxable Goods\",\"visibility\":\"Not Visible Individually\",\"price\":\"60\",\"special_price\":null,\"special_price_from_date\":null,\"special_price_to_date\":null,\"url_key\":\"frankie-sweatshirt-s-yellow\",\"meta_title\":null,\"meta_keywords\":null,\"meta_description\":null,\"base_image\":\"\\/m\\/h\\/mh04-yellow_main.jpg\",\"base_image_label\":null,\"small_image\":\"\\/m\\/h\\/mh04-yellow_main.jpg\",\"small_image_label\":null,\"thumbnail_image\":\"\\/m\\/h\\/mh04-yellow_main.jpg\",\"thumbnail_image_label\":null,\"created_at\":null,\"updated_at\":null,\"new_from_date\":null,\"new_to_date\":null,\"display_product_options_in\":null,\"map_price\":null,\"msrp_price\":null,\"map_enabled\":null,\"gift_message_available\":null,\"custom_design\":null,\"custom_design_from\":null,\"custom_design_to\":null,\"custom_layout_update\":null,\"page_layout\":null,\"product_options_container\":null,\"msrp_display_actual_price_type\":null,\"country_of_manufacture\":null,\"additional_attributes\":\"has_options=0,required_options=0,size=S,color=Yellow\",\"qty\":\"100\",\"out_of_stock_qty\":\"0\",\"use_config_min_qty\":\"1\",\"is_qty_decimal\":\"0\",\"allow_backorders\":\"0\",\"use_config_backorders\":\"1\",\"min_cart_qty\":\"1\",\"use_config_min_sale_qty\":\"1\",\"max_cart_qty\":\"0\",\"use_config_max_sale_qty\":\"1\",\"is_in_stock\":\"1\",\"notify_on_stock_below\":null,\"use_config_notify_stock_qty\":\"1\",\"manage_stock\":\"0\",\"use_config_manage_stock\":\"1\",\"use_config_qty_increments\":\"1\",\"qty_increments\":\"0\",\"use_config_enable_qty_inc\":\"1\",\"enable_qty_increments\":\"0\",\"is_decimal_divided\":\"0\",\"website_id\":\"1\",\"configurable_variations\":null,\"configurable_variation_prices\":null,\"configurable_variation_labels\":null,\"additional_images\":null,\"image\":\"\\/m\\/h\\/mh04-yellow_main.jpg\",\"image_label\":null,\"thumbnail\":\"\\/m\\/h\\/mh04-yellow_main.jpg\",\"thumbnail_label\":null,\"_media_image\":null,\"_store\":null,\"_attribute_set\":\"Top\",\"_product_websites\":\"base\",\"status\":\"1\",\"news_from_date\":null,\"news_to_date\":null,\"options_container\":null,\"minimal_price\":null,\"msrp\":null,\"msrp_enabled\":null,\"special_from_date\":null,\"special_to_date\":null,\"min_qty\":\"0\",\"backorders\":\"0\",\"min_sale_qty\":\"1\",\"max_sale_qty\":\"0\",\"notify_stock_qty\":null,\"meta_keyword\":null,\"has_options\":\"0\",\"required_options\":\"0\",\"size\":\"S\",\"color\":\"Yellow\"},{\"sku\":\"MH04-M-Green\",\"store_view_code\":null,\"attribute_set_code\":\"Top\",\"product_type\":\"simple\",\"categories\":\"Default Category\\/Men\\/Tops\\/Hoodies & Sweatshirts,Default Category\\/Collections\\/Eco Friendly,Default Category\",\"product_websites\":\"base\",\"name\":\"Frankie  Sweatshirt-M-Green\",\"description\":\"<p>The Frankie Sweatshirt is your best friend at long afternoon stadium stints or winter trailside campsites. The soft fleece fabric keeps you toasty as moisture-wicking technology kicks in when the sun comes out.<\\/p>\\n<p>&bull; Light green crewneck sweatshirt.<br \\/>&bull; Hand pockets.<br \\/>&bull; Relaxed fit.<br \\/>&bull; Machine wash\\/dry.<\\/p>\",\"short_description\":null,\"weight\":\"1\",\"product_online\":\"1\",\"tax_class_name\":\"Taxable Goods\",\"visibility\":\"Not Visible Individually\",\"price\":\"60\",\"special_price\":null,\"special_price_from_date\":null,\"special_price_to_date\":null,\"url_key\":\"frankie-sweatshirt-m-green\",\"meta_title\":null,\"meta_keywords\":null,\"meta_description\":null,\"base_image\":\"\\/m\\/h\\/mh04-green_main.jpg\",\"base_image_label\":null,\"small_image\":\"\\/m\\/h\\/mh04-green_main.jpg\",\"small_image_label\":null,\"thumbnail_image\":\"\\/m\\/h\\/mh04-green_main.jpg\",\"thumbnail_image_label\":null,\"created_at\":null,\"updated_at\":null,\"new_from_date\":null,\"new_to_date\":null,\"display_product_options_in\":null,\"map_price\":null,\"msrp_price\":null,\"map_enabled\":null,\"gift_message_available\":null,\"custom_design\":null,\"custom_design_from\":null,\"custom_design_to\":null,\"custom_layout_update\":null,\"page_layout\":null,\"product_options_container\":null,\"msrp_display_actual_price_type\":null,\"country_of_manufacture\":null,\"additional_attributes\":\"has_options=0,required_options=0,size=M,color=Green\",\"qty\":\"100\",\"out_of_stock_qty\":\"0\",\"use_config_min_qty\":\"1\",\"is_qty_decimal\":\"0\",\"allow_backorders\":\"0\",\"use_config_backorders\":\"1\",\"min_cart_qty\":\"1\",\"use_config_min_sale_qty\":\"1\",\"max_cart_qty\":\"0\",\"use_config_max_sale_qty\":\"1\",\"is_in_stock\":\"1\",\"notify_on_stock_below\":null,\"use_config_notify_stock_qty\":\"1\",\"manage_stock\":\"0\",\"use_config_manage_stock\":\"1\",\"use_config_qty_increments\":\"1\",\"qty_increments\":\"0\",\"use_config_enable_qty_inc\":\"1\",\"enable_qty_increments\":\"0\",\"is_decimal_divided\":\"0\",\"website_id\":\"1\",\"configurable_variations\":null,\"configurable_variation_prices\":null,\"configurable_variation_labels\":null,\"additional_images\":\"\\/m\\/h\\/mh04-green_alt1.jpg,\\/m\\/h\\/mh04-green_back.jpg\",\"image\":\"\\/m\\/h\\/mh04-green_main.jpg\",\"image_label\":null,\"thumbnail\":\"\\/m\\/h\\/mh04-green_main.jpg\",\"thumbnail_label\":null,\"_media_image\":\"\\/m\\/h\\/mh04-green_alt1.jpg,\\/m\\/h\\/mh04-green_back.jpg\",\"_store\":null,\"_attribute_set\":\"Top\",\"_product_websites\":\"base\",\"status\":\"1\",\"news_from_date\":null,\"news_to_date\":null,\"options_container\":null,\"minimal_price\":null,\"msrp\":null,\"msrp_enabled\":null,\"special_from_date\":null,\"special_to_date\":null,\"min_qty\":\"0\",\"backorders\":\"0\",\"min_sale_qty\":\"1\",\"max_sale_qty\":\"0\",\"notify_stock_qty\":null,\"meta_keyword\":null,\"has_options\":\"0\",\"required_options\":\"0\",\"size\":\"M\",\"color\":\"Green\"},{\"sku\":\"MH04-M-White\",\"store_view_code\":null,\"attribute_set_code\":\"Top\",\"product_type\":\"simple\",\"categories\":\"Default Category\\/Men\\/Tops\\/Hoodies & Sweatshirts,Default Category\\/Collections\\/Eco Friendly,Default Category\",\"product_websites\":\"base\",\"name\":\"Frankie  Sweatshirt-M-White\",\"description\":\"<p>The Frankie Sweatshirt is your best friend at long afternoon stadium stints or winter trailside campsites. The soft fleece fabric keeps you toasty as moisture-wicking technology kicks in when the sun comes out.<\\/p>\\n<p>&bull; Light green crewneck sweatshirt.<br \\/>&bull; Hand pockets.<br \\/>&bull; Relaxed fit.<br \\/>&bull; Machine wash\\/dry.<\\/p>\",\"short_description\":null,\"weight\":\"1\",\"product_online\":\"1\",\"tax_class_name\":\"Taxable Goods\",\"visibility\":\"Not Visible Individually\",\"price\":\"60\",\"special_price\":null,\"special_price_from_date\":null,\"special_price_to_date\":null,\"url_key\":\"frankie-sweatshirt-m-white\",\"meta_title\":null,\"meta_keywords\":null,\"meta_description\":null,\"base_image\":\"\\/m\\/h\\/mh04-white_main.jpg\",\"base_image_label\":null,\"small_image\":\"\\/m\\/h\\/mh04-white_main.jpg\",\"small_image_label\":null,\"thumbnail_image\":\"\\/m\\/h\\/mh04-white_main.jpg\",\"thumbnail_image_label\":null,\"created_at\":null,\"updated_at\":null,\"new_from_date\":null,\"new_to_date\":null,\"display_product_options_in\":null,\"map_price\":null,\"msrp_price\":null,\"map_enabled\":null,\"gift_message_available\":null,\"custom_design\":null,\"custom_design_from\":null,\"custom_design_to\":null,\"custom_layout_update\":null,\"page_layout\":null,\"product_options_container\":null,\"msrp_display_actual_price_type\":null,\"country_of_manufacture\":null,\"additional_attributes\":\"has_options=0,required_options=0,size=M,color=White\",\"qty\":\"100\",\"out_of_stock_qty\":\"0\",\"use_config_min_qty\":\"1\",\"is_qty_decimal\":\"0\",\"allow_backorders\":\"0\",\"use_config_backorders\":\"1\",\"min_cart_qty\":\"1\",\"use_config_min_sale_qty\":\"1\",\"max_cart_qty\":\"0\",\"use_config_max_sale_qty\":\"1\",\"is_in_stock\":\"1\",\"notify_on_stock_below\":null,\"use_config_notify_stock_qty\":\"1\",\"manage_stock\":\"0\",\"use_config_manage_stock\":\"1\",\"use_config_qty_increments\":\"1\",\"qty_increments\":\"0\",\"use_config_enable_qty_inc\":\"1\",\"enable_qty_increments\":\"0\",\"is_decimal_divided\":\"0\",\"website_id\":\"1\",\"configurable_variations\":null,\"configurable_variation_prices\":null,\"configurable_variation_labels\":null,\"additional_images\":null,\"image\":\"\\/m\\/h\\/mh04-white_main.jpg\",\"image_label\":null,\"thumbnail\":\"\\/m\\/h\\/mh04-white_main.jpg\",\"thumbnail_label\":null,\"_media_image\":null,\"_store\":null,\"_attribute_set\":\"Top\",\"_product_websites\":\"base\",\"status\":\"1\",\"news_from_date\":null,\"news_to_date\":null,\"options_container\":null,\"minimal_price\":null,\"msrp\":null,\"msrp_enabled\":null,\"special_from_date\":null,\"special_to_date\":null,\"min_qty\":\"0\",\"backorders\":\"0\",\"min_sale_qty\":\"1\",\"max_sale_qty\":\"0\",\"notify_stock_qty\":null,\"meta_keyword\":null,\"has_options\":\"0\",\"required_options\":\"0\",\"size\":\"M\",\"color\":\"White\"},{\"sku\":\"MH04-M-Yellow\",\"store_view_code\":null,\"attribute_set_code\":\"Top\",\"product_type\":\"simple\",\"categories\":\"Default Category\\/Men\\/Tops\\/Hoodies & Sweatshirts,Default Category\\/Collections\\/Eco Friendly,Default Category\",\"product_websites\":\"base\",\"name\":\"Frankie  Sweatshirt-M-Yellow\",\"description\":\"<p>The Frankie Sweatshirt is your best friend at long afternoon stadium stints or winter trailside campsites. The soft fleece fabric keeps you toasty as moisture-wicking technology kicks in when the sun comes out.<\\/p>\\n<p>&bull; Light green crewneck sweatshirt.<br \\/>&bull; Hand pockets.<br \\/>&bull; Relaxed fit.<br \\/>&bull; Machine wash\\/dry.<\\/p>\",\"short_description\":null,\"weight\":\"1\",\"product_online\":\"1\",\"tax_class_name\":\"Taxable Goods\",\"visibility\":\"Not Visible Individually\",\"price\":\"60\",\"special_price\":null,\"special_price_from_date\":null,\"special_price_to_date\":null,\"url_key\":\"frankie-sweatshirt-m-yellow\",\"meta_title\":null,\"meta_keywords\":null,\"meta_description\":null,\"base_image\":\"\\/m\\/h\\/mh04-yellow_main.jpg\",\"base_image_label\":null,\"small_image\":\"\\/m\\/h\\/mh04-yellow_main.jpg\",\"small_image_label\":null,\"thumbnail_image\":\"\\/m\\/h\\/mh04-yellow_main.jpg\",\"thumbnail_image_label\":null,\"created_at\":null,\"updated_at\":null,\"new_from_date\":null,\"new_to_date\":null,\"display_product_options_in\":null,\"map_price\":null,\"msrp_price\":null,\"map_enabled\":null,\"gift_message_available\":null,\"custom_design\":null,\"custom_design_from\":null,\"custom_design_to\":null,\"custom_layout_update\":null,\"page_layout\":null,\"product_options_container\":null,\"msrp_display_actual_price_type\":null,\"country_of_manufacture\":null,\"additional_attributes\":\"has_options=0,required_options=0,size=M,color=Yellow\",\"qty\":\"100\",\"out_of_stock_qty\":\"0\",\"use_config_min_qty\":\"1\",\"is_qty_decimal\":\"0\",\"allow_backorders\":\"0\",\"use_config_backorders\":\"1\",\"min_cart_qty\":\"1\",\"use_config_min_sale_qty\":\"1\",\"max_cart_qty\":\"0\",\"use_config_max_sale_qty\":\"1\",\"is_in_stock\":\"1\",\"notify_on_stock_below\":null,\"use_config_notify_stock_qty\":\"1\",\"manage_stock\":\"0\",\"use_config_manage_stock\":\"1\",\"use_config_qty_increments\":\"1\",\"qty_increments\":\"0\",\"use_config_enable_qty_inc\":\"1\",\"enable_qty_increments\":\"0\",\"is_decimal_divided\":\"0\",\"website_id\":\"1\",\"configurable_variations\":null,\"configurable_variation_prices\":null,\"configurable_variation_labels\":null,\"additional_images\":null,\"image\":\"\\/m\\/h\\/mh04-yellow_main.jpg\",\"image_label\":null,\"thumbnail\":\"\\/m\\/h\\/mh04-yellow_main.jpg\",\"thumbnail_label\":null,\"_media_image\":null,\"_store\":null,\"_attribute_set\":\"Top\",\"_product_websites\":\"base\",\"status\":\"1\",\"news_from_date\":null,\"news_to_date\":null,\"options_container\":null,\"minimal_price\":null,\"msrp\":null,\"msrp_enabled\":null,\"special_from_date\":null,\"special_to_date\":null,\"min_qty\":\"0\",\"backorders\":\"0\",\"min_sale_qty\":\"1\",\"max_sale_qty\":\"0\",\"notify_stock_qty\":null,\"meta_keyword\":null,\"has_options\":\"0\",\"required_options\":\"0\",\"size\":\"M\",\"color\":\"Yellow\"},{\"sku\":\"MH04-L-Green\",\"store_view_code\":null,\"attribute_set_code\":\"Top\",\"product_type\":\"simple\",\"categories\":\"Default Category\\/Men\\/Tops\\/Hoodies & Sweatshirts,Default Category\\/Collections\\/Eco Friendly,Default Category\",\"product_websites\":\"base\",\"name\":\"Frankie  Sweatshirt-L-Green\",\"description\":\"<p>The Frankie Sweatshirt is your best friend at long afternoon stadium stints or winter trailside campsites. The soft fleece fabric keeps you toasty as moisture-wicking technology kicks in when the sun comes out.<\\/p>\\n<p>&bull; Light green crewneck sweatshirt.<br \\/>&bull; Hand pockets.<br \\/>&bull; Relaxed fit.<br \\/>&bull; Machine wash\\/dry.<\\/p>\",\"short_description\":null,\"weight\":\"1\",\"product_online\":\"1\",\"tax_class_name\":\"Taxable Goods\",\"visibility\":\"Not Visible Individually\",\"price\":\"60\",\"special_price\":null,\"special_price_from_date\":null,\"special_price_to_date\":null,\"url_key\":\"frankie-sweatshirt-l-green\",\"meta_title\":null,\"meta_keywords\":null,\"meta_description\":null,\"base_image\":\"\\/m\\/h\\/mh04-green_main.jpg\",\"base_image_label\":null,\"small_image\":\"\\/m\\/h\\/mh04-green_main.jpg\",\"small_image_label\":null,\"thumbnail_image\":\"\\/m\\/h\\/mh04-green_main.jpg\",\"thumbnail_image_label\":null,\"created_at\":null,\"updated_at\":null,\"new_from_date\":null,\"new_to_date\":null,\"display_product_options_in\":null,\"map_price\":null,\"msrp_price\":null,\"map_enabled\":null,\"gift_message_available\":null,\"custom_design\":null,\"custom_design_from\":null,\"custom_design_to\":null,\"custom_layout_update\":null,\"page_layout\":null,\"product_options_container\":null,\"msrp_display_actual_price_type\":null,\"country_of_manufacture\":null,\"additional_attributes\":\"has_options=0,required_options=0,size=L,color=Green\",\"qty\":\"100\",\"out_of_stock_qty\":\"0\",\"use_config_min_qty\":\"1\",\"is_qty_decimal\":\"0\",\"allow_backorders\":\"0\",\"use_config_backorders\":\"1\",\"min_cart_qty\":\"1\",\"use_config_min_sale_qty\":\"1\",\"max_cart_qty\":\"0\",\"use_config_max_sale_qty\":\"1\",\"is_in_stock\":\"1\",\"notify_on_stock_below\":null,\"use_config_notify_stock_qty\":\"1\",\"manage_stock\":\"0\",\"use_config_manage_stock\":\"1\",\"use_config_qty_increments\":\"1\",\"qty_increments\":\"0\",\"use_config_enable_qty_inc\":\"1\",\"enable_qty_increments\":\"0\",\"is_decimal_divided\":\"0\",\"website_id\":\"1\",\"configurable_variations\":null,\"configurable_variation_prices\":null,\"configurable_variation_labels\":null,\"additional_images\":\"\\/m\\/h\\/mh04-green_alt1.jpg,\\/m\\/h\\/mh04-green_back.jpg\",\"image\":\"\\/m\\/h\\/mh04-green_main.jpg\",\"image_label\":null,\"thumbnail\":\"\\/m\\/h\\/mh04-green_main.jpg\",\"thumbnail_label\":null,\"_media_image\":\"\\/m\\/h\\/mh04-green_alt1.jpg,\\/m\\/h\\/mh04-green_back.jpg\",\"_store\":null,\"_attribute_set\":\"Top\",\"_product_websites\":\"base\",\"status\":\"1\",\"news_from_date\":null,\"news_to_date\":null,\"options_container\":null,\"minimal_price\":null,\"msrp\":null,\"msrp_enabled\":null,\"special_from_date\":null,\"special_to_date\":null,\"min_qty\":\"0\",\"backorders\":\"0\",\"min_sale_qty\":\"1\",\"max_sale_qty\":\"0\",\"notify_stock_qty\":null,\"meta_keyword\":null,\"has_options\":\"0\",\"required_options\":\"0\",\"size\":\"L\",\"color\":\"Green\"},{\"sku\":\"MH04-L-White\",\"store_view_code\":null,\"attribute_set_code\":\"Top\",\"product_type\":\"simple\",\"categories\":\"Default Category\\/Men\\/Tops\\/Hoodies & Sweatshirts,Default Category\\/Collections\\/Eco Friendly,Default Category\",\"product_websites\":\"base\",\"name\":\"Frankie  Sweatshirt-L-White\",\"description\":\"<p>The Frankie Sweatshirt is your best friend at long afternoon stadium stints or winter trailside campsites. The soft fleece fabric keeps you toasty as moisture-wicking technology kicks in when the sun comes out.<\\/p>\\n<p>&bull; Light green crewneck sweatshirt.<br \\/>&bull; Hand pockets.<br \\/>&bull; Relaxed fit.<br \\/>&bull; Machine wash\\/dry.<\\/p>\",\"short_description\":null,\"weight\":\"1\",\"product_online\":\"1\",\"tax_class_name\":\"Taxable Goods\",\"visibility\":\"Not Visible Individually\",\"price\":\"60\",\"special_price\":null,\"special_price_from_date\":null,\"special_price_to_date\":null,\"url_key\":\"frankie-sweatshirt-l-white\",\"meta_title\":null,\"meta_keywords\":null,\"meta_description\":null,\"base_image\":\"\\/m\\/h\\/mh04-white_main.jpg\",\"base_image_label\":null,\"small_image\":\"\\/m\\/h\\/mh04-white_main.jpg\",\"small_image_label\":null,\"thumbnail_image\":\"\\/m\\/h\\/mh04-white_main.jpg\",\"thumbnail_image_label\":null,\"created_at\":null,\"updated_at\":null,\"new_from_date\":null,\"new_to_date\":null,\"display_product_options_in\":null,\"map_price\":null,\"msrp_price\":null,\"map_enabled\":null,\"gift_message_available\":null,\"custom_design\":null,\"custom_design_from\":null,\"custom_design_to\":null,\"custom_layout_update\":null,\"page_layout\":null,\"product_options_container\":null,\"msrp_display_actual_price_type\":null,\"country_of_manufacture\":null,\"additional_attributes\":\"has_options=0,required_options=0,size=L,color=White\",\"qty\":\"100\",\"out_of_stock_qty\":\"0\",\"use_config_min_qty\":\"1\",\"is_qty_decimal\":\"0\",\"allow_backorders\":\"0\",\"use_config_backorders\":\"1\",\"min_cart_qty\":\"1\",\"use_config_min_sale_qty\":\"1\",\"max_cart_qty\":\"0\",\"use_config_max_sale_qty\":\"1\",\"is_in_stock\":\"1\",\"notify_on_stock_below\":null,\"use_config_notify_stock_qty\":\"1\",\"manage_stock\":\"0\",\"use_config_manage_stock\":\"1\",\"use_config_qty_increments\":\"1\",\"qty_increments\":\"0\",\"use_config_enable_qty_inc\":\"1\",\"enable_qty_increments\":\"0\",\"is_decimal_divided\":\"0\",\"website_id\":\"1\",\"configurable_variations\":null,\"configurable_variation_prices\":null,\"configurable_variation_labels\":null,\"additional_images\":null,\"image\":\"\\/m\\/h\\/mh04-white_main.jpg\",\"image_label\":null,\"thumbnail\":\"\\/m\\/h\\/mh04-white_main.jpg\",\"thumbnail_label\":null,\"_media_image\":null,\"_store\":null,\"_attribute_set\":\"Top\",\"_product_websites\":\"base\",\"status\":\"1\",\"news_from_date\":null,\"news_to_date\":null,\"options_container\":null,\"minimal_price\":null,\"msrp\":null,\"msrp_enabled\":null,\"special_from_date\":null,\"special_to_date\":null,\"min_qty\":\"0\",\"backorders\":\"0\",\"min_sale_qty\":\"1\",\"max_sale_qty\":\"0\",\"notify_stock_qty\":null,\"meta_keyword\":null,\"has_options\":\"0\",\"required_options\":\"0\",\"size\":\"L\",\"color\":\"White\"},{\"sku\":\"MH04-L-Yellow\",\"store_view_code\":null,\"attribute_set_code\":\"Top\",\"product_type\":\"simple\",\"categories\":\"Default Category\\/Men\\/Tops\\/Hoodies & Sweatshirts,Default Category\\/Collections\\/Eco Friendly,Default Category\",\"product_websites\":\"base\",\"name\":\"Frankie  Sweatshirt-L-Yellow\",\"description\":\"<p>The Frankie Sweatshirt is your best friend at long afternoon stadium stints or winter trailside campsites. The soft fleece fabric keeps you toasty as moisture-wicking technology kicks in when the sun comes out.<\\/p>\\n<p>&bull; Light green crewneck sweatshirt.<br \\/>&bull; Hand pockets.<br \\/>&bull; Relaxed fit.<br \\/>&bull; Machine wash\\/dry.<\\/p>\",\"short_description\":null,\"weight\":\"1\",\"product_online\":\"1\",\"tax_class_name\":\"Taxable Goods\",\"visibility\":\"Not Visible Individually\",\"price\":\"60\",\"special_price\":null,\"special_price_from_date\":null,\"special_price_to_date\":null,\"url_key\":\"frankie-sweatshirt-l-yellow\",\"meta_title\":null,\"meta_keywords\":null,\"meta_description\":null,\"base_image\":\"\\/m\\/h\\/mh04-yellow_main.jpg\",\"base_image_label\":null,\"small_image\":\"\\/m\\/h\\/mh04-yellow_main.jpg\",\"small_image_label\":null,\"thumbnail_image\":\"\\/m\\/h\\/mh04-yellow_main.jpg\",\"thumbnail_image_label\":null,\"created_at\":null,\"updated_at\":null,\"new_from_date\":null,\"new_to_date\":null,\"display_product_options_in\":null,\"map_price\":null,\"msrp_price\":null,\"map_enabled\":null,\"gift_message_available\":null,\"custom_design\":null,\"custom_design_from\":null,\"custom_design_to\":null,\"custom_layout_update\":null,\"page_layout\":null,\"product_options_container\":null,\"msrp_display_actual_price_type\":null,\"country_of_manufacture\":null,\"additional_attributes\":\"has_options=0,required_options=0,size=L,color=Yellow\",\"qty\":\"100\",\"out_of_stock_qty\":\"0\",\"use_config_min_qty\":\"1\",\"is_qty_decimal\":\"0\",\"allow_backorders\":\"0\",\"use_config_backorders\":\"1\",\"min_cart_qty\":\"1\",\"use_config_min_sale_qty\":\"1\",\"max_cart_qty\":\"0\",\"use_config_max_sale_qty\":\"1\",\"is_in_stock\":\"1\",\"notify_on_stock_below\":null,\"use_config_notify_stock_qty\":\"1\",\"manage_stock\":\"0\",\"use_config_manage_stock\":\"1\",\"use_config_qty_increments\":\"1\",\"qty_increments\":\"0\",\"use_config_enable_qty_inc\":\"1\",\"enable_qty_increments\":\"0\",\"is_decimal_divided\":\"0\",\"website_id\":\"1\",\"configurable_variations\":null,\"configurable_variation_prices\":null,\"configurable_variation_labels\":null,\"additional_images\":null,\"image\":\"\\/m\\/h\\/mh04-yellow_main.jpg\",\"image_label\":null,\"thumbnail\":\"\\/m\\/h\\/mh04-yellow_main.jpg\",\"thumbnail_label\":null,\"_media_image\":null,\"_store\":null,\"_attribute_set\":\"Top\",\"_product_websites\":\"base\",\"status\":\"1\",\"news_from_date\":null,\"news_to_date\":null,\"options_container\":null,\"minimal_price\":null,\"msrp\":null,\"msrp_enabled\":null,\"special_from_date\":null,\"special_to_date\":null,\"min_qty\":\"0\",\"backorders\":\"0\",\"min_sale_qty\":\"1\",\"max_sale_qty\":\"0\",\"notify_stock_qty\":null,\"meta_keyword\":null,\"has_options\":\"0\",\"required_options\":\"0\",\"size\":\"L\",\"color\":\"Yellow\"},{\"sku\":\"MH04-XL-Green\",\"store_view_code\":null,\"attribute_set_code\":\"Top\",\"product_type\":\"simple\",\"categories\":\"Default Category\\/Men\\/Tops\\/Hoodies & Sweatshirts,Default Category\\/Collections\\/Eco Friendly,Default Category\",\"product_websites\":\"base\",\"name\":\"Frankie  Sweatshirt-XL-Green\",\"description\":\"<p>The Frankie Sweatshirt is your best friend at long afternoon stadium stints or winter trailside campsites. The soft fleece fabric keeps you toasty as moisture-wicking technology kicks in when the sun comes out.<\\/p>\\n<p>&bull; Light green crewneck sweatshirt.<br \\/>&bull; Hand pockets.<br \\/>&bull; Relaxed fit.<br \\/>&bull; Machine wash\\/dry.<\\/p>\",\"short_description\":null,\"weight\":\"1\",\"product_online\":\"1\",\"tax_class_name\":\"Taxable Goods\",\"visibility\":\"Not Visible Individually\",\"price\":\"60\",\"special_price\":null,\"special_price_from_date\":null,\"special_price_to_date\":null,\"url_key\":\"frankie-sweatshirt-xl-green\",\"meta_title\":null,\"meta_keywords\":null,\"meta_description\":null,\"base_image\":\"\\/m\\/h\\/mh04-green_main.jpg\",\"base_image_label\":null,\"small_image\":\"\\/m\\/h\\/mh04-green_main.jpg\",\"small_image_label\":null,\"thumbnail_image\":\"\\/m\\/h\\/mh04-green_main.jpg\",\"thumbnail_image_label\":null,\"created_at\":null,\"updated_at\":null,\"new_from_date\":null,\"new_to_date\":null,\"display_product_options_in\":null,\"map_price\":null,\"msrp_price\":null,\"map_enabled\":null,\"gift_message_available\":null,\"custom_design\":null,\"custom_design_from\":null,\"custom_design_to\":null,\"custom_layout_update\":null,\"page_layout\":null,\"product_options_container\":null,\"msrp_display_actual_price_type\":null,\"country_of_manufacture\":null,\"additional_attributes\":\"has_options=0,required_options=0,size=XL,color=Green\",\"qty\":\"100\",\"out_of_stock_qty\":\"0\",\"use_config_min_qty\":\"1\",\"is_qty_decimal\":\"0\",\"allow_backorders\":\"0\",\"use_config_backorders\":\"1\",\"min_cart_qty\":\"1\",\"use_config_min_sale_qty\":\"1\",\"max_cart_qty\":\"0\",\"use_config_max_sale_qty\":\"1\",\"is_in_stock\":\"1\",\"notify_on_stock_below\":null,\"use_config_notify_stock_qty\":\"1\",\"manage_stock\":\"0\",\"use_config_manage_stock\":\"1\",\"use_config_qty_increments\":\"1\",\"qty_increments\":\"0\",\"use_config_enable_qty_inc\":\"1\",\"enable_qty_increments\":\"0\",\"is_decimal_divided\":\"0\",\"website_id\":\"1\",\"configurable_variations\":null,\"configurable_variation_prices\":null,\"configurable_variation_labels\":null,\"additional_images\":\"\\/m\\/h\\/mh04-green_alt1.jpg,\\/m\\/h\\/mh04-green_back.jpg\",\"image\":\"\\/m\\/h\\/mh04-green_main.jpg\",\"image_label\":null,\"thumbnail\":\"\\/m\\/h\\/mh04-green_main.jpg\",\"thumbnail_label\":null,\"_media_image\":\"\\/m\\/h\\/mh04-green_alt1.jpg,\\/m\\/h\\/mh04-green_back.jpg\",\"_store\":null,\"_attribute_set\":\"Top\",\"_product_websites\":\"base\",\"status\":\"1\",\"news_from_date\":null,\"news_to_date\":null,\"options_container\":null,\"minimal_price\":null,\"msrp\":null,\"msrp_enabled\":null,\"special_from_date\":null,\"special_to_date\":null,\"min_qty\":\"0\",\"backorders\":\"0\",\"min_sale_qty\":\"1\",\"max_sale_qty\":\"0\",\"notify_stock_qty\":null,\"meta_keyword\":null,\"has_options\":\"0\",\"required_options\":\"0\",\"size\":\"XL\",\"color\":\"Green\"},{\"sku\":\"MH04-XL-White\",\"store_view_code\":null,\"attribute_set_code\":\"Top\",\"product_type\":\"simple\",\"categories\":\"Default Category\\/Men\\/Tops\\/Hoodies & Sweatshirts,Default Category\\/Collections\\/Eco Friendly,Default Category\",\"product_websites\":\"base\",\"name\":\"Frankie  Sweatshirt-XL-White\",\"description\":\"<p>The Frankie Sweatshirt is your best friend at long afternoon stadium stints or winter trailside campsites. The soft fleece fabric keeps you toasty as moisture-wicking technology kicks in when the sun comes out.<\\/p>\\n<p>&bull; Light green crewneck sweatshirt.<br \\/>&bull; Hand pockets.<br \\/>&bull; Relaxed fit.<br \\/>&bull; Machine wash\\/dry.<\\/p>\",\"short_description\":null,\"weight\":\"1\",\"product_online\":\"1\",\"tax_class_name\":\"Taxable Goods\",\"visibility\":\"Not Visible Individually\",\"price\":\"60\",\"special_price\":null,\"special_price_from_date\":null,\"special_price_to_date\":null,\"url_key\":\"frankie-sweatshirt-xl-white\",\"meta_title\":null,\"meta_keywords\":null,\"meta_description\":null,\"base_image\":\"\\/m\\/h\\/mh04-white_main.jpg\",\"base_image_label\":null,\"small_image\":\"\\/m\\/h\\/mh04-white_main.jpg\",\"small_image_label\":null,\"thumbnail_image\":\"\\/m\\/h\\/mh04-white_main.jpg\",\"thumbnail_image_label\":null,\"created_at\":null,\"updated_at\":null,\"new_from_date\":null,\"new_to_date\":null,\"display_product_options_in\":null,\"map_price\":null,\"msrp_price\":null,\"map_enabled\":null,\"gift_message_available\":null,\"custom_design\":null,\"custom_design_from\":null,\"custom_design_to\":null,\"custom_layout_update\":null,\"page_layout\":null,\"product_options_container\":null,\"msrp_display_actual_price_type\":null,\"country_of_manufacture\":null,\"additional_attributes\":\"has_options=0,required_options=0,size=XL,color=White\",\"qty\":\"100\",\"out_of_stock_qty\":\"0\",\"use_config_min_qty\":\"1\",\"is_qty_decimal\":\"0\",\"allow_backorders\":\"0\",\"use_config_backorders\":\"1\",\"min_cart_qty\":\"1\",\"use_config_min_sale_qty\":\"1\",\"max_cart_qty\":\"0\",\"use_config_max_sale_qty\":\"1\",\"is_in_stock\":\"1\",\"notify_on_stock_below\":null,\"use_config_notify_stock_qty\":\"1\",\"manage_stock\":\"0\",\"use_config_manage_stock\":\"1\",\"use_config_qty_increments\":\"1\",\"qty_increments\":\"0\",\"use_config_enable_qty_inc\":\"1\",\"enable_qty_increments\":\"0\",\"is_decimal_divided\":\"0\",\"website_id\":\"1\",\"configurable_variations\":null,\"configurable_variation_prices\":null,\"configurable_variation_labels\":null,\"additional_images\":null,\"image\":\"\\/m\\/h\\/mh04-white_main.jpg\",\"image_label\":null,\"thumbnail\":\"\\/m\\/h\\/mh04-white_main.jpg\",\"thumbnail_label\":null,\"_media_image\":null,\"_store\":null,\"_attribute_set\":\"Top\",\"_product_websites\":\"base\",\"status\":\"1\",\"news_from_date\":null,\"news_to_date\":null,\"options_container\":null,\"minimal_price\":null,\"msrp\":null,\"msrp_enabled\":null,\"special_from_date\":null,\"special_to_date\":null,\"min_qty\":\"0\",\"backorders\":\"0\",\"min_sale_qty\":\"1\",\"max_sale_qty\":\"0\",\"notify_stock_qty\":null,\"meta_keyword\":null,\"has_options\":\"0\",\"required_options\":\"0\",\"size\":\"XL\",\"color\":\"White\"},{\"sku\":\"MH04-XL-Yellow\",\"store_view_code\":null,\"attribute_set_code\":\"Top\",\"product_type\":\"simple\",\"categories\":\"Default Category\\/Men\\/Tops\\/Hoodies & Sweatshirts,Default Category\\/Collections\\/Eco Friendly,Default Category\",\"product_websites\":\"base\",\"name\":\"Frankie  Sweatshirt-XL-Yellow\",\"description\":\"<p>The Frankie Sweatshirt is your best friend at long afternoon stadium stints or winter trailside campsites. The soft fleece fabric keeps you toasty as moisture-wicking technology kicks in when the sun comes out.<\\/p>\\n<p>&bull; Light green crewneck sweatshirt.<br \\/>&bull; Hand pockets.<br \\/>&bull; Relaxed fit.<br \\/>&bull; Machine wash\\/dry.<\\/p>\",\"short_description\":null,\"weight\":\"1\",\"product_online\":\"1\",\"tax_class_name\":\"Taxable Goods\",\"visibility\":\"Not Visible Individually\",\"price\":\"60\",\"special_price\":null,\"special_price_from_date\":null,\"special_price_to_date\":null,\"url_key\":\"frankie-sweatshirt-xl-yellow\",\"meta_title\":null,\"meta_keywords\":null,\"meta_description\":null,\"base_image\":\"\\/m\\/h\\/mh04-yellow_main.jpg\",\"base_image_label\":null,\"small_image\":\"\\/m\\/h\\/mh04-yellow_main.jpg\",\"small_image_label\":null,\"thumbnail_image\":\"\\/m\\/h\\/mh04-yellow_main.jpg\",\"thumbnail_image_label\":null,\"created_at\":null,\"updated_at\":null,\"new_from_date\":null,\"new_to_date\":null,\"display_product_options_in\":null,\"map_price\":null,\"msrp_price\":null,\"map_enabled\":null,\"gift_message_available\":null,\"custom_design\":null,\"custom_design_from\":null,\"custom_design_to\":null,\"custom_layout_update\":null,\"page_layout\":null,\"product_options_container\":null,\"msrp_display_actual_price_type\":null,\"country_of_manufacture\":null,\"additional_attributes\":\"has_options=0,required_options=0,size=XL,color=Yellow\",\"qty\":\"100\",\"out_of_stock_qty\":\"0\",\"use_config_min_qty\":\"1\",\"is_qty_decimal\":\"0\",\"allow_backorders\":\"0\",\"use_config_backorders\":\"1\",\"min_cart_qty\":\"1\",\"use_config_min_sale_qty\":\"1\",\"max_cart_qty\":\"0\",\"use_config_max_sale_qty\":\"1\",\"is_in_stock\":\"1\",\"notify_on_stock_below\":null,\"use_config_notify_stock_qty\":\"1\",\"manage_stock\":\"0\",\"use_config_manage_stock\":\"1\",\"use_config_qty_increments\":\"1\",\"qty_increments\":\"0\",\"use_config_enable_qty_inc\":\"1\",\"enable_qty_increments\":\"0\",\"is_decimal_divided\":\"0\",\"website_id\":\"1\",\"configurable_variations\":null,\"configurable_variation_prices\":null,\"configurable_variation_labels\":null,\"additional_images\":null,\"image\":\"\\/m\\/h\\/mh04-yellow_main.jpg\",\"image_label\":null,\"thumbnail\":\"\\/m\\/h\\/mh04-yellow_main.jpg\",\"thumbnail_label\":null,\"_media_image\":null,\"_store\":null,\"_attribute_set\":\"Top\",\"_product_websites\":\"base\",\"status\":\"1\",\"news_from_date\":null,\"news_to_date\":null,\"options_container\":null,\"minimal_price\":null,\"msrp\":null,\"msrp_enabled\":null,\"special_from_date\":null,\"special_to_date\":null,\"min_qty\":\"0\",\"backorders\":\"0\",\"min_sale_qty\":\"1\",\"max_sale_qty\":\"0\",\"notify_stock_qty\":null,\"meta_keyword\":null,\"has_options\":\"0\",\"required_options\":\"0\",\"size\":\"XL\",\"color\":\"Yellow\"},{\"sku\":\"MH04\",\"store_view_code\":null,\"attribute_set_code\":\"Top\",\"product_type\":\"configurable\",\"categories\":\"Default Category\\/Men\\/Tops\\/Hoodies & Sweatshirts,Default Category\\/Collections\\/Eco Friendly,Default Category\",\"product_websites\":\"base\",\"name\":\"Frankie  Sweatshirt\",\"description\":\"<p>The Frankie Sweatshirt is your best friend at long afternoon stadium stints or winter trailside campsites. The soft fleece fabric keeps you toasty as moisture-wicking technology kicks in when the sun comes out.<\\/p>\\n<p>&bull; Light green crewneck sweatshirt.<br \\/>&bull; Hand pockets.<br \\/>&bull; Relaxed fit.<br \\/>&bull; Machine wash\\/dry.<\\/p>\",\"short_description\":null,\"weight\":null,\"product_online\":\"1\",\"tax_class_name\":\"Taxable Goods\",\"visibility\":\"Catalog, Search\",\"price\":\"60\",\"special_price\":null,\"special_price_from_date\":null,\"special_price_to_date\":null,\"url_key\":null,\"meta_title\":null,\"meta_keywords\":null,\"meta_description\":null,\"base_image\":\"\\/m\\/h\\/mh04-green_main.jpg\",\"base_image_label\":null,\"small_image\":\"\\/m\\/h\\/mh04-green_main.jpg\",\"small_image_label\":null,\"thumbnail_image\":\"\\/m\\/h\\/mh04-green_main.jpg\",\"thumbnail_image_label\":null,\"created_at\":null,\"updated_at\":null,\"new_from_date\":null,\"new_to_date\":null,\"display_product_options_in\":null,\"map_price\":null,\"msrp_price\":null,\"map_enabled\":null,\"gift_message_available\":null,\"custom_design\":null,\"custom_design_from\":null,\"custom_design_to\":null,\"custom_layout_update\":null,\"page_layout\":null,\"product_options_container\":null,\"msrp_display_actual_price_type\":null,\"country_of_manufacture\":null,\"additional_attributes\":\"has_options=1,required_options=1,material=Organic Cotton,pattern=Solid,climate=All-weather|Cool|Indoor|Spring|Windy,eco_collection=Yes,performance_fabric=Yes,erin_recommends=No,new=No,sale=Yes\",\"qty\":\"0\",\"out_of_stock_qty\":\"0\",\"use_config_min_qty\":\"1\",\"is_qty_decimal\":\"0\",\"allow_backorders\":\"0\",\"use_config_backorders\":\"1\",\"min_cart_qty\":\"1\",\"use_config_min_sale_qty\":\"1\",\"max_cart_qty\":\"0\",\"use_config_max_sale_qty\":\"1\",\"is_in_stock\":\"1\",\"notify_on_stock_below\":null,\"use_config_notify_stock_qty\":\"1\",\"manage_stock\":\"0\",\"use_config_manage_stock\":\"1\",\"use_config_qty_increments\":\"1\",\"qty_increments\":\"0\",\"use_config_enable_qty_inc\":\"1\",\"enable_qty_increments\":\"0\",\"is_decimal_divided\":\"0\",\"website_id\":\"1\",\"configurable_variations\":\"sku=MH04-XS-Green,size=XS,color=Green|sku=MH04-XS-White,size=XS,color=White|sku=MH04-XS-Yellow,size=XS,color=Yellow|sku=MH04-S-Green,size=S,color=Green|sku=MH04-S-White,size=S,color=White|sku=MH04-S-Yellow,size=S,color=Yellow|sku=MH04-M-Green,size=M,color=Green|sku=MH04-M-White,size=M,color=White|sku=MH04-M-Yellow,size=M,color=Yellow|sku=MH04-L-Green,size=L,color=Green|sku=MH04-L-White,size=L,color=White|sku=MH04-L-Yellow,size=L,color=Yellow|sku=MH04-XL-Green,size=XL,color=Green|sku=MH04-XL-White,size=XL,color=White|sku=MH04-XL-Yellow,size=XL,color=Yellow\",\"configurable_variation_prices\":null,\"configurable_variation_labels\":null,\"additional_images\":\"\\/m\\/h\\/mh04-green_alt1.jpg,\\/m\\/h\\/mh04-green_back.jpg\",\"image\":\"\\/m\\/h\\/mh04-green_main.jpg\",\"image_label\":null,\"thumbnail\":\"\\/m\\/h\\/mh04-green_main.jpg\",\"thumbnail_label\":null,\"_media_image\":\"\\/m\\/h\\/mh04-green_alt1.jpg,\\/m\\/h\\/mh04-green_back.jpg\",\"_store\":null,\"_attribute_set\":\"Top\",\"_product_websites\":\"base\",\"status\":\"1\",\"news_from_date\":null,\"news_to_date\":null,\"options_container\":null,\"minimal_price\":null,\"msrp\":null,\"msrp_enabled\":null,\"special_from_date\":null,\"special_to_date\":null,\"min_qty\":\"0\",\"backorders\":\"0\",\"min_sale_qty\":\"1\",\"max_sale_qty\":\"0\",\"notify_stock_qty\":null,\"meta_keyword\":null,\"has_options\":\"1\",\"required_options\":\"1\",\"material\":\"Organic Cotton\",\"pattern\":\"Solid\",\"climate\":[\"All-weather\",\"Cool\",\"Indoor\",\"Spring\",\"Windy\"],\"eco_collection\":\"Yes\",\"performance_fabric\":\"Yes\",\"erin_recommends\":\"No\",\"new\":\"No\",\"sale\":\"Yes\"},{\"sku\":\"MH05-XS-Green\",\"store_view_code\":null,\"attribute_set_code\":\"Top\",\"product_type\":\"simple\",\"categories\":\"Default Category\\/Men\\/Tops\\/Hoodies & Sweatshirts\",\"product_websites\":\"base\",\"name\":\"Hollister Backyard Sweatshirt-XS-Green\",\"description\":\"<p>Kick off your weekend in the Hollister Backyard Sweatshirt. Whether you\'re raking leaves or flipping burgers, this comfy layer blocks the bite of the crisp autumn air. Puffy thick from hood to hem, it traps heat against your core.<\\/p>\\n<p>&bull; Cream crewneck sweatshirt with navy sleeves\\/trim.<br \\/>&bull; Relaxed fit. <br \\/>&bull; Ribbed cuffs and hem. <br \\/>&bull; Machine wash\\/dry.<\\/p>\",\"short_description\":null,\"weight\":\"1\",\"product_online\":\"1\",\"tax_class_name\":\"Taxable Goods\",\"visibility\":\"Not Visible Individually\",\"price\":\"52\",\"special_price\":null,\"special_price_from_date\":null,\"special_price_to_date\":null,\"url_key\":\"hollister-backyard-sweatshirt-xs-green\",\"meta_title\":null,\"meta_keywords\":null,\"meta_description\":null,\"base_image\":\"\\/m\\/h\\/mh05-green_main.jpg\",\"base_image_label\":null,\"small_image\":\"\\/m\\/h\\/mh05-green_main.jpg\",\"small_image_label\":null,\"thumbnail_image\":\"\\/m\\/h\\/mh05-green_main.jpg\",\"thumbnail_image_label\":null,\"created_at\":null,\"updated_at\":null,\"new_from_date\":null,\"new_to_date\":null,\"display_product_options_in\":null,\"map_price\":null,\"msrp_price\":null,\"map_enabled\":null,\"gift_message_available\":null,\"custom_design\":null,\"custom_design_from\":null,\"custom_design_to\":null,\"custom_layout_update\":null,\"page_layout\":null,\"product_options_container\":null,\"msrp_display_actual_price_type\":null,\"country_of_manufacture\":null,\"additional_attributes\":\"has_options=0,required_options=0,size=XS,color=Green\",\"qty\":\"100\",\"out_of_stock_qty\":\"0\",\"use_config_min_qty\":\"1\",\"is_qty_decimal\":\"0\",\"allow_backorders\":\"0\",\"use_config_backorders\":\"1\",\"min_cart_qty\":\"1\",\"use_config_min_sale_qty\":\"1\",\"max_cart_qty\":\"0\",\"use_config_max_sale_qty\":\"1\",\"is_in_stock\":\"1\",\"notify_on_stock_below\":null,\"use_config_notify_stock_qty\":\"1\",\"manage_stock\":\"0\",\"use_config_manage_stock\":\"1\",\"use_config_qty_increments\":\"1\",\"qty_increments\":\"0\",\"use_config_enable_qty_inc\":\"1\",\"enable_qty_increments\":\"0\",\"is_decimal_divided\":\"0\",\"website_id\":\"1\",\"configurable_variations\":null,\"configurable_variation_prices\":null,\"configurable_variation_labels\":null,\"additional_images\":null,\"image\":\"\\/m\\/h\\/mh05-green_main.jpg\",\"image_label\":null,\"thumbnail\":\"\\/m\\/h\\/mh05-green_main.jpg\",\"thumbnail_label\":null,\"_media_image\":null,\"_store\":null,\"_attribute_set\":\"Top\",\"_product_websites\":\"base\",\"status\":\"1\",\"news_from_date\":null,\"news_to_date\":null,\"options_container\":null,\"minimal_price\":null,\"msrp\":null,\"msrp_enabled\":null,\"special_from_date\":null,\"special_to_date\":null,\"min_qty\":\"0\",\"backorders\":\"0\",\"min_sale_qty\":\"1\",\"max_sale_qty\":\"0\",\"notify_stock_qty\":null,\"meta_keyword\":null,\"has_options\":\"0\",\"required_options\":\"0\",\"size\":\"XS\",\"color\":\"Green\"},{\"sku\":\"MH05-XS-Red\",\"store_view_code\":null,\"attribute_set_code\":\"Top\",\"product_type\":\"simple\",\"categories\":\"Default Category\\/Men\\/Tops\\/Hoodies & Sweatshirts\",\"product_websites\":\"base\",\"name\":\"Hollister Backyard Sweatshirt-XS-Red\",\"description\":\"<p>Kick off your weekend in the Hollister Backyard Sweatshirt. Whether you\'re raking leaves or flipping burgers, this comfy layer blocks the bite of the crisp autumn air. Puffy thick from hood to hem, it traps heat against your core.<\\/p>\\n<p>&bull; Cream crewneck sweatshirt with navy sleeves\\/trim.<br \\/>&bull; Relaxed fit. <br \\/>&bull; Ribbed cuffs and hem. <br \\/>&bull; Machine wash\\/dry.<\\/p>\",\"short_description\":null,\"weight\":\"1\",\"product_online\":\"1\",\"tax_class_name\":\"Taxable Goods\",\"visibility\":\"Not Visible Individually\",\"price\":\"52\",\"special_price\":null,\"special_price_from_date\":null,\"special_price_to_date\":null,\"url_key\":\"hollister-backyard-sweatshirt-xs-red\",\"meta_title\":null,\"meta_keywords\":null,\"meta_description\":null,\"base_image\":\"\\/m\\/h\\/mh05-red_main.jpg\",\"base_image_label\":null,\"small_image\":\"\\/m\\/h\\/mh05-red_main.jpg\",\"small_image_label\":null,\"thumbnail_image\":\"\\/m\\/h\\/mh05-red_main.jpg\",\"thumbnail_image_label\":null,\"created_at\":null,\"updated_at\":null,\"new_from_date\":null,\"new_to_date\":null,\"display_product_options_in\":null,\"map_price\":null,\"msrp_price\":null,\"map_enabled\":null,\"gift_message_available\":null,\"custom_design\":null,\"custom_design_from\":null,\"custom_design_to\":null,\"custom_layout_update\":null,\"page_layout\":null,\"product_options_container\":null,\"msrp_display_actual_price_type\":null,\"country_of_manufacture\":null,\"additional_attributes\":\"has_options=0,required_options=0,size=XS,color=Red\",\"qty\":\"100\",\"out_of_stock_qty\":\"0\",\"use_config_min_qty\":\"1\",\"is_qty_decimal\":\"0\",\"allow_backorders\":\"0\",\"use_config_backorders\":\"1\",\"min_cart_qty\":\"1\",\"use_config_min_sale_qty\":\"1\",\"max_cart_qty\":\"0\",\"use_config_max_sale_qty\":\"1\",\"is_in_stock\":\"1\",\"notify_on_stock_below\":null,\"use_config_notify_stock_qty\":\"1\",\"manage_stock\":\"0\",\"use_config_manage_stock\":\"1\",\"use_config_qty_increments\":\"1\",\"qty_increments\":\"0\",\"use_config_enable_qty_inc\":\"1\",\"enable_qty_increments\":\"0\",\"is_decimal_divided\":\"0\",\"website_id\":\"1\",\"configurable_variations\":null,\"configurable_variation_prices\":null,\"configurable_variation_labels\":null,\"additional_images\":null,\"image\":\"\\/m\\/h\\/mh05-red_main.jpg\",\"image_label\":null,\"thumbnail\":\"\\/m\\/h\\/mh05-red_main.jpg\",\"thumbnail_label\":null,\"_media_image\":null,\"_store\":null,\"_attribute_set\":\"Top\",\"_product_websites\":\"base\",\"status\":\"1\",\"news_from_date\":null,\"news_to_date\":null,\"options_container\":null,\"minimal_price\":null,\"msrp\":null,\"msrp_enabled\":null,\"special_from_date\":null,\"special_to_date\":null,\"min_qty\":\"0\",\"backorders\":\"0\",\"min_sale_qty\":\"1\",\"max_sale_qty\":\"0\",\"notify_stock_qty\":null,\"meta_keyword\":null,\"has_options\":\"0\",\"required_options\":\"0\",\"size\":\"XS\",\"color\":\"Red\"},{\"sku\":\"MH05-XS-White\",\"store_view_code\":null,\"attribute_set_code\":\"Top\",\"product_type\":\"simple\",\"categories\":\"Default Category\\/Men\\/Tops\\/Hoodies & Sweatshirts\",\"product_websites\":\"base\",\"name\":\"Hollister Backyard Sweatshirt-XS-White\",\"description\":\"<p>Kick off your weekend in the Hollister Backyard Sweatshirt. Whether you\'re raking leaves or flipping burgers, this comfy layer blocks the bite of the crisp autumn air. Puffy thick from hood to hem, it traps heat against your core.<\\/p>\\n<p>&bull; Cream crewneck sweatshirt with navy sleeves\\/trim.<br \\/>&bull; Relaxed fit. <br \\/>&bull; Ribbed cuffs and hem. <br \\/>&bull; Machine wash\\/dry.<\\/p>\",\"short_description\":null,\"weight\":\"1\",\"product_online\":\"1\",\"tax_class_name\":\"Taxable Goods\",\"visibility\":\"Not Visible Individually\",\"price\":\"52\",\"special_price\":null,\"special_price_from_date\":null,\"special_price_to_date\":null,\"url_key\":\"hollister-backyard-sweatshirt-xs-white\",\"meta_title\":null,\"meta_keywords\":null,\"meta_description\":null,\"base_image\":\"\\/m\\/h\\/mh05-white_main.jpg\",\"base_image_label\":null,\"small_image\":\"\\/m\\/h\\/mh05-white_main.jpg\",\"small_image_label\":null,\"thumbnail_image\":\"\\/m\\/h\\/mh05-white_main.jpg\",\"thumbnail_image_label\":null,\"created_at\":null,\"updated_at\":null,\"new_from_date\":null,\"new_to_date\":null,\"display_product_options_in\":null,\"map_price\":null,\"msrp_price\":null,\"map_enabled\":null,\"gift_message_available\":null,\"custom_design\":null,\"custom_design_from\":null,\"custom_design_to\":null,\"custom_layout_update\":null,\"page_layout\":null,\"product_options_container\":null,\"msrp_display_actual_price_type\":null,\"country_of_manufacture\":null,\"additional_attributes\":\"has_options=0,required_options=0,size=XS,color=White\",\"qty\":\"100\",\"out_of_stock_qty\":\"0\",\"use_config_min_qty\":\"1\",\"is_qty_decimal\":\"0\",\"allow_backorders\":\"0\",\"use_config_backorders\":\"1\",\"min_cart_qty\":\"1\",\"use_config_min_sale_qty\":\"1\",\"max_cart_qty\":\"0\",\"use_config_max_sale_qty\":\"1\",\"is_in_stock\":\"1\",\"notify_on_stock_below\":null,\"use_config_notify_stock_qty\":\"1\",\"manage_stock\":\"0\",\"use_config_manage_stock\":\"1\",\"use_config_qty_increments\":\"1\",\"qty_increments\":\"0\",\"use_config_enable_qty_inc\":\"1\",\"enable_qty_increments\":\"0\",\"is_decimal_divided\":\"0\",\"website_id\":\"1\",\"configurable_variations\":null,\"configurable_variation_prices\":null,\"configurable_variation_labels\":null,\"additional_images\":\"\\/m\\/h\\/mh05-white_alt1.jpg,\\/m\\/h\\/mh05-white_back.jpg\",\"image\":\"\\/m\\/h\\/mh05-white_main.jpg\",\"image_label\":null,\"thumbnail\":\"\\/m\\/h\\/mh05-white_main.jpg\",\"thumbnail_label\":null,\"_media_image\":\"\\/m\\/h\\/mh05-white_alt1.jpg,\\/m\\/h\\/mh05-white_back.jpg\",\"_store\":null,\"_attribute_set\":\"Top\",\"_product_websites\":\"base\",\"status\":\"1\",\"news_from_date\":null,\"news_to_date\":null,\"options_container\":null,\"minimal_price\":null,\"msrp\":null,\"msrp_enabled\":null,\"special_from_date\":null,\"special_to_date\":null,\"min_qty\":\"0\",\"backorders\":\"0\",\"min_sale_qty\":\"1\",\"max_sale_qty\":\"0\",\"notify_stock_qty\":null,\"meta_keyword\":null,\"has_options\":\"0\",\"required_options\":\"0\",\"size\":\"XS\",\"color\":\"White\"},{\"sku\":\"MH05-S-Green\",\"store_view_code\":null,\"attribute_set_code\":\"Top\",\"product_type\":\"simple\",\"categories\":\"Default Category\\/Men\\/Tops\\/Hoodies & Sweatshirts\",\"product_websites\":\"base\",\"name\":\"Hollister Backyard Sweatshirt-S-Green\",\"description\":\"<p>Kick off your weekend in the Hollister Backyard Sweatshirt. Whether you\'re raking leaves or flipping burgers, this comfy layer blocks the bite of the crisp autumn air. Puffy thick from hood to hem, it traps heat against your core.<\\/p>\\n<p>&bull; Cream crewneck sweatshirt with navy sleeves\\/trim.<br \\/>&bull; Relaxed fit. <br \\/>&bull; Ribbed cuffs and hem. <br \\/>&bull; Machine wash\\/dry.<\\/p>\",\"short_description\":null,\"weight\":\"1\",\"product_online\":\"1\",\"tax_class_name\":\"Taxable Goods\",\"visibility\":\"Not Visible Individually\",\"price\":\"52\",\"special_price\":null,\"special_price_from_date\":null,\"special_price_to_date\":null,\"url_key\":\"hollister-backyard-sweatshirt-s-green\",\"meta_title\":null,\"meta_keywords\":null,\"meta_description\":null,\"base_image\":\"\\/m\\/h\\/mh05-green_main.jpg\",\"base_image_label\":null,\"small_image\":\"\\/m\\/h\\/mh05-green_main.jpg\",\"small_image_label\":null,\"thumbnail_image\":\"\\/m\\/h\\/mh05-green_main.jpg\",\"thumbnail_image_label\":null,\"created_at\":null,\"updated_at\":null,\"new_from_date\":null,\"new_to_date\":null,\"display_product_options_in\":null,\"map_price\":null,\"msrp_price\":null,\"map_enabled\":null,\"gift_message_available\":null,\"custom_design\":null,\"custom_design_from\":null,\"custom_design_to\":null,\"custom_layout_update\":null,\"page_layout\":null,\"product_options_container\":null,\"msrp_display_actual_price_type\":null,\"country_of_manufacture\":null,\"additional_attributes\":\"has_options=0,required_options=0,size=S,color=Green\",\"qty\":\"100\",\"out_of_stock_qty\":\"0\",\"use_config_min_qty\":\"1\",\"is_qty_decimal\":\"0\",\"allow_backorders\":\"0\",\"use_config_backorders\":\"1\",\"min_cart_qty\":\"1\",\"use_config_min_sale_qty\":\"1\",\"max_cart_qty\":\"0\",\"use_config_max_sale_qty\":\"1\",\"is_in_stock\":\"1\",\"notify_on_stock_below\":null,\"use_config_notify_stock_qty\":\"1\",\"manage_stock\":\"0\",\"use_config_manage_stock\":\"1\",\"use_config_qty_increments\":\"1\",\"qty_increments\":\"0\",\"use_config_enable_qty_inc\":\"1\",\"enable_qty_increments\":\"0\",\"is_decimal_divided\":\"0\",\"website_id\":\"1\",\"configurable_variations\":null,\"configurable_variation_prices\":null,\"configurable_variation_labels\":null,\"additional_images\":null,\"image\":\"\\/m\\/h\\/mh05-green_main.jpg\",\"image_label\":null,\"thumbnail\":\"\\/m\\/h\\/mh05-green_main.jpg\",\"thumbnail_label\":null,\"_media_image\":null,\"_store\":null,\"_attribute_set\":\"Top\",\"_product_websites\":\"base\",\"status\":\"1\",\"news_from_date\":null,\"news_to_date\":null,\"options_container\":null,\"minimal_price\":null,\"msrp\":null,\"msrp_enabled\":null,\"special_from_date\":null,\"special_to_date\":null,\"min_qty\":\"0\",\"backorders\":\"0\",\"min_sale_qty\":\"1\",\"max_sale_qty\":\"0\",\"notify_stock_qty\":null,\"meta_keyword\":null,\"has_options\":\"0\",\"required_options\":\"0\",\"size\":\"S\",\"color\":\"Green\"},{\"sku\":\"MH05-S-Red\",\"store_view_code\":null,\"attribute_set_code\":\"Top\",\"product_type\":\"simple\",\"categories\":\"Default Category\\/Men\\/Tops\\/Hoodies & Sweatshirts\",\"product_websites\":\"base\",\"name\":\"Hollister Backyard Sweatshirt-S-Red\",\"description\":\"<p>Kick off your weekend in the Hollister Backyard Sweatshirt. Whether you\'re raking leaves or flipping burgers, this comfy layer blocks the bite of the crisp autumn air. Puffy thick from hood to hem, it traps heat against your core.<\\/p>\\n<p>&bull; Cream crewneck sweatshirt with navy sleeves\\/trim.<br \\/>&bull; Relaxed fit. <br \\/>&bull; Ribbed cuffs and hem. <br \\/>&bull; Machine wash\\/dry.<\\/p>\",\"short_description\":null,\"weight\":\"1\",\"product_online\":\"1\",\"tax_class_name\":\"Taxable Goods\",\"visibility\":\"Not Visible Individually\",\"price\":\"52\",\"special_price\":null,\"special_price_from_date\":null,\"special_price_to_date\":null,\"url_key\":\"hollister-backyard-sweatshirt-s-red\",\"meta_title\":null,\"meta_keywords\":null,\"meta_description\":null,\"base_image\":\"\\/m\\/h\\/mh05-red_main.jpg\",\"base_image_label\":null,\"small_image\":\"\\/m\\/h\\/mh05-red_main.jpg\",\"small_image_label\":null,\"thumbnail_image\":\"\\/m\\/h\\/mh05-red_main.jpg\",\"thumbnail_image_label\":null,\"created_at\":null,\"updated_at\":null,\"new_from_date\":null,\"new_to_date\":null,\"display_product_options_in\":null,\"map_price\":null,\"msrp_price\":null,\"map_enabled\":null,\"gift_message_available\":null,\"custom_design\":null,\"custom_design_from\":null,\"custom_design_to\":null,\"custom_layout_update\":null,\"page_layout\":null,\"product_options_container\":null,\"msrp_display_actual_price_type\":null,\"country_of_manufacture\":null,\"additional_attributes\":\"has_options=0,required_options=0,size=S,color=Red\",\"qty\":\"100\",\"out_of_stock_qty\":\"0\",\"use_config_min_qty\":\"1\",\"is_qty_decimal\":\"0\",\"allow_backorders\":\"0\",\"use_config_backorders\":\"1\",\"min_cart_qty\":\"1\",\"use_config_min_sale_qty\":\"1\",\"max_cart_qty\":\"0\",\"use_config_max_sale_qty\":\"1\",\"is_in_stock\":\"1\",\"notify_on_stock_below\":null,\"use_config_notify_stock_qty\":\"1\",\"manage_stock\":\"0\",\"use_config_manage_stock\":\"1\",\"use_config_qty_increments\":\"1\",\"qty_increments\":\"0\",\"use_config_enable_qty_inc\":\"1\",\"enable_qty_increments\":\"0\",\"is_decimal_divided\":\"0\",\"website_id\":\"1\",\"configurable_variations\":null,\"configurable_variation_prices\":null,\"configurable_variation_labels\":null,\"additional_images\":null,\"image\":\"\\/m\\/h\\/mh05-red_main.jpg\",\"image_label\":null,\"thumbnail\":\"\\/m\\/h\\/mh05-red_main.jpg\",\"thumbnail_label\":null,\"_media_image\":null,\"_store\":null,\"_attribute_set\":\"Top\",\"_product_websites\":\"base\",\"status\":\"1\",\"news_from_date\":null,\"news_to_date\":null,\"options_container\":null,\"minimal_price\":null,\"msrp\":null,\"msrp_enabled\":null,\"special_from_date\":null,\"special_to_date\":null,\"min_qty\":\"0\",\"backorders\":\"0\",\"min_sale_qty\":\"1\",\"max_sale_qty\":\"0\",\"notify_stock_qty\":null,\"meta_keyword\":null,\"has_options\":\"0\",\"required_options\":\"0\",\"size\":\"S\",\"color\":\"Red\"},{\"sku\":\"MH05-S-White\",\"store_view_code\":null,\"attribute_set_code\":\"Top\",\"product_type\":\"simple\",\"categories\":\"Default Category\\/Men\\/Tops\\/Hoodies & Sweatshirts\",\"product_websites\":\"base\",\"name\":\"Hollister Backyard Sweatshirt-S-White\",\"description\":\"<p>Kick off your weekend in the Hollister Backyard Sweatshirt. Whether you\'re raking leaves or flipping burgers, this comfy layer blocks the bite of the crisp autumn air. Puffy thick from hood to hem, it traps heat against your core.<\\/p>\\n<p>&bull; Cream crewneck sweatshirt with navy sleeves\\/trim.<br \\/>&bull; Relaxed fit. <br \\/>&bull; Ribbed cuffs and hem. <br \\/>&bull; Machine wash\\/dry.<\\/p>\",\"short_description\":null,\"weight\":\"1\",\"product_online\":\"1\",\"tax_class_name\":\"Taxable Goods\",\"visibility\":\"Not Visible Individually\",\"price\":\"52\",\"special_price\":null,\"special_price_from_date\":null,\"special_price_to_date\":null,\"url_key\":\"hollister-backyard-sweatshirt-s-white\",\"meta_title\":null,\"meta_keywords\":null,\"meta_description\":null,\"base_image\":\"\\/m\\/h\\/mh05-white_main.jpg\",\"base_image_label\":null,\"small_image\":\"\\/m\\/h\\/mh05-white_main.jpg\",\"small_image_label\":null,\"thumbnail_image\":\"\\/m\\/h\\/mh05-white_main.jpg\",\"thumbnail_image_label\":null,\"created_at\":null,\"updated_at\":null,\"new_from_date\":null,\"new_to_date\":null,\"display_product_options_in\":null,\"map_price\":null,\"msrp_price\":null,\"map_enabled\":null,\"gift_message_available\":null,\"custom_design\":null,\"custom_design_from\":null,\"custom_design_to\":null,\"custom_layout_update\":null,\"page_layout\":null,\"product_options_container\":null,\"msrp_display_actual_price_type\":null,\"country_of_manufacture\":null,\"additional_attributes\":\"has_options=0,required_options=0,size=S,color=White\",\"qty\":\"100\",\"out_of_stock_qty\":\"0\",\"use_config_min_qty\":\"1\",\"is_qty_decimal\":\"0\",\"allow_backorders\":\"0\",\"use_config_backorders\":\"1\",\"min_cart_qty\":\"1\",\"use_config_min_sale_qty\":\"1\",\"max_cart_qty\":\"0\",\"use_config_max_sale_qty\":\"1\",\"is_in_stock\":\"1\",\"notify_on_stock_below\":null,\"use_config_notify_stock_qty\":\"1\",\"manage_stock\":\"0\",\"use_config_manage_stock\":\"1\",\"use_config_qty_increments\":\"1\",\"qty_increments\":\"0\",\"use_config_enable_qty_inc\":\"1\",\"enable_qty_increments\":\"0\",\"is_decimal_divided\":\"0\",\"website_id\":\"1\",\"configurable_variations\":null,\"configurable_variation_prices\":null,\"configurable_variation_labels\":null,\"additional_images\":\"\\/m\\/h\\/mh05-white_alt1.jpg,\\/m\\/h\\/mh05-white_back.jpg\",\"image\":\"\\/m\\/h\\/mh05-white_main.jpg\",\"image_label\":null,\"thumbnail\":\"\\/m\\/h\\/mh05-white_main.jpg\",\"thumbnail_label\":null,\"_media_image\":\"\\/m\\/h\\/mh05-white_alt1.jpg,\\/m\\/h\\/mh05-white_back.jpg\",\"_store\":null,\"_attribute_set\":\"Top\",\"_product_websites\":\"base\",\"status\":\"1\",\"news_from_date\":null,\"news_to_date\":null,\"options_container\":null,\"minimal_price\":null,\"msrp\":null,\"msrp_enabled\":null,\"special_from_date\":null,\"special_to_date\":null,\"min_qty\":\"0\",\"backorders\":\"0\",\"min_sale_qty\":\"1\",\"max_sale_qty\":\"0\",\"notify_stock_qty\":null,\"meta_keyword\":null,\"has_options\":\"0\",\"required_options\":\"0\",\"size\":\"S\",\"color\":\"White\"},{\"sku\":\"MH05-M-Green\",\"store_view_code\":null,\"attribute_set_code\":\"Top\",\"product_type\":\"simple\",\"categories\":\"Default Category\\/Men\\/Tops\\/Hoodies & Sweatshirts\",\"product_websites\":\"base\",\"name\":\"Hollister Backyard Sweatshirt-M-Green\",\"description\":\"<p>Kick off your weekend in the Hollister Backyard Sweatshirt. Whether you\'re raking leaves or flipping burgers, this comfy layer blocks the bite of the crisp autumn air. Puffy thick from hood to hem, it traps heat against your core.<\\/p>\\n<p>&bull; Cream crewneck sweatshirt with navy sleeves\\/trim.<br \\/>&bull; Relaxed fit. <br \\/>&bull; Ribbed cuffs and hem. <br \\/>&bull; Machine wash\\/dry.<\\/p>\",\"short_description\":null,\"weight\":\"1\",\"product_online\":\"1\",\"tax_class_name\":\"Taxable Goods\",\"visibility\":\"Not Visible Individually\",\"price\":\"52\",\"special_price\":null,\"special_price_from_date\":null,\"special_price_to_date\":null,\"url_key\":\"hollister-backyard-sweatshirt-m-green\",\"meta_title\":null,\"meta_keywords\":null,\"meta_description\":null,\"base_image\":\"\\/m\\/h\\/mh05-green_main.jpg\",\"base_image_label\":null,\"small_image\":\"\\/m\\/h\\/mh05-green_main.jpg\",\"small_image_label\":null,\"thumbnail_image\":\"\\/m\\/h\\/mh05-green_main.jpg\",\"thumbnail_image_label\":null,\"created_at\":null,\"updated_at\":null,\"new_from_date\":null,\"new_to_date\":null,\"display_product_options_in\":null,\"map_price\":null,\"msrp_price\":null,\"map_enabled\":null,\"gift_message_available\":null,\"custom_design\":null,\"custom_design_from\":null,\"custom_design_to\":null,\"custom_layout_update\":null,\"page_layout\":null,\"product_options_container\":null,\"msrp_display_actual_price_type\":null,\"country_of_manufacture\":null,\"additional_attributes\":\"has_options=0,required_options=0,size=M,color=Green\",\"qty\":\"100\",\"out_of_stock_qty\":\"0\",\"use_config_min_qty\":\"1\",\"is_qty_decimal\":\"0\",\"allow_backorders\":\"0\",\"use_config_backorders\":\"1\",\"min_cart_qty\":\"1\",\"use_config_min_sale_qty\":\"1\",\"max_cart_qty\":\"0\",\"use_config_max_sale_qty\":\"1\",\"is_in_stock\":\"1\",\"notify_on_stock_below\":null,\"use_config_notify_stock_qty\":\"1\",\"manage_stock\":\"0\",\"use_config_manage_stock\":\"1\",\"use_config_qty_increments\":\"1\",\"qty_increments\":\"0\",\"use_config_enable_qty_inc\":\"1\",\"enable_qty_increments\":\"0\",\"is_decimal_divided\":\"0\",\"website_id\":\"1\",\"configurable_variations\":null,\"configurable_variation_prices\":null,\"configurable_variation_labels\":null,\"additional_images\":null,\"image\":\"\\/m\\/h\\/mh05-green_main.jpg\",\"image_label\":null,\"thumbnail\":\"\\/m\\/h\\/mh05-green_main.jpg\",\"thumbnail_label\":null,\"_media_image\":null,\"_store\":null,\"_attribute_set\":\"Top\",\"_product_websites\":\"base\",\"status\":\"1\",\"news_from_date\":null,\"news_to_date\":null,\"options_container\":null,\"minimal_price\":null,\"msrp\":null,\"msrp_enabled\":null,\"special_from_date\":null,\"special_to_date\":null,\"min_qty\":\"0\",\"backorders\":\"0\",\"min_sale_qty\":\"1\",\"max_sale_qty\":\"0\",\"notify_stock_qty\":null,\"meta_keyword\":null,\"has_options\":\"0\",\"required_options\":\"0\",\"size\":\"M\",\"color\":\"Green\"},{\"sku\":\"MH05-M-Red\",\"store_view_code\":null,\"attribute_set_code\":\"Top\",\"product_type\":\"simple\",\"categories\":\"Default Category\\/Men\\/Tops\\/Hoodies & Sweatshirts\",\"product_websites\":\"base\",\"name\":\"Hollister Backyard Sweatshirt-M-Red\",\"description\":\"<p>Kick off your weekend in the Hollister Backyard Sweatshirt. Whether you\'re raking leaves or flipping burgers, this comfy layer blocks the bite of the crisp autumn air. Puffy thick from hood to hem, it traps heat against your core.<\\/p>\\n<p>&bull; Cream crewneck sweatshirt with navy sleeves\\/trim.<br \\/>&bull; Relaxed fit. <br \\/>&bull; Ribbed cuffs and hem. <br \\/>&bull; Machine wash\\/dry.<\\/p>\",\"short_description\":null,\"weight\":\"1\",\"product_online\":\"1\",\"tax_class_name\":\"Taxable Goods\",\"visibility\":\"Not Visible Individually\",\"price\":\"52\",\"special_price\":null,\"special_price_from_date\":null,\"special_price_to_date\":null,\"url_key\":\"hollister-backyard-sweatshirt-m-red\",\"meta_title\":null,\"meta_keywords\":null,\"meta_description\":null,\"base_image\":\"\\/m\\/h\\/mh05-red_main.jpg\",\"base_image_label\":null,\"small_image\":\"\\/m\\/h\\/mh05-red_main.jpg\",\"small_image_label\":null,\"thumbnail_image\":\"\\/m\\/h\\/mh05-red_main.jpg\",\"thumbnail_image_label\":null,\"created_at\":null,\"updated_at\":null,\"new_from_date\":null,\"new_to_date\":null,\"display_product_options_in\":null,\"map_price\":null,\"msrp_price\":null,\"map_enabled\":null,\"gift_message_available\":null,\"custom_design\":null,\"custom_design_from\":null,\"custom_design_to\":null,\"custom_layout_update\":null,\"page_layout\":null,\"product_options_container\":null,\"msrp_display_actual_price_type\":null,\"country_of_manufacture\":null,\"additional_attributes\":\"has_options=0,required_options=0,size=M,color=Red\",\"qty\":\"100\",\"out_of_stock_qty\":\"0\",\"use_config_min_qty\":\"1\",\"is_qty_decimal\":\"0\",\"allow_backorders\":\"0\",\"use_config_backorders\":\"1\",\"min_cart_qty\":\"1\",\"use_config_min_sale_qty\":\"1\",\"max_cart_qty\":\"0\",\"use_config_max_sale_qty\":\"1\",\"is_in_stock\":\"1\",\"notify_on_stock_below\":null,\"use_config_notify_stock_qty\":\"1\",\"manage_stock\":\"0\",\"use_config_manage_stock\":\"1\",\"use_config_qty_increments\":\"1\",\"qty_increments\":\"0\",\"use_config_enable_qty_inc\":\"1\",\"enable_qty_increments\":\"0\",\"is_decimal_divided\":\"0\",\"website_id\":\"1\",\"configurable_variations\":null,\"configurable_variation_prices\":null,\"configurable_variation_labels\":null,\"additional_images\":null,\"image\":\"\\/m\\/h\\/mh05-red_main.jpg\",\"image_label\":null,\"thumbnail\":\"\\/m\\/h\\/mh05-red_main.jpg\",\"thumbnail_label\":null,\"_media_image\":null,\"_store\":null,\"_attribute_set\":\"Top\",\"_product_websites\":\"base\",\"status\":\"1\",\"news_from_date\":null,\"news_to_date\":null,\"options_container\":null,\"minimal_price\":null,\"msrp\":null,\"msrp_enabled\":null,\"special_from_date\":null,\"special_to_date\":null,\"min_qty\":\"0\",\"backorders\":\"0\",\"min_sale_qty\":\"1\",\"max_sale_qty\":\"0\",\"notify_stock_qty\":null,\"meta_keyword\":null,\"has_options\":\"0\",\"required_options\":\"0\",\"size\":\"M\",\"color\":\"Red\"},{\"sku\":\"MH05-M-White\",\"store_view_code\":null,\"attribute_set_code\":\"Top\",\"product_type\":\"simple\",\"categories\":\"Default Category\\/Men\\/Tops\\/Hoodies & Sweatshirts\",\"product_websites\":\"base\",\"name\":\"Hollister Backyard Sweatshirt-M-White\",\"description\":\"<p>Kick off your weekend in the Hollister Backyard Sweatshirt. Whether you\'re raking leaves or flipping burgers, this comfy layer blocks the bite of the crisp autumn air. Puffy thick from hood to hem, it traps heat against your core.<\\/p>\\n<p>&bull; Cream crewneck sweatshirt with navy sleeves\\/trim.<br \\/>&bull; Relaxed fit. <br \\/>&bull; Ribbed cuffs and hem. <br \\/>&bull; Machine wash\\/dry.<\\/p>\",\"short_description\":null,\"weight\":\"1\",\"product_online\":\"1\",\"tax_class_name\":\"Taxable Goods\",\"visibility\":\"Not Visible Individually\",\"price\":\"52\",\"special_price\":null,\"special_price_from_date\":null,\"special_price_to_date\":null,\"url_key\":\"hollister-backyard-sweatshirt-m-white\",\"meta_title\":null,\"meta_keywords\":null,\"meta_description\":null,\"base_image\":\"\\/m\\/h\\/mh05-white_main.jpg\",\"base_image_label\":null,\"small_image\":\"\\/m\\/h\\/mh05-white_main.jpg\",\"small_image_label\":null,\"thumbnail_image\":\"\\/m\\/h\\/mh05-white_main.jpg\",\"thumbnail_image_label\":null,\"created_at\":null,\"updated_at\":null,\"new_from_date\":null,\"new_to_date\":null,\"display_product_options_in\":null,\"map_price\":null,\"msrp_price\":null,\"map_enabled\":null,\"gift_message_available\":null,\"custom_design\":null,\"custom_design_from\":null,\"custom_design_to\":null,\"custom_layout_update\":null,\"page_layout\":null,\"product_options_container\":null,\"msrp_display_actual_price_type\":null,\"country_of_manufacture\":null,\"additional_attributes\":\"has_options=0,required_options=0,size=M,color=White\",\"qty\":\"100\",\"out_of_stock_qty\":\"0\",\"use_config_min_qty\":\"1\",\"is_qty_decimal\":\"0\",\"allow_backorders\":\"0\",\"use_config_backorders\":\"1\",\"min_cart_qty\":\"1\",\"use_config_min_sale_qty\":\"1\",\"max_cart_qty\":\"0\",\"use_config_max_sale_qty\":\"1\",\"is_in_stock\":\"1\",\"notify_on_stock_below\":null,\"use_config_notify_stock_qty\":\"1\",\"manage_stock\":\"0\",\"use_config_manage_stock\":\"1\",\"use_config_qty_increments\":\"1\",\"qty_increments\":\"0\",\"use_config_enable_qty_inc\":\"1\",\"enable_qty_increments\":\"0\",\"is_decimal_divided\":\"0\",\"website_id\":\"1\",\"configurable_variations\":null,\"configurable_variation_prices\":null,\"configurable_variation_labels\":null,\"additional_images\":\"\\/m\\/h\\/mh05-white_alt1.jpg,\\/m\\/h\\/mh05-white_back.jpg\",\"image\":\"\\/m\\/h\\/mh05-white_main.jpg\",\"image_label\":null,\"thumbnail\":\"\\/m\\/h\\/mh05-white_main.jpg\",\"thumbnail_label\":null,\"_media_image\":\"\\/m\\/h\\/mh05-white_alt1.jpg,\\/m\\/h\\/mh05-white_back.jpg\",\"_store\":null,\"_attribute_set\":\"Top\",\"_product_websites\":\"base\",\"status\":\"1\",\"news_from_date\":null,\"news_to_date\":null,\"options_container\":null,\"minimal_price\":null,\"msrp\":null,\"msrp_enabled\":null,\"special_from_date\":null,\"special_to_date\":null,\"min_qty\":\"0\",\"backorders\":\"0\",\"min_sale_qty\":\"1\",\"max_sale_qty\":\"0\",\"notify_stock_qty\":null,\"meta_keyword\":null,\"has_options\":\"0\",\"required_options\":\"0\",\"size\":\"M\",\"color\":\"White\"},{\"sku\":\"MH05-L-Green\",\"store_view_code\":null,\"attribute_set_code\":\"Top\",\"product_type\":\"simple\",\"categories\":\"Default Category\\/Men\\/Tops\\/Hoodies & Sweatshirts\",\"product_websites\":\"base\",\"name\":\"Hollister Backyard Sweatshirt-L-Green\",\"description\":\"<p>Kick off your weekend in the Hollister Backyard Sweatshirt. Whether you\'re raking leaves or flipping burgers, this comfy layer blocks the bite of the crisp autumn air. Puffy thick from hood to hem, it traps heat against your core.<\\/p>\\n<p>&bull; Cream crewneck sweatshirt with navy sleeves\\/trim.<br \\/>&bull; Relaxed fit. <br \\/>&bull; Ribbed cuffs and hem. <br \\/>&bull; Machine wash\\/dry.<\\/p>\",\"short_description\":null,\"weight\":\"1\",\"product_online\":\"1\",\"tax_class_name\":\"Taxable Goods\",\"visibility\":\"Not Visible Individually\",\"price\":\"52\",\"special_price\":null,\"special_price_from_date\":null,\"special_price_to_date\":null,\"url_key\":\"hollister-backyard-sweatshirt-l-green\",\"meta_title\":null,\"meta_keywords\":null,\"meta_description\":null,\"base_image\":\"\\/m\\/h\\/mh05-green_main.jpg\",\"base_image_label\":null,\"small_image\":\"\\/m\\/h\\/mh05-green_main.jpg\",\"small_image_label\":null,\"thumbnail_image\":\"\\/m\\/h\\/mh05-green_main.jpg\",\"thumbnail_image_label\":null,\"created_at\":null,\"updated_at\":null,\"new_from_date\":null,\"new_to_date\":null,\"display_product_options_in\":null,\"map_price\":null,\"msrp_price\":null,\"map_enabled\":null,\"gift_message_available\":null,\"custom_design\":null,\"custom_design_from\":null,\"custom_design_to\":null,\"custom_layout_update\":null,\"page_layout\":null,\"product_options_container\":null,\"msrp_display_actual_price_type\":null,\"country_of_manufacture\":null,\"additional_attributes\":\"has_options=0,required_options=0,size=L,color=Green\",\"qty\":\"100\",\"out_of_stock_qty\":\"0\",\"use_config_min_qty\":\"1\",\"is_qty_decimal\":\"0\",\"allow_backorders\":\"0\",\"use_config_backorders\":\"1\",\"min_cart_qty\":\"1\",\"use_config_min_sale_qty\":\"1\",\"max_cart_qty\":\"0\",\"use_config_max_sale_qty\":\"1\",\"is_in_stock\":\"1\",\"notify_on_stock_below\":null,\"use_config_notify_stock_qty\":\"1\",\"manage_stock\":\"0\",\"use_config_manage_stock\":\"1\",\"use_config_qty_increments\":\"1\",\"qty_increments\":\"0\",\"use_config_enable_qty_inc\":\"1\",\"enable_qty_increments\":\"0\",\"is_decimal_divided\":\"0\",\"website_id\":\"1\",\"configurable_variations\":null,\"configurable_variation_prices\":null,\"configurable_variation_labels\":null,\"additional_images\":null,\"image\":\"\\/m\\/h\\/mh05-green_main.jpg\",\"image_label\":null,\"thumbnail\":\"\\/m\\/h\\/mh05-green_main.jpg\",\"thumbnail_label\":null,\"_media_image\":null,\"_store\":null,\"_attribute_set\":\"Top\",\"_product_websites\":\"base\",\"status\":\"1\",\"news_from_date\":null,\"news_to_date\":null,\"options_container\":null,\"minimal_price\":null,\"msrp\":null,\"msrp_enabled\":null,\"special_from_date\":null,\"special_to_date\":null,\"min_qty\":\"0\",\"backorders\":\"0\",\"min_sale_qty\":\"1\",\"max_sale_qty\":\"0\",\"notify_stock_qty\":null,\"meta_keyword\":null,\"has_options\":\"0\",\"required_options\":\"0\",\"size\":\"L\",\"color\":\"Green\"},{\"sku\":\"MH05-L-Red\",\"store_view_code\":null,\"attribute_set_code\":\"Top\",\"product_type\":\"simple\",\"categories\":\"Default Category\\/Men\\/Tops\\/Hoodies & Sweatshirts\",\"product_websites\":\"base\",\"name\":\"Hollister Backyard Sweatshirt-L-Red\",\"description\":\"<p>Kick off your weekend in the Hollister Backyard Sweatshirt. Whether you\'re raking leaves or flipping burgers, this comfy layer blocks the bite of the crisp autumn air. Puffy thick from hood to hem, it traps heat against your core.<\\/p>\\n<p>&bull; Cream crewneck sweatshirt with navy sleeves\\/trim.<br \\/>&bull; Relaxed fit. <br \\/>&bull; Ribbed cuffs and hem. <br \\/>&bull; Machine wash\\/dry.<\\/p>\",\"short_description\":null,\"weight\":\"1\",\"product_online\":\"1\",\"tax_class_name\":\"Taxable Goods\",\"visibility\":\"Not Visible Individually\",\"price\":\"52\",\"special_price\":null,\"special_price_from_date\":null,\"special_price_to_date\":null,\"url_key\":\"hollister-backyard-sweatshirt-l-red\",\"meta_title\":null,\"meta_keywords\":null,\"meta_description\":null,\"base_image\":\"\\/m\\/h\\/mh05-red_main.jpg\",\"base_image_label\":null,\"small_image\":\"\\/m\\/h\\/mh05-red_main.jpg\",\"small_image_label\":null,\"thumbnail_image\":\"\\/m\\/h\\/mh05-red_main.jpg\",\"thumbnail_image_label\":null,\"created_at\":null,\"updated_at\":null,\"new_from_date\":null,\"new_to_date\":null,\"display_product_options_in\":null,\"map_price\":null,\"msrp_price\":null,\"map_enabled\":null,\"gift_message_available\":null,\"custom_design\":null,\"custom_design_from\":null,\"custom_design_to\":null,\"custom_layout_update\":null,\"page_layout\":null,\"product_options_container\":null,\"msrp_display_actual_price_type\":null,\"country_of_manufacture\":null,\"additional_attributes\":\"has_options=0,required_options=0,size=L,color=Red\",\"qty\":\"100\",\"out_of_stock_qty\":\"0\",\"use_config_min_qty\":\"1\",\"is_qty_decimal\":\"0\",\"allow_backorders\":\"0\",\"use_config_backorders\":\"1\",\"min_cart_qty\":\"1\",\"use_config_min_sale_qty\":\"1\",\"max_cart_qty\":\"0\",\"use_config_max_sale_qty\":\"1\",\"is_in_stock\":\"1\",\"notify_on_stock_below\":null,\"use_config_notify_stock_qty\":\"1\",\"manage_stock\":\"0\",\"use_config_manage_stock\":\"1\",\"use_config_qty_increments\":\"1\",\"qty_increments\":\"0\",\"use_config_enable_qty_inc\":\"1\",\"enable_qty_increments\":\"0\",\"is_decimal_divided\":\"0\",\"website_id\":\"1\",\"configurable_variations\":null,\"configurable_variation_prices\":null,\"configurable_variation_labels\":null,\"additional_images\":null,\"image\":\"\\/m\\/h\\/mh05-red_main.jpg\",\"image_label\":null,\"thumbnail\":\"\\/m\\/h\\/mh05-red_main.jpg\",\"thumbnail_label\":null,\"_media_image\":null,\"_store\":null,\"_attribute_set\":\"Top\",\"_product_websites\":\"base\",\"status\":\"1\",\"news_from_date\":null,\"news_to_date\":null,\"options_container\":null,\"minimal_price\":null,\"msrp\":null,\"msrp_enabled\":null,\"special_from_date\":null,\"special_to_date\":null,\"min_qty\":\"0\",\"backorders\":\"0\",\"min_sale_qty\":\"1\",\"max_sale_qty\":\"0\",\"notify_stock_qty\":null,\"meta_keyword\":null,\"has_options\":\"0\",\"required_options\":\"0\",\"size\":\"L\",\"color\":\"Red\"},{\"sku\":\"MH05-L-White\",\"store_view_code\":null,\"attribute_set_code\":\"Top\",\"product_type\":\"simple\",\"categories\":\"Default Category\\/Men\\/Tops\\/Hoodies & Sweatshirts\",\"product_websites\":\"base\",\"name\":\"Hollister Backyard Sweatshirt-L-White\",\"description\":\"<p>Kick off your weekend in the Hollister Backyard Sweatshirt. Whether you\'re raking leaves or flipping burgers, this comfy layer blocks the bite of the crisp autumn air. Puffy thick from hood to hem, it traps heat against your core.<\\/p>\\n<p>&bull; Cream crewneck sweatshirt with navy sleeves\\/trim.<br \\/>&bull; Relaxed fit. <br \\/>&bull; Ribbed cuffs and hem. <br \\/>&bull; Machine wash\\/dry.<\\/p>\",\"short_description\":null,\"weight\":\"1\",\"product_online\":\"1\",\"tax_class_name\":\"Taxable Goods\",\"visibility\":\"Not Visible Individually\",\"price\":\"52\",\"special_price\":null,\"special_price_from_date\":null,\"special_price_to_date\":null,\"url_key\":\"hollister-backyard-sweatshirt-l-white\",\"meta_title\":null,\"meta_keywords\":null,\"meta_description\":null,\"base_image\":\"\\/m\\/h\\/mh05-white_main.jpg\",\"base_image_label\":null,\"small_image\":\"\\/m\\/h\\/mh05-white_main.jpg\",\"small_image_label\":null,\"thumbnail_image\":\"\\/m\\/h\\/mh05-white_main.jpg\",\"thumbnail_image_label\":null,\"created_at\":null,\"updated_at\":null,\"new_from_date\":null,\"new_to_date\":null,\"display_product_options_in\":null,\"map_price\":null,\"msrp_price\":null,\"map_enabled\":null,\"gift_message_available\":null,\"custom_design\":null,\"custom_design_from\":null,\"custom_design_to\":null,\"custom_layout_update\":null,\"page_layout\":null,\"product_options_container\":null,\"msrp_display_actual_price_type\":null,\"country_of_manufacture\":null,\"additional_attributes\":\"has_options=0,required_options=0,size=L,color=White\",\"qty\":\"100\",\"out_of_stock_qty\":\"0\",\"use_config_min_qty\":\"1\",\"is_qty_decimal\":\"0\",\"allow_backorders\":\"0\",\"use_config_backorders\":\"1\",\"min_cart_qty\":\"1\",\"use_config_min_sale_qty\":\"1\",\"max_cart_qty\":\"0\",\"use_config_max_sale_qty\":\"1\",\"is_in_stock\":\"1\",\"notify_on_stock_below\":null,\"use_config_notify_stock_qty\":\"1\",\"manage_stock\":\"0\",\"use_config_manage_stock\":\"1\",\"use_config_qty_increments\":\"1\",\"qty_increments\":\"0\",\"use_config_enable_qty_inc\":\"1\",\"enable_qty_increments\":\"0\",\"is_decimal_divided\":\"0\",\"website_id\":\"1\",\"configurable_variations\":null,\"configurable_variation_prices\":null,\"configurable_variation_labels\":null,\"additional_images\":\"\\/m\\/h\\/mh05-white_alt1.jpg,\\/m\\/h\\/mh05-white_back.jpg\",\"image\":\"\\/m\\/h\\/mh05-white_main.jpg\",\"image_label\":null,\"thumbnail\":\"\\/m\\/h\\/mh05-white_main.jpg\",\"thumbnail_label\":null,\"_media_image\":\"\\/m\\/h\\/mh05-white_alt1.jpg,\\/m\\/h\\/mh05-white_back.jpg\",\"_store\":null,\"_attribute_set\":\"Top\",\"_product_websites\":\"base\",\"status\":\"1\",\"news_from_date\":null,\"news_to_date\":null,\"options_container\":null,\"minimal_price\":null,\"msrp\":null,\"msrp_enabled\":null,\"special_from_date\":null,\"special_to_date\":null,\"min_qty\":\"0\",\"backorders\":\"0\",\"min_sale_qty\":\"1\",\"max_sale_qty\":\"0\",\"notify_stock_qty\":null,\"meta_keyword\":null,\"has_options\":\"0\",\"required_options\":\"0\",\"size\":\"L\",\"color\":\"White\"},{\"sku\":\"MH05-XL-Green\",\"store_view_code\":null,\"attribute_set_code\":\"Top\",\"product_type\":\"simple\",\"categories\":\"Default Category\\/Men\\/Tops\\/Hoodies & Sweatshirts\",\"product_websites\":\"base\",\"name\":\"Hollister Backyard Sweatshirt-XL-Green\",\"description\":\"<p>Kick off your weekend in the Hollister Backyard Sweatshirt. Whether you\'re raking leaves or flipping burgers, this comfy layer blocks the bite of the crisp autumn air. Puffy thick from hood to hem, it traps heat against your core.<\\/p>\\n<p>&bull; Cream crewneck sweatshirt with navy sleeves\\/trim.<br \\/>&bull; Relaxed fit. <br \\/>&bull; Ribbed cuffs and hem. <br \\/>&bull; Machine wash\\/dry.<\\/p>\",\"short_description\":null,\"weight\":\"1\",\"product_online\":\"1\",\"tax_class_name\":\"Taxable Goods\",\"visibility\":\"Not Visible Individually\",\"price\":\"52\",\"special_price\":null,\"special_price_from_date\":null,\"special_price_to_date\":null,\"url_key\":\"hollister-backyard-sweatshirt-xl-green\",\"meta_title\":null,\"meta_keywords\":null,\"meta_description\":null,\"base_image\":\"\\/m\\/h\\/mh05-green_main.jpg\",\"base_image_label\":null,\"small_image\":\"\\/m\\/h\\/mh05-green_main.jpg\",\"small_image_label\":null,\"thumbnail_image\":\"\\/m\\/h\\/mh05-green_main.jpg\",\"thumbnail_image_label\":null,\"created_at\":null,\"updated_at\":null,\"new_from_date\":null,\"new_to_date\":null,\"display_product_options_in\":null,\"map_price\":null,\"msrp_price\":null,\"map_enabled\":null,\"gift_message_available\":null,\"custom_design\":null,\"custom_design_from\":null,\"custom_design_to\":null,\"custom_layout_update\":null,\"page_layout\":null,\"product_options_container\":null,\"msrp_display_actual_price_type\":null,\"country_of_manufacture\":null,\"additional_attributes\":\"has_options=0,required_options=0,size=XL,color=Green\",\"qty\":\"100\",\"out_of_stock_qty\":\"0\",\"use_config_min_qty\":\"1\",\"is_qty_decimal\":\"0\",\"allow_backorders\":\"0\",\"use_config_backorders\":\"1\",\"min_cart_qty\":\"1\",\"use_config_min_sale_qty\":\"1\",\"max_cart_qty\":\"0\",\"use_config_max_sale_qty\":\"1\",\"is_in_stock\":\"1\",\"notify_on_stock_below\":null,\"use_config_notify_stock_qty\":\"1\",\"manage_stock\":\"0\",\"use_config_manage_stock\":\"1\",\"use_config_qty_increments\":\"1\",\"qty_increments\":\"0\",\"use_config_enable_qty_inc\":\"1\",\"enable_qty_increments\":\"0\",\"is_decimal_divided\":\"0\",\"website_id\":\"1\",\"configurable_variations\":null,\"configurable_variation_prices\":null,\"configurable_variation_labels\":null,\"additional_images\":null,\"image\":\"\\/m\\/h\\/mh05-green_main.jpg\",\"image_label\":null,\"thumbnail\":\"\\/m\\/h\\/mh05-green_main.jpg\",\"thumbnail_label\":null,\"_media_image\":null,\"_store\":null,\"_attribute_set\":\"Top\",\"_product_websites\":\"base\",\"status\":\"1\",\"news_from_date\":null,\"news_to_date\":null,\"options_container\":null,\"minimal_price\":null,\"msrp\":null,\"msrp_enabled\":null,\"special_from_date\":null,\"special_to_date\":null,\"min_qty\":\"0\",\"backorders\":\"0\",\"min_sale_qty\":\"1\",\"max_sale_qty\":\"0\",\"notify_stock_qty\":null,\"meta_keyword\":null,\"has_options\":\"0\",\"required_options\":\"0\",\"size\":\"XL\",\"color\":\"Green\"},{\"sku\":\"MH05-XL-Red\",\"store_view_code\":null,\"attribute_set_code\":\"Top\",\"product_type\":\"simple\",\"categories\":\"Default Category\\/Men\\/Tops\\/Hoodies & Sweatshirts\",\"product_websites\":\"base\",\"name\":\"Hollister Backyard Sweatshirt-XL-Red\",\"description\":\"<p>Kick off your weekend in the Hollister Backyard Sweatshirt. Whether you\'re raking leaves or flipping burgers, this comfy layer blocks the bite of the crisp autumn air. Puffy thick from hood to hem, it traps heat against your core.<\\/p>\\n<p>&bull; Cream crewneck sweatshirt with navy sleeves\\/trim.<br \\/>&bull; Relaxed fit. <br \\/>&bull; Ribbed cuffs and hem. <br \\/>&bull; Machine wash\\/dry.<\\/p>\",\"short_description\":null,\"weight\":\"1\",\"product_online\":\"1\",\"tax_class_name\":\"Taxable Goods\",\"visibility\":\"Not Visible Individually\",\"price\":\"52\",\"special_price\":null,\"special_price_from_date\":null,\"special_price_to_date\":null,\"url_key\":\"hollister-backyard-sweatshirt-xl-red\",\"meta_title\":null,\"meta_keywords\":null,\"meta_description\":null,\"base_image\":\"\\/m\\/h\\/mh05-red_main.jpg\",\"base_image_label\":null,\"small_image\":\"\\/m\\/h\\/mh05-red_main.jpg\",\"small_image_label\":null,\"thumbnail_image\":\"\\/m\\/h\\/mh05-red_main.jpg\",\"thumbnail_image_label\":null,\"created_at\":null,\"updated_at\":null,\"new_from_date\":null,\"new_to_date\":null,\"display_product_options_in\":null,\"map_price\":null,\"msrp_price\":null,\"map_enabled\":null,\"gift_message_available\":null,\"custom_design\":null,\"custom_design_from\":null,\"custom_design_to\":null,\"custom_layout_update\":null,\"page_layout\":null,\"product_options_container\":null,\"msrp_display_actual_price_type\":null,\"country_of_manufacture\":null,\"additional_attributes\":\"has_options=0,required_options=0,size=XL,color=Red\",\"qty\":\"100\",\"out_of_stock_qty\":\"0\",\"use_config_min_qty\":\"1\",\"is_qty_decimal\":\"0\",\"allow_backorders\":\"0\",\"use_config_backorders\":\"1\",\"min_cart_qty\":\"1\",\"use_config_min_sale_qty\":\"1\",\"max_cart_qty\":\"0\",\"use_config_max_sale_qty\":\"1\",\"is_in_stock\":\"1\",\"notify_on_stock_below\":null,\"use_config_notify_stock_qty\":\"1\",\"manage_stock\":\"0\",\"use_config_manage_stock\":\"1\",\"use_config_qty_increments\":\"1\",\"qty_increments\":\"0\",\"use_config_enable_qty_inc\":\"1\",\"enable_qty_increments\":\"0\",\"is_decimal_divided\":\"0\",\"website_id\":\"1\",\"configurable_variations\":null,\"configurable_variation_prices\":null,\"configurable_variation_labels\":null,\"additional_images\":null,\"image\":\"\\/m\\/h\\/mh05-red_main.jpg\",\"image_label\":null,\"thumbnail\":\"\\/m\\/h\\/mh05-red_main.jpg\",\"thumbnail_label\":null,\"_media_image\":null,\"_store\":null,\"_attribute_set\":\"Top\",\"_product_websites\":\"base\",\"status\":\"1\",\"news_from_date\":null,\"news_to_date\":null,\"options_container\":null,\"minimal_price\":null,\"msrp\":null,\"msrp_enabled\":null,\"special_from_date\":null,\"special_to_date\":null,\"min_qty\":\"0\",\"backorders\":\"0\",\"min_sale_qty\":\"1\",\"max_sale_qty\":\"0\",\"notify_stock_qty\":null,\"meta_keyword\":null,\"has_options\":\"0\",\"required_options\":\"0\",\"size\":\"XL\",\"color\":\"Red\"},{\"sku\":\"MH05-XL-White\",\"store_view_code\":null,\"attribute_set_code\":\"Top\",\"product_type\":\"simple\",\"categories\":\"Default Category\\/Men\\/Tops\\/Hoodies & Sweatshirts\",\"product_websites\":\"base\",\"name\":\"Hollister Backyard Sweatshirt-XL-White\",\"description\":\"<p>Kick off your weekend in the Hollister Backyard Sweatshirt. Whether you\'re raking leaves or flipping burgers, this comfy layer blocks the bite of the crisp autumn air. Puffy thick from hood to hem, it traps heat against your core.<\\/p>\\n<p>&bull; Cream crewneck sweatshirt with navy sleeves\\/trim.<br \\/>&bull; Relaxed fit. <br \\/>&bull; Ribbed cuffs and hem. <br \\/>&bull; Machine wash\\/dry.<\\/p>\",\"short_description\":null,\"weight\":\"1\",\"product_online\":\"1\",\"tax_class_name\":\"Taxable Goods\",\"visibility\":\"Not Visible Individually\",\"price\":\"52\",\"special_price\":null,\"special_price_from_date\":null,\"special_price_to_date\":null,\"url_key\":\"hollister-backyard-sweatshirt-xl-white\",\"meta_title\":null,\"meta_keywords\":null,\"meta_description\":null,\"base_image\":\"\\/m\\/h\\/mh05-white_main.jpg\",\"base_image_label\":null,\"small_image\":\"\\/m\\/h\\/mh05-white_main.jpg\",\"small_image_label\":null,\"thumbnail_image\":\"\\/m\\/h\\/mh05-white_main.jpg\",\"thumbnail_image_label\":null,\"created_at\":null,\"updated_at\":null,\"new_from_date\":null,\"new_to_date\":null,\"display_product_options_in\":null,\"map_price\":null,\"msrp_price\":null,\"map_enabled\":null,\"gift_message_available\":null,\"custom_design\":null,\"custom_design_from\":null,\"custom_design_to\":null,\"custom_layout_update\":null,\"page_layout\":null,\"product_options_container\":null,\"msrp_display_actual_price_type\":null,\"country_of_manufacture\":null,\"additional_attributes\":\"has_options=0,required_options=0,size=XL,color=White\",\"qty\":\"100\",\"out_of_stock_qty\":\"0\",\"use_config_min_qty\":\"1\",\"is_qty_decimal\":\"0\",\"allow_backorders\":\"0\",\"use_config_backorders\":\"1\",\"min_cart_qty\":\"1\",\"use_config_min_sale_qty\":\"1\",\"max_cart_qty\":\"0\",\"use_config_max_sale_qty\":\"1\",\"is_in_stock\":\"1\",\"notify_on_stock_below\":null,\"use_config_notify_stock_qty\":\"1\",\"manage_stock\":\"0\",\"use_config_manage_stock\":\"1\",\"use_config_qty_increments\":\"1\",\"qty_increments\":\"0\",\"use_config_enable_qty_inc\":\"1\",\"enable_qty_increments\":\"0\",\"is_decimal_divided\":\"0\",\"website_id\":\"1\",\"configurable_variations\":null,\"configurable_variation_prices\":null,\"configurable_variation_labels\":null,\"additional_images\":\"\\/m\\/h\\/mh05-white_alt1.jpg,\\/m\\/h\\/mh05-white_back.jpg\",\"image\":\"\\/m\\/h\\/mh05-white_main.jpg\",\"image_label\":null,\"thumbnail\":\"\\/m\\/h\\/mh05-white_main.jpg\",\"thumbnail_label\":null,\"_media_image\":\"\\/m\\/h\\/mh05-white_alt1.jpg,\\/m\\/h\\/mh05-white_back.jpg\",\"_store\":null,\"_attribute_set\":\"Top\",\"_product_websites\":\"base\",\"status\":\"1\",\"news_from_date\":null,\"news_to_date\":null,\"options_container\":null,\"minimal_price\":null,\"msrp\":null,\"msrp_enabled\":null,\"special_from_date\":null,\"special_to_date\":null,\"min_qty\":\"0\",\"backorders\":\"0\",\"min_sale_qty\":\"1\",\"max_sale_qty\":\"0\",\"notify_stock_qty\":null,\"meta_keyword\":null,\"has_options\":\"0\",\"required_options\":\"0\",\"size\":\"XL\",\"color\":\"White\"},{\"sku\":\"MH05\",\"store_view_code\":null,\"attribute_set_code\":\"Top\",\"product_type\":\"configurable\",\"categories\":\"Default Category\\/Men\\/Tops\\/Hoodies & Sweatshirts\",\"product_websites\":\"base\",\"name\":\"Hollister Backyard Sweatshirt\",\"description\":\"<p>Kick off your weekend in the Hollister Backyard Sweatshirt. Whether you\'re raking leaves or flipping burgers, this comfy layer blocks the bite of the crisp autumn air. Puffy thick from hood to hem, it traps heat against your core.<\\/p>\\n<p>&bull; Cream crewneck sweatshirt with navy sleeves\\/trim.<br \\/>&bull; Relaxed fit. <br \\/>&bull; Ribbed cuffs and hem. <br \\/>&bull; Machine wash\\/dry.<\\/p>\",\"short_description\":null,\"weight\":null,\"product_online\":\"1\",\"tax_class_name\":\"Taxable Goods\",\"visibility\":\"Catalog, Search\",\"price\":\"52\",\"special_price\":null,\"special_price_from_date\":null,\"special_price_to_date\":null,\"url_key\":null,\"meta_title\":null,\"meta_keywords\":null,\"meta_description\":null,\"base_image\":\"\\/m\\/h\\/mh05-white_main.jpg\",\"base_image_label\":null,\"small_image\":\"\\/m\\/h\\/mh05-white_main.jpg\",\"small_image_label\":null,\"thumbnail_image\":\"\\/m\\/h\\/mh05-white_main.jpg\",\"thumbnail_image_label\":null,\"created_at\":null,\"updated_at\":null,\"new_from_date\":null,\"new_to_date\":null,\"display_product_options_in\":null,\"map_price\":null,\"msrp_price\":null,\"map_enabled\":null,\"gift_message_available\":null,\"custom_design\":null,\"custom_design_from\":null,\"custom_design_to\":null,\"custom_layout_update\":null,\"page_layout\":null,\"product_options_container\":null,\"msrp_display_actual_price_type\":null,\"country_of_manufacture\":null,\"additional_attributes\":\"has_options=1,required_options=1,material=Wool|Polyester|Nylon,pattern=Color-Blocked,climate=Cool,eco_collection=No,performance_fabric=No,erin_recommends=No,new=No,sale=No\",\"qty\":\"0\",\"out_of_stock_qty\":\"0\",\"use_config_min_qty\":\"1\",\"is_qty_decimal\":\"0\",\"allow_backorders\":\"0\",\"use_config_backorders\":\"1\",\"min_cart_qty\":\"1\",\"use_config_min_sale_qty\":\"1\",\"max_cart_qty\":\"0\",\"use_config_max_sale_qty\":\"1\",\"is_in_stock\":\"1\",\"notify_on_stock_below\":null,\"use_config_notify_stock_qty\":\"1\",\"manage_stock\":\"0\",\"use_config_manage_stock\":\"1\",\"use_config_qty_increments\":\"1\",\"qty_increments\":\"0\",\"use_config_enable_qty_inc\":\"1\",\"enable_qty_increments\":\"0\",\"is_decimal_divided\":\"0\",\"website_id\":\"1\",\"configurable_variations\":\"sku=MH05-XS-Green,size=XS,color=Green|sku=MH05-XS-Red,size=XS,color=Red|sku=MH05-XS-White,size=XS,color=White|sku=MH05-S-Green,size=S,color=Green|sku=MH05-S-Red,size=S,color=Red|sku=MH05-S-White,size=S,color=White|sku=MH05-M-Green,size=M,color=Green|sku=MH05-M-Red,size=M,color=Red|sku=MH05-M-White,size=M,color=White|sku=MH05-L-Green,size=L,color=Green|sku=MH05-L-Red,size=L,color=Red|sku=MH05-L-White,size=L,color=White|sku=MH05-XL-Green,size=XL,color=Green|sku=MH05-XL-Red,size=XL,color=Red|sku=MH05-XL-White,size=XL,color=White\",\"configurable_variation_prices\":null,\"configurable_variation_labels\":null,\"additional_images\":\"\\/m\\/h\\/mh05-white_alt1.jpg,\\/m\\/h\\/mh05-white_back.jpg\",\"image\":\"\\/m\\/h\\/mh05-white_main.jpg\",\"image_label\":null,\"thumbnail\":\"\\/m\\/h\\/mh05-white_main.jpg\",\"thumbnail_label\":null,\"_media_image\":\"\\/m\\/h\\/mh05-white_alt1.jpg,\\/m\\/h\\/mh05-white_back.jpg\",\"_store\":null,\"_attribute_set\":\"Top\",\"_product_websites\":\"base\",\"status\":\"1\",\"news_from_date\":null,\"news_to_date\":null,\"options_container\":null,\"minimal_price\":null,\"msrp\":null,\"msrp_enabled\":null,\"special_from_date\":null,\"special_to_date\":null,\"min_qty\":\"0\",\"backorders\":\"0\",\"min_sale_qty\":\"1\",\"max_sale_qty\":\"0\",\"notify_stock_qty\":null,\"meta_keyword\":null,\"has_options\":\"1\",\"required_options\":\"1\",\"material\":[\"Wool\",\"Polyester\",\"Nylon\"],\"pattern\":\"Color-Blocked\",\"climate\":\"Cool\",\"eco_collection\":\"No\",\"performance_fabric\":\"No\",\"erin_recommends\":\"No\",\"new\":\"No\",\"sale\":\"No\"},{\"sku\":\"MH06-XS-Black\",\"store_view_code\":null,\"attribute_set_code\":\"Top\",\"product_type\":\"simple\",\"categories\":\"Default Category\\/Men\\/Tops\\/Hoodies & Sweatshirts\",\"product_websites\":\"base\",\"name\":\"Stark Fundamental Hoodie-XS-Black\",\"description\":\"<p>You don\'t need bells and whistles when performance speaks for itself. The full-zip Stark Fundamental Hoodie give just what you need. Hood and fleece lining keep you warm, while breathable fabric and wicking technology won\'t let you overheat.<\\/p>\\n<p>&bull; Navy specked full zip hoodie.<br \\/>&bull; Ribbed cuffs, banded waist.<br \\/>&bull; Side pockets. <br \\/>&bull; Machine wash\\/dry.<\\/p>\",\"short_description\":null,\"weight\":\"1\",\"product_online\":\"1\",\"tax_class_name\":\"Taxable Goods\",\"visibility\":\"Not Visible Individually\",\"price\":\"42\",\"special_price\":null,\"special_price_from_date\":null,\"special_price_to_date\":null,\"url_key\":\"stark-fundamental-hoodie-xs-black\",\"meta_title\":null,\"meta_keywords\":null,\"meta_description\":null,\"base_image\":\"\\/m\\/h\\/mh06-black_main.jpg\",\"base_image_label\":null,\"small_image\":\"\\/m\\/h\\/mh06-black_main.jpg\",\"small_image_label\":null,\"thumbnail_image\":\"\\/m\\/h\\/mh06-black_main.jpg\",\"thumbnail_image_label\":null,\"created_at\":null,\"updated_at\":null,\"new_from_date\":null,\"new_to_date\":null,\"display_product_options_in\":null,\"map_price\":null,\"msrp_price\":null,\"map_enabled\":null,\"gift_message_available\":null,\"custom_design\":null,\"custom_design_from\":null,\"custom_design_to\":null,\"custom_layout_update\":null,\"page_layout\":null,\"product_options_container\":null,\"msrp_display_actual_price_type\":null,\"country_of_manufacture\":null,\"additional_attributes\":\"has_options=0,required_options=0,size=XS,color=Black\",\"qty\":\"100\",\"out_of_stock_qty\":\"0\",\"use_config_min_qty\":\"1\",\"is_qty_decimal\":\"0\",\"allow_backorders\":\"0\",\"use_config_backorders\":\"1\",\"min_cart_qty\":\"1\",\"use_config_min_sale_qty\":\"1\",\"max_cart_qty\":\"0\",\"use_config_max_sale_qty\":\"1\",\"is_in_stock\":\"1\",\"notify_on_stock_below\":null,\"use_config_notify_stock_qty\":\"1\",\"manage_stock\":\"0\",\"use_config_manage_stock\":\"1\",\"use_config_qty_increments\":\"1\",\"qty_increments\":\"0\",\"use_config_enable_qty_inc\":\"1\",\"enable_qty_increments\":\"0\",\"is_decimal_divided\":\"0\",\"website_id\":\"1\",\"configurable_variations\":null,\"configurable_variation_prices\":null,\"configurable_variation_labels\":null,\"additional_images\":null,\"image\":\"\\/m\\/h\\/mh06-black_main.jpg\",\"image_label\":null,\"thumbnail\":\"\\/m\\/h\\/mh06-black_main.jpg\",\"thumbnail_label\":null,\"_media_image\":null,\"_store\":null,\"_attribute_set\":\"Top\",\"_product_websites\":\"base\",\"status\":\"1\",\"news_from_date\":null,\"news_to_date\":null,\"options_container\":null,\"minimal_price\":null,\"msrp\":null,\"msrp_enabled\":null,\"special_from_date\":null,\"special_to_date\":null,\"min_qty\":\"0\",\"backorders\":\"0\",\"min_sale_qty\":\"1\",\"max_sale_qty\":\"0\",\"notify_stock_qty\":null,\"meta_keyword\":null,\"has_options\":\"0\",\"required_options\":\"0\",\"size\":\"XS\",\"color\":\"Black\"},{\"sku\":\"MH06-XS-Blue\",\"store_view_code\":null,\"attribute_set_code\":\"Top\",\"product_type\":\"simple\",\"categories\":\"Default Category\\/Men\\/Tops\\/Hoodies & Sweatshirts\",\"product_websites\":\"base\",\"name\":\"Stark Fundamental Hoodie-XS-Blue\",\"description\":\"<p>You don\'t need bells and whistles when performance speaks for itself. The full-zip Stark Fundamental Hoodie give just what you need. Hood and fleece lining keep you warm, while breathable fabric and wicking technology won\'t let you overheat.<\\/p>\\n<p>&bull; Navy specked full zip hoodie.<br \\/>&bull; Ribbed cuffs, banded waist.<br \\/>&bull; Side pockets. <br \\/>&bull; Machine wash\\/dry.<\\/p>\",\"short_description\":null,\"weight\":\"1\",\"product_online\":\"1\",\"tax_class_name\":\"Taxable Goods\",\"visibility\":\"Not Visible Individually\",\"price\":\"42\",\"special_price\":null,\"special_price_from_date\":null,\"special_price_to_date\":null,\"url_key\":\"stark-fundamental-hoodie-xs-blue\",\"meta_title\":null,\"meta_keywords\":null,\"meta_description\":null,\"base_image\":\"\\/m\\/h\\/mh06-blue_main.jpg\",\"base_image_label\":null,\"small_image\":\"\\/m\\/h\\/mh06-blue_main.jpg\",\"small_image_label\":null,\"thumbnail_image\":\"\\/m\\/h\\/mh06-blue_main.jpg\",\"thumbnail_image_label\":null,\"created_at\":null,\"updated_at\":null,\"new_from_date\":null,\"new_to_date\":null,\"display_product_options_in\":null,\"map_price\":null,\"msrp_price\":null,\"map_enabled\":null,\"gift_message_available\":null,\"custom_design\":null,\"custom_design_from\":null,\"custom_design_to\":null,\"custom_layout_update\":null,\"page_layout\":null,\"product_options_container\":null,\"msrp_display_actual_price_type\":null,\"country_of_manufacture\":null,\"additional_attributes\":\"has_options=0,required_options=0,size=XS,color=Blue\",\"qty\":\"100\",\"out_of_stock_qty\":\"0\",\"use_config_min_qty\":\"1\",\"is_qty_decimal\":\"0\",\"allow_backorders\":\"0\",\"use_config_backorders\":\"1\",\"min_cart_qty\":\"1\",\"use_config_min_sale_qty\":\"1\",\"max_cart_qty\":\"0\",\"use_config_max_sale_qty\":\"1\",\"is_in_stock\":\"1\",\"notify_on_stock_below\":null,\"use_config_notify_stock_qty\":\"1\",\"manage_stock\":\"0\",\"use_config_manage_stock\":\"1\",\"use_config_qty_increments\":\"1\",\"qty_increments\":\"0\",\"use_config_enable_qty_inc\":\"1\",\"enable_qty_increments\":\"0\",\"is_decimal_divided\":\"0\",\"website_id\":\"1\",\"configurable_variations\":null,\"configurable_variation_prices\":null,\"configurable_variation_labels\":null,\"additional_images\":\"\\/m\\/h\\/mh06-blue_alt1.jpg,\\/m\\/h\\/mh06-blue_back.jpg\",\"image\":\"\\/m\\/h\\/mh06-blue_main.jpg\",\"image_label\":null,\"thumbnail\":\"\\/m\\/h\\/mh06-blue_main.jpg\",\"thumbnail_label\":null,\"_media_image\":\"\\/m\\/h\\/mh06-blue_alt1.jpg,\\/m\\/h\\/mh06-blue_back.jpg\",\"_store\":null,\"_attribute_set\":\"Top\",\"_product_websites\":\"base\",\"status\":\"1\",\"news_from_date\":null,\"news_to_date\":null,\"options_container\":null,\"minimal_price\":null,\"msrp\":null,\"msrp_enabled\":null,\"special_from_date\":null,\"special_to_date\":null,\"min_qty\":\"0\",\"backorders\":\"0\",\"min_sale_qty\":\"1\",\"max_sale_qty\":\"0\",\"notify_stock_qty\":null,\"meta_keyword\":null,\"has_options\":\"0\",\"required_options\":\"0\",\"size\":\"XS\",\"color\":\"Blue\"},{\"sku\":\"MH06-XS-Purple\",\"store_view_code\":null,\"attribute_set_code\":\"Top\",\"product_type\":\"simple\",\"categories\":\"Default Category\\/Men\\/Tops\\/Hoodies & Sweatshirts\",\"product_websites\":\"base\",\"name\":\"Stark Fundamental Hoodie-XS-Purple\",\"description\":\"<p>You don\'t need bells and whistles when performance speaks for itself. The full-zip Stark Fundamental Hoodie give just what you need. Hood and fleece lining keep you warm, while breathable fabric and wicking technology won\'t let you overheat.<\\/p>\\n<p>&bull; Navy specked full zip hoodie.<br \\/>&bull; Ribbed cuffs, banded waist.<br \\/>&bull; Side pockets. <br \\/>&bull; Machine wash\\/dry.<\\/p>\",\"short_description\":null,\"weight\":\"1\",\"product_online\":\"1\",\"tax_class_name\":\"Taxable Goods\",\"visibility\":\"Not Visible Individually\",\"price\":\"42\",\"special_price\":null,\"special_price_from_date\":null,\"special_price_to_date\":null,\"url_key\":\"stark-fundamental-hoodie-xs-purple\",\"meta_title\":null,\"meta_keywords\":null,\"meta_description\":null,\"base_image\":\"\\/m\\/h\\/mh06-purple_main.jpg\",\"base_image_label\":null,\"small_image\":\"\\/m\\/h\\/mh06-purple_main.jpg\",\"small_image_label\":null,\"thumbnail_image\":\"\\/m\\/h\\/mh06-purple_main.jpg\",\"thumbnail_image_label\":null,\"created_at\":null,\"updated_at\":null,\"new_from_date\":null,\"new_to_date\":null,\"display_product_options_in\":null,\"map_price\":null,\"msrp_price\":null,\"map_enabled\":null,\"gift_message_available\":null,\"custom_design\":null,\"custom_design_from\":null,\"custom_design_to\":null,\"custom_layout_update\":null,\"page_layout\":null,\"product_options_container\":null,\"msrp_display_actual_price_type\":null,\"country_of_manufacture\":null,\"additional_attributes\":\"has_options=0,required_options=0,size=XS,color=Purple\",\"qty\":\"100\",\"out_of_stock_qty\":\"0\",\"use_config_min_qty\":\"1\",\"is_qty_decimal\":\"0\",\"allow_backorders\":\"0\",\"use_config_backorders\":\"1\",\"min_cart_qty\":\"1\",\"use_config_min_sale_qty\":\"1\",\"max_cart_qty\":\"0\",\"use_config_max_sale_qty\":\"1\",\"is_in_stock\":\"1\",\"notify_on_stock_below\":null,\"use_config_notify_stock_qty\":\"1\",\"manage_stock\":\"0\",\"use_config_manage_stock\":\"1\",\"use_config_qty_increments\":\"1\",\"qty_increments\":\"0\",\"use_config_enable_qty_inc\":\"1\",\"enable_qty_increments\":\"0\",\"is_decimal_divided\":\"0\",\"website_id\":\"1\",\"configurable_variations\":null,\"configurable_variation_prices\":null,\"configurable_variation_labels\":null,\"additional_images\":null,\"image\":\"\\/m\\/h\\/mh06-purple_main.jpg\",\"image_label\":null,\"thumbnail\":\"\\/m\\/h\\/mh06-purple_main.jpg\",\"thumbnail_label\":null,\"_media_image\":null,\"_store\":null,\"_attribute_set\":\"Top\",\"_product_websites\":\"base\",\"status\":\"1\",\"news_from_date\":null,\"news_to_date\":null,\"options_container\":null,\"minimal_price\":null,\"msrp\":null,\"msrp_enabled\":null,\"special_from_date\":null,\"special_to_date\":null,\"min_qty\":\"0\",\"backorders\":\"0\",\"min_sale_qty\":\"1\",\"max_sale_qty\":\"0\",\"notify_stock_qty\":null,\"meta_keyword\":null,\"has_options\":\"0\",\"required_options\":\"0\",\"size\":\"XS\",\"color\":\"Purple\"},{\"sku\":\"MH06-S-Black\",\"store_view_code\":null,\"attribute_set_code\":\"Top\",\"product_type\":\"simple\",\"categories\":\"Default Category\\/Men\\/Tops\\/Hoodies & Sweatshirts\",\"product_websites\":\"base\",\"name\":\"Stark Fundamental Hoodie-S-Black\",\"description\":\"<p>You don\'t need bells and whistles when performance speaks for itself. The full-zip Stark Fundamental Hoodie give just what you need. Hood and fleece lining keep you warm, while breathable fabric and wicking technology won\'t let you overheat.<\\/p>\\n<p>&bull; Navy specked full zip hoodie.<br \\/>&bull; Ribbed cuffs, banded waist.<br \\/>&bull; Side pockets. <br \\/>&bull; Machine wash\\/dry.<\\/p>\",\"short_description\":null,\"weight\":\"1\",\"product_online\":\"1\",\"tax_class_name\":\"Taxable Goods\",\"visibility\":\"Not Visible Individually\",\"price\":\"42\",\"special_price\":null,\"special_price_from_date\":null,\"special_price_to_date\":null,\"url_key\":\"stark-fundamental-hoodie-s-black\",\"meta_title\":null,\"meta_keywords\":null,\"meta_description\":null,\"base_image\":\"\\/m\\/h\\/mh06-black_main.jpg\",\"base_image_label\":null,\"small_image\":\"\\/m\\/h\\/mh06-black_main.jpg\",\"small_image_label\":null,\"thumbnail_image\":\"\\/m\\/h\\/mh06-black_main.jpg\",\"thumbnail_image_label\":null,\"created_at\":null,\"updated_at\":null,\"new_from_date\":null,\"new_to_date\":null,\"display_product_options_in\":null,\"map_price\":null,\"msrp_price\":null,\"map_enabled\":null,\"gift_message_available\":null,\"custom_design\":null,\"custom_design_from\":null,\"custom_design_to\":null,\"custom_layout_update\":null,\"page_layout\":null,\"product_options_container\":null,\"msrp_display_actual_price_type\":null,\"country_of_manufacture\":null,\"additional_attributes\":\"has_options=0,required_options=0,size=S,color=Black\",\"qty\":\"100\",\"out_of_stock_qty\":\"0\",\"use_config_min_qty\":\"1\",\"is_qty_decimal\":\"0\",\"allow_backorders\":\"0\",\"use_config_backorders\":\"1\",\"min_cart_qty\":\"1\",\"use_config_min_sale_qty\":\"1\",\"max_cart_qty\":\"0\",\"use_config_max_sale_qty\":\"1\",\"is_in_stock\":\"1\",\"notify_on_stock_below\":null,\"use_config_notify_stock_qty\":\"1\",\"manage_stock\":\"0\",\"use_config_manage_stock\":\"1\",\"use_config_qty_increments\":\"1\",\"qty_increments\":\"0\",\"use_config_enable_qty_inc\":\"1\",\"enable_qty_increments\":\"0\",\"is_decimal_divided\":\"0\",\"website_id\":\"1\",\"configurable_variations\":null,\"configurable_variation_prices\":null,\"configurable_variation_labels\":null,\"additional_images\":null,\"image\":\"\\/m\\/h\\/mh06-black_main.jpg\",\"image_label\":null,\"thumbnail\":\"\\/m\\/h\\/mh06-black_main.jpg\",\"thumbnail_label\":null,\"_media_image\":null,\"_store\":null,\"_attribute_set\":\"Top\",\"_product_websites\":\"base\",\"status\":\"1\",\"news_from_date\":null,\"news_to_date\":null,\"options_container\":null,\"minimal_price\":null,\"msrp\":null,\"msrp_enabled\":null,\"special_from_date\":null,\"special_to_date\":null,\"min_qty\":\"0\",\"backorders\":\"0\",\"min_sale_qty\":\"1\",\"max_sale_qty\":\"0\",\"notify_stock_qty\":null,\"meta_keyword\":null,\"has_options\":\"0\",\"required_options\":\"0\",\"size\":\"S\",\"color\":\"Black\"},{\"sku\":\"MH06-S-Blue\",\"store_view_code\":null,\"attribute_set_code\":\"Top\",\"product_type\":\"simple\",\"categories\":\"Default Category\\/Men\\/Tops\\/Hoodies & Sweatshirts\",\"product_websites\":\"base\",\"name\":\"Stark Fundamental Hoodie-S-Blue\",\"description\":\"<p>You don\'t need bells and whistles when performance speaks for itself. The full-zip Stark Fundamental Hoodie give just what you need. Hood and fleece lining keep you warm, while breathable fabric and wicking technology won\'t let you overheat.<\\/p>\\n<p>&bull; Navy specked full zip hoodie.<br \\/>&bull; Ribbed cuffs, banded waist.<br \\/>&bull; Side pockets. <br \\/>&bull; Machine wash\\/dry.<\\/p>\",\"short_description\":null,\"weight\":\"1\",\"product_online\":\"1\",\"tax_class_name\":\"Taxable Goods\",\"visibility\":\"Not Visible Individually\",\"price\":\"42\",\"special_price\":null,\"special_price_from_date\":null,\"special_price_to_date\":null,\"url_key\":\"stark-fundamental-hoodie-s-blue\",\"meta_title\":null,\"meta_keywords\":null,\"meta_description\":null,\"base_image\":\"\\/m\\/h\\/mh06-blue_main.jpg\",\"base_image_label\":null,\"small_image\":\"\\/m\\/h\\/mh06-blue_main.jpg\",\"small_image_label\":null,\"thumbnail_image\":\"\\/m\\/h\\/mh06-blue_main.jpg\",\"thumbnail_image_label\":null,\"created_at\":null,\"updated_at\":null,\"new_from_date\":null,\"new_to_date\":null,\"display_product_options_in\":null,\"map_price\":null,\"msrp_price\":null,\"map_enabled\":null,\"gift_message_available\":null,\"custom_design\":null,\"custom_design_from\":null,\"custom_design_to\":null,\"custom_layout_update\":null,\"page_layout\":null,\"product_options_container\":null,\"msrp_display_actual_price_type\":null,\"country_of_manufacture\":null,\"additional_attributes\":\"has_options=0,required_options=0,size=S,color=Blue\",\"qty\":\"100\",\"out_of_stock_qty\":\"0\",\"use_config_min_qty\":\"1\",\"is_qty_decimal\":\"0\",\"allow_backorders\":\"0\",\"use_config_backorders\":\"1\",\"min_cart_qty\":\"1\",\"use_config_min_sale_qty\":\"1\",\"max_cart_qty\":\"0\",\"use_config_max_sale_qty\":\"1\",\"is_in_stock\":\"1\",\"notify_on_stock_below\":null,\"use_config_notify_stock_qty\":\"1\",\"manage_stock\":\"0\",\"use_config_manage_stock\":\"1\",\"use_config_qty_increments\":\"1\",\"qty_increments\":\"0\",\"use_config_enable_qty_inc\":\"1\",\"enable_qty_increments\":\"0\",\"is_decimal_divided\":\"0\",\"website_id\":\"1\",\"configurable_variations\":null,\"configurable_variation_prices\":null,\"configurable_variation_labels\":null,\"additional_images\":\"\\/m\\/h\\/mh06-blue_alt1.jpg,\\/m\\/h\\/mh06-blue_back.jpg\",\"image\":\"\\/m\\/h\\/mh06-blue_main.jpg\",\"image_label\":null,\"thumbnail\":\"\\/m\\/h\\/mh06-blue_main.jpg\",\"thumbnail_label\":null,\"_media_image\":\"\\/m\\/h\\/mh06-blue_alt1.jpg,\\/m\\/h\\/mh06-blue_back.jpg\",\"_store\":null,\"_attribute_set\":\"Top\",\"_product_websites\":\"base\",\"status\":\"1\",\"news_from_date\":null,\"news_to_date\":null,\"options_container\":null,\"minimal_price\":null,\"msrp\":null,\"msrp_enabled\":null,\"special_from_date\":null,\"special_to_date\":null,\"min_qty\":\"0\",\"backorders\":\"0\",\"min_sale_qty\":\"1\",\"max_sale_qty\":\"0\",\"notify_stock_qty\":null,\"meta_keyword\":null,\"has_options\":\"0\",\"required_options\":\"0\",\"size\":\"S\",\"color\":\"Blue\"},{\"sku\":\"MH06-S-Purple\",\"store_view_code\":null,\"attribute_set_code\":\"Top\",\"product_type\":\"simple\",\"categories\":\"Default Category\\/Men\\/Tops\\/Hoodies & Sweatshirts\",\"product_websites\":\"base\",\"name\":\"Stark Fundamental Hoodie-S-Purple\",\"description\":\"<p>You don\'t need bells and whistles when performance speaks for itself. The full-zip Stark Fundamental Hoodie give just what you need. Hood and fleece lining keep you warm, while breathable fabric and wicking technology won\'t let you overheat.<\\/p>\\n<p>&bull; Navy specked full zip hoodie.<br \\/>&bull; Ribbed cuffs, banded waist.<br \\/>&bull; Side pockets. <br \\/>&bull; Machine wash\\/dry.<\\/p>\",\"short_description\":null,\"weight\":\"1\",\"product_online\":\"1\",\"tax_class_name\":\"Taxable Goods\",\"visibility\":\"Not Visible Individually\",\"price\":\"42\",\"special_price\":null,\"special_price_from_date\":null,\"special_price_to_date\":null,\"url_key\":\"stark-fundamental-hoodie-s-purple\",\"meta_title\":null,\"meta_keywords\":null,\"meta_description\":null,\"base_image\":\"\\/m\\/h\\/mh06-purple_main.jpg\",\"base_image_label\":null,\"small_image\":\"\\/m\\/h\\/mh06-purple_main.jpg\",\"small_image_label\":null,\"thumbnail_image\":\"\\/m\\/h\\/mh06-purple_main.jpg\",\"thumbnail_image_label\":null,\"created_at\":null,\"updated_at\":null,\"new_from_date\":null,\"new_to_date\":null,\"display_product_options_in\":null,\"map_price\":null,\"msrp_price\":null,\"map_enabled\":null,\"gift_message_available\":null,\"custom_design\":null,\"custom_design_from\":null,\"custom_design_to\":null,\"custom_layout_update\":null,\"page_layout\":null,\"product_options_container\":null,\"msrp_display_actual_price_type\":null,\"country_of_manufacture\":null,\"additional_attributes\":\"has_options=0,required_options=0,size=S,color=Purple\",\"qty\":\"100\",\"out_of_stock_qty\":\"0\",\"use_config_min_qty\":\"1\",\"is_qty_decimal\":\"0\",\"allow_backorders\":\"0\",\"use_config_backorders\":\"1\",\"min_cart_qty\":\"1\",\"use_config_min_sale_qty\":\"1\",\"max_cart_qty\":\"0\",\"use_config_max_sale_qty\":\"1\",\"is_in_stock\":\"1\",\"notify_on_stock_below\":null,\"use_config_notify_stock_qty\":\"1\",\"manage_stock\":\"0\",\"use_config_manage_stock\":\"1\",\"use_config_qty_increments\":\"1\",\"qty_increments\":\"0\",\"use_config_enable_qty_inc\":\"1\",\"enable_qty_increments\":\"0\",\"is_decimal_divided\":\"0\",\"website_id\":\"1\",\"configurable_variations\":null,\"configurable_variation_prices\":null,\"configurable_variation_labels\":null,\"additional_images\":null,\"image\":\"\\/m\\/h\\/mh06-purple_main.jpg\",\"image_label\":null,\"thumbnail\":\"\\/m\\/h\\/mh06-purple_main.jpg\",\"thumbnail_label\":null,\"_media_image\":null,\"_store\":null,\"_attribute_set\":\"Top\",\"_product_websites\":\"base\",\"status\":\"1\",\"news_from_date\":null,\"news_to_date\":null,\"options_container\":null,\"minimal_price\":null,\"msrp\":null,\"msrp_enabled\":null,\"special_from_date\":null,\"special_to_date\":null,\"min_qty\":\"0\",\"backorders\":\"0\",\"min_sale_qty\":\"1\",\"max_sale_qty\":\"0\",\"notify_stock_qty\":null,\"meta_keyword\":null,\"has_options\":\"0\",\"required_options\":\"0\",\"size\":\"S\",\"color\":\"Purple\"},{\"sku\":\"MH06-M-Black\",\"store_view_code\":null,\"attribute_set_code\":\"Top\",\"product_type\":\"simple\",\"categories\":\"Default Category\\/Men\\/Tops\\/Hoodies & Sweatshirts\",\"product_websites\":\"base\",\"name\":\"Stark Fundamental Hoodie-M-Black\",\"description\":\"<p>You don\'t need bells and whistles when performance speaks for itself. The full-zip Stark Fundamental Hoodie give just what you need. Hood and fleece lining keep you warm, while breathable fabric and wicking technology won\'t let you overheat.<\\/p>\\n<p>&bull; Navy specked full zip hoodie.<br \\/>&bull; Ribbed cuffs, banded waist.<br \\/>&bull; Side pockets. <br \\/>&bull; Machine wash\\/dry.<\\/p>\",\"short_description\":null,\"weight\":\"1\",\"product_online\":\"1\",\"tax_class_name\":\"Taxable Goods\",\"visibility\":\"Not Visible Individually\",\"price\":\"42\",\"special_price\":null,\"special_price_from_date\":null,\"special_price_to_date\":null,\"url_key\":\"stark-fundamental-hoodie-m-black\",\"meta_title\":null,\"meta_keywords\":null,\"meta_description\":null,\"base_image\":\"\\/m\\/h\\/mh06-black_main.jpg\",\"base_image_label\":null,\"small_image\":\"\\/m\\/h\\/mh06-black_main.jpg\",\"small_image_label\":null,\"thumbnail_image\":\"\\/m\\/h\\/mh06-black_main.jpg\",\"thumbnail_image_label\":null,\"created_at\":null,\"updated_at\":null,\"new_from_date\":null,\"new_to_date\":null,\"display_product_options_in\":null,\"map_price\":null,\"msrp_price\":null,\"map_enabled\":null,\"gift_message_available\":null,\"custom_design\":null,\"custom_design_from\":null,\"custom_design_to\":null,\"custom_layout_update\":null,\"page_layout\":null,\"product_options_container\":null,\"msrp_display_actual_price_type\":null,\"country_of_manufacture\":null,\"additional_attributes\":\"has_options=0,required_options=0,size=M,color=Black\",\"qty\":\"100\",\"out_of_stock_qty\":\"0\",\"use_config_min_qty\":\"1\",\"is_qty_decimal\":\"0\",\"allow_backorders\":\"0\",\"use_config_backorders\":\"1\",\"min_cart_qty\":\"1\",\"use_config_min_sale_qty\":\"1\",\"max_cart_qty\":\"0\",\"use_config_max_sale_qty\":\"1\",\"is_in_stock\":\"1\",\"notify_on_stock_below\":null,\"use_config_notify_stock_qty\":\"1\",\"manage_stock\":\"0\",\"use_config_manage_stock\":\"1\",\"use_config_qty_increments\":\"1\",\"qty_increments\":\"0\",\"use_config_enable_qty_inc\":\"1\",\"enable_qty_increments\":\"0\",\"is_decimal_divided\":\"0\",\"website_id\":\"1\",\"configurable_variations\":null,\"configurable_variation_prices\":null,\"configurable_variation_labels\":null,\"additional_images\":null,\"image\":\"\\/m\\/h\\/mh06-black_main.jpg\",\"image_label\":null,\"thumbnail\":\"\\/m\\/h\\/mh06-black_main.jpg\",\"thumbnail_label\":null,\"_media_image\":null,\"_store\":null,\"_attribute_set\":\"Top\",\"_product_websites\":\"base\",\"status\":\"1\",\"news_from_date\":null,\"news_to_date\":null,\"options_container\":null,\"minimal_price\":null,\"msrp\":null,\"msrp_enabled\":null,\"special_from_date\":null,\"special_to_date\":null,\"min_qty\":\"0\",\"backorders\":\"0\",\"min_sale_qty\":\"1\",\"max_sale_qty\":\"0\",\"notify_stock_qty\":null,\"meta_keyword\":null,\"has_options\":\"0\",\"required_options\":\"0\",\"size\":\"M\",\"color\":\"Black\"},{\"sku\":\"MH06-M-Blue\",\"store_view_code\":null,\"attribute_set_code\":\"Top\",\"product_type\":\"simple\",\"categories\":\"Default Category\\/Men\\/Tops\\/Hoodies & Sweatshirts\",\"product_websites\":\"base\",\"name\":\"Stark Fundamental Hoodie-M-Blue\",\"description\":\"<p>You don\'t need bells and whistles when performance speaks for itself. The full-zip Stark Fundamental Hoodie give just what you need. Hood and fleece lining keep you warm, while breathable fabric and wicking technology won\'t let you overheat.<\\/p>\\n<p>&bull; Navy specked full zip hoodie.<br \\/>&bull; Ribbed cuffs, banded waist.<br \\/>&bull; Side pockets. <br \\/>&bull; Machine wash\\/dry.<\\/p>\",\"short_description\":null,\"weight\":\"1\",\"product_online\":\"1\",\"tax_class_name\":\"Taxable Goods\",\"visibility\":\"Not Visible Individually\",\"price\":\"42\",\"special_price\":null,\"special_price_from_date\":null,\"special_price_to_date\":null,\"url_key\":\"stark-fundamental-hoodie-m-blue\",\"meta_title\":null,\"meta_keywords\":null,\"meta_description\":null,\"base_image\":\"\\/m\\/h\\/mh06-blue_main.jpg\",\"base_image_label\":null,\"small_image\":\"\\/m\\/h\\/mh06-blue_main.jpg\",\"small_image_label\":null,\"thumbnail_image\":\"\\/m\\/h\\/mh06-blue_main.jpg\",\"thumbnail_image_label\":null,\"created_at\":null,\"updated_at\":null,\"new_from_date\":null,\"new_to_date\":null,\"display_product_options_in\":null,\"map_price\":null,\"msrp_price\":null,\"map_enabled\":null,\"gift_message_available\":null,\"custom_design\":null,\"custom_design_from\":null,\"custom_design_to\":null,\"custom_layout_update\":null,\"page_layout\":null,\"product_options_container\":null,\"msrp_display_actual_price_type\":null,\"country_of_manufacture\":null,\"additional_attributes\":\"has_options=0,required_options=0,size=M,color=Blue\",\"qty\":\"100\",\"out_of_stock_qty\":\"0\",\"use_config_min_qty\":\"1\",\"is_qty_decimal\":\"0\",\"allow_backorders\":\"0\",\"use_config_backorders\":\"1\",\"min_cart_qty\":\"1\",\"use_config_min_sale_qty\":\"1\",\"max_cart_qty\":\"0\",\"use_config_max_sale_qty\":\"1\",\"is_in_stock\":\"1\",\"notify_on_stock_below\":null,\"use_config_notify_stock_qty\":\"1\",\"manage_stock\":\"0\",\"use_config_manage_stock\":\"1\",\"use_config_qty_increments\":\"1\",\"qty_increments\":\"0\",\"use_config_enable_qty_inc\":\"1\",\"enable_qty_increments\":\"0\",\"is_decimal_divided\":\"0\",\"website_id\":\"1\",\"configurable_variations\":null,\"configurable_variation_prices\":null,\"configurable_variation_labels\":null,\"additional_images\":\"\\/m\\/h\\/mh06-blue_alt1.jpg,\\/m\\/h\\/mh06-blue_back.jpg\",\"image\":\"\\/m\\/h\\/mh06-blue_main.jpg\",\"image_label\":null,\"thumbnail\":\"\\/m\\/h\\/mh06-blue_main.jpg\",\"thumbnail_label\":null,\"_media_image\":\"\\/m\\/h\\/mh06-blue_alt1.jpg,\\/m\\/h\\/mh06-blue_back.jpg\",\"_store\":null,\"_attribute_set\":\"Top\",\"_product_websites\":\"base\",\"status\":\"1\",\"news_from_date\":null,\"news_to_date\":null,\"options_container\":null,\"minimal_price\":null,\"msrp\":null,\"msrp_enabled\":null,\"special_from_date\":null,\"special_to_date\":null,\"min_qty\":\"0\",\"backorders\":\"0\",\"min_sale_qty\":\"1\",\"max_sale_qty\":\"0\",\"notify_stock_qty\":null,\"meta_keyword\":null,\"has_options\":\"0\",\"required_options\":\"0\",\"size\":\"M\",\"color\":\"Blue\"},{\"sku\":\"MH06-M-Purple\",\"store_view_code\":null,\"attribute_set_code\":\"Top\",\"product_type\":\"simple\",\"categories\":\"Default Category\\/Men\\/Tops\\/Hoodies & Sweatshirts\",\"product_websites\":\"base\",\"name\":\"Stark Fundamental Hoodie-M-Purple\",\"description\":\"<p>You don\'t need bells and whistles when performance speaks for itself. The full-zip Stark Fundamental Hoodie give just what you need. Hood and fleece lining keep you warm, while breathable fabric and wicking technology won\'t let you overheat.<\\/p>\\n<p>&bull; Navy specked full zip hoodie.<br \\/>&bull; Ribbed cuffs, banded waist.<br \\/>&bull; Side pockets. <br \\/>&bull; Machine wash\\/dry.<\\/p>\",\"short_description\":null,\"weight\":\"1\",\"product_online\":\"1\",\"tax_class_name\":\"Taxable Goods\",\"visibility\":\"Not Visible Individually\",\"price\":\"42\",\"special_price\":null,\"special_price_from_date\":null,\"special_price_to_date\":null,\"url_key\":\"stark-fundamental-hoodie-m-purple\",\"meta_title\":null,\"meta_keywords\":null,\"meta_description\":null,\"base_image\":\"\\/m\\/h\\/mh06-purple_main.jpg\",\"base_image_label\":null,\"small_image\":\"\\/m\\/h\\/mh06-purple_main.jpg\",\"small_image_label\":null,\"thumbnail_image\":\"\\/m\\/h\\/mh06-purple_main.jpg\",\"thumbnail_image_label\":null,\"created_at\":null,\"updated_at\":null,\"new_from_date\":null,\"new_to_date\":null,\"display_product_options_in\":null,\"map_price\":null,\"msrp_price\":null,\"map_enabled\":null,\"gift_message_available\":null,\"custom_design\":null,\"custom_design_from\":null,\"custom_design_to\":null,\"custom_layout_update\":null,\"page_layout\":null,\"product_options_container\":null,\"msrp_display_actual_price_type\":null,\"country_of_manufacture\":null,\"additional_attributes\":\"has_options=0,required_options=0,size=M,color=Purple\",\"qty\":\"100\",\"out_of_stock_qty\":\"0\",\"use_config_min_qty\":\"1\",\"is_qty_decimal\":\"0\",\"allow_backorders\":\"0\",\"use_config_backorders\":\"1\",\"min_cart_qty\":\"1\",\"use_config_min_sale_qty\":\"1\",\"max_cart_qty\":\"0\",\"use_config_max_sale_qty\":\"1\",\"is_in_stock\":\"1\",\"notify_on_stock_below\":null,\"use_config_notify_stock_qty\":\"1\",\"manage_stock\":\"0\",\"use_config_manage_stock\":\"1\",\"use_config_qty_increments\":\"1\",\"qty_increments\":\"0\",\"use_config_enable_qty_inc\":\"1\",\"enable_qty_increments\":\"0\",\"is_decimal_divided\":\"0\",\"website_id\":\"1\",\"configurable_variations\":null,\"configurable_variation_prices\":null,\"configurable_variation_labels\":null,\"additional_images\":null,\"image\":\"\\/m\\/h\\/mh06-purple_main.jpg\",\"image_label\":null,\"thumbnail\":\"\\/m\\/h\\/mh06-purple_main.jpg\",\"thumbnail_label\":null,\"_media_image\":null,\"_store\":null,\"_attribute_set\":\"Top\",\"_product_websites\":\"base\",\"status\":\"1\",\"news_from_date\":null,\"news_to_date\":null,\"options_container\":null,\"minimal_price\":null,\"msrp\":null,\"msrp_enabled\":null,\"special_from_date\":null,\"special_to_date\":null,\"min_qty\":\"0\",\"backorders\":\"0\",\"min_sale_qty\":\"1\",\"max_sale_qty\":\"0\",\"notify_stock_qty\":null,\"meta_keyword\":null,\"has_options\":\"0\",\"required_options\":\"0\",\"size\":\"M\",\"color\":\"Purple\"},{\"sku\":\"MH06-L-Black\",\"store_view_code\":null,\"attribute_set_code\":\"Top\",\"product_type\":\"simple\",\"categories\":\"Default Category\\/Men\\/Tops\\/Hoodies & Sweatshirts\",\"product_websites\":\"base\",\"name\":\"Stark Fundamental Hoodie-L-Black\",\"description\":\"<p>You don\'t need bells and whistles when performance speaks for itself. The full-zip Stark Fundamental Hoodie give just what you need. Hood and fleece lining keep you warm, while breathable fabric and wicking technology won\'t let you overheat.<\\/p>\\n<p>&bull; Navy specked full zip hoodie.<br \\/>&bull; Ribbed cuffs, banded waist.<br \\/>&bull; Side pockets. <br \\/>&bull; Machine wash\\/dry.<\\/p>\",\"short_description\":null,\"weight\":\"1\",\"product_online\":\"1\",\"tax_class_name\":\"Taxable Goods\",\"visibility\":\"Not Visible Individually\",\"price\":\"42\",\"special_price\":null,\"special_price_from_date\":null,\"special_price_to_date\":null,\"url_key\":\"stark-fundamental-hoodie-l-black\",\"meta_title\":null,\"meta_keywords\":null,\"meta_description\":null,\"base_image\":\"\\/m\\/h\\/mh06-black_main.jpg\",\"base_image_label\":null,\"small_image\":\"\\/m\\/h\\/mh06-black_main.jpg\",\"small_image_label\":null,\"thumbnail_image\":\"\\/m\\/h\\/mh06-black_main.jpg\",\"thumbnail_image_label\":null,\"created_at\":null,\"updated_at\":null,\"new_from_date\":null,\"new_to_date\":null,\"display_product_options_in\":null,\"map_price\":null,\"msrp_price\":null,\"map_enabled\":null,\"gift_message_available\":null,\"custom_design\":null,\"custom_design_from\":null,\"custom_design_to\":null,\"custom_layout_update\":null,\"page_layout\":null,\"product_options_container\":null,\"msrp_display_actual_price_type\":null,\"country_of_manufacture\":null,\"additional_attributes\":\"has_options=0,required_options=0,size=L,color=Black\",\"qty\":\"100\",\"out_of_stock_qty\":\"0\",\"use_config_min_qty\":\"1\",\"is_qty_decimal\":\"0\",\"allow_backorders\":\"0\",\"use_config_backorders\":\"1\",\"min_cart_qty\":\"1\",\"use_config_min_sale_qty\":\"1\",\"max_cart_qty\":\"0\",\"use_config_max_sale_qty\":\"1\",\"is_in_stock\":\"1\",\"notify_on_stock_below\":null,\"use_config_notify_stock_qty\":\"1\",\"manage_stock\":\"0\",\"use_config_manage_stock\":\"1\",\"use_config_qty_increments\":\"1\",\"qty_increments\":\"0\",\"use_config_enable_qty_inc\":\"1\",\"enable_qty_increments\":\"0\",\"is_decimal_divided\":\"0\",\"website_id\":\"1\",\"configurable_variations\":null,\"configurable_variation_prices\":null,\"configurable_variation_labels\":null,\"additional_images\":null,\"image\":\"\\/m\\/h\\/mh06-black_main.jpg\",\"image_label\":null,\"thumbnail\":\"\\/m\\/h\\/mh06-black_main.jpg\",\"thumbnail_label\":null,\"_media_image\":null,\"_store\":null,\"_attribute_set\":\"Top\",\"_product_websites\":\"base\",\"status\":\"1\",\"news_from_date\":null,\"news_to_date\":null,\"options_container\":null,\"minimal_price\":null,\"msrp\":null,\"msrp_enabled\":null,\"special_from_date\":null,\"special_to_date\":null,\"min_qty\":\"0\",\"backorders\":\"0\",\"min_sale_qty\":\"1\",\"max_sale_qty\":\"0\",\"notify_stock_qty\":null,\"meta_keyword\":null,\"has_options\":\"0\",\"required_options\":\"0\",\"size\":\"L\",\"color\":\"Black\"},{\"sku\":\"MH06-L-Blue\",\"store_view_code\":null,\"attribute_set_code\":\"Top\",\"product_type\":\"simple\",\"categories\":\"Default Category\\/Men\\/Tops\\/Hoodies & Sweatshirts\",\"product_websites\":\"base\",\"name\":\"Stark Fundamental Hoodie-L-Blue\",\"description\":\"<p>You don\'t need bells and whistles when performance speaks for itself. The full-zip Stark Fundamental Hoodie give just what you need. Hood and fleece lining keep you warm, while breathable fabric and wicking technology won\'t let you overheat.<\\/p>\\n<p>&bull; Navy specked full zip hoodie.<br \\/>&bull; Ribbed cuffs, banded waist.<br \\/>&bull; Side pockets. <br \\/>&bull; Mach